74.80.208.56 - - [28/Sep/2024:14:44:13 +0200] "GET /tag/%D9%88%D9%8A%D9%83%D8%AA%D8%A8/feed/ HTTP/2" 200 6841 "-" "Mozilla/5.0 (compatible; ImagesiftBot; +imagesift.com)"
77.75.78.161 - - [28/Sep/2024:14:44:14 +0200] "GET /lnjqd/h1623457.html HTTP/1.1" 404 20324 "-" "Mozilla/5.0 (compatible; SeznamBot/4.0; +http://napoveda.seznam.cz/seznambot-intro/)"
74.80.208.56 - - [28/Sep/2024:14:44:15 +0200] "GET /tag/%D9%88%D8%A7%D9%84%D8%AA%D9%86%D9%85%D9%8A%D8%A9/feed/ HTTP/2" 200 12783 "-" "Mozilla/5.0 (compatible; ImagesiftBot; +imagesift.com)"
74.80.208.56 - - [28/Sep/2024:14:44:16 +0200] "GET /%D8%A7%D9%84%D8%B1%D9%8A-%D8%AA%D9%81%D8%B5%D9%84-48-%D9%85%D9%87%D9%86%D8%AF%D8%B3%D8%A7%D9%8B-%D9%88%D8%A5%D8%AF%D8%A7%D8%B1%D9%8A%D8%A7%D9%8B-%D8%A8%D8%B3%D8%AF-%D9%85%D8%B1%D9%88%D9%8A-%D8%B9/ HTTP/2" 200 47376 "-" "Mozilla/5.0 (compatible; ImagesiftBot; +imagesift.com)"
77.75.78.161 - - [28/Sep/2024:14:44:16 +0200] "GET /yrvwh/x2040461.html HTTP/1.1" 404 20323 "-" "Mozilla/5.0 (compatible; SeznamBot/4.0; +http://napoveda.seznam.cz/seznambot-intro/)"
74.80.208.56 - - [28/Sep/2024:14:44:17 +0200] "GET /%D8%B4%D8%A7%D9%87%D8%AF-%D8%A8%D8%A7%D9%84%D8%B5%D9%88%D8%B1%D8%A9-%D8%A7%D9%84%D9%81%D9%86%D8%A7%D9%86%D8%A9-%D9%87%D8%AF%D9%89-%D8%B9%D8%B1%D8%A8%D9%8A-%D8%AA%D8%A8%D9%87%D8%B1-%D8%AC%D9%85%D9%87/ HTTP/2" 200 0 "-" "Mozilla/5.0 (compatible; ImagesiftBot; +imagesift.com)"
74.80.208.56 - - [28/Sep/2024:14:44:18 +0200] "GET /tag/%D9%82%D8%A7%D9%84/feed/ HTTP/2" 200 14537 "-" "Mozilla/5.0 (compatible; ImagesiftBot; +imagesift.com)"
74.80.208.56 - - [28/Sep/2024:14:44:19 +0200] "GET /tag/%D9%8A%D8%AA%D9%87%D8%A8%D9%88%D9%86/ HTTP/2" 200 23511 "-" "Mozilla/5.0 (compatible; ImagesiftBot; +imagesift.com)"
77.75.78.161 - - [28/Sep/2024:14:44:19 +0200] "GET /anqou/s3016158.html HTTP/1.1" 404 20322 "-" "Mozilla/5.0 (compatible; SeznamBot/4.0; +http://napoveda.seznam.cz/seznambot-intro/)"
74.80.208.56 - - [28/Sep/2024:14:44:20 +0200] "GET /wp-json/wp/v2/tags/9868 HTTP/2" 200 319 "-" "Mozilla/5.0 (compatible; ImagesiftBot; +imagesift.com)"
74.80.208.56 - - [28/Sep/2024:14:44:21 +0200] "GET /wp-json/wp/v2/tags/6463 HTTP/2" 200 296 "-" "Mozilla/5.0 (compatible; ImagesiftBot; +imagesift.com)"
74.80.208.56 - - [28/Sep/2024:14:44:22 +0200] "GET /%D8%A5%D8%B9%D9%84%D8%A7%D9%86-%D9%86%D8%AA%D9%8A%D8%AC%D8%A9-%D8%A7%D9%84%D8%AA%D8%AD%D9%82%D9%8A%D9%82%D8%A7%D8%AA-%D9%81%D9%8A-%D9%85%D9%82%D8%AA%D9%84-%D8%B4%D9%8A%D8%B1%D9%8A%D9%86-%D8%A3%D8%A8/ HTTP/2" 200 47351 "-" "Mozilla/5.0 (compatible; ImagesiftBot; +imagesift.com)"
77.75.78.161 - - [28/Sep/2024:14:44:22 +0200] "GET /nueup/o2207606.html HTTP/1.1" 404 20322 "-" "Mozilla/5.0 (compatible; SeznamBot/4.0; +http://napoveda.seznam.cz/seznambot-intro/)"
74.80.208.56 - - [28/Sep/2024:14:44:24 +0200] "GET /wp-content/uploads/2022/05/1652252470_unnamed-file.jpg HTTP/2" 200 45201 "-" "Mozilla/5.0 (compatible; ImagesiftBot; +imagesift.com)"
74.80.208.56 - - [28/Sep/2024:14:44:23 +0200] "GET /%D8%B4%D8%A7%D9%87%D8%AF-%D8%A8%D8%A7%D9%84%D9%81%D9%8A%D8%AF%D9%8A%D9%88-%D8%A7%D9%84%D9%85%D9%88%D8%AF%D9%84-%D8%A2%D9%8A%D8%A9-%D8%A3%D9%81%D8%B1%D9%88-%D8%AA%D8%B9%D9%88%D8%AF-%D9%84%D8%A5%D8%AB-3/ HTTP/2" 200 31836 "-" "Mozilla/5.0 (compatible; ImagesiftBot; +imagesift.com)"
77.75.78.161 - - [28/Sep/2024:14:44:25 +0200] "GET /mlqgd/i1741316.html HTTP/1.1" 404 20323 "-" "Mozilla/5.0 (compatible; SeznamBot/4.0; +http://napoveda.seznam.cz/seznambot-intro/)"
74.80.208.56 - - [28/Sep/2024:14:44:25 +0200] "GET /%D8%B2%D8%B9%D9%8A%D9%85-%D9%81%D8%A7%D8%BA%D9%86%D8%B1-%D9%8A%D8%B3%D8%AE%D8%B1-%D9%85%D9%86-%D9%88%D8%A7%D8%B4%D9%86%D8%B7%D9%86-%D8%A3%D8%B9%D9%84%D8%A7%D9%85-%D8%B1%D9%88%D8%B3%D9%8A%D8%A7-%D8%AA/ HTTP/2" 200 47395 "-" "Mozilla/5.0 (compatible; ImagesiftBot; +imagesift.com)"
74.80.208.56 - - [28/Sep/2024:14:44:26 +0200] "GET /tag/%D8%B4%D8%B9%D8%A8%D9%8A%D8%A9/ HTTP/2" 200 37208 "-" "Mozilla/5.0 (compatible; ImagesiftBot; +imagesift.com)"
77.75.78.161 - - [28/Sep/2024:14:44:27 +0200] "GET /ptzym/l2819903.html HTTP/1.1" 404 20323 "-" "Mozilla/5.0 (compatible; SeznamBot/4.0; +http://napoveda.seznam.cz/seznambot-intro/)"
74.80.208.56 - - [28/Sep/2024:14:44:27 +0200] "GET /%D8%B1%D9%83%D9%84%D8%A7%D8%AA-%D8%A7%D9%84%D8%AA%D8%B1%D8%AC%D9%8A%D8%AD-%D8%AA%D9%82%D8%B5%D9%8A-%D8%A7%D9%84%D9%87%D9%84%D8%A7%D9%84-%D9%88%D8%AA%D8%A8%D8%AA%D8%B3%D9%85-%D9%84%D9%84%D8%A7%D8%A8/ HTTP/2" 200 43090 "-" "Mozilla/5.0 (compatible; ImagesiftBot; +imagesift.com)"
74.80.208.56 - - [28/Sep/2024:14:44:29 +0200] "GET /wp-content/uploads/2022/09/FB_IMG_16632107797743276-780x470.jpg HTTP/2" 200 76444 "-" "Mozilla/5.0 (compatible; ImagesiftBot; +imagesift.com)"
77.75.78.161 - - [28/Sep/2024:14:44:29 +0200] "GET /zltky/l2666191.html HTTP/1.1" 404 20323 "-" "Mozilla/5.0 (compatible; SeznamBot/4.0; +http://napoveda.seznam.cz/seznambot-intro/)"
74.80.208.56 - - [28/Sep/2024:14:44:29 +0200] "GET /%D8%B1%D9%88%D8%B3%D9%8A%D8%A7-%D8%AA%D9%86%D8%B4%D8%B1-%D8%AA%D9%81%D8%A7%D8%B5%D9%8A%D9%84-%D8%B9%D9%86-%D9%85%D8%AD%D8%A7%D9%88%D9%84%D8%A7%D8%AA-%D8%AA%D9%88%D8%BA%D9%84-%D9%81%D9%8A-%D8%A8%D9%8A/ HTTP/2" 200 40602 "-" "Mozilla/5.0 (compatible; ImagesiftBot; +imagesift.com)"
74.80.208.56 - - [28/Sep/2024:14:44:30 +0200] "GET /wp-content/uploads/2022/09/FB_IMG_16632107797743276.jpg HTTP/2" 200 605675 "-" "Mozilla/5.0 (compatible; ImagesiftBot; +imagesift.com)"
74.80.208.56 - - [28/Sep/2024:14:44:30 +0200] "GET /tag/%D8%A8%D8%A7%D9%84%D9%86%D8%B1%D9%88%D9%8A%D8%AC/ HTTP/2" 200 33713 "-" "Mozilla/5.0 (compatible; ImagesiftBot; +imagesift.com)"
74.80.208.56 - - [28/Sep/2024:14:44:31 +0200] "GET /jdysc/d2408913.html HTTP/2" 404 22076 "-" "Mozilla/5.0 (compatible; ImagesiftBot; +imagesift.com)"
77.75.78.161 - - [28/Sep/2024:14:44:31 +0200] "GET /yqobz/o375334.html HTTP/1.1" 404 20323 "-" "Mozilla/5.0 (compatible; SeznamBot/4.0; +http://napoveda.seznam.cz/seznambot-intro/)"
74.80.208.56 - - [28/Sep/2024:14:44:32 +0200] "GET /tag/%D8%A7%D9%84%D9%85%D8%B7%D8%B1%D8%A8/ HTTP/2" 200 38883 "-" "Mozilla/5.0 (compatible; ImagesiftBot; +imagesift.com)"
135.181.9.38 - - [28/Sep/2024:14:44:34 +0200] "POST /wp-cron.php?doing_wp_cron=1727527474.2531800270080566406250 HTTP/1.1" 200 0 "-" "WordPress/6.6.2; https://www.sudancam.net"
74.80.208.56 - - [28/Sep/2024:14:44:33 +0200] "GET /wp-json/wp/v2/posts/19554 HTTP/2" 200 7345 "-" "Mozilla/5.0 (compatible; ImagesiftBot; +imagesift.com)"
77.75.78.161 - - [28/Sep/2024:14:44:33 +0200] "GET /uxmga/g1067628.html HTTP/1.1" 404 20323 "-" "Mozilla/5.0 (compatible; SeznamBot/4.0; +http://napoveda.seznam.cz/seznambot-intro/)"
135.181.9.38 - - [28/Sep/2024:14:44:34 +0200] "POST /wp-admin/admin-ajax.php?action=async_litespeed&nonce=xewiouc4n94HPnJaBdF1475PhbwY3loV&litespeed_type=imgoptm HTTP/1.1" 200 21 "-" "WordPress/6.6.2; https://www.sudancam.net"
74.80.208.56 - - [28/Sep/2024:14:44:34 +0200] "GET /qkxcn/w1575398.html HTTP/2" 404 22078 "-" "Mozilla/5.0 (compatible; ImagesiftBot; +imagesift.com)"
74.80.208.56 - - [28/Sep/2024:14:44:36 +0200] "GET /ogal/k1906184.html HTTP/2" 404 22079 "-" "Mozilla/5.0 (compatible; ImagesiftBot; +imagesift.com)"
77.75.78.161 - - [28/Sep/2024:14:44:36 +0200] "GET /rfrgj/m1020834.html HTTP/1.1" 404 20323 "-" "Mozilla/5.0 (compatible; SeznamBot/4.0; +http://napoveda.seznam.cz/seznambot-intro/)"
74.80.208.56 - - [28/Sep/2024:14:44:37 +0200] "GET /tag/%D8%A7%D9%84%D8%AB%D9%82%D8%A9/page/2/ HTTP/2" 200 26271 "-" "Mozilla/5.0 (compatible; ImagesiftBot; +imagesift.com)"
77.75.78.161 - - [28/Sep/2024:14:44:38 +0200] "GET /upnxm/s929476.html HTTP/1.1" 404 20321 "-" "Mozilla/5.0 (compatible; SeznamBot/4.0; +http://napoveda.seznam.cz/seznambot-intro/)"
74.80.208.56 - - [28/Sep/2024:14:44:38 +0200] "GET /%D8%AD%D9%8A%D9%84%D8%A9-%D8%B0%D9%83%D9%8A%D8%A9-%D8%AA%D8%B3%D8%A7%D8%B9%D8%AF%D9%83-%D8%B9%D9%84%D9%89-%D8%A5%D8%AE%D9%81%D8%A7%D8%A1-%D9%85%D8%A4%D8%B4%D8%B1-%D8%A7%D9%84%D9%83%D8%AA%D8%A7%D8%A8/ HTTP/2" 200 34948 "-" "Mozilla/5.0 (compatible; ImagesiftBot; +imagesift.com)"
74.80.208.56 - - [28/Sep/2024:14:44:39 +0200] "GET /wp-json/wp/v2/tags/10663 HTTP/2" 200 297 "-" "Mozilla/5.0 (compatible; ImagesiftBot; +imagesift.com)"
74.80.208.56 - - [28/Sep/2024:14:44:40 +0200] "GET /wp-json/wp/v2/posts/37242 HTTP/2" 200 3509 "-" "Mozilla/5.0 (compatible; ImagesiftBot; +imagesift.com)"
77.75.78.161 - - [28/Sep/2024:14:44:41 +0200] "GET /fmwft/b2858867.html HTTP/1.1" 404 20323 "-" "Mozilla/5.0 (compatible; SeznamBot/4.0; +http://napoveda.seznam.cz/seznambot-intro/)"
74.80.208.56 - - [28/Sep/2024:14:44:41 +0200] "GET /tag/%D9%88%D8%A7%D9%84%D8%A8%D8%B1%D9%8A%D8%AF/feed/ HTTP/2" 200 3428 "-" "Mozilla/5.0 (compatible; ImagesiftBot; +imagesift.com)"
66.249.64.14 - - [28/Sep/2024:14:44:41 +0200] "GET /wp-content/uploads/2023/01/11-220x150.jpg HTTP/1.1" 200 41057 "-" "Googlebot-Image/1.0"
74.80.208.56 - - [28/Sep/2024:14:44:42 +0200] "GET /tag/%D9%8A%D8%A7%D8%B1%D9%8A%D8%AA/feed/ HTTP/2" 200 6114 "-" "Mozilla/5.0 (compatible; ImagesiftBot; +imagesift.com)"
77.75.78.161 - - [28/Sep/2024:14:44:43 +0200] "GET /tljdu/t1613407.html HTTP/1.1" 404 20322 "-" "Mozilla/5.0 (compatible; SeznamBot/4.0; +http://napoveda.seznam.cz/seznambot-intro/)"
74.80.208.56 - - [28/Sep/2024:14:44:43 +0200] "GET /%D9%88%D8%B2%D9%8A%D8%B1-%D8%A7%D9%84%D8%B5%D8%AD%D8%A9-%D9%8A%D9%88%D8%AC%D9%87-%D8%A8%D9%85%D8%B2%D9%8A%D8%AF-%D9%85%D9%86-%D9%85%D8%B4%D8%A7%D8%B1%D9%8A%D8%B9-%D8%A5%D8%B9%D8%A7%D8%AF%D8%A9-%D8%A7/ HTTP/2" 200 22194 "-" "Mozilla/5.0 (compatible; ImagesiftBot; +imagesift.com)"
74.80.208.56 - - [28/Sep/2024:14:44:44 +0200] "GET /wp-json/wp/v2/posts/20297 HTTP/2" 200 3221 "-" "Mozilla/5.0 (compatible; ImagesiftBot; +imagesift.com)"
77.75.78.161 - - [28/Sep/2024:14:44:45 +0200] "GET /kjsuh/g2066548.html HTTP/1.1" 404 20323 "-" "Mozilla/5.0 (compatible; SeznamBot/4.0; +http://napoveda.seznam.cz/seznambot-intro/)"
74.80.208.56 - - [28/Sep/2024:14:44:45 +0200] "GET /%D9%81%D9%8A%D8%AF%D9%8A%D9%88-%D9%85%D8%B0%D9%87%D9%84-%D9%8A%D9%88%D8%B6%D8%AD-%D8%B6%D8%AD%D9%83-%D8%A7%D9%84%D8%AC%D9%86%D9%8A%D9%86-%D9%81%D9%8A-%D8%A8%D8%B7%D9%86-%D8%A3%D9%85%D9%87-%D8%A8%D8%B3/ HTTP/2" 200 47526 "-" "Mozilla/5.0 (compatible; ImagesiftBot; +imagesift.com)"
74.80.208.56 - - [28/Sep/2024:14:44:46 +0200] "GET /wp-json/wp/v2/tags/1930 HTTP/2" 200 319 "-" "Mozilla/5.0 (compatible; ImagesiftBot; +imagesift.com)"
74.80.208.56 - - [28/Sep/2024:14:44:47 +0200] "GET /wp-content/uploads/2022/09/1663849128_unnamed-file-780x470.jpg HTTP/2" 200 21431 "-" "Mozilla/5.0 (compatible; ImagesiftBot; +imagesift.com)"
77.75.78.161 - - [28/Sep/2024:14:44:47 +0200] "GET /ijsyf/d1694355.html HTTP/1.1" 404 20323 "-" "Mozilla/5.0 (compatible; SeznamBot/4.0; +http://napoveda.seznam.cz/seznambot-intro/)"
74.80.208.56 - - [28/Sep/2024:14:44:48 +0200] "GET /wp-content/uploads/2022/09/1663849128_unnamed-file.jpg HTTP/2" 200 31358 "-" "Mozilla/5.0 (compatible; ImagesiftBot; +imagesift.com)"
74.80.208.56 - - [28/Sep/2024:14:44:47 +0200] "GET /tag/%D9%88%D9%85%D8%B3%D8%A7%D8%B9%D8%AF%D9%8A%D9%87/ HTTP/2" 200 51584 "-" "Mozilla/5.0 (compatible; ImagesiftBot; +imagesift.com)"
74.80.208.56 - - [28/Sep/2024:14:44:48 +0200] "GET /tag/%D8%B3%D9%86/ HTTP/2" 200 38881 "-" "Mozilla/5.0 (compatible; ImagesiftBot; +imagesift.com)"
77.75.78.161 - - [28/Sep/2024:14:44:49 +0200] "GET /ksnxm/m111796.html HTTP/1.1" 404 20654 "-" "Mozilla/5.0 (compatible; SeznamBot/4.0; +http://napoveda.seznam.cz/seznambot-intro/)"
74.80.208.56 - - [28/Sep/2024:14:44:49 +0200] "GET /ttteb/z1249075.html HTTP/2" 404 22078 "-" "Mozilla/5.0 (compatible; ImagesiftBot; +imagesift.com)"
74.80.208.56 - - [28/Sep/2024:14:44:51 +0200] "GET /tag/%D8%A8%D9%86%D8%A7%D8%AF%D9%82/ HTTP/2" 200 0 "-" "Mozilla/5.0 (compatible; ImagesiftBot; +imagesift.com)"
77.75.78.161 - - [28/Sep/2024:14:44:52 +0200] "GET /ckjco/x919159.html HTTP/1.1" 404 20322 "-" "Mozilla/5.0 (compatible; SeznamBot/4.0; +http://napoveda.seznam.cz/seznambot-intro/)"
74.80.208.56 - - [28/Sep/2024:14:44:52 +0200] "GET /tag/%D8%A8%D9%85%D9%88%D9%82%D8%B9%D8%A9/ HTTP/2" 200 23658 "-" "Mozilla/5.0 (compatible; ImagesiftBot; +imagesift.com)"
74.80.208.56 - - [28/Sep/2024:14:44:53 +0200] "GET /tag/%D8%A8%D8%A7%D9%84%D8%A7%D9%8A%D8%A7%D9%85/ HTTP/2" 200 23516 "-" "Mozilla/5.0 (compatible; ImagesiftBot; +imagesift.com)"
77.75.78.161 - - [28/Sep/2024:14:44:54 +0200] "GET /yxcim/a2102422.html HTTP/1.1" 404 20320 "-" "Mozilla/5.0 (compatible; SeznamBot/4.0; +http://napoveda.seznam.cz/seznambot-intro/)"
74.80.208.56 - - [28/Sep/2024:14:44:54 +0200] "GET /tag/%D8%A7%D9%84%D9%85%D8%B4%D8%A7%D8%BA%D8%A8/ HTTP/2" 200 23541 "-" "Mozilla/5.0 (compatible; ImagesiftBot; +imagesift.com)"
74.80.208.56 - - [28/Sep/2024:14:44:56 +0200] "GET /tag/%D8%A5%D9%86%D9%88/ HTTP/2" 200 36560 "-" "Mozilla/5.0 (compatible; ImagesiftBot; +imagesift.com)"
74.80.208.56 - - [28/Sep/2024:14:44:57 +0200] "GET /wp-json/wp/v2/posts/27954 HTTP/2" 200 2673 "-" "Mozilla/5.0 (compatible; ImagesiftBot; +imagesift.com)"
77.75.78.161 - - [28/Sep/2024:14:44:57 +0200] "GET /zysmw/x1309159.html HTTP/1.1" 404 20323 "-" "Mozilla/5.0 (compatible; SeznamBot/4.0; +http://napoveda.seznam.cz/seznambot-intro/)"
74.80.208.56 - - [28/Sep/2024:14:44:58 +0200] "GET /tag/%D9%85%D8%B9%D8%B3%D8%B1%D9%8A%D9%86/ HTTP/2" 200 23538 "-" "Mozilla/5.0 (compatible; ImagesiftBot; +imagesift.com)"
74.80.208.56 - - [28/Sep/2024:14:44:59 +0200] "GET /tag/%D9%85%D9%86%D8%B7%D9%82%D8%A9/feed/ HTTP/2" 200 17352 "-" "Mozilla/5.0 (compatible; ImagesiftBot; +imagesift.com)"
77.75.78.161 - - [28/Sep/2024:14:45:00 +0200] "GET /kjyrp/u2694722.html HTTP/1.1" 404 20324 "-" "Mozilla/5.0 (compatible; SeznamBot/4.0; +http://napoveda.seznam.cz/seznambot-intro/)"
74.80.208.56 - - [28/Sep/2024:14:45:00 +0200] "GET /%D8%B5%D9%81%D8%A7%D8%A1-%D8%A7%D9%84%D9%81%D8%AD%D9%84-%D8%AA%D9%83%D8%AA%D8%A8-%D9%81%D9%88%D8%B6%D9%89-%D8%A7%D9%84%D9%85%D8%AE%D8%AF%D8%B1%D8%A7%D8%AA/ HTTP/2" 200 0 "-" "Mozilla/5.0 (compatible; ImagesiftBot; +imagesift.com)"
74.80.208.56 - - [28/Sep/2024:14:42:48 +0200] "GET /tag/%D8%A3%D8%B4%D9%8A%D8%A7%D8%A1/ HTTP/2" 200 23659 "-" "Mozilla/5.0 (compatible; ImagesiftBot; +imagesift.com)"
74.80.208.56 - - [28/Sep/2024:14:42:49 +0200] "GET /%D8%A7%D8%B3%D8%AA%D9%8A%D8%A7%D8%A1-%D9%88%D8%B3%D8%B7-%D9%84%D8%A7%D8%AC%D8%A6%D9%8A-%D8%AF%D9%88%D9%84%D8%A9-%D8%A7%D9%84%D8%AC%D9%86%D9%88%D8%A8-%D8%A8%D8%A7%D9%84%D8%B3%D9%88%D8%AF%D8%A7%D9%86/ HTTP/2" 200 46652 "-" "Mozilla/5.0 (compatible; ImagesiftBot; +imagesift.com)"
74.80.208.56 - - [28/Sep/2024:14:42:50 +0200] "GET /tag/%D9%85%D8%B9%D8%B7%D9%84%D8%A9/feed/ HTTP/2" 200 7003 "-" "Mozilla/5.0 (compatible; ImagesiftBot; +imagesift.com)"
74.80.208.56 - - [28/Sep/2024:14:42:51 +0200] "GET /wp-json/wp/v2/posts/8245 HTTP/2" 200 3139 "-" "Mozilla/5.0 (compatible; ImagesiftBot; +imagesift.com)"
74.80.208.56 - - [28/Sep/2024:14:42:52 +0200] "GET /%D8%B8%D9%84-%D8%A7%D9%84%D8%AC%D9%8A%D8%B4-%D9%88%D9%85%D8%B9%D9%87-%D9%83%D9%84-%D8%A7%D9%84%D8%B3%D9%88%D8%AF%D8%A7%D9%86-%D8%AA%D8%AD%D8%AA-%D8%A7%D8%A8%D8%AA%D8%B2%D8%A7%D8%B2-%D8%AD%D9%85%D9%8A/feed/ HTTP/2" 200 771 "-" "Mozilla/5.0 (compatible; ImagesiftBot; +imagesift.com)"
74.80.208.56 - - [28/Sep/2024:14:42:53 +0200] "GET /%D8%A7%D9%84%D8%AA%D8%B5%D9%81%D9%8A%D9%82-%D8%A8%D8%A7%D9%84%D9%8A%D8%AF-%D8%A7%D9%84%D9%88%D8%A7%D8%AD%D8%AF%D8%A9/ HTTP/2" 200 30060 "-" "Mozilla/5.0 (compatible; ImagesiftBot; +imagesift.com)"
74.80.208.56 - - [28/Sep/2024:14:42:54 +0200] "GET /%D9%85%D8%B5%D8%B7%D9%81%D9%8A-%D9%85%D8%AD%D9%83%D8%B1-%D9%8A%D9%83%D8%AA%D8%A8-%D8%A7%D9%84%D8%B4%D9%81%D9%82%D8%A9-%D8%AA%D8%B7%D9%8A%D8%B1-%D8%AA%D9%83%D9%87%D9%86%D8%A7%D8%AA-%D8%A7%D9%84/ HTTP/2" 200 48195 "-" "Mozilla/5.0 (compatible; ImagesiftBot; +imagesift.com)"
74.80.208.56 - - [28/Sep/2024:14:42:56 +0200] "GET /%D8%B4%D8%A7%D9%87%D8%AF-%D8%A8%D8%A7%D9%84%D8%B5%D9%88%D8%B1-%D9%83%D9%8A%D9%81-%D8%AA%D8%AD%D9%88%D9%84%D8%AA-%D8%AD%D8%AF%D9%8A%D9%82%D8%A9-%D8%A7%D9%84%D9%85%D9%86%D8%B8%D9%85%D8%A9-%D9%85%D9%86/ HTTP/2" 200 0 "-" "Mozilla/5.0 (compatible; ImagesiftBot; +imagesift.com)"
74.80.208.56 - - [28/Sep/2024:14:42:56 +0200] "GET /%D9%88%D8%B2%D9%8A%D8%B1-%D8%A7%D9%84%D9%85%D8%B9%D8%A7%D8%AF%D9%86-%D9%8A%D8%B5%D9%81-%D8%A7%D9%84%D8%B5%D8%AD%D9%81%D9%8A-%D8%A7%D9%84%D8%B9%D8%A7%D8%AC%D8%A8-%D8%A8%D8%A7%D9%84%D9%85%D8%AA%D8%AD/ HTTP/2" 200 45909 "-" "Mozilla/5.0 (compatible; ImagesiftBot; +imagesift.com)"
74.80.208.56 - - [28/Sep/2024:14:42:58 +0200] "GET /wp-json/wp/v2/posts/8131 HTTP/2" 200 1655 "-" "Mozilla/5.0 (compatible; ImagesiftBot; +imagesift.com)"
74.80.208.56 - - [28/Sep/2024:14:42:58 +0200] "GET /wp-json/wp/v2/posts/9199 HTTP/2" 200 1736 "-" "Mozilla/5.0 (compatible; ImagesiftBot; +imagesift.com)"
74.80.208.56 - - [28/Sep/2024:14:42:59 +0200] "GET /%D9%86%D8%A7%D8%AF%D9%8A-%D8%B4%D8%A8%D9%8A%D8%A8%D8%A9-%D8%A7%D9%84%D9%82%D8%A8%D8%A7%D8%A6%D9%84-%D8%A7%D9%84%D9%85%D8%B4%D8%A7%D9%83%D9%84-%D8%AA%D9%86%D8%AD%D8%B1-%D8%AC%D8%B3%D8%AF-%D8%B9%D9%85/ HTTP/2" 200 43992 "-" "Mozilla/5.0 (compatible; ImagesiftBot; +imagesift.com)"
74.80.208.56 - - [28/Sep/2024:14:43:00 +0200] "GET /wp-json/wp/v2/tags/4569 HTTP/2" 200 0 "-" "Mozilla/5.0 (compatible; ImagesiftBot; +imagesift.com)"
74.80.208.56 - - [28/Sep/2024:14:43:01 +0200] "GET /wp-content/uploads/2022/11/AR_20221031_171510_175659_CS.jpg HTTP/2" 200 0 "-" "Mozilla/5.0 (compatible; ImagesiftBot; +imagesift.com)"
207.46.13.14 - - [28/Sep/2024:14:44:26 +0200] "GET /jvesm/d348621.html HTTP/2" 200 41707 "-" "Mozilla/5.0 AppleWebKit/537.36 (KHTML, like Gecko; compatible; bingbot/2.0; +http://www.bing.com/bingbot.htm) Chrome/116.0.1938.76 Safari/537.36"
135.181.9.38 - - [28/Sep/2024:14:44:43 +0200] "POST /wp-cron.php?doing_wp_cron=1727527483.6259789466857910156250 HTTP/1.1" 200 0 "-" "WordPress/6.6.2; https://www.sudancam.net"
74.80.208.56 - - [28/Sep/2024:14:45:01 +0200] "GET /%D9%88%D8%B4%D9%85-%D8%A8%D8%B3%D9%85%D8%A9-%D8%A8%D9%88%D8%B3%D9%8A%D9%84-%D9%81%D9%8A-%D9%85%D9%86%D8%B7%D9%82%D8%A9-%D8%AD%D8%B3%D8%A7%D8%B3%D8%A9-%D9%8A%D8%AB%D9%8A%D8%B1-%D8%B6%D8%AC%D8%A9-%D8%B9/ HTTP/2" 200 0 "-" "Mozilla/5.0 (compatible; ImagesiftBot; +imagesift.com)"
74.80.208.56 - - [28/Sep/2024:14:45:02 +0200] "GET /tag/%D8%A7%D9%86%D8%B5%D8%A7%D9%81/ HTTP/2" 200 0 "-" "Mozilla/5.0 (compatible; ImagesiftBot; +imagesift.com)"
77.75.78.161 - - [28/Sep/2024:14:45:03 +0200] "GET /eroix/k1683494.html HTTP/1.1" 404 20323 "-" "Mozilla/5.0 (compatible; SeznamBot/4.0; +http://napoveda.seznam.cz/seznambot-intro/)"
74.80.208.56 - - [28/Sep/2024:14:45:03 +0200] "GET /ucaau/x1114341.html HTTP/2" 404 22077 "-" "Mozilla/5.0 (compatible; ImagesiftBot; +imagesift.com)"
74.80.208.56 - - [28/Sep/2024:14:45:04 +0200] "GET /tag/%D8%A7%D8%B4%D9%87%D8%B1/ HTTP/2" 200 24767 "-" "Mozilla/5.0 (compatible; ImagesiftBot; +imagesift.com)"
74.80.208.56 - - [28/Sep/2024:14:45:06 +0200] "GET /tag/%D8%A8%D8%A7%D8%AD%D9%83%D8%A7%D9%85/ HTTP/2" 200 33627 "-" "Mozilla/5.0 (compatible; ImagesiftBot; +imagesift.com)"
77.75.78.161 - - [28/Sep/2024:14:45:06 +0200] "GET /ijygy/x544551.html HTTP/1.1" 404 20329 "-" "Mozilla/5.0 (compatible; SeznamBot/4.0; +http://napoveda.seznam.cz/seznambot-intro/)"
74.80.208.56 - - [28/Sep/2024:14:45:07 +0200] "GET /tag/%D9%88%D8%A7%D9%84%D8%AC%D9%86%D9%88%D8%AF/feed/ HTTP/2" 200 4766 "-" "Mozilla/5.0 (compatible; ImagesiftBot; +imagesift.com)"
74.80.208.56 - - [28/Sep/2024:14:45:08 +0200] "GET /%D9%85%D8%A7%D9%84%D9%83-%D8%B9%D9%82%D8%A7%D8%B1-%D8%AF%D9%85%D8%A7%D8%B1-%D8%B4%D8%A7%D9%85%D9%84-%D9%84%D9%84%D8%B3%D9%88%D8%AF%D8%A7%D9%86-%D9%88%D8%AF%D9%88%D9%84-%D8%A7%D9%84%D8%AC%D9%88%D8%A7/feed/ HTTP/2" 200 737 "-" "Mozilla/5.0 (compatible; ImagesiftBot; +imagesift.com)"
66.249.64.15 - - [28/Sep/2024:14:45:08 +0200] "GET /njtsh/f2045825.html HTTP/1.1" 200 41393 "-" "Mozilla/5.0 (Linux; Android 6.0.1; Nexus 5X Build/MMB29P) AppleWebKit/537.36 (KHTML, like Gecko) Chrome/128.0.6613.137 Mobile Safari/537.36 (compatible; GoogleOther)"
77.75.78.161 - - [28/Sep/2024:14:45:08 +0200] "GET /vmnmw/p929655.html HTTP/1.1" 404 20321 "-" "Mozilla/5.0 (compatible; SeznamBot/4.0; +http://napoveda.seznam.cz/seznambot-intro/)"
74.80.208.56 - - [28/Sep/2024:14:45:08 +0200] "GET /tag/%D9%88%D8%A7%D9%81%D9%82%D8%A7/ HTTP/2" 200 51543 "-" "Mozilla/5.0 (compatible; ImagesiftBot; +imagesift.com)"
77.75.78.161 - - [28/Sep/2024:14:45:11 +0200] "GET /unsgt/x1889349.html HTTP/1.1" 404 20322 "-" "Mozilla/5.0 (compatible; SeznamBot/4.0; +http://napoveda.seznam.cz/seznambot-intro/)"
74.80.208.56 - - [28/Sep/2024:14:45:10 +0200] "GET /%D8%BA%D8%A7%D8%B2%D9%8A-%D8%B5%D9%84%D8%A7%D8%AD-%D8%A7%D9%84%D8%AF%D9%8A%D9%86-%D8%A7%D8%AA%D9%81%D8%A7%D9%82-%D8%A7%D9%84%D8%AA%D8%B3%D9%88%D9%8A%D8%A9-%D9%82%D8%B3%D9%85-%D8%A7%D9%84%D8%B3%D9%88/ HTTP/2" 200 55754 "-" "Mozilla/5.0 (compatible; ImagesiftBot; +imagesift.com)"
74.80.208.56 - - [28/Sep/2024:14:45:12 +0200] "GET /%D9%88%D8%B1%D8%B4%D8%A9-%D8%A8%D8%A7%D9%84%D9%86%D9%8A%D9%84-%D8%A7%D9%84%D8%A7%D8%B2%D8%B1%D9%82-%D8%AD%D9%88%D9%84-%D8%A7%D9%84%D9%82%D8%B7%D8%A7%D8%B9-%D8%A7%D9%84%D8%B2%D8%B1%D8%A7%D8%B9%D9%8A/ HTTP/2" 200 0 "-" "Mozilla/5.0 (compatible; ImagesiftBot; +imagesift.com)"
74.80.208.56 - - [28/Sep/2024:14:45:13 +0200] "GET /%D9%86%D9%82%D8%A7%D8%A8%D8%A9-%D9%85%D8%AD%D8%A7%D9%85%D9%8A%D9%86-%D8%A7%D8%B4%D8%AA%D8%A8%D8%A7%D9%83%D8%A7%D8%AA-%D8%A8%D8%AC%D9%86%D9%88%D8%A8-%D8%AF%D8%A7%D8%B1%D9%81%D9%88%D8%B1-%D8%AA%D9%8F/ HTTP/2" 200 47203 "-" "Mozilla/5.0 (compatible; ImagesiftBot; +imagesift.com)"
74.80.208.56 - - [28/Sep/2024:14:45:14 +0200] "GET /tag/%D8%A7%D9%8A%D9%87/ HTTP/2" 200 23440 "-" "Mozilla/5.0 (compatible; ImagesiftBot; +imagesift.com)"
77.75.78.161 - - [28/Sep/2024:14:45:14 +0200] "GET /rztoq/q1701284.html HTTP/1.1" 404 20324 "-" "Mozilla/5.0 (compatible; SeznamBot/4.0; +http://napoveda.seznam.cz/seznambot-intro/)"
74.80.208.56 - - [28/Sep/2024:14:45:15 +0200] "GET /tag/%D9%8A%D9%88%D8%A7%D9%84%D9%8A/page/2/ HTTP/2" 200 24900 "-" "Mozilla/5.0 (compatible; ImagesiftBot; +imagesift.com)"
74.80.208.56 - - [28/Sep/2024:14:45:16 +0200] "GET /wp-json/wp/v2/tags/25285 HTTP/2" 200 324 "-" "Mozilla/5.0 (compatible; ImagesiftBot; +imagesift.com)"
77.75.78.161 - - [28/Sep/2024:14:45:17 +0200] "GET /gnbxa/h2244727.html HTTP/1.1" 404 20322 "-" "Mozilla/5.0 (compatible; SeznamBot/4.0; +http://napoveda.seznam.cz/seznambot-intro/)"
74.80.208.56 - - [28/Sep/2024:14:45:17 +0200] "GET /rxaid/y2340372.html HTTP/2" 404 22077 "-" "Mozilla/5.0 (compatible; ImagesiftBot; +imagesift.com)"
74.80.208.56 - - [28/Sep/2024:14:45:18 +0200] "GET /%D8%B5%D9%81%D8%A7%D8%A1-%D8%A7%D9%84%D9%81%D8%AD%D9%84-%D8%AA%D9%83%D8%AA%D8%A8-%D8%B9%D9%86%D8%AF%D9%85%D8%A7-%D8%AA%D8%AA%D8%B9%D9%81%D9%86-%D8%A7%D9%84%D9%82%D9%84%D9%88%D8%A8/ HTTP/2" 200 47245 "-" "Mozilla/5.0 (compatible; ImagesiftBot; +imagesift.com)"
77.75.78.161 - - [28/Sep/2024:14:45:19 +0200] "GET /vxred/i1174906.html HTTP/1.1" 404 20328 "-" "Mozilla/5.0 (compatible; SeznamBot/4.0; +http://napoveda.seznam.cz/seznambot-intro/)"
74.80.208.56 - - [28/Sep/2024:14:45:20 +0200] "GET /wp-content/uploads/2023/03/%D8%A7%D9%84%D9%81%D8%AD%D9%84-2.jpg HTTP/2" 200 74457 "-" "Mozilla/5.0 (compatible; ImagesiftBot; +imagesift.com)"
74.80.208.56 - - [28/Sep/2024:14:45:19 +0200] "GET /%D8%B1%D8%A7%D8%B4%D8%AF-%D8%B9%D8%A8%D8%AF-%D8%A7%D9%84%D8%B1%D8%AD%D9%8A%D9%85-%D8%A3%D8%B5%D8%AD%D8%A7%D8%A8-%D8%A7%D9%84%D9%88%D8%B3%D9%88%D8%A7%D8%B3/ HTTP/2" 200 0 "-" "Mozilla/5.0 (compatible; ImagesiftBot; +imagesift.com)"
74.80.208.56 - - [28/Sep/2024:14:45:21 +0200] "GET /wp-json/wp/v2/posts/7509 HTTP/2" 200 1699 "-" "Mozilla/5.0 (compatible; ImagesiftBot; +imagesift.com)"
74.80.208.56 - - [28/Sep/2024:14:45:21 +0200] "GET /tag/%D9%86%D9%88%D8%A7%D8%AC%D9%87/feed/ HTTP/2" 200 2344 "-" "Mozilla/5.0 (compatible; ImagesiftBot; +imagesift.com)"
77.75.78.161 - - [28/Sep/2024:14:45:22 +0200] "GET /arxde/o1290664.html HTTP/1.1" 404 20321 "-" "Mozilla/5.0 (compatible; SeznamBot/4.0; +http://napoveda.seznam.cz/seznambot-intro/)"
74.80.208.56 - - [28/Sep/2024:14:45:23 +0200] "GET /tag/%D9%85%D8%A8%D8%AF%D8%A6%D9%8A/feed/ HTTP/2" 200 6187 "-" "Mozilla/5.0 (compatible; ImagesiftBot; +imagesift.com)"
74.80.208.56 - - [28/Sep/2024:14:45:24 +0200] "GET /ceerl/m1806320.html HTTP/2" 404 22075 "-" "Mozilla/5.0 (compatible; ImagesiftBot; +imagesift.com)"
77.75.78.161 - - [28/Sep/2024:14:45:25 +0200] "GET /msmtn/q1443624.html HTTP/1.1" 404 20322 "-" "Mozilla/5.0 (compatible; SeznamBot/4.0; +http://napoveda.seznam.cz/seznambot-intro/)"
74.80.208.56 - - [28/Sep/2024:14:45:25 +0200] "GET /%D9%85%D8%A7%D9%83%D8%B1%D9%88%D9%86-%D9%8A%D8%AA%D8%AD%D8%AF%D8%AB-%D8%B9%D9%86-%D8%B4%D8%B1%D8%B7-%D8%A7%D9%84%D8%B3%D9%84%D8%A7%D9%85-%D8%A8%D9%8A%D9%86-%D8%B1%D9%88%D8%B3%D9%8A%D8%A7-%D9%88%D8%A3/ HTTP/2" 200 46314 "-" "Mozilla/5.0 (compatible; ImagesiftBot; +imagesift.com)"
74.80.208.56 - - [28/Sep/2024:14:45:26 +0200] "GET /tag/%D8%A5%D9%84%D9%8A%D9%87/ HTTP/2" 200 26380 "-" "Mozilla/5.0 (compatible; ImagesiftBot; +imagesift.com)"
74.80.208.56 - - [28/Sep/2024:14:45:27 +0200] "GET /%D8%A7%D9%84%D8%AA%D8%B1%D8%A8%D9%8A%D8%A9-%D8%A8%D8%A7%D9%84%D8%AE%D8%B1%D8%B7%D9%88%D9%85-%D8%AA%D8%B9%D9%84%D9%86-%D8%B9%D9%86-%D9%86%D8%B3%D8%AE%D8%A9-%D8%AB%D8%A7%D9%86%D9%8A%D8%A9-%D9%84%D8%A7/ HTTP/2" 200 47132 "-" "Mozilla/5.0 (compatible; ImagesiftBot; +imagesift.com)"
77.75.78.161 - - [28/Sep/2024:14:45:29 +0200] "GET /qfvsu/t955477.html HTTP/1.1" 404 20320 "-" "Mozilla/5.0 (compatible; SeznamBot/4.0; +http://napoveda.seznam.cz/seznambot-intro/)"
74.80.208.56 - - [28/Sep/2024:14:45:29 +0200] "GET /wp-json/wp/v2/tags/21154 HTTP/2" 200 329 "-" "Mozilla/5.0 (compatible; ImagesiftBot; +imagesift.com)"
74.80.208.56 - - [28/Sep/2024:14:45:30 +0200] "GET /wp-content/uploads/2022/05/IMG-20200712-WA0031-1-scaled-1-1024x768-780x470.jpg HTTP/2" 200 56882 "-" "Mozilla/5.0 (compatible; ImagesiftBot; +imagesift.com)"
74.80.208.56 - - [28/Sep/2024:14:45:31 +0200] "GET /wp-content/uploads/2022/05/IMG-20200712-WA0031-1-scaled-1-1024x768.jpg HTTP/2" 200 104147 "-" "Mozilla/5.0 (compatible; ImagesiftBot; +imagesift.com)"
74.80.208.56 - - [28/Sep/2024:14:45:30 +0200] "GET /%D9%85%D9%82%D8%A7%D9%88%D9%85%D8%A9-%D8%A7%D9%84%D8%AE%D8%B1%D8%B7%D9%88%D9%85-%D8%AA%D8%AF%D8%B9%D9%88-%D9%84%D8%AA%D8%B8%D8%A7%D9%87%D8%B1%D8%A9-%D9%85%D9%84%D9%8A%D9%88%D9%86%D9%8A%D8%A9/ HTTP/2" 200 30293 "-" "Mozilla/5.0 (compatible; ImagesiftBot; +imagesift.com)"
74.80.208.56 - - [28/Sep/2024:14:45:32 +0200] "GET /tag/%D8%A7%D9%88%D9%84/page/3/ HTTP/2" 200 52062 "-" "Mozilla/5.0 (compatible; ImagesiftBot; +imagesift.com)"
77.75.78.161 - - [28/Sep/2024:14:45:33 +0200] "GET /hmico/i1471878.html HTTP/1.1" 404 20321 "-" "Mozilla/5.0 (compatible; SeznamBot/4.0; +http://napoveda.seznam.cz/seznambot-intro/)"
74.80.208.56 - - [28/Sep/2024:14:45:33 +0200] "GET /%D8%B7%D9%88%D8%A7%D9%81-%D9%81%D8%B1%D9%86%D8%B3%D8%A7-%D9%84%D9%84%D8%AF%D8%B1%D8%A7%D8%AC%D8%A7%D8%AA-%D8%A7%D9%84%D8%A3%D8%B3%D8%AA%D8%B1%D8%A7%D9%84%D9%8A-%D8%AC%D8%A7%D9%8A-%D9%87%D9%8A%D9%86/ HTTP/2" 200 30625 "-" "Mozilla/5.0 (compatible; ImagesiftBot; +imagesift.com)"
74.80.208.56 - - [28/Sep/2024:14:45:34 +0200] "GET /%D9%85%D8%AD%D8%A7%D9%83%D9%85%D8%A9-%D9%84%D8%A7%D8%B9%D8%A8%D9%8A%D9%86-%D9%85%D9%86-%D8%A7%D9%84%D8%AF%D9%88%D8%B1%D9%8A-%D8%A7%D9%84%D9%85%D9%85%D8%AA%D8%A7%D8%B2-%D9%81%D9%8A-%D8%AC%D8%B1%D9%8A/feed/ HTTP/2" 200 728 "-" "Mozilla/5.0 (compatible; ImagesiftBot; +imagesift.com)"
77.75.78.161 - - [28/Sep/2024:14:45:35 +0200] "GET /ujtoe/w2060610.html HTTP/1.1" 404 20324 "-" "Mozilla/5.0 (compatible; SeznamBot/4.0; +http://napoveda.seznam.cz/seznambot-intro/)"
74.80.208.56 - - [28/Sep/2024:14:45:35 +0200] "GET /%D8%B5%D8%AD%D9%8A%D9%81%D8%A9-%D8%A3%D8%B1%D8%AC%D9%86%D8%AA%D9%8A%D9%86%D9%8A%D8%A9-%D8%A7%D9%86%D9%83%D8%B3%D8%B1-%D8%A3%D9%86%D9%81-%D9%85%D9%8A%D8%B3%D9%8A-%D8%B9%D9%86%D8%AF%D9%85%D8%A7-%D8%A7/feed/ HTTP/2" 200 762 "-" "Mozilla/5.0 (compatible; ImagesiftBot; +imagesift.com)"
74.80.208.56 - - [28/Sep/2024:14:45:37 +0200] "GET /%D8%B4%D8%A7%D9%87%D8%AF-%D8%A8%D8%A7%D9%84%D8%B5%D9%88%D8%B1%D8%A9-%D9%88%D8%A7%D9%84%D9%81%D9%8A%D8%AF%D9%8A%D9%88-%D8%AA%D9%85-%D8%AC%D9%85%D8%B9%D9%87%D8%A7-%D9%81%D9%8A-%D8%AD%D9%82%D8%A7%D8%A6/ HTTP/2" 200 32614 "-" "Mozilla/5.0 (compatible; ImagesiftBot; +imagesift.com)"
77.75.78.161 - - [28/Sep/2024:14:45:38 +0200] "GET /opmok/x2608015.html HTTP/1.1" 404 20323 "-" "Mozilla/5.0 (compatible; SeznamBot/4.0; +http://napoveda.seznam.cz/seznambot-intro/)"
74.80.208.56 - - [28/Sep/2024:14:45:38 +0200] "GET /wp-json/wp/v2/tags/4484 HTTP/2" 200 318 "-" "Mozilla/5.0 (compatible; ImagesiftBot; +imagesift.com)"
74.80.208.56 - - [28/Sep/2024:14:45:39 +0200] "GET /wp-content/uploads/2023/03/331225144_163263129871821_3398070244606279671_n-780x470.jpg HTTP/2" 200 34185 "-" "Mozilla/5.0 (compatible; ImagesiftBot; +imagesift.com)"
74.80.208.56 - - [28/Sep/2024:14:45:39 +0200] "GET /wp-content/uploads/2023/03/331225144_163263129871821_3398070244606279671_n.jpg HTTP/2" 200 80839 "-" "Mozilla/5.0 (compatible; ImagesiftBot; +imagesift.com)"
74.80.208.56 - - [28/Sep/2024:14:45:39 +0200] "GET /tag/%D9%85%D8%B9%D8%B1%D8%B6/page/2/ HTTP/2" 200 23834 "-" "Mozilla/5.0 (compatible; ImagesiftBot; +imagesift.com)"
77.75.78.161 - - [28/Sep/2024:14:45:40 +0200] "GET /ymwbf/p380067.html HTTP/1.1" 404 20322 "-" "Mozilla/5.0 (compatible; SeznamBot/4.0; +http://napoveda.seznam.cz/seznambot-intro/)"
74.80.208.56 - - [28/Sep/2024:14:45:40 +0200] "GET /%D8%A8%D9%8A%D8%A7%D9%86-%D9%84%D9%84%D8%AD%D8%B1%D9%8A%D8%A9-%D9%88%D8%A7%D9%84%D8%AA%D8%BA%D9%8A%D9%8A%D8%B1-%D8%A8%D8%B4%D8%A3%D9%86-%D8%A7%D8%AC%D8%AA%D9%85%D8%A7%D8%B9-%D8%A8%D9%8A%D8%AA-%D8%A7/ HTTP/2" 200 47342 "-" "Mozilla/5.0 (compatible; ImagesiftBot; +imagesift.com)"
74.80.208.56 - - [28/Sep/2024:14:45:41 +0200] "GET /%D8%B4%D8%A7%D8%A8-%D9%8A%D8%AF%D9%81%D8%B9-%D9%85%D8%A8%D9%84%D8%BA%D8%A7%D9%8B-%D9%83%D8%A8%D9%8A%D8%B1%D8%A7%D9%8B-%D9%85%D9%86-%D8%A7%D9%84%D9%85%D8%A7%D9%84-%D9%85%D9%87%D8%B1%D8%A7%D9%8B-%D9%84/ HTTP/2" 200 21207 "-" "Mozilla/5.0 (compatible; ImagesiftBot; +imagesift.com)"
77.75.78.161 - - [28/Sep/2024:14:45:43 +0200] "GET /wkoqi/z1640167.html HTTP/1.1" 404 20324 "-" "Mozilla/5.0 (compatible; SeznamBot/4.0; +http://napoveda.seznam.cz/seznambot-intro/)"
74.80.208.56 - - [28/Sep/2024:14:45:43 +0200] "GET /tag/%D8%A7%D9%84%D9%83%D9%88%D9%8A%D8%AA/ HTTP/2" 200 37105 "-" "Mozilla/5.0 (compatible; ImagesiftBot; +imagesift.com)"
74.80.208.56 - - [28/Sep/2024:14:45:44 +0200] "GET /ulwnw/u721686.html HTTP/2" 404 22081 "-" "Mozilla/5.0 (compatible; ImagesiftBot; +imagesift.com)"
74.80.208.56 - - [28/Sep/2024:14:45:45 +0200] "GET /%D8%AA%D8%B1%D9%83%D9%8A%D8%A7-%D8%AA%D8%B9%D9%84%D9%86-%D8%B9%D9%86-%D8%AD%D8%B5%D9%8A%D9%84%D8%A9-%D8%AC%D8%AF%D9%8A%D8%AF%D8%A9-%D9%84%D8%B9%D8%AF%D8%AF-%D8%A7%D9%84%D9%85%D8%AA%D9%88%D9%81%D9%8A/ HTTP/2" 200 43573 "-" "Mozilla/5.0 (compatible; ImagesiftBot; +imagesift.com)"
74.80.208.56 - - [28/Sep/2024:14:45:46 +0200] "GET /%D8%A8%D8%B9%D8%AB%D8%A9-%D8%A7%D9%84%D8%A3%D9%87%D9%84%D9%8A-%D8%BA%D8%A8%D9%8A%D8%B4-%D8%AA%D8%BA%D8%A7%D8%AF%D8%B1-%D8%A7%D9%84%D9%89-%D8%A7%D9%84%D9%81%D9%88%D9%84%D8%A9-%D9%84%D8%AE%D9%88%D8%B6/feed/ HTTP/2" 200 0 "-" "Mozilla/5.0 (compatible; ImagesiftBot; +imagesift.com)"
77.75.78.161 - - [28/Sep/2024:14:45:46 +0200] "GET /cfuqq/u1755862.html HTTP/1.1" 404 20324 "-" "Mozilla/5.0 (compatible; SeznamBot/4.0; +http://napoveda.seznam.cz/seznambot-intro/)"
74.80.208.56 - - [28/Sep/2024:14:45:48 +0200] "GET /tag/%D9%88%D8%A5%D8%B7%D9%84%D8%A7%D9%82/feed/ HTTP/2" 200 0 "-" "Mozilla/5.0 (compatible; ImagesiftBot; +imagesift.com)"
74.80.208.56 - - [28/Sep/2024:14:45:48 +0200] "GET /%D8%A8%D9%86%D8%B2%D9%8A%D9%85%D8%A7-%D9%8A%D8%AE%D8%B1%D8%AC-%D9%85%D8%B5%D8%A7%D8%A8%D8%A7-%D9%81%D9%8A-%D9%81%D9%88%D8%B2-%D8%A7%D9%84%D8%A7%D8%AA%D8%AD%D8%A7%D8%AF-%D8%A8%D8%AB%D9%84%D8%A7%D8%AB/ HTTP/2" 200 0 "-" "Mozilla/5.0 (compatible; ImagesiftBot; +imagesift.com)"
74.80.208.56 - - [28/Sep/2024:14:45:49 +0200] "GET /tag/%D9%88%D9%81%D8%B6%D9%8A%D9%84%D8%A9/feed/ HTTP/2" 200 4340 "-" "Mozilla/5.0 (compatible; ImagesiftBot; +imagesift.com)"
74.80.208.56 - - [28/Sep/2024:14:45:50 +0200] "GET /%D9%85%D8%AD%D9%85%D8%AF-%D8%A3%D8%AD%D9%85%D8%AF-%D8%A7%D9%84%D9%83%D8%A8%D8%A7%D8%B4%D9%8A-%D9%8A%D9%83%D8%AA%D8%A8-%D9%83%D8%A3%D9%86%D9%87-%D8%B3%D8%B1%D8%A7%D8%A8-%D8%A8%D8%B9%D9%8A%D8%AF-%D8%A7/ HTTP/2" 200 35518 "-" "Mozilla/5.0 (compatible; ImagesiftBot; +imagesift.com)"
74.80.208.56 - - [28/Sep/2024:14:45:51 +0200] "GET /%D8%A7%D9%84%D9%82%D8%A8%D8%B6-%D8%B9%D9%84%D9%89-5-%D8%A3%D8%B4%D8%AE%D8%A7%D8%B5-%D9%84%D8%A7%D8%AA%D8%AC%D8%A7%D8%B1%D9%87%D9%85-%D8%A8%D8%A7%D9%84%D9%86%D9%82%D8%AF-%D8%A7%D9%84%D8%A3/ HTTP/2" 200 31158 "-" "Mozilla/5.0 (compatible; ImagesiftBot; +imagesift.com)"
77.75.78.161 - - [28/Sep/2024:14:45:52 +0200] "GET /fzcul/e2681992.html HTTP/1.1" 404 20322 "-" "Mozilla/5.0 (compatible; SeznamBot/4.0; +http://napoveda.seznam.cz/seznambot-intro/)"
74.80.208.56 - - [28/Sep/2024:14:45:53 +0200] "GET /tag/%D9%88%D8%AA%D8%AD%D9%83%D9%8A/ HTTP/2" 200 33771 "-" "Mozilla/5.0 (compatible; ImagesiftBot; +imagesift.com)"
74.80.208.56 - - [28/Sep/2024:14:45:54 +0200] "GET /tag/%D9%84%D8%B1%D8%A4%D9%8A%D8%AA%D9%87%D8%A7/ HTTP/2" 200 23522 "-" "Mozilla/5.0 (compatible; ImagesiftBot; +imagesift.com)"
74.80.208.56 - - [28/Sep/2024:14:45:55 +0200] "GET /fxpgu/n1934943.html HTTP/2" 404 22076 "-" "Mozilla/5.0 (compatible; ImagesiftBot; +imagesift.com)"
77.75.78.161 - - [28/Sep/2024:14:45:55 +0200] "GET /mbgny/x2804861.html HTTP/1.1" 404 20323 "-" "Mozilla/5.0 (compatible; SeznamBot/4.0; +http://napoveda.seznam.cz/seznambot-intro/)"
74.80.208.56 - - [28/Sep/2024:14:45:56 +0200] "GET /tag/%D8%A7%D9%82%D8%AA%D8%AD%D8%A7%D9%85/ HTTP/2" 200 54983 "-" "Mozilla/5.0 (compatible; ImagesiftBot; +imagesift.com)"
85.208.96.199 - - [28/Sep/2024:14:45:09 +0200] "GET /%D8%A7%D9%84%D8%A5%D8%B9%D9%84%D8%A7%D9%86-%D8%B9%D9%86-10-%D8%AD%D8%A7%D9%84%D8%A7%D8%AA-%D8%A5%D8%B5%D8%A7%D8%A8%D8%A9-%D8%A8%D8%A7%D9%84%D9%83%D9%88%D9%84%D9%8A%D8%B1%D8%A7-%D9%81%D9%8A-%D9%88/ HTTP/1.1" 403 0 "-" "Mozilla/5.0 (compatible; SemrushBot/7~bl; +http://www.semrush.com/bot.html)"
135.181.9.38 - - [28/Sep/2024:14:45:35 +0200] "POST /wp-cron.php?doing_wp_cron=1727527535.0502269268035888671875 HTTP/1.1" 200 0 "-" "WordPress/6.6.2; https://www.sudancam.net"
135.181.9.38 - - [28/Sep/2024:14:45:35 +0200] "POST /wp-admin/admin-ajax.php?action=async_litespeed&nonce=mpvBlxCuIKP54OEO9OjT6hUfYu1t8rii&litespeed_type=imgoptm HTTP/1.1" 200 21 "-" "WordPress/6.6.2; https://www.sudancam.net"
135.181.9.38 - - [28/Sep/2024:14:45:43 +0200] "POST /wp-cron.php?doing_wp_cron=1727527543.7036840915679931640625 HTTP/1.1" 200 0 "-" "WordPress/6.6.2; https://www.sudancam.net"
178.236.247.6 - - [28/Sep/2024:14:46:05 +0200] "POST /74a7c9952328.php HTTP/1.1" 200 9 "-" "curl/7.86.0"
74.80.208.56 - - [28/Sep/2024:14:46:05 +0200] "GET /wp-json/wp/v2/posts/27940 HTTP/2" 200 3609 "-" "Mozilla/5.0 (compatible; ImagesiftBot; +imagesift.com)"
74.80.208.56 - - [28/Sep/2024:14:46:07 +0200] "GET /tag/%D8%A8%D9%85%D8%B2%D9%8A%D8%AF/ HTTP/2" 200 23969 "-" "Mozilla/5.0 (compatible; ImagesiftBot; +imagesift.com)"
74.80.208.56 - - [28/Sep/2024:14:46:08 +0200] "GET /tag/%D8%AF%D9%82%D9%8A%D9%82%D8%A9/feed/ HTTP/2" 200 21315 "-" "Mozilla/5.0 (compatible; ImagesiftBot; +imagesift.com)"
74.80.208.56 - - [28/Sep/2024:14:46:09 +0200] "GET /wp-json/wp/v2/tags/37751 HTTP/2" 200 322 "-" "Mozilla/5.0 (compatible; ImagesiftBot; +imagesift.com)"
74.80.208.56 - - [28/Sep/2024:14:46:10 +0200] "GET /%D8%B4%D8%A7%D9%87%D8%AF-%D8%A8%D8%A7%D9%84%D9%81%D9%8A%D8%AF%D9%8A%D9%88-%D8%A7%D9%84%D8%B4%D9%8A%D8%AE-%D9%85%D8%AD%D9%85%D8%AF-%D9%85%D8%B5%D8%B7%D9%81%D9%89-%D9%8A%D9%88%D8%A7%D8%B5%D9%84-%D8%A5/ HTTP/2" 200 32970 "-" "Mozilla/5.0 (compatible; ImagesiftBot; +imagesift.com)"
74.80.208.56 - - [28/Sep/2024:14:46:12 +0200] "GET /wp-content/uploads/2023/04/13147472-780x470.jpg HTTP/2" 200 59286 "-" "Mozilla/5.0 (compatible; ImagesiftBot; +imagesift.com)"
74.80.208.56 - - [28/Sep/2024:14:46:11 +0200] "GET /tag/%D8%A3%D9%88%D9%82%D9%81%D9%88%D8%A7/ HTTP/2" 200 51605 "-" "Mozilla/5.0 (compatible; ImagesiftBot; +imagesift.com)"
74.80.208.56 - - [28/Sep/2024:14:46:12 +0200] "GET /wp-content/uploads/2023/04/13147472.jpg HTTP/2" 200 96224 "-" "Mozilla/5.0 (compatible; ImagesiftBot; +imagesift.com)"
74.80.208.56 - - [28/Sep/2024:14:46:12 +0200] "GET /tag/%D8%A7%D9%84%D9%83%D9%88%D9%86%D9%83%D8%A7%D9%83%D8%A7%D9%81/ HTTP/2" 200 35394 "-" "Mozilla/5.0 (compatible; ImagesiftBot; +imagesift.com)"
74.80.208.56 - - [28/Sep/2024:14:46:14 +0200] "GET /onynd/x1172555.html HTTP/2" 404 22075 "-" "Mozilla/5.0 (compatible; ImagesiftBot; +imagesift.com)"
74.80.208.56 - - [28/Sep/2024:14:46:15 +0200] "GET /%D8%AC%D8%B9%D9%81%D8%B1-%D8%B9%D8%A8%D8%A7%D8%B3-%D9%8A%D9%83%D8%AA%D8%A8-%D9%85%D8%B1%D8%AD%D8%A8%D8%A7-%D8%A8%D9%83%D9%85-%D9%81%D9%8A-%D8%B9%D8%B1%D9%86%D9%88%D8%A8%D9%8A%D8%A7/ HTTP/2" 200 0 "-" "Mozilla/5.0 (compatible; ImagesiftBot; +imagesift.com)"
74.80.208.56 - - [28/Sep/2024:14:46:16 +0200] "GET /wp-json/wp/v2/posts/26800 HTTP/2" 200 1925 "-" "Mozilla/5.0 (compatible; ImagesiftBot; +imagesift.com)"
74.80.208.56 - - [28/Sep/2024:14:46:17 +0200] "GET /tag/%D8%B1%D9%81%D8%B6%D9%87/ HTTP/2" 200 38608 "-" "Mozilla/5.0 (compatible; ImagesiftBot; +imagesift.com)"
74.80.208.56 - - [28/Sep/2024:14:46:18 +0200] "GET /bwtye/s754600.html HTTP/2" 404 22082 "-" "Mozilla/5.0 (compatible; ImagesiftBot; +imagesift.com)"
74.80.208.56 - - [28/Sep/2024:14:46:19 +0200] "GET /%D8%A3%D9%83%D8%AB%D8%B1-%D9%85%D8%A7-%D9%8A%D8%AE%D8%B4%D8%A7%D9%87-%D8%B9%D8%AB%D9%85%D8%A7%D9%86-%D8%AF%D9%8A%D9%85%D8%A8%D9%84%D9%8A-%D9%81%D9%8A-%D8%A7%D9%84%D9%85%D9%88%D9%86%D8%AF%D9%8A%D8%A7/feed/ HTTP/2" 200 765 "-" "Mozilla/5.0 (compatible; ImagesiftBot; +imagesift.com)"
74.80.208.56 - - [28/Sep/2024:14:43:56 +0200] "GET /tag/%D8%A7%D9%84%D8%A5%D8%AA%D9%81%D8%A7%D9%82/feed/ HTTP/2" 200 15243 "-" "Mozilla/5.0 (compatible; ImagesiftBot; +imagesift.com)"
74.80.208.56 - - [28/Sep/2024:14:43:57 +0200] "GET /tag/%D8%B5%D9%8A%D9%86%D9%8A%D8%A9/ HTTP/2" 200 39686 "-" "Mozilla/5.0 (compatible; ImagesiftBot; +imagesift.com)"
74.80.208.56 - - [28/Sep/2024:14:43:58 +0200] "GET /wp-json/wp/v2/tags/11139 HTTP/2" 200 325 "-" "Mozilla/5.0 (compatible; ImagesiftBot; +imagesift.com)"
74.80.208.56 - - [28/Sep/2024:14:43:59 +0200] "GET /%D8%AA%D9%86%D8%B3%D9%82%D9%8A%D8%A9-%D8%A7%D9%84%D8%B4%D8%B1%D9%82-%D8%AA%D9%87%D8%AF%D8%AF-%D8%A8%D8%A5%D8%BA%D9%84%D8%A7%D9%82-%D8%A7%D9%84%D8%A5%D9%82%D9%84%D9%8A%D9%85/ HTTP/2" 200 44808 "-" "Mozilla/5.0 (compatible; ImagesiftBot; +imagesift.com)"
74.80.208.56 - - [28/Sep/2024:14:44:00 +0200] "GET /tag/%D8%A8%D8%A7%D9%84%D8%B2%D9%88%D8%A7%D8%AC/ HTTP/2" 200 34722 "-" "Mozilla/5.0 (compatible; ImagesiftBot; +imagesift.com)"
74.80.208.56 - - [28/Sep/2024:14:44:05 +0200] "GET /%D8%A7%D9%84%D8%BA%D8%B1%D9%8A%D9%85%D8%A7%D9%86-%D8%A7%D9%84%D8%AA%D9%82%D9%84%D9%8A%D8%AF%D9%8A%D8%A7%D9%86-%D8%B1%D9%8A%D8%A7%D9%84-%D9%85%D8%AF%D8%B1%D9%8A%D8%AF-%D9%88%D8%A8%D8%B1%D8%B4%D9%84/ HTTP/2" 200 0 "-" "Mozilla/5.0 (compatible; ImagesiftBot; +imagesift.com)"
178.236.247.6 - - [28/Sep/2024:14:44:05 +0200] "POST /74a7c9952328.php HTTP/1.1" 200 9 "-" "curl/7.86.0"
85.208.96.199 - - [28/Sep/2024:14:44:08 +0200] "GET /3xa50n/gfe26gshss-specs.html HTTP/1.1" 403 0 "-" "Mozilla/5.0 (compatible; SemrushBot/7~bl; +http://www.semrush.com/bot.html)"
185.170.167.18 - - [28/Sep/2024:14:44:09 +0200] "GET /%D8%A5%D8%AC%D8%B1%D8%A7%D8%A1%D8%A7%D8%AA-%D8%A7%D9%84%D8%B3%D9%84%D8%A7%D9%85%D8%A9-%D8%BA%D8%A7%D8%A6%D8%A8%D8%A9-%D9%87%D9%88%D8%B3-%D8%A7%D9%84%D8%B0%D9%87%D8%A8-%D9%8A%D8%AD%D8%B5%D8%AF/ HTTP/1.1" 200 64764 "-" "Mozilla/5.0 (compatible; BacklinksExtendedBot)"
66.249.64.15 - - [28/Sep/2024:14:44:22 +0200] "GET /zqsop/m1237024.html HTTP/1.1" 200 42058 "-" "Mozilla/5.0 (Linux; Android 6.0.1; Nexus 5X Build/MMB29P) AppleWebKit/537.36 (KHTML, like Gecko) Chrome/128.0.6613.137 Mobile Safari/537.36 (compatible; GoogleOther)"
185.170.167.18 - - [28/Sep/2024:14:45:55 +0200] "GET /%D8%A7%D9%84%D8%A7%D8%B3%D8%AA%D9%81%D8%A7%D8%AF%D8%A9-%D9%85%D9%86-%D9%85%D9%8A%D8%B2%D8%A9-%D8%AE%D9%84%D9%88-%D8%A7%D9%84%D9%88%D9%84%D8%A7%D9%8A%D8%A9-%D9%85%D9%86-%D8%A7%D9%84%D8%A3%D9%85%D8%B1/ HTTP/1.1" 200 48941 "-" "Mozilla/5.0 (compatible; BacklinksExtendedBot)"
135.181.9.38 - - [28/Sep/2024:14:46:00 +0200] "POST /wp-cron.php?doing_wp_cron=1727527560.8340280055999755859375 HTTP/1.1" 200 0 "-" "WordPress/6.6.2; https://www.sudancam.net"
185.191.171.13 - - [28/Sep/2024:14:46:09 +0200] "GET /%D8%A3%D8%A8%D8%B1%D8%B2-%D8%B9%D9%86%D8%A7%D9%88%D9%8A%D9%86-%D8%A7%D9%84%D8%B5%D8%AD%D9%81-%D8%A7%D9%84%D8%B3%D9%88%D8%AF%D8%A7%D9%86%D9%8A%D8%A9-%D8%A7%D9%84%D8%B3%D9%8A%D8%A7%D8%B3%D9%8A%D8%A9-7/ HTTP/1.1" 403 0 "-" "Mozilla/5.0 (compatible; SemrushBot/7~bl; +http://www.semrush.com/bot.html)"
77.75.78.161 - - [28/Sep/2024:14:46:12 +0200] "GET /pxjql/m1539612.html HTTP/1.1" 404 20330 "-" "Mozilla/5.0 (compatible; SeznamBot/4.0; +http://napoveda.seznam.cz/seznambot-intro/)"
77.75.78.161 - - [28/Sep/2024:14:46:15 +0200] "GET /ajjii/j2033609.html HTTP/1.1" 404 20326 "-" "Mozilla/5.0 (compatible; SeznamBot/4.0; +http://napoveda.seznam.cz/seznambot-intro/)"
77.75.78.161 - - [28/Sep/2024:14:46:18 +0200] "GET /vmmym/l529641.html HTTP/1.1" 404 20321 "-" "Mozilla/5.0 (compatible; SeznamBot/4.0; +http://napoveda.seznam.cz/seznambot-intro/)"
77.75.78.161 - - [28/Sep/2024:14:46:20 +0200] "GET /akhdl/z1165901.html HTTP/1.1" 404 20329 "-" "Mozilla/5.0 (compatible; SeznamBot/4.0; +http://napoveda.seznam.cz/seznambot-intro/)"
77.75.78.161 - - [28/Sep/2024:14:46:23 +0200] "GET /erhte/d656695.html HTTP/1.1" 404 20322 "-" "Mozilla/5.0 (compatible; SeznamBot/4.0; +http://napoveda.seznam.cz/seznambot-intro/)"
74.80.208.56 - - [28/Sep/2024:14:46:20 +0200] "GET /wp-json/wp/v2/tags/33620 HTTP/2" 200 318 "-" "Mozilla/5.0 (compatible; ImagesiftBot; +imagesift.com)"
74.80.208.56 - - [28/Sep/2024:14:46:21 +0200] "GET /wp-json/wp/v2/tags/1247 HTTP/2" 200 300 "-" "Mozilla/5.0 (compatible; ImagesiftBot; +imagesift.com)"
74.80.208.56 - - [28/Sep/2024:14:46:22 +0200] "GET /wp-json/wp/v2/posts/29605 HTTP/2" 200 2075 "-" "Mozilla/5.0 (compatible; ImagesiftBot; +imagesift.com)"
74.80.208.56 - - [28/Sep/2024:14:46:23 +0200] "GET /tag/%D9%84%D9%84%D8%B5%D8%B1%D8%A8/ HTTP/2" 200 35367 "-" "Mozilla/5.0 (compatible; ImagesiftBot; +imagesift.com)"
74.80.208.56 - - [28/Sep/2024:14:46:24 +0200] "GET /tag/%D9%87%D8%A7%D8%AC%D9%85%D9%87/ HTTP/2" 200 51221 "-" "Mozilla/5.0 (compatible; ImagesiftBot; +imagesift.com)"
74.80.208.56 - - [28/Sep/2024:14:46:25 +0200] "GET /tag/%D8%A7%D9%84%D9%85%D9%86%D8%B4%D8%A2%D8%AA/ HTTP/2" 200 35966 "-" "Mozilla/5.0 (compatible; ImagesiftBot; +imagesift.com)"
74.80.208.56 - - [28/Sep/2024:14:46:26 +0200] "GET /tag/%D9%86%D8%B4%D8%A7%D9%84/ HTTP/2" 200 23563 "-" "Mozilla/5.0 (compatible; ImagesiftBot; +imagesift.com)"
74.80.208.56 - - [28/Sep/2024:14:46:27 +0200] "GET /ggift/j851805.html HTTP/2" 404 22079 "-" "Mozilla/5.0 (compatible; ImagesiftBot; +imagesift.com)"
74.80.208.56 - - [28/Sep/2024:14:46:29 +0200] "GET /tag/%D8%AA%D8%A4%D8%AB%D8%B1/ HTTP/2" 200 26634 "-" "Mozilla/5.0 (compatible; ImagesiftBot; +imagesift.com)"
74.80.208.56 - - [28/Sep/2024:14:46:30 +0200] "GET /%D8%A7%D9%84%D8%AC%D9%8A%D8%B4-%D9%8A%D8%B9%D9%84%D9%86-%D8%A7%D9%84%D8%AA%D8%B5%D8%AF%D9%8A-%D9%84%D9%87%D8%AC%D9%85%D8%A7%D8%AA-%D8%A7%D9%84%D8%AF%D8%B9%D9%85-%D8%A7%D9%84%D8%B3%D8%B1%D9%8A%D8%B9/ HTTP/2" 200 32705 "-" "Mozilla/5.0 (compatible; ImagesiftBot; +imagesift.com)"
74.80.208.56 - - [28/Sep/2024:14:46:31 +0200] "GET /%D8%AC%D9%85%D9%8A%D9%84-%D9%88%D9%85%D8%AA%D9%88%D8%A7%D8%B6%D8%B9%D8%8C-%D8%A3%D8%AD%D8%AF%D8%AB-%D8%B8%D9%87%D9%88%D8%B1-%D9%84%D9%84%D9%86%D8%AC%D9%85-%D9%85%D8%AD%D9%85%D8%AF-%D8%B5%D9%84%D8%A7/ HTTP/2" 200 46892 "-" "Mozilla/5.0 (compatible; ImagesiftBot; +imagesift.com)"
74.80.208.56 - - [28/Sep/2024:14:46:33 +0200] "GET /%D9%85%D8%AC%D9%84%D8%B3-%D9%88%D8%B2%D8%B1%D8%A7%D8%A1-%D8%AC%D9%86%D9%88%D8%A8-%D9%83%D8%B1%D8%AF%D9%81%D8%A7%D9%86-%D9%8A%D8%B4%D9%8A%D8%AF-%D8%A8%D8%A7%D8%AF%D8%A7%D8%A1-%D9%88%D8%B2%D8%A7%D8%B1/ HTTP/2" 200 45893 "-" "Mozilla/5.0 (compatible; ImagesiftBot; +imagesift.com)"
74.80.208.56 - - [28/Sep/2024:14:46:34 +0200] "GET /%D8%AA%D9%81%D8%A7%D8%B5%D9%8A%D9%84-%D8%AC%D8%AF%D9%8A%D8%AF%D8%A9-%D8%A8%D8%B4%D8%A3%D9%86-%D9%82%D8%B7%D9%88%D8%B9%D8%A7%D8%AA-%D8%A7%D9%84%D9%83%D9%87%D8%B1%D8%A8%D8%A7%D8%A1/feed/ HTTP/2" 200 723 "-" "Mozilla/5.0 (compatible; ImagesiftBot; +imagesift.com)"
74.80.208.56 - - [28/Sep/2024:14:46:34 +0200] "GET /%D9%83%D9%8A%D9%81-%D9%8A%D9%87%D8%AF%D8%AF-%D8%AC%D8%AF%D9%88%D9%84-%D8%A7%D9%84%D9%85%D8%A8%D8%A7%D8%B1%D9%8A%D8%A7%D8%AA-%D8%A7%D9%84%D9%85%D8%B2%D8%AF%D8%AD%D9%85-%D9%85%D8%B4%D8%A7%D8%B1%D9%83/ HTTP/2" 200 0 "-" "Mozilla/5.0 (compatible; ImagesiftBot; +imagesift.com)"
74.80.208.56 - - [28/Sep/2024:14:46:36 +0200] "GET /tag/%D9%85%D9%86%D8%B7%D9%82%D8%A9/page/2/ HTTP/2" 200 26973 "-" "Mozilla/5.0 (compatible; ImagesiftBot; +imagesift.com)"
74.80.208.56 - - [28/Sep/2024:14:46:37 +0200] "GET /tag/%D8%B9%D8%AF%D8%AF%D8%A7/page/2/ HTTP/2" 200 27065 "-" "Mozilla/5.0 (compatible; ImagesiftBot; +imagesift.com)"
74.80.208.56 - - [28/Sep/2024:14:46:38 +0200] "GET /wp-json/wp/v2/posts/15523 HTTP/2" 200 2233 "-" "Mozilla/5.0 (compatible; ImagesiftBot; +imagesift.com)"
74.80.208.56 - - [28/Sep/2024:14:46:39 +0200] "GET /%D8%AF%D9%83%D8%AA%D9%88%D8%B1-%D9%8A%D8%A7%D8%B3%D8%B1-%D8%A3%D8%A8%D9%91%D8%B4%D8%B1-%D9%83%D8%B4%D9%81-%D8%A7%D9%84%D9%85%D8%B3%D8%AA%D9%88%D8%B1-%D9%81%D9%8A-%D8%A8%D9%84%D8%AF-%D9%85%D8%B3%D8%AD/ HTTP/2" 200 40082 "-" "Mozilla/5.0 (compatible; ImagesiftBot; +imagesift.com)"
74.80.208.56 - - [28/Sep/2024:14:46:40 +0200] "GET /wp-json/wp/v2/tags/14306 HTTP/2" 200 313 "-" "Mozilla/5.0 (compatible; ImagesiftBot; +imagesift.com)"
74.80.208.56 - - [28/Sep/2024:14:46:41 +0200] "GET /wp-json/wp/v2/posts/37156 HTTP/2" 200 4090 "-" "Mozilla/5.0 (compatible; ImagesiftBot; +imagesift.com)"
74.80.208.56 - - [28/Sep/2024:14:46:42 +0200] "GET /wp-json/wp/v2/posts/4696 HTTP/2" 200 6210 "-" "Mozilla/5.0 (compatible; ImagesiftBot; +imagesift.com)"
74.80.208.56 - - [28/Sep/2024:14:46:42 +0200] "GET /knizy/i1642412.html HTTP/2" 404 22078 "-" "Mozilla/5.0 (compatible; ImagesiftBot; +imagesift.com)"
74.80.208.56 - - [28/Sep/2024:14:46:43 +0200] "GET /tag/%D8%A7%D9%84%D8%AA%D8%B8%D8%A7%D9%87%D8%B1%D8%A7%D8%AA/ HTTP/2" 200 24951 "-" "Mozilla/5.0 (compatible; ImagesiftBot; +imagesift.com)"
74.80.208.56 - - [28/Sep/2024:14:46:45 +0200] "GET /wp-json/wp/v2/posts/18328 HTTP/2" 200 8781 "-" "Mozilla/5.0 (compatible; ImagesiftBot; +imagesift.com)"
74.80.208.56 - - [28/Sep/2024:14:46:45 +0200] "GET /wp-json/wp/v2/posts/4582 HTTP/2" 200 1438 "-" "Mozilla/5.0 (compatible; ImagesiftBot; +imagesift.com)"
74.80.208.56 - - [28/Sep/2024:14:46:46 +0200] "GET /tag/%D9%84%D9%85%D9%86%D8%B2%D9%84/feed/ HTTP/2" 200 3716 "-" "Mozilla/5.0 (compatible; ImagesiftBot; +imagesift.com)"
74.80.208.56 - - [28/Sep/2024:14:46:47 +0200] "GET /tag/%D9%88%D9%85%D8%AB%D9%8A%D8%B1%D8%A9/ HTTP/2" 200 34893 "-" "Mozilla/5.0 (compatible; ImagesiftBot; +imagesift.com)"
74.80.208.56 - - [28/Sep/2024:14:46:48 +0200] "GET /tag/%D8%A8%D9%80%D9%85%D9%8A%D8%AA%D8%A7/ HTTP/2" 200 35319 "-" "Mozilla/5.0 (compatible; ImagesiftBot; +imagesift.com)"
74.80.208.56 - - [28/Sep/2024:14:46:49 +0200] "GET /inhhy/t1436113.html HTTP/2" 404 22076 "-" "Mozilla/5.0 (compatible; ImagesiftBot; +imagesift.com)"
74.80.208.56 - - [28/Sep/2024:14:46:50 +0200] "GET /hifev/r374167.html HTTP/2" 404 22079 "-" "Mozilla/5.0 (compatible; ImagesiftBot; +imagesift.com)"
74.80.208.56 - - [28/Sep/2024:14:46:51 +0200] "GET /tag/%D8%AA%D8%B5%D9%84/page/2/ HTTP/2" 200 26949 "-" "Mozilla/5.0 (compatible; ImagesiftBot; +imagesift.com)"
74.80.208.56 - - [28/Sep/2024:14:46:52 +0200] "GET /%D9%82%D8%A7%D9%84-%D9%84%D8%B9%D8%A8-%D9%85%D8%A7%D9%81%D9%8A-%D8%AA%D8%A3%D9%86%D9%8A-%D8%A7%D9%84%D8%A3%D9%85%D8%A9-%D8%A7%D9%84%D9%82%D9%88%D9%85%D9%8A-%D8%A7%D9%84%D8%A8/ HTTP/2" 200 32766 "-" "Mozilla/5.0 (compatible; ImagesiftBot; +imagesift.com)"
74.80.208.56 - - [28/Sep/2024:14:46:53 +0200] "GET /wp-json/wp/v2/posts/27868 HTTP/2" 200 3620 "-" "Mozilla/5.0 (compatible; ImagesiftBot; +imagesift.com)"
74.80.208.56 - - [28/Sep/2024:14:46:54 +0200] "GET /%D9%87%D9%84-%D8%AE%D8%A7%D9%84%D8%AF-%D8%B3%D9%84%D9%83-%D9%8A%D8%B5%D9%84%D8%AD-%D9%84%D8%A3%D9%86-%D9%8A%D9%82%D9%88%D8%AF-%D8%A7%D9%84%D8%A3%D9%85%D8%A9-%D8%A7%D9%84%D8%B3%D9%88%D8%AF%D8%A7%D9%86/ HTTP/2" 200 52293 "-" "Mozilla/5.0 (compatible; ImagesiftBot; +imagesift.com)"
74.80.208.56 - - [28/Sep/2024:14:46:55 +0200] "GET /wp-json/wp/v2/tags/11129 HTTP/2" 200 309 "-" "Mozilla/5.0 (compatible; ImagesiftBot; +imagesift.com)"
74.80.208.56 - - [28/Sep/2024:14:46:56 +0200] "GET /%D8%B9%D8%A8%D8%AF-%D8%A7%D9%84%D9%88%D8%A7%D8%AD%D8%AF-%D9%8A%D8%B9%D9%84%D9%86-%D9%85%D8%BA%D8%A7%D8%AF%D8%B1%D8%A9-%D8%AC%D9%88%D8%A8%D8%A7-%D8%A8%D8%B9%D8%AF-%D8%B1%D9%81%D8%B6%D9%87-%D8%A7%D9%84/ HTTP/2" 200 36666 "-" "Mozilla/5.0 (compatible; ImagesiftBot; +imagesift.com)"
74.80.208.56 - - [28/Sep/2024:14:46:57 +0200] "GET /%D8%B4%D8%A7%D9%87%D8%AF-%D8%A8%D8%A7%D9%84%D8%B5%D9%88%D8%B1-%D9%86%D8%AC%D9%85%D8%A9-%D8%A7%D9%84%D8%B3%D9%88%D8%B4%D9%8A%D8%A7%D9%84-%D9%85%D9%8A%D8%AF%D9%8A%D8%A7-%D8%A7%D9%84%D8%B3%D9%88%D8%AF/ HTTP/2" 200 32306 "-" "Mozilla/5.0 (compatible; ImagesiftBot; +imagesift.com)"
74.80.208.56 - - [28/Sep/2024:14:46:58 +0200] "GET /%D8%B4%D8%A7%D9%87%D8%AF-%D8%A8%D8%A7%D9%84%D9%81%D9%8A%D8%AF%D9%8A%D9%88-%D9%81%D9%8A-%D9%84%D9%82%D8%B7%D8%A9-%D8%AA%D8%AF%D8%A7%D9%88%D9%84%D8%AA%D9%87%D8%A7-%D9%85%D9%88%D8%A7%D9%82%D8%B9-%D8%A7/feed/ HTTP/2" 200 875 "-" "Mozilla/5.0 (compatible; ImagesiftBot; +imagesift.com)"
74.80.208.56 - - [28/Sep/2024:14:46:59 +0200] "GET /wp-json/wp/v2/posts/23074 HTTP/2" 200 3761 "-" "Mozilla/5.0 (compatible; ImagesiftBot; +imagesift.com)"
77.75.78.161 - - [28/Sep/2024:14:46:25 +0200] "GET /atlff/x973395.html HTTP/1.1" 404 20321 "-" "Mozilla/5.0 (compatible; SeznamBot/4.0; +http://napoveda.seznam.cz/seznambot-intro/)"
77.75.78.161 - - [28/Sep/2024:14:46:29 +0200] "GET /alydn/j1786557.html HTTP/1.1" 404 20322 "-" "Mozilla/5.0 (compatible; SeznamBot/4.0; +http://napoveda.seznam.cz/seznambot-intro/)"
