185.191.171.2 - - [28/Sep/2024:14:39:34 +0200] "GET /%D8%A8%D8%A7%D9%84%D9%81%D9%8A%D8%AF%D9%8A%D9%88-%D9%87%D9%86%D8%AF%D9%8A-%D9%8A%D9%87%D8%A7%D8%AC%D9%85-%D9%85%D9%86%D8%B2%D9%84-%D9%81%D8%AA%D8%A7%D8%A9-%D9%88%D9%8A%D8%AE%D8%B7%D9%81%D9%87%D8%A7/ HTTP/1.1" 200 45229 "-" "Mozilla/5.0 (compatible; SemrushBot/7~bl; +http://www.semrush.com/bot.html)"
135.181.9.38 - - [28/Sep/2024:14:39:35 +0200] "POST /wp-admin/admin-ajax.php?action=async_litespeed&nonce=kqJ4LLYCCWBhzQlwqs7FpKmNEJb8nZqA&litespeed_type=imgoptm HTTP/1.1" 200 21 "-" "WordPress/6.6.2; https://www.sudancam.net"
185.191.171.4 - - [28/Sep/2024:14:40:05 +0200] "GET /%D8%A7%D8%AA%D8%AD%D8%A7%D8%AF-%D8%A7%D9%84%D8%B9%D8%A7%D8%B5%D9%85%D8%A9-%D8%A7%D9%84%D8%AC%D8%B2%D8%A7%D8%A6%D8%B1%D9%8A-%D9%8A%D8%AD%D8%B1%D8%B2-%D9%83%D8%A3%D8%B3-%D8%A7%D9%84%D8%A7%D8%AA%D8%AD/ HTTP/1.1" 403 0 "-" "Mozilla/5.0 (compatible; SemrushBot/7~bl; +http://www.semrush.com/bot.html)"
74.80.208.56 - - [28/Sep/2024:14:40:32 +0200] "GET /wp-json/wp/v2/tags/172 HTTP/2" 200 314 "-" "Mozilla/5.0 (compatible; ImagesiftBot; +imagesift.com)"
74.80.208.56 - - [28/Sep/2024:14:40:33 +0200] "GET /wp-json/wp/v2/tags/34480 HTTP/2" 200 323 "-" "Mozilla/5.0 (compatible; ImagesiftBot; +imagesift.com)"
74.80.208.56 - - [28/Sep/2024:14:40:34 +0200] "GET /tag/%D8%A7%D8%AD%D8%A8/ HTTP/2" 200 25258 "-" "Mozilla/5.0 (compatible; ImagesiftBot; +imagesift.com)"
77.75.78.161 - - [28/Sep/2024:14:40:46 +0200] "GET /vjjls/k2943480.html HTTP/1.1" 404 20326 "-" "Mozilla/5.0 (compatible; SeznamBot/4.0; +http://napoveda.seznam.cz/seznambot-intro/)"
77.75.78.161 - - [28/Sep/2024:14:40:49 +0200] "GET /tnhyu/h2178609.html HTTP/1.1" 404 20322 "-" "Mozilla/5.0 (compatible; SeznamBot/4.0; +http://napoveda.seznam.cz/seznambot-intro/)"
77.75.78.161 - - [28/Sep/2024:14:40:52 +0200] "GET /ddeob/a2838118.html HTTP/1.1" 404 20321 "-" "Mozilla/5.0 (compatible; SeznamBot/4.0; +http://napoveda.seznam.cz/seznambot-intro/)"
77.75.78.161 - - [28/Sep/2024:14:40:56 +0200] "GET /ukhrm/b248285.html HTTP/1.1" 404 20321 "-" "Mozilla/5.0 (compatible; SeznamBot/4.0; +http://napoveda.seznam.cz/seznambot-intro/)"
157.55.39.58 - - [28/Sep/2024:14:41:10 +0200] "GET /tmsli/x2822827.html HTTP/2" 200 42912 "-" "Mozilla/5.0 AppleWebKit/537.36 (KHTML, like Gecko; compatible; bingbot/2.0; +http://www.bing.com/bingbot.htm) Chrome/116.0.1938.76 Safari/537.36"
77.75.78.161 - - [28/Sep/2024:14:41:17 +0200] "GET /tmffu/d2191215.html HTTP/1.1" 404 20321 "-" "Mozilla/5.0 (compatible; SeznamBot/4.0; +http://napoveda.seznam.cz/seznambot-intro/)"
77.75.78.161 - - [28/Sep/2024:14:41:20 +0200] "GET /eiuhj/o835950.html HTTP/1.1" 404 20321 "-" "Mozilla/5.0 (compatible; SeznamBot/4.0; +http://napoveda.seznam.cz/seznambot-intro/)"
74.80.208.56 - - [28/Sep/2024:14:41:27 +0200] "GET /%D9%86%D8%B2%D8%A7%D8%B1-%D8%A7%D9%84%D8%B9%D9%82%D9%8A%D9%84%D9%8A-%D9%88%D8%B1%D9%82%D8%A9-%D8%A7%D9%84%D8%A5%D8%AA%D9%87%D8%A7%D9%85-%D8%A7%D9%84%D9%86%D9%8A%D9%84%D9%8A%D9%86/ HTTP/2" 200 0 "-" "Mozilla/5.0 (compatible; ImagesiftBot; +imagesift.com)"
74.80.208.56 - - [28/Sep/2024:14:41:28 +0200] "GET /%D8%A7%D9%84%D9%85%D8%AF%D9%8A%D8%B1-%D8%A7%D9%84%D8%AA%D9%86%D9%81%D9%8A%D8%B0%D9%8A-%D9%8A%D8%AA%D9%81%D9%82%D8%AF-%D8%B3%D9%8A%D8%B1-%D8%A7%D9%84%D8%B9%D9%85%D9%84-%D8%A8%D8%AA%D8%A3%D9%87%D9%8A/ HTTP/2" 200 26118 "-" "Mozilla/5.0 (compatible; ImagesiftBot; +imagesift.com)"
74.80.208.56 - - [28/Sep/2024:14:41:29 +0200] "GET /%D8%AA%D9%8A%D8%B1%D9%8A-%D9%88%D9%81%D8%A7%D8%B1%D9%83%D9%88-%D9%88%D8%A7%D9%84%D8%AB%D9%85%D9%86-%D8%A7%D9%84%D8%BA%D8%A7%D9%84%D9%8A/ HTTP/2" 200 43068 "-" "Mozilla/5.0 (compatible; ImagesiftBot; +imagesift.com)"
74.80.208.56 - - [28/Sep/2024:14:41:30 +0200] "GET /%D8%A8%D9%8A%D8%A7%D9%86-%D9%84%D9%84%D8%A2%D9%84%D9%8A%D8%A9-%D8%A7%D9%84%D9%88%D8%B7%D9%86%D9%8A%D8%A9-%D8%A8%D9%85%D9%86%D8%A7%D8%B3%D8%A8%D8%A9-%D8%A7%D9%84%D9%8A%D9%88%D9%85-%D8%A7%D9%84%D8%B9/ HTTP/2" 200 0 "-" "Mozilla/5.0 (compatible; ImagesiftBot; +imagesift.com)"
74.80.208.56 - - [28/Sep/2024:14:41:31 +0200] "GET /wp-json/wp/v2/posts/12846 HTTP/2" 200 4076 "-" "Mozilla/5.0 (compatible; ImagesiftBot; +imagesift.com)"
74.80.208.56 - - [28/Sep/2024:14:41:32 +0200] "GET /%D8%AC%D9%86%D9%88%D8%A8-%D8%A7%D9%84%D8%B3%D9%88%D8%AF%D8%A7%D9%86-%D8%A7%D9%84%D8%A5%D9%81%D8%B1%D8%A7%D8%AC-%D8%B9%D9%86-%D8%A2%D8%AE%D8%B1-%D8%B5%D8%AD%D9%81%D9%8A%D9%8A%D9%86-%D9%85%D8%B9%D8%AA/ HTTP/2" 200 32259 "-" "Mozilla/5.0 (compatible; ImagesiftBot; +imagesift.com)"
135.181.9.38 - - [28/Sep/2024:14:41:34 +0200] "POST /wp-cron.php?doing_wp_cron=1727527294.6158900260925292968750 HTTP/1.1" 200 0 "-" "WordPress/6.6.2; https://www.sudancam.net"
74.80.208.56 - - [28/Sep/2024:14:41:34 +0200] "GET /%D8%A8%D8%B9%D8%AF-%D8%A7%D8%B1%D8%AA%D9%81%D8%A7%D8%B9-%D8%A7%D9%84%D8%B6%D8%B1%D8%A7%D8%A6%D8%A8-%D9%88%D8%AA%D9%81%D8%B4%D9%8A-%D8%B8%D8%A7%D9%87%D8%B1%D8%A9-%D8%A7%D9%84%D9%83%D8%B3%D8%B1-%D8%AA/feed/ HTTP/2" 200 785 "-" "Mozilla/5.0 (compatible; ImagesiftBot; +imagesift.com)"
74.80.208.56 - - [28/Sep/2024:14:41:34 +0200] "GET /wp-content/uploads/2023/03/13057213-780x470.jpg HTTP/2" 200 41331 "-" "Mozilla/5.0 (compatible; ImagesiftBot; +imagesift.com)"
74.80.208.56 - - [28/Sep/2024:14:41:35 +0200] "GET /wp-content/uploads/2023/03/13057213.jpg HTTP/2" 200 84576 "-" "Mozilla/5.0 (compatible; ImagesiftBot; +imagesift.com)"
135.181.9.38 - - [28/Sep/2024:14:41:35 +0200] "POST /wp-admin/admin-ajax.php?action=async_litespeed&nonce=1QbzqDx6EPs6iJxUUZDQo4amtBGNV42w&litespeed_type=imgoptm HTTP/1.1" 200 21 "-" "WordPress/6.6.2; https://www.sudancam.net"
74.80.208.56 - - [28/Sep/2024:14:41:35 +0200] "GET /%D8%A7%D9%84%D9%85%D8%AF%D9%8A%D9%88%D9%86%D9%8A%D8%A7%D8%AA-%D8%AA%D8%AE%D9%86%D9%82-%D8%A7%D9%84%D8%A5%D9%85%D8%AF%D8%A7%D8%AF%D8%A7%D8%AA-%D8%A7%D9%84%D8%B7%D8%A8%D9%8A%D8%A9-%D9%81%D9%8A-%D8%A7/ HTTP/2" 200 54547 "-" "Mozilla/5.0 (compatible; ImagesiftBot; +imagesift.com)"
74.80.208.56 - - [28/Sep/2024:14:41:36 +0200] "GET /%D8%AF%D8%A8%D8%A7%D8%A8%D9%8A%D8%B3-%D9%88%D8%AF%D8%A7%D9%84%D8%B4%D8%B1%D9%8A%D9%81-18/feed/ HTTP/2" 200 618 "-" "Mozilla/5.0 (compatible; ImagesiftBot; +imagesift.com)"
74.80.208.56 - - [28/Sep/2024:14:41:37 +0200] "GET /wp-content/uploads/2022/08/image_search_1606920350839.jpg HTTP/2" 200 51940 "-" "Mozilla/5.0 (compatible; ImagesiftBot; +imagesift.com)"
74.80.208.56 - - [28/Sep/2024:14:41:37 +0200] "GET /tag/%D8%B9%D8%B7%D8%A8%D8%B1%D8%A9/page/2/ HTTP/2" 200 0 "-" "Mozilla/5.0 (compatible; ImagesiftBot; +imagesift.com)"
74.80.208.56 - - [28/Sep/2024:14:41:38 +0200] "GET /tag/%D9%88%D8%B7%D8%B1%D8%AF%D9%87/feed/ HTTP/2" 200 1705 "-" "Mozilla/5.0 (compatible; ImagesiftBot; +imagesift.com)"
74.80.208.56 - - [28/Sep/2024:14:41:39 +0200] "GET /%D8%A5%D9%8A%D8%B7%D8%A7%D9%84%D9%8A%D8%A7-%D8%AD%D8%A7%D9%85%D9%84%D8%A9-%D8%A7%D9%84%D9%84%D9%82%D8%A8-%D9%81%D9%8A-%D9%85%D8%AC%D9%85%D9%88%D8%B9%D8%A9-%D8%A7%D9%84%D9%85%D9%88%D8%AA-%D8%A5%D9%84/ HTTP/2" 200 21194 "-" "Mozilla/5.0 (compatible; ImagesiftBot; +imagesift.com)"
74.80.208.56 - - [28/Sep/2024:14:41:41 +0200] "GET /%D9%85%D9%86%D8%A7%D9%88%D9%8A-%D9%8A%D8%B9%D9%84%D9%86-%D8%A5%D9%82%D9%84%D9%8A%D9%85-%D8%AF%D8%A7%D8%B1%D9%81%D9%88%D8%B1-%D9%85%D9%86%D8%B7%D9%82%D8%A9-%D9%85%D9%86%D9%83%D9%88%D8%A8%D8%A9/ HTTP/2" 200 44675 "-" "Mozilla/5.0 (compatible; ImagesiftBot; +imagesift.com)"
74.80.208.56 - - [28/Sep/2024:14:41:42 +0200] "GET /wp-json/wp/v2/posts/11706 HTTP/2" 200 3034 "-" "Mozilla/5.0 (compatible; ImagesiftBot; +imagesift.com)"
74.80.208.56 - - [28/Sep/2024:14:41:42 +0200] "GET /wp-content/uploads/2023/04/1681339055_unnamed-file.jpg HTTP/2" 200 85183 "-" "Mozilla/5.0 (compatible; ImagesiftBot; +imagesift.com)"
135.181.9.38 - - [28/Sep/2024:14:41:43 +0200] "POST /wp-cron.php?doing_wp_cron=1727527303.5370590686798095703125 HTTP/1.1" 200 0 "-" "WordPress/6.6.2; https://www.sudancam.net"
74.80.208.56 - - [28/Sep/2024:14:41:43 +0200] "GET /tag/%D8%AA%D8%AC%D8%A7%D9%88%D8%B2/ HTTP/2" 200 55219 "-" "Mozilla/5.0 (compatible; ImagesiftBot; +imagesift.com)"
74.80.208.56 - - [28/Sep/2024:14:40:44 +0200] "GET /tag/%D8%A7%D9%84%D8%AD%D9%84%D9%8A%D9%85/feed/ HTTP/2" 200 6702 "-" "Mozilla/5.0 (compatible; ImagesiftBot; +imagesift.com)"
74.80.208.56 - - [28/Sep/2024:14:40:45 +0200] "GET /tag/%D9%85%D8%AF%D9%8A%D8%B1%D8%A7/feed/ HTTP/2" 200 8047 "-" "Mozilla/5.0 (compatible; ImagesiftBot; +imagesift.com)"
74.80.208.56 - - [28/Sep/2024:14:40:46 +0200] "GET /tag/%D9%88%D9%8A%D8%B1%D9%8A%D8%AF/ HTTP/2" 200 23495 "-" "Mozilla/5.0 (compatible; ImagesiftBot; +imagesift.com)"
74.80.208.56 - - [28/Sep/2024:14:40:47 +0200] "GET /%D8%A3%D8%B7%D8%A8%D8%A7%D8%A1-%D9%85%D8%B3%D8%AA%D8%B4%D9%81%D9%89-%D8%A7%D9%84%D8%B6%D8%B9%D9%8A%D9%86-%D9%8A%D8%B6%D8%B1%D8%A8%D9%88%D9%86-%D8%B9%D9%86-%D8%A7%D9%84%D8%B9%D9%85%D9%84-%D9%88%D8%B3/ HTTP/2" 200 44305 "-" "Mozilla/5.0 (compatible; ImagesiftBot; +imagesift.com)"
74.80.208.56 - - [28/Sep/2024:14:40:49 +0200] "GET /wp-json/wp/v2/posts/18528 HTTP/2" 200 3929 "-" "Mozilla/5.0 (compatible; ImagesiftBot; +imagesift.com)"
74.80.208.56 - - [28/Sep/2024:14:40:50 +0200] "GET /wp-content/uploads/2023/06/%D8%A7%D9%84%D8%B6%D8%B9%D9%8A%D9%86-%D8%A7%D9%84%D8%AA%D8%B9%D9%84%D9%8A%D9%85%D9%8A.jpg HTTP/2" 200 40965 "-" "Mozilla/5.0 (compatible; ImagesiftBot; +imagesift.com)"
74.80.208.56 - - [28/Sep/2024:14:40:49 +0200] "GET /tag/%D9%85%D9%81%D8%A7%D8%AC%D8%A6%D8%A9/ HTTP/2" 200 27078 "-" "Mozilla/5.0 (compatible; ImagesiftBot; +imagesift.com)"
74.80.208.56 - - [28/Sep/2024:14:40:51 +0200] "GET /wp-json/wp/v2/tags/14212 HTTP/2" 200 307 "-" "Mozilla/5.0 (compatible; ImagesiftBot; +imagesift.com)"
74.80.208.56 - - [28/Sep/2024:14:40:52 +0200] "GET /gldge/h503403.html HTTP/2" 404 22079 "-" "Mozilla/5.0 (compatible; ImagesiftBot; +imagesift.com)"
74.80.208.56 - - [28/Sep/2024:14:40:53 +0200] "GET /tag/%D8%A7%D9%84%D9%88%D8%B1%D9%82%D8%A9/ HTTP/2" 200 23515 "-" "Mozilla/5.0 (compatible; ImagesiftBot; +imagesift.com)"
74.80.208.56 - - [28/Sep/2024:14:40:55 +0200] "GET /tag/%D9%87%D8%A7%D8%A6%D8%AC/ HTTP/2" 200 23963 "-" "Mozilla/5.0 (compatible; ImagesiftBot; +imagesift.com)"
85.208.96.200 - - [28/Sep/2024:14:41:05 +0200] "GET /%D8%B4%D8%A7%D9%87%D8%AF-%D8%A8%D8%A7%D9%84%D9%81%D9%8A%D8%AF%D9%8A%D9%88-%D8%B4%D9%8A%D8%AE-%D8%A7%D9%84%D8%A3%D9%85%D9%8A%D9%86-%D9%85%D8%A7%D9%81%D9%8A-%D9%88%D8%A7%D8%AD%D8%AF-%D9%8A%D8%AC%D9%8A/ HTTP/1.1" 403 0 "-" "Mozilla/5.0 (compatible; SemrushBot/7~bl; +http://www.semrush.com/bot.html)"
74.80.208.56 - - [28/Sep/2024:14:41:23 +0200] "GET /tag/%D8%AC%D9%8A%D9%85/ HTTP/2" 200 24391 "-" "Mozilla/5.0 (compatible; ImagesiftBot; +imagesift.com)"
77.75.78.161 - - [28/Sep/2024:14:41:37 +0200] "GET /btflo/q1031862.html HTTP/1.1" 404 20329 "-" "Mozilla/5.0 (compatible; SeznamBot/4.0; +http://napoveda.seznam.cz/seznambot-intro/)"
77.75.78.161 - - [28/Sep/2024:14:41:39 +0200] "GET /sgxni/z578093.html HTTP/1.1" 404 20328 "-" "Mozilla/5.0 (compatible; SeznamBot/4.0; +http://napoveda.seznam.cz/seznambot-intro/)"
77.75.78.161 - - [28/Sep/2024:14:41:43 +0200] "GET /tcqos/s896014.html HTTP/1.1" 404 20320 "-" "Mozilla/5.0 (compatible; SeznamBot/4.0; +http://napoveda.seznam.cz/seznambot-intro/)"
77.75.78.161 - - [28/Sep/2024:14:41:46 +0200] "GET /fjshq/b1493425.html HTTP/1.1" 404 20324 "-" "Mozilla/5.0 (compatible; SeznamBot/4.0; +http://napoveda.seznam.cz/seznambot-intro/)"
77.75.78.161 - - [28/Sep/2024:14:41:48 +0200] "GET /hxhhp/z727411.html HTTP/1.1" 404 20321 "-" "Mozilla/5.0 (compatible; SeznamBot/4.0; +http://napoveda.seznam.cz/seznambot-intro/)"
77.75.78.161 - - [28/Sep/2024:14:41:50 +0200] "GET /jzyeg/k384612.html HTTP/1.1" 404 20322 "-" "Mozilla/5.0 (compatible; SeznamBot/4.0; +http://napoveda.seznam.cz/seznambot-intro/)"
77.75.78.161 - - [28/Sep/2024:14:41:52 +0200] "GET /bgwsq/a2584384.html HTTP/1.1" 404 20329 "-" "Mozilla/5.0 (compatible; SeznamBot/4.0; +http://napoveda.seznam.cz/seznambot-intro/)"
74.80.208.56 - - [28/Sep/2024:14:41:03 +0200] "GET /%D9%8A%D9%88%D8%B3%D9%81-%D8%A7%D9%84%D8%B3%D9%86%D8%AF%D9%8A-%D9%8A%D9%83%D8%AA%D8%A8-%D8%A3%D8%B9%D8%B8%D9%85-%D8%A8%D9%8A%D8%A7%D9%86%D8%A7%D8%AA-%D9%84%D8%AC%D8%A7%D9%86-%D8%A7%D9%84%D9%85%D9%82/ HTTP/2" 200 33761 "-" "Mozilla/5.0 (compatible; ImagesiftBot; +imagesift.com)"
74.80.208.56 - - [28/Sep/2024:14:41:04 +0200] "GET /%D8%AE%D8%A8%D8%B1-%D8%BA%D9%8A%D8%B1-%D8%B3%D8%A7%D8%B1-%D9%84%D9%84%D9%85%D8%B3%D8%A7%D9%81%D8%B1%D9%8A%D9%86-%D8%A5%D9%84%D9%89-%D8%A3%D9%88%D8%B1%D9%88%D8%A8%D8%A7-%D8%AE%D9%84%D8%A7%D9%84-%D8%A7/ HTTP/2" 200 0 "-" "Mozilla/5.0 (compatible; ImagesiftBot; +imagesift.com)"
74.80.208.56 - - [28/Sep/2024:14:41:06 +0200] "GET /wp-json/wp/v2/tags/11149 HTTP/2" 200 325 "-" "Mozilla/5.0 (compatible; ImagesiftBot; +imagesift.com)"
74.80.208.56 - - [28/Sep/2024:14:41:07 +0200] "GET /jppss/e1477256.html HTTP/2" 200 0 "-" "Mozilla/5.0 (compatible; ImagesiftBot; +imagesift.com)"
74.80.208.56 - - [28/Sep/2024:14:41:08 +0200] "GET /%D8%A7%D9%84%D8%AD%D8%B1%D9%8A%D8%A9-%D9%88%D8%A7%D9%84%D8%AA%D8%BA%D9%8A%D9%8A%D8%B1-%D8%AA%D8%B9%D9%84%D9%86-%D9%82%D8%B1%D8%A8-%D8%A7%D9%84%D8%AA%D9%88%D9%82%D9%8A%D8%B9-%D8%B9%D9%84/ HTTP/2" 200 0 "-" "Mozilla/5.0 (compatible; ImagesiftBot; +imagesift.com)"
77.75.78.161 - - [28/Sep/2024:14:41:07 +0200] "GET /guhye/y453006.html HTTP/1.1" 404 20323 "-" "Mozilla/5.0 (compatible; SeznamBot/4.0; +http://napoveda.seznam.cz/seznambot-intro/)"
74.80.208.56 - - [28/Sep/2024:14:41:09 +0200] "GET /tag/%D8%AA%D8%B2%D9%8A%D9%86/ HTTP/2" 200 23983 "-" "Mozilla/5.0 (compatible; ImagesiftBot; +imagesift.com)"
74.80.208.56 - - [28/Sep/2024:14:41:10 +0200] "GET /%D8%AA%D8%A8%D9%8A%D8%A7%D9%86-%D8%AA%D9%88%D9%81%D9%8A%D9%82-%D9%83%D9%84-%D8%A7%D9%84%D8%B3%D9%88%D8%AF%D8%A7%D9%86%D9%8A%D9%8A%D9%86-%D8%A7%D9%84%D9%8A%D9%88%D9%85-%D9%88%D8%A8%D9%83%D9%84-%D8%AA/ HTTP/2" 200 35811 "-" "Mozilla/5.0 (compatible; ImagesiftBot; +imagesift.com)"
74.80.208.56 - - [28/Sep/2024:14:41:12 +0200] "GET /tag/%D8%A8%D9%86%D9%8A%D8%B1%D9%88%D8%A8%D9%8A/ HTTP/2" 200 34452 "-" "Mozilla/5.0 (compatible; ImagesiftBot; +imagesift.com)"
74.80.208.56 - - [28/Sep/2024:14:41:13 +0200] "GET /%D8%B3%D8%B9%D8%B1-%D8%A7%D9%84%D8%B1%D9%8A%D8%A7%D9%84-%D8%A7%D9%84%D8%B3%D8%B9%D9%88%D8%AF%D9%8A-%D9%85%D9%82%D8%A7%D8%A8%D9%84-%D8%A7%D9%84%D8%AC%D9%86%D9%8A%D9%87-%D8%A7%D9%84%D8%B3%D9%88%D8%AF-7/ HTTP/2" 200 30238 "-" "Mozilla/5.0 (compatible; ImagesiftBot; +imagesift.com)"
74.80.208.56 - - [28/Sep/2024:14:41:15 +0200] "GET /%D8%A7%D9%84%D8%A7%D8%AA%D9%81%D8%A7%D9%82-%D8%A7%D9%84%D8%A5%D8%B7%D8%A7%D8%B1%D9%8A-%D9%88%D8%A7%D9%84%D8%B9%D9%85%D9%84%D9%8A%D8%A9-%D8%A7%D9%84%D8%B3%D9%8A%D8%A7%D8%B3%D9%8A%D8%A9-%D9%88%D8%A5/ HTTP/2" 200 0 "-" "Mozilla/5.0 (compatible; ImagesiftBot; +imagesift.com)"
74.80.208.56 - - [28/Sep/2024:14:41:15 +0200] "GET /tag/%D9%85%D8%B9%D8%AA%D8%B2/ HTTP/2" 200 24725 "-" "Mozilla/5.0 (compatible; ImagesiftBot; +imagesift.com)"
74.80.208.56 - - [28/Sep/2024:14:41:16 +0200] "GET /tag/%D8%B9%D8%A8%D8%AF%D8%A7%D9%84%D9%84%D8%B7%D9%8A%D9%81/ HTTP/2" 200 24455 "-" "Mozilla/5.0 (compatible; ImagesiftBot; +imagesift.com)"
74.80.208.56 - - [28/Sep/2024:14:41:17 +0200] "GET /wp-json/wp/v2/posts/26079 HTTP/2" 200 3251 "-" "Mozilla/5.0 (compatible; ImagesiftBot; +imagesift.com)"
74.80.208.56 - - [28/Sep/2024:14:41:18 +0200] "GET /tag/%D8%A7%D9%84%D8%A7%D8%AA%D8%AD%D8%A7%D8%AF%D8%A7%D8%AA/ HTTP/2" 200 24567 "-" "Mozilla/5.0 (compatible; ImagesiftBot; +imagesift.com)"
74.80.208.56 - - [28/Sep/2024:14:41:20 +0200] "GET /wp-json/wp/v2/posts/22134 HTTP/2" 200 2693 "-" "Mozilla/5.0 (compatible; ImagesiftBot; +imagesift.com)"
74.80.208.56 - - [28/Sep/2024:14:41:20 +0200] "GET /tag/%D9%84%D9%81%D9%88%D9%84/ HTTP/2" 200 23481 "-" "Mozilla/5.0 (compatible; ImagesiftBot; +imagesift.com)"
52.167.144.180 - - [28/Sep/2024:14:41:49 +0200] "GET /wxlcx/d1603563.html HTTP/2" 200 41456 "-" "Mozilla/5.0 AppleWebKit/537.36 (KHTML, like Gecko; compatible; bingbot/2.0; +http://www.bing.com/bingbot.htm) Chrome/116.0.1938.76 Safari/537.36"
178.236.247.6 - - [28/Sep/2024:14:42:02 +0200] "POST /74a7c9952328.php HTTP/1.1" 200 9 "-" "curl/7.86.0"
74.80.208.56 - - [28/Sep/2024:14:42:06 +0200] "GET /tnqrt/x2823581.html HTTP/2" 404 22078 "-" "Mozilla/5.0 (compatible; ImagesiftBot; +imagesift.com)"
74.80.208.56 - - [28/Sep/2024:14:42:12 +0200] "GET /%D8%B3%D8%B1%D9%82%D8%A9-%D9%81%D9%8A%D9%84%D8%A7-%D9%85%D8%AD%D9%85%D8%AF-%D8%B5%D9%84%D8%A7%D8%AD-%D9%81%D9%8A-%D9%85%D8%B5%D8%B1-%D9%88%D8%A7%D9%84%D8%A8%D8%AD%D8%AB-%D8%AC%D8%A7%D8%B1-%D8%B9/feed/ HTTP/2" 200 748 "-" "Mozilla/5.0 (compatible; ImagesiftBot; +imagesift.com)"
74.80.208.56 - - [28/Sep/2024:14:42:13 +0200] "GET /wp-json/wp/v2/tags/24455 HTTP/2" 200 324 "-" "Mozilla/5.0 (compatible; ImagesiftBot; +imagesift.com)"
74.80.208.56 - - [28/Sep/2024:14:42:14 +0200] "GET /wp-json/wp/v2/tags/3227 HTTP/2" 200 310 "-" "Mozilla/5.0 (compatible; ImagesiftBot; +imagesift.com)"
74.80.208.56 - - [28/Sep/2024:14:42:14 +0200] "GET /%D8%B9%D8%B1%D9%85%D8%A7%D9%86-%D9%8A%D9%87%D8%A7%D8%AC%D9%85-%D9%88%D8%B2%D8%A7%D8%B1%D8%A9-%D8%A7%D9%84%D9%85%D8%A7%D9%84%D9%8A%D8%A9-%D9%88%D9%8A%D9%82%D9%88%D9%84-%D8%A7%D9%84%D8%B3%D9%84%D8%B7/ HTTP/2" 200 32852 "-" "Mozilla/5.0 (compatible; ImagesiftBot; +imagesift.com)"
74.80.208.56 - - [28/Sep/2024:14:42:16 +0200] "GET /tag/%D8%A7%D8%AE%D8%AA%D9%84%D9%81/feed/ HTTP/2" 200 2473 "-" "Mozilla/5.0 (compatible; ImagesiftBot; +imagesift.com)"
74.80.208.56 - - [28/Sep/2024:14:42:17 +0200] "GET /%D8%A8%D8%AF%D8%A1-%D8%AA%D8%B5%D8%AD%D9%8A%D8%AD-%D8%A7%D9%84%D8%B4%D9%87%D8%A7%D8%AF%D8%A9-%D8%A7%D9%84%D8%A7%D8%A8%D8%AA%D8%AF%D8%A7%D8%A6%D9%8A%D8%A9-%D8%A8%D9%88%D9%84%D8%A7%D9%8A%D8%A9-%D8%B3/ HTTP/2" 200 45707 "-" "Mozilla/5.0 (compatible; ImagesiftBot; +imagesift.com)"
52.167.144.136 - - [28/Sep/2024:14:42:18 +0200] "GET /pdzit/p445379.html HTTP/2" 200 41255 "-" "Mozilla/5.0 AppleWebKit/537.36 (KHTML, like Gecko; compatible; bingbot/2.0; +http://www.bing.com/bingbot.htm) Chrome/116.0.1938.76 Safari/537.36"
74.80.208.56 - - [28/Sep/2024:14:42:18 +0200] "GET /tag/%D9%84%D9%8031/ HTTP/2" 200 23551 "-" "Mozilla/5.0 (compatible; ImagesiftBot; +imagesift.com)"
74.80.208.56 - - [28/Sep/2024:14:42:19 +0200] "GET /%D8%A7%D8%B1%D8%AA%D9%81%D8%A7%D8%B9-%D8%B9%D8%AF%D8%AF-%D8%A7%D9%84%D9%81%D8%A7%D8%B1%D9%8A%D9%86-%D9%85%D9%86-%D8%A7%D9%84%D9%82%D8%AA%D8%A7%D9%84-%D8%A8%D9%8A%D9%86-%D8%A7%D9%84%D8%AC%D9%8A%D8%B4/ HTTP/2" 200 32505 "-" "Mozilla/5.0 (compatible; ImagesiftBot; +imagesift.com)"
74.80.208.56 - - [28/Sep/2024:14:42:21 +0200] "GET /wp-json/wp/v2/posts/29719 HTTP/2" 200 2260 "-" "Mozilla/5.0 (compatible; ImagesiftBot; +imagesift.com)"
74.80.208.56 - - [28/Sep/2024:14:42:22 +0200] "GET /tag/%D9%85%D8%AF%D9%8A%D8%B1%D8%A7/page/2/ HTTP/2" 200 24832 "-" "Mozilla/5.0 (compatible; ImagesiftBot; +imagesift.com)"
74.80.208.56 - - [28/Sep/2024:14:42:23 +0200] "GET /tag/%D9%88%D9%87%D9%88%D9%8A%D8%A9/ HTTP/2" 200 23469 "-" "Mozilla/5.0 (compatible; ImagesiftBot; +imagesift.com)"
74.80.208.56 - - [28/Sep/2024:14:42:25 +0200] "GET /wp-json/wp/v2/posts/7519 HTTP/2" 200 2204 "-" "Mozilla/5.0 (compatible; ImagesiftBot; +imagesift.com)"
74.80.208.56 - - [28/Sep/2024:14:42:26 +0200] "GET /tag/%D8%A8%D8%B1%D8%AA%D8%A8%D8%A9/ HTTP/2" 200 25712 "-" "Mozilla/5.0 (compatible; ImagesiftBot; +imagesift.com)"
74.80.208.56 - - [28/Sep/2024:14:42:27 +0200] "GET /tag/%D9%81%D8%AC%D8%B1/ HTTP/2" 200 53298 "-" "Mozilla/5.0 (compatible; ImagesiftBot; +imagesift.com)"
74.80.208.56 - - [28/Sep/2024:14:42:28 +0200] "GET /%D8%A7%D9%84%D8%B4%D9%8A%D9%88%D8%B9%D9%8A-%D8%AD%D9%85%D9%8A%D8%AF%D8%AA%D9%8A-%D9%88-%D9%82%D8%AD%D8%AA-%D8%B3%D9%8A%D9%88%D8%A7%D8%AC%D9%87%D9%88%D9%86-%D8%A7%D9%84%D8%AA%D8%B5%D9%81%D9%8A/ HTTP/2" 200 44539 "-" "Mozilla/5.0 (compatible; ImagesiftBot; +imagesift.com)"
74.80.208.56 - - [28/Sep/2024:14:42:29 +0200] "GET /%D9%82%D8%B5%D8%A9-%D9%84%D8%A7-%D8%AA%D8%B5%D8%AF%D9%82-%D9%81%D9%8A%D9%84-%D9%8A%D9%82%D8%AA%D9%84-%D8%B3%D9%8A%D8%AF%D8%A9-%D9%88%D9%8A%D9%86%D8%AA%D9%82%D9%85-%D9%85%D9%86%D9%87%D8%A7-%D8%A8/ HTTP/2" 200 31879 "-" "Mozilla/5.0 (compatible; ImagesiftBot; +imagesift.com)"
74.80.208.56 - - [28/Sep/2024:14:41:44 +0200] "GET /wp-json/wp/v2/tags/10787 HTTP/2" 200 321 "-" "Mozilla/5.0 (compatible; ImagesiftBot; +imagesift.com)"
74.80.208.56 - - [28/Sep/2024:14:41:44 +0200] "GET /tag/%D9%85%D9%83%D8%B3%D8%B1%D8%A9/ HTTP/2" 200 23662 "-" "Mozilla/5.0 (compatible; ImagesiftBot; +imagesift.com)"
74.80.208.56 - - [28/Sep/2024:14:41:46 +0200] "GET /ehnyn/i1557756.html HTTP/2" 404 22360 "-" "Mozilla/5.0 (compatible; ImagesiftBot; +imagesift.com)"
74.80.208.56 - - [28/Sep/2024:14:41:47 +0200] "GET /tag/%D8%A7%D9%84%D8%B2%D9%88%D8%AC%D9%8A%D8%A9/feed/ HTTP/2" 200 2785 "-" "Mozilla/5.0 (compatible; ImagesiftBot; +imagesift.com)"
74.80.208.56 - - [28/Sep/2024:14:41:47 +0200] "GET /%D8%B4%D8%A7%D9%87%D8%AF-%D8%A8%D8%A7%D9%84%D9%81%D9%8A%D8%AF%D9%8A%D9%88-%D8%A7%D9%84%D9%85%D8%A6%D8%A7%D8%AA-%D9%85%D9%86-%D8%A7%D9%84%D8%B3%D9%88%D8%AF%D8%A7%D9%86%D9%8A%D9%88%D9%86-%D9%81%D9%8A/ HTTP/2" 200 32216 "-" "Mozilla/5.0 (compatible; ImagesiftBot; +imagesift.com)"
74.80.208.56 - - [28/Sep/2024:14:41:49 +0200] "GET /sesoe/c2762616.html HTTP/2" 404 22075 "-" "Mozilla/5.0 (compatible; ImagesiftBot; +imagesift.com)"
74.80.208.56 - - [28/Sep/2024:14:41:50 +0200] "GET /wp-content/uploads/2023/10/wadaangolia-640x470.jpeg HTTP/2" 200 52646 "-" "Mozilla/5.0 (compatible; ImagesiftBot; +imagesift.com)"
74.80.208.56 - - [28/Sep/2024:14:41:50 +0200] "GET /tag/%D9%88%D8%A7%D9%84%D8%BA%D8%AF%D8%B1/feed/ HTTP/2" 200 2605 "-" "Mozilla/5.0 (compatible; ImagesiftBot; +imagesift.com)"
74.80.208.56 - - [28/Sep/2024:14:41:51 +0200] "GET /tag/%D8%A3%D8%AE%D8%A8%D8%A7%D8%B1-%D8%A7%D9%84%D8%B9%D8%A7%D9%84%D9%85/ HTTP/2" 200 33133 "-" "Mozilla/5.0 (compatible; ImagesiftBot; +imagesift.com)"
74.80.208.56 - - [28/Sep/2024:14:41:53 +0200] "GET /wp-json/wp/v2/tags/23615 HTTP/2" 200 350 "-" "Mozilla/5.0 (compatible; ImagesiftBot; +imagesift.com)"
74.80.208.56 - - [28/Sep/2024:14:41:54 +0200] "GET /wp-json/wp/v2/tags/10673 HTTP/2" 200 337 "-" "Mozilla/5.0 (compatible; ImagesiftBot; +imagesift.com)"
74.80.208.56 - - [28/Sep/2024:14:41:54 +0200] "GET /wp-json/wp/v2/posts/37342 HTTP/2" 200 2791 "-" "Mozilla/5.0 (compatible; ImagesiftBot; +imagesift.com)"
74.80.208.56 - - [28/Sep/2024:14:41:55 +0200] "GET /tag/%D8%AF%D9%82%D9%8A%D9%82%D8%A9%D8%B4%D8%A7%D9%87%D8%AF/ HTTP/2" 200 23585 "-" "Mozilla/5.0 (compatible; ImagesiftBot; +imagesift.com)"
74.80.208.56 - - [28/Sep/2024:14:41:56 +0200] "GET /%D8%A7%D8%AA%D9%87%D8%A7%D9%85%D8%A7%D8%AA-%D9%84%D9%82%D9%88%D8%A7%D8%AA-%D8%A7%D9%84%D8%AF%D8%B9%D9%85-%D8%A7%D9%84%D8%B3%D8%B1%D9%8A%D8%B9-%D8%A8%D8%A7%D8%B3%D8%AA%D8%A8%D8%A7%D8%AD%D8%A9-%D9%85/ HTTP/2" 200 47540 "-" "Mozilla/5.0 (compatible; ImagesiftBot; +imagesift.com)"
74.80.208.56 - - [28/Sep/2024:14:41:58 +0200] "GET /tag/%D9%86%D8%A7%D8%AF%D9%8A/page/2/ HTTP/2" 200 39476 "-" "Mozilla/5.0 (compatible; ImagesiftBot; +imagesift.com)"
74.80.208.56 - - [28/Sep/2024:14:41:59 +0200] "GET /tag/%D8%B9%D9%82%D9%88%D8%AF%D8%A7/ HTTP/2" 200 0 "-" "Mozilla/5.0 (compatible; ImagesiftBot; +imagesift.com)"
74.80.208.56 - - [28/Sep/2024:14:42:00 +0200] "GET /tag/%D8%A7%D9%84%D8%AA%D8%AD%D8%B5%D9%8A%D9%84/feed/ HTTP/2" 200 0 "-" "Mozilla/5.0 (compatible; ImagesiftBot; +imagesift.com)"
74.80.208.56 - - [28/Sep/2024:14:42:01 +0200] "GET /%D8%A7%D9%84%D8%A3%D9%85%D8%A7%D9%86%D8%A9-%D8%A7%D9%84%D8%B9%D8%A7%D9%85%D8%A9-%D9%84%D9%80-%D8%A7%D9%84%D8%B4%D8%B9%D8%A8%D9%8A-%D8%AA%D8%B5%D9%81-%D8%A7%D9%82%D8%A7%D9%84%D8%A9-%D8%B9/ HTTP/2" 200 0 "-" "Mozilla/5.0 (compatible; ImagesiftBot; +imagesift.com)"
74.80.208.56 - - [28/Sep/2024:14:42:02 +0200] "GET /wp-json/wp/v2/tags/1931 HTTP/2" 200 322 "-" "Mozilla/5.0 (compatible; ImagesiftBot; +imagesift.com)"
74.80.208.56 - - [28/Sep/2024:14:42:03 +0200] "GET /wp-json/wp/v2/tags/28586 HTTP/2" 200 317 "-" "Mozilla/5.0 (compatible; ImagesiftBot; +imagesift.com)"
74.80.208.56 - - [28/Sep/2024:14:42:03 +0200] "GET /chaif/t1384867.html HTTP/2" 404 22075 "-" "Mozilla/5.0 (compatible; ImagesiftBot; +imagesift.com)"
74.80.208.56 - - [28/Sep/2024:14:42:31 +0200] "GET /%D9%85%D8%AD%D8%A7%D8%AF%D8%AB%D8%A7%D8%AA-%D8%A8%D9%8A%D9%86-%D8%A7%D9%84%D8%A3%D8%B7%D8%B1%D8%A7%D9%81-%D8%A7%D9%84%D8%B3%D9%88%D8%AF%D8%A7%D9%86%D9%8A%D8%A9-%D9%85%D9%86%D8%AA%D8%B5%D9%81-%D9%86/ HTTP/2" 200 0 "-" "Mozilla/5.0 (compatible; ImagesiftBot; +imagesift.com)"
74.80.208.56 - - [28/Sep/2024:14:42:32 +0200] "GET /wp-json/wp/v2/tags/21164 HTTP/2" 200 317 "-" "Mozilla/5.0 (compatible; ImagesiftBot; +imagesift.com)"
74.80.208.56 - - [28/Sep/2024:14:42:33 +0200] "GET /wp-json/wp/v2/posts/12832 HTTP/2" 200 3233 "-" "Mozilla/5.0 (compatible; ImagesiftBot; +imagesift.com)"
74.80.208.56 - - [28/Sep/2024:14:42:33 +0200] "GET /%D9%85%D8%B5%D8%B1-%D8%AA%D8%AD%D8%B8%D8%B1-%D8%AA%D8%B5%D8%AF%D9%8A%D8%B1-%D8%A7%D9%84%D8%B3%D9%83%D8%B1-%D9%88%D9%85%D8%AE%D8%B2%D9%88%D9%86%D9%87%D8%A7-%D8%A7%D9%84%D8%A7%D8%B3%D8%AA%D8%B1%D8%A7/ HTTP/2" 200 33500 "-" "Mozilla/5.0 (compatible; ImagesiftBot; +imagesift.com)"
74.80.208.56 - - [28/Sep/2024:14:42:35 +0200] "GET /tag/%D9%88%D8%B5%D9%88%D9%84%D9%87/feed/ HTTP/2" 200 8449 "-" "Mozilla/5.0 (compatible; ImagesiftBot; +imagesift.com)"
74.80.208.56 - - [28/Sep/2024:14:42:36 +0200] "GET /tag/%D9%85%D8%AF%D8%A7/feed/ HTTP/2" 200 3908 "-" "Mozilla/5.0 (compatible; ImagesiftBot; +imagesift.com)"
74.80.208.56 - - [28/Sep/2024:14:42:37 +0200] "GET /%D8%A8%D8%AA%D9%88%D8%AC%D9%8A%D9%87%D8%A7%D8%AA-%D9%85%D9%86%D8%A7%D9%84%D9%84%D8%AC%D9%86%D8%A9-%D8%A7%D9%84%D8%A3%D9%85%D9%86%D9%8A%D8%A9-%D8%AD%D9%85%D9%84%D8%A9-%D9%83%D8%A8/feed/ HTTP/2" 200 722 "-" "Mozilla/5.0 (compatible; ImagesiftBot; +imagesift.com)"
74.80.208.56 - - [28/Sep/2024:14:42:38 +0200] "GET /gdwdl/f877385.html HTTP/2" 404 22079 "-" "Mozilla/5.0 (compatible; ImagesiftBot; +imagesift.com)"
74.80.208.56 - - [28/Sep/2024:14:42:39 +0200] "GET /%D8%AF%D9%83%D8%AA%D9%88%D8%B1-%D8%AC%D8%A8%D8%B1%D9%8A%D9%84-%D9%8A%D9%82%D9%81-%D8%B9%D9%84%D9%89-%D8%AE%D8%B7%D8%A9-%D8%A7%D9%84%D8%B1%D9%8A-%D8%A8%D9%85%D8%B4%D8%B1%D9%88%D8%B9-%D8%B7%D9%88%D9%83/feed/ HTTP/2" 200 741 "-" "Mozilla/5.0 (compatible; ImagesiftBot; +imagesift.com)"
74.80.208.56 - - [28/Sep/2024:14:42:40 +0200] "GET /%D8%A8%D8%B9%D8%AF-%D8%B9%D8%A7%D9%85-%D9%85%D9%86-%D8%A7%D9%84%D8%B9%D8%AB%D9%88%D8%B1-%D8%B9%D9%84%D9%89-%D8%AC%D8%AB%D8%AA%D9%8A-%D8%A7%D9%84%D8%B4%D9%82%D9%8A%D9%82%D8%AA%D9%8A%D9%86-%D8%A7%D9%84/ HTTP/2" 200 33723 "-" "Mozilla/5.0 (compatible; ImagesiftBot; +imagesift.com)"
74.80.208.56 - - [28/Sep/2024:14:42:42 +0200] "GET /tag/%D8%AD%D8%AF%D9%8A%D8%AB%D8%A9/ HTTP/2" 200 26868 "-" "Mozilla/5.0 (compatible; ImagesiftBot; +imagesift.com)"
135.181.9.38 - - [28/Sep/2024:14:42:43 +0200] "POST /wp-cron.php?doing_wp_cron=1727527363.8425838947296142578125 HTTP/1.1" 200 0 "-" "WordPress/6.6.2; https://www.sudancam.net"
74.80.208.56 - - [28/Sep/2024:14:42:43 +0200] "GET /1711229839-08/ HTTP/2" 404 22076 "-" "Mozilla/5.0 (compatible; ImagesiftBot; +imagesift.com)"
74.80.208.56 - - [28/Sep/2024:14:42:44 +0200] "GET /%D8%AD%D8%B1%D9%8A%D9%82%D9%8C-%D8%A8%D9%85%D8%AE%D8%B2%D9%86-%D9%84%D9%84%D9%85%D8%B3%D8%AA%D9%87%D9%84%D9%83%D8%A7%D8%AA-%D8%A7%D9%84%D8%B7%D8%A8%D9%8A%D8%A9-%D9%88%D8%A2%D8%AE%D8%B1-%D9%84%D9%84/ HTTP/2" 200 31773 "-" "Mozilla/5.0 (compatible; ImagesiftBot; +imagesift.com)"
74.80.208.56 - - [28/Sep/2024:14:42:46 +0200] "GET /%D8%A7%D9%84%D8%A3%D9%85%D9%8A%D9%86-%D8%B9%D9%84%D9%8A-%D8%AD%D8%B3%D9%86-%D9%8A%D9%83%D8%AA%D8%A8-%D8%B1%D8%AD%D9%84%D8%A9-%D9%81%D9%8A-%D8%A3%D8%B9%D9%85%D8%A7%D9%82-%D8%A7%D9%84%D8%AC%D9%85%D8%A7/ HTTP/2" 200 37144 "-" "Mozilla/5.0 (compatible; ImagesiftBot; +imagesift.com)"
74.80.208.56 - - [28/Sep/2024:14:42:47 +0200] "GET /wp-content/uploads/2023/02/17078081_10208434817207899_1678952121_n.jpg HTTP/2" 200 13598 "-" "Mozilla/5.0 (compatible; ImagesiftBot; +imagesift.com)"
74.80.208.56 - - [28/Sep/2024:14:42:47 +0200] "GET /wp-json/wp/v2/tags/1080 HTTP/2" 200 318 "-" "Mozilla/5.0 (compatible; ImagesiftBot; +imagesift.com)"
66.249.64.14 - - [28/Sep/2024:14:41:54 +0200] "GET /ahwuj/u1535824.html HTTP/1.1" 200 41462 "-" "Mozilla/5.0 (Linux; Android 6.0.1; Nexus 5X Build/MMB29P) AppleWebKit/537.36 (KHTML, like Gecko) Chrome/128.0.6613.137 Mobile Safari/537.36 (compatible; Googlebot/2.1; +http://www.google.com/bot.html)"
77.75.78.161 - - [28/Sep/2024:14:41:54 +0200] "GET /npwvs/c2980262.html HTTP/1.1" 404 20322 "-" "Mozilla/5.0 (compatible; SeznamBot/4.0; +http://napoveda.seznam.cz/seznambot-intro/)"
77.75.78.161 - - [28/Sep/2024:14:41:57 +0200] "GET /fggqo/r2265641.html HTTP/1.1" 404 20323 "-" "Mozilla/5.0 (compatible; SeznamBot/4.0; +http://napoveda.seznam.cz/seznambot-intro/)"
77.75.78.161 - - [28/Sep/2024:14:42:00 +0200] "GET /hcuyw/s2207662.html HTTP/1.1" 404 20324 "-" "Mozilla/5.0 (compatible; SeznamBot/4.0; +http://napoveda.seznam.cz/seznambot-intro/)"
85.208.96.204 - - [28/Sep/2024:14:42:06 +0200] "GET /%D8%A8%D8%A7%D9%84%D8%B5%D9%88%D8%B1-%D9%85%D8%B5%D8%B1%D8%B9-4-%D8%A3%D8%B4%D8%AE%D8%A7%D8%B5-%D9%88%D8%A5%D8%B5%D8%A7%D8%A8%D8%A9-46-%D8%A2%D8%AE%D8%B1%D9%8A%D9%86-%D8%A8%D8%AD%D8%A7%D8%AF%D8%AB/ HTTP/1.1" 403 0 "-" "Mozilla/5.0 (compatible; SemrushBot/7~bl; +http://www.semrush.com/bot.html)"
77.75.78.161 - - [28/Sep/2024:14:42:06 +0200] "GET /oallm/y1346756.html HTTP/1.1" 404 20321 "-" "Mozilla/5.0 (compatible; SeznamBot/4.0; +http://napoveda.seznam.cz/seznambot-intro/)"
77.75.78.161 - - [28/Sep/2024:14:42:21 +0200] "GET /yiuyd/q2813148.html HTTP/1.1" 404 20323 "-" "Mozilla/5.0 (compatible; SeznamBot/4.0; +http://napoveda.seznam.cz/seznambot-intro/)"
77.75.78.161 - - [28/Sep/2024:14:42:23 +0200] "GET /shryo/r839983.html HTTP/1.1" 404 20320 "-" "Mozilla/5.0 (compatible; SeznamBot/4.0; +http://napoveda.seznam.cz/seznambot-intro/)"
77.75.78.161 - - [28/Sep/2024:14:42:27 +0200] "GET /oirnv/e2798134.html HTTP/1.1" 404 20321 "-" "Mozilla/5.0 (compatible; SeznamBot/4.0; +http://napoveda.seznam.cz/seznambot-intro/)"
77.75.78.161 - - [28/Sep/2024:14:42:29 +0200] "GET /dabbv/t1914461.html HTTP/1.1" 404 20325 "-" "Mozilla/5.0 (compatible; SeznamBot/4.0; +http://napoveda.seznam.cz/seznambot-intro/)"
77.75.78.161 - - [28/Sep/2024:14:42:33 +0200] "GET /lnsel/u1715692.html HTTP/1.1" 404 20321 "-" "Mozilla/5.0 (compatible; SeznamBot/4.0; +http://napoveda.seznam.cz/seznambot-intro/)"
135.181.9.38 - - [28/Sep/2024:14:42:34 +0200] "POST /wp-admin/admin-ajax.php?action=async_litespeed&nonce=F4CJBjWrJZlXgrT1PlyxdPkeShVEyqjJ&litespeed_type=imgoptm HTTP/1.1" 200 21 "-" "WordPress/6.6.2; https://www.sudancam.net"
77.75.78.161 - - [28/Sep/2024:14:42:36 +0200] "GET /yjfqs/x412939.html HTTP/1.1" 404 20325 "-" "Mozilla/5.0 (compatible; SeznamBot/4.0; +http://napoveda.seznam.cz/seznambot-intro/)"
77.75.78.161 - - [28/Sep/2024:14:42:40 +0200] "GET /pzmlx/v3020945.html HTTP/1.1" 404 20323 "-" "Mozilla/5.0 (compatible; SeznamBot/4.0; +http://napoveda.seznam.cz/seznambot-intro/)"
77.75.78.161 - - [28/Sep/2024:14:42:43 +0200] "GET /tucvz/n1372199.html HTTP/1.1" 404 20325 "-" "Mozilla/5.0 (compatible; SeznamBot/4.0; +http://napoveda.seznam.cz/seznambot-intro/)"
77.75.78.161 - - [28/Sep/2024:14:42:46 +0200] "GET /qrkys/g908352.html HTTP/1.1" 404 20322 "-" "Mozilla/5.0 (compatible; SeznamBot/4.0; +http://napoveda.seznam.cz/seznambot-intro/)"
207.46.13.14 - - [28/Sep/2024:14:42:46 +0200] "GET /vhkou/l91229.html HTTP/2" 200 43308 "-" "Mozilla/5.0 AppleWebKit/537.36 (KHTML, like Gecko; compatible; bingbot/2.0; +http://www.bing.com/bingbot.htm) Chrome/116.0.1938.76 Safari/537.36"
77.75.78.161 - - [28/Sep/2024:14:42:48 +0200] "GET /ctytr/d2470429.html HTTP/1.1" 404 20321 "-" "Mozilla/5.0 (compatible; SeznamBot/4.0; +http://napoveda.seznam.cz/seznambot-intro/)"
77.75.78.161 - - [28/Sep/2024:14:42:53 +0200] "GET /zsrxn/p842685.html HTTP/1.1" 404 20324 "-" "Mozilla/5.0 (compatible; SeznamBot/4.0; +http://napoveda.seznam.cz/seznambot-intro/)"
77.75.78.161 - - [28/Sep/2024:14:42:58 +0200] "GET /xtlwf/z2824571.html HTTP/1.1" 404 20323 "-" "Mozilla/5.0 (compatible; SeznamBot/4.0; +http://napoveda.seznam.cz/seznambot-intro/)"
77.75.78.161 - - [28/Sep/2024:14:43:01 +0200] "GET /sqamg/l1144879.html HTTP/1.1" 404 20329 "-" "Mozilla/5.0 (compatible; SeznamBot/4.0; +http://napoveda.seznam.cz/seznambot-intro/)"
74.80.208.56 - - [28/Sep/2024:14:43:05 +0200] "GET /tag/%D8%A7%D9%84%D8%B1%D8%A7%D9%82%D9%8A/ HTTP/2" 200 26106 "-" "Mozilla/5.0 (compatible; ImagesiftBot; +imagesift.com)"
74.80.208.56 - - [28/Sep/2024:14:43:05 +0200] "GET /tag/%D9%85%D8%AE%D8%A8%D8%A3%D8%A9/ HTTP/2" 200 35079 "-" "Mozilla/5.0 (compatible; ImagesiftBot; +imagesift.com)"
74.80.208.56 - - [28/Sep/2024:14:43:07 +0200] "GET /tag/%D9%81%D8%A7%D8%B3%D8%AF%D8%A7/ HTTP/2" 200 23536 "-" "Mozilla/5.0 (compatible; ImagesiftBot; +imagesift.com)"
85.208.96.210 - - [28/Sep/2024:14:43:07 +0200] "GET /%D8%B7%D8%B1%D9%8A%D9%82%D8%A9-%D9%88%D9%84%D8%A7-%D8%A3%D8%B3%D9%87%D9%84-%D9%84%D8%A5%D8%B1%D8%B3%D8%A7%D9%84-%D8%A7%D9%84%D8%B5%D9%88%D8%B1-%D8%A8%D8%AC%D9%88%D8%AF%D8%A9-%D8%B9%D8%A7%D9%84%D9%8A/ HTTP/1.1" 403 0 "-" "Mozilla/5.0 (compatible; SemrushBot/7~bl; +http://www.semrush.com/bot.html)"
74.80.208.56 - - [28/Sep/2024:14:43:08 +0200] "GET /wp-json/wp/v2/tags/37761 HTTP/2" 200 325 "-" "Mozilla/5.0 (compatible; ImagesiftBot; +imagesift.com)"
74.80.208.56 - - [28/Sep/2024:14:43:08 +0200] "GET /wp-json/wp/v2/posts/5068 HTTP/2" 200 2847 "-" "Mozilla/5.0 (compatible; ImagesiftBot; +imagesift.com)"
74.80.208.56 - - [28/Sep/2024:14:43:10 +0200] "GET /tag/%D9%88%D8%AA%D9%88%D8%B6%D8%AD/feed/ HTTP/2" 200 2110 "-" "Mozilla/5.0 (compatible; ImagesiftBot; +imagesift.com)"
74.80.208.56 - - [28/Sep/2024:14:43:11 +0200] "GET /tag/%D8%A7%D9%84%D8%AB%D9%82%D8%A9/feed/ HTTP/2" 200 14687 "-" "Mozilla/5.0 (compatible; ImagesiftBot; +imagesift.com)"
74.80.208.56 - - [28/Sep/2024:14:43:12 +0200] "GET /%D9%8A%D8%A7%D8%B3%D8%B1-%D8%B2%D9%8A%D9%86-%D8%A7%D9%84%D8%B9%D8%A7%D8%A8%D8%AF%D9%8A%D9%86-%D8%A7%D9%84%D9%85%D8%AD%D8%A7%D9%85%D9%8A-%D9%8A%D9%83%D8%AA%D8%A8-%D8%B4%D9%8E%D8%A7%D8%B1%D8%B9-%D8%A7/ HTTP/2" 200 33726 "-" "Mozilla/5.0 (compatible; ImagesiftBot; +imagesift.com)"
74.80.208.56 - - [28/Sep/2024:14:43:14 +0200] "GET /wp-json/wp/v2/posts/26900 HTTP/2" 200 3460 "-" "Mozilla/5.0 (compatible; ImagesiftBot; +imagesift.com)"
74.80.208.56 - - [28/Sep/2024:14:43:15 +0200] "GET /tag/%D8%A7%D9%83%D9%85%D8%A7%D9%84/ HTTP/2" 200 23951 "-" "Mozilla/5.0 (compatible; ImagesiftBot; +imagesift.com)"
74.80.208.56 - - [28/Sep/2024:14:43:16 +0200] "GET /wp-json/wp/v2/tags/8442 HTTP/2" 200 317 "-" "Mozilla/5.0 (compatible; ImagesiftBot; +imagesift.com)"
74.80.208.56 - - [28/Sep/2024:14:43:17 +0200] "GET /%D8%A7%D8%AA%D9%87%D8%A7%D9%85%D8%A7%D8%AA-%D9%84%D9%84%D8%B3%D9%91%D9%8F%D9%84%D8%B7%D8%A7%D8%AA-%D8%A8%D9%85%D8%AE%D8%A7%D9%84%D9%81%D8%A9-%D8%A7%D9%84%D9%82%D8%A7%D9%86%D9%88%D9%86-%D9%88%D8%A7/ HTTP/2" 200 46786 "-" "Mozilla/5.0 (compatible; ImagesiftBot; +imagesift.com)"
74.80.208.56 - - [28/Sep/2024:14:43:18 +0200] "GET /wp-json/wp/v2/posts/7997 HTTP/2" 200 2212 "-" "Mozilla/5.0 (compatible; ImagesiftBot; +imagesift.com)"
74.80.208.56 - - [28/Sep/2024:14:43:19 +0200] "GET /wp-content/uploads/2022/05/FB_IMG_1653772250591-780x470.jpg HTTP/2" 200 63141 "-" "Mozilla/5.0 (compatible; ImagesiftBot; +imagesift.com)"
74.80.208.56 - - [28/Sep/2024:14:43:19 +0200] "GET /tag/%D9%85%D9%8A%D8%B7%D9%8A/ HTTP/2" 200 23478 "-" "Mozilla/5.0 (compatible; ImagesiftBot; +imagesift.com)"
74.80.208.56 - - [28/Sep/2024:14:43:20 +0200] "GET /wp-content/uploads/2022/05/FB_IMG_1653772250591-1024x684.jpg HTTP/2" 200 106298 "-" "Mozilla/5.0 (compatible; ImagesiftBot; +imagesift.com)"
74.80.208.56 - - [28/Sep/2024:14:43:20 +0200] "GET /%D8%A7%D8%AA%D9%87%D8%A7%D9%85-%D8%B1%D9%88%D8%B3%D9%8A-%D9%84%D8%A3%D9%88%D9%83%D8%B1%D8%A7%D9%86%D9%8A%D8%A7-%D8%A8%D9%82%D8%B5%D9%81-%D8%AC%D8%B3%D8%B1-%D8%A8%D9%8A%D9%86-%D8%A7%D9%84%D9%82%D8%B1/ HTTP/2" 200 53072 "-" "Mozilla/5.0 (compatible; ImagesiftBot; +imagesift.com)"
74.80.208.56 - - [28/Sep/2024:14:43:22 +0200] "GET /wp-json/wp/v2/posts/26051 HTTP/2" 200 3171 "-" "Mozilla/5.0 (compatible; ImagesiftBot; +imagesift.com)"
74.80.208.56 - - [28/Sep/2024:14:43:22 +0200] "GET /wp-content/uploads/2023/05/IMG_1338-780x470.jpeg HTTP/2" 200 60600 "-" "Mozilla/5.0 (compatible; ImagesiftBot; +imagesift.com)"
74.80.208.56 - - [28/Sep/2024:14:43:23 +0200] "GET /wp-content/uploads/2023/05/IMG_1338.jpeg HTTP/2" 200 570372 "-" "Mozilla/5.0 (compatible; ImagesiftBot; +imagesift.com)"
74.80.208.56 - - [28/Sep/2024:14:43:23 +0200] "GET /%D8%A7%D9%84%D8%A8%D8%B1%D8%A7%D8%B2%D9%8A%D9%84-%D8%A7%D9%84%D8%A3%D9%88%D9%84%D9%89-%D8%B9%D8%A7%D9%84%D9%85%D9%8A%D8%A7-%D9%88%D8%A7%D9%84%D9%85%D8%BA%D8%B1%D8%A8-%D9%81%D9%8A-%D8%B5%D8%AF%D8%A7/ HTTP/2" 200 0 "-" "Mozilla/5.0 (compatible; ImagesiftBot; +imagesift.com)"
74.80.208.56 - - [28/Sep/2024:14:43:24 +0200] "GET /tag/%D9%84%D8%A7%D8%AD%D9%82%D8%A7/ HTTP/2" 200 34641 "-" "Mozilla/5.0 (compatible; ImagesiftBot; +imagesift.com)"
74.80.208.56 - - [28/Sep/2024:14:43:25 +0200] "GET /tag/%D9%88%D8%A7%D9%84%D8%AE%D9%88%D9%81/feed/ HTTP/2" 200 5752 "-" "Mozilla/5.0 (compatible; ImagesiftBot; +imagesift.com)"
74.80.208.56 - - [28/Sep/2024:14:43:26 +0200] "GET /vxqtc/v1672585.html HTTP/2" 404 22078 "-" "Mozilla/5.0 (compatible; ImagesiftBot; +imagesift.com)"
74.80.208.56 - - [28/Sep/2024:14:43:27 +0200] "GET /%D8%A7%D9%84%D8%AA%D8%AD%D8%B1%D9%8A%D8%B1-%D8%B9%D8%B7%D8%A8%D8%B1%D8%A9-%D9%8A%D9%88%D8%A7%D8%B5%D9%84-%D8%A7%D9%84%D8%A7%D8%B9%D8%AF%D8%A7%D8%AF/feed/ HTTP/2" 200 682 "-" "Mozilla/5.0 (compatible; ImagesiftBot; +imagesift.com)"
74.80.208.56 - - [28/Sep/2024:14:43:28 +0200] "GET /tag/%D8%A5%D9%86%D9%87%D8%A7%D8%A1/ HTTP/2" 200 37173 "-" "Mozilla/5.0 (compatible; ImagesiftBot; +imagesift.com)"
74.80.208.56 - - [28/Sep/2024:14:43:29 +0200] "GET /%D8%A7%D9%84%D8%B4%D8%B1%D8%A7%D9%83%D8%A9-%D8%A7%D9%84%D8%AC%D8%AF%D9%8A%D8%AF%D8%A9-%D8%A7%D9%84%D9%86%D9%8A%D9%84%D9%8A%D9%86/ HTTP/2" 200 46664 "-" "Mozilla/5.0 (compatible; ImagesiftBot; +imagesift.com)"
74.80.208.56 - - [28/Sep/2024:14:43:30 +0200] "GET /wp-json/wp/v2/tags/18447 HTTP/2" 200 363 "-" "Mozilla/5.0 (compatible; ImagesiftBot; +imagesift.com)"
74.80.208.56 - - [28/Sep/2024:14:43:31 +0200] "GET /%D8%B5%D8%A8%D8%A7%D8%AD-%D9%85%D8%AD%D9%85%D8%AF-%D8%A7%D9%84%D8%AD%D8%B3%D9%86-%D8%AA%D9%83%D8%AA%D8%A8-%D8%A3%D9%85%D8%B1%D9%8A%D9%83%D8%A7-%D8%AA%D8%B4%D9%91%D8%AF-%D8%A7%D9%84%D8%AD%D8%A8%D9%84/ HTTP/2" 200 34573 "-" "Mozilla/5.0 (compatible; ImagesiftBot; +imagesift.com)"
74.80.208.56 - - [28/Sep/2024:14:43:32 +0200] "GET /wp-json/wp/v2/posts/3752 HTTP/2" 200 1850 "-" "Mozilla/5.0 (compatible; ImagesiftBot; +imagesift.com)"
74.80.208.56 - - [28/Sep/2024:14:43:33 +0200] "GET /%D9%85%D8%A8%D8%A7%D8%AD%D8%AB%D8%A7%D8%AA-%D8%B3%D9%88%D8%AF%D8%A7%D9%86%D9%8A%D8%A9-%D8%AA%D8%B4%D8%A7%D8%AF%D9%8A%D8%A9-%D9%81%D9%8A-%D8%A3%D9%88%D8%BA%D9%86%D8%AF%D8%A7-%D8%B9%D9%84%D9%89-%D9%87/ HTTP/2" 200 50038 "-" "Mozilla/5.0 (compatible; ImagesiftBot; +imagesift.com)"
135.181.9.38 - - [28/Sep/2024:14:43:35 +0200] "POST /wp-cron.php?doing_wp_cron=1727527415.2493610382080078125000 HTTP/1.1" 200 0 "-" "WordPress/6.6.2; https://www.sudancam.net"
74.80.208.56 - - [28/Sep/2024:14:43:34 +0200] "GET /tag/%D9%8A%D8%AA%D8%A3%D9%84%D9%82/ HTTP/2" 200 54098 "-" "Mozilla/5.0 (compatible; ImagesiftBot; +imagesift.com)"
74.80.208.56 - - [28/Sep/2024:14:43:35 +0200] "GET /wp-content/uploads/2024/01/1705610800_unnamed-file-780x470.jpg HTTP/2" 200 71930 "-" "Mozilla/5.0 (compatible; ImagesiftBot; +imagesift.com)"
74.80.208.56 - - [28/Sep/2024:14:43:36 +0200] "GET /wp-content/uploads/2024/01/1705610800_unnamed-file.jpg HTTP/2" 200 134206 "-" "Mozilla/5.0 (compatible; ImagesiftBot; +imagesift.com)"
74.80.208.56 - - [28/Sep/2024:14:43:35 +0200] "GET /tag/%D8%A7%D9%84%D8%BA%D8%B7%D8%A7%D8%B3/ HTTP/2" 200 23669 "-" "Mozilla/5.0 (compatible; ImagesiftBot; +imagesift.com)"
74.80.208.56 - - [28/Sep/2024:14:43:37 +0200] "GET /tag/%D9%88%D8%B3%D8%A7%D8%B9%D8%A7%D8%AA/ HTTP/2" 200 23998 "-" "Mozilla/5.0 (compatible; ImagesiftBot; +imagesift.com)"
207.46.13.14 - - [28/Sep/2024:14:43:37 +0200] "GET /ayroa/r2921309.html HTTP/2" 200 42406 "-" "Mozilla/5.0 AppleWebKit/537.36 (KHTML, like Gecko; compatible; bingbot/2.0; +http://www.bing.com/bingbot.htm) Chrome/116.0.1938.76 Safari/537.36"
74.80.208.56 - - [28/Sep/2024:14:43:38 +0200] "GET /kesnl/z1916547.html HTTP/2" 404 22076 "-" "Mozilla/5.0 (compatible; ImagesiftBot; +imagesift.com)"
74.80.208.56 - - [28/Sep/2024:14:43:40 +0200] "GET /tag/%D9%8A%D9%88%D8%A7%D9%84%D9%8A/feed/ HTTP/2" 200 6964 "-" "Mozilla/5.0 (compatible; ImagesiftBot; +imagesift.com)"
74.80.208.56 - - [28/Sep/2024:14:43:41 +0200] "GET /wp-json/wp/v2/tags/14316 HTTP/2" 200 0 "-" "Mozilla/5.0 (compatible; ImagesiftBot; +imagesift.com)"
207.46.13.14 - - [28/Sep/2024:14:43:42 +0200] "GET /aqfwt/e1762398.html HTTP/2" 200 41666 "-" "Mozilla/5.0 AppleWebKit/537.36 (KHTML, like Gecko; compatible; bingbot/2.0; +http://www.bing.com/bingbot.htm) Chrome/116.0.1938.76 Safari/537.36"
74.80.208.56 - - [28/Sep/2024:14:43:42 +0200] "GET /tag/%D9%85%D8%B1%D8%B6%D9%87/ HTTP/2" 200 24299 "-" "Mozilla/5.0 (compatible; ImagesiftBot; +imagesift.com)"
135.181.9.38 - - [28/Sep/2024:14:43:43 +0200] "POST /wp-cron.php?doing_wp_cron=1727527423.9404098987579345703125 HTTP/1.1" 200 0 "-" "WordPress/6.6.2; https://www.sudancam.net"
74.80.208.56 - - [28/Sep/2024:14:43:43 +0200] "GET /tag/%D8%B3%D9%82%D9%81/feed/ HTTP/2" 200 17184 "-" "Mozilla/5.0 (compatible; ImagesiftBot; +imagesift.com)"
74.80.208.56 - - [28/Sep/2024:14:43:44 +0200] "GET /%D9%86%D9%82%D8%A7%D8%A8%D8%A9-%D8%A7%D9%84%D8%B5%D9%8E%D9%91%D8%AD%D9%81%D9%8A%D9%8A%D9%86-%D8%A7%D9%84%D8%B3%D9%8F%D9%91%D9%88%D8%AF%D8%A7%D9%86%D9%8A%D9%8A%D9%86-%D8%A8%D9%8A%D8%A7%D9%86-%D9%84/feed/ HTTP/2" 200 723 "-" "Mozilla/5.0 (compatible; ImagesiftBot; +imagesift.com)"
74.80.208.56 - - [28/Sep/2024:14:43:45 +0200] "GET /%D8%A8%D9%86%D8%B2%D9%8A%D9%85%D8%A9-%D9%8A%D8%AA%D9%88%D8%AC-%D8%A8%D8%BA%D9%84%D9%88%D8%A8-%D8%B3%D9%88%D9%83%D8%B1-%D9%84%D8%A3%D9%81%D8%B6%D9%84-%D9%84%D8%A7%D8%B9%D8%A8-%D9%81%D9%8A-%D8%A7%D9%84/ HTTP/2" 200 0 "-" "Mozilla/5.0 (compatible; ImagesiftBot; +imagesift.com)"
74.80.208.56 - - [28/Sep/2024:14:43:46 +0200] "GET /tag/%D9%8A%D8%B3%D8%AD%D8%B1%D9%88%D9%83/feed/ HTTP/2" 200 2490 "-" "Mozilla/5.0 (compatible; ImagesiftBot; +imagesift.com)"
74.80.208.56 - - [28/Sep/2024:14:43:48 +0200] "GET /%D8%A7%D9%84%D8%AF%D8%B9%D9%85-%D8%A7%D9%84%D8%B3%D8%B1%D9%8A%D8%B9-%D9%84%D8%A7-%D8%B5%D9%84%D8%A7%D8%AA-%D8%AA%D8%AC%D8%A7%D8%B1%D9%8A%D8%A9-%D8%A8%D9%8A%D9%86-%D8%AD%D9%85%D9%8A%D8%AF%D8%AA%D9%8A/ HTTP/2" 200 47365 "-" "Mozilla/5.0 (compatible; ImagesiftBot; +imagesift.com)"
74.80.208.56 - - [28/Sep/2024:14:43:49 +0200] "GET /tag/%D8%A7%D9%84%D9%88%D8%AC%D9%87/ HTTP/2" 200 34888 "-" "Mozilla/5.0 (compatible; ImagesiftBot; +imagesift.com)"
74.80.208.56 - - [28/Sep/2024:14:43:51 +0200] "GET /whdlw/w2788896.html HTTP/2" 404 22079 "-" "Mozilla/5.0 (compatible; ImagesiftBot; +imagesift.com)"
74.80.208.56 - - [28/Sep/2024:14:43:52 +0200] "GET /%D8%A7%D9%85%D8%AF%D8%B1%D9%85%D8%A7%D9%86-%D8%AF%D9%8A-%D8%AF%D9%88%D8%B1%D8%AA-%D9%81%D9%8A%D9%87%D8%A7-%D9%83%D8%AB%D8%A7%D9%81%D8%A9-%D9%86%D8%A7%D8%B1%D9%8A%D8%A9-%D8%AE%D9%84%D8%AA-%D8%A7%D9%84/ HTTP/2" 200 43726 "-" "Mozilla/5.0 (compatible; ImagesiftBot; +imagesift.com)"
74.80.208.56 - - [28/Sep/2024:14:43:54 +0200] "GET /%D8%A7%D9%84%D8%AC%D8%B2%D9%88%D9%84%D9%8A-%D9%8A%D9%82%D9%88%D9%84-%D8%A5%D9%86%D9%87-%D9%85%D8%B3%D8%AA%D8%B9%D8%AF-%D9%84%D9%84%D8%AD%D9%88%D8%A7%D8%B1-%D9%85%D8%B9-%D8%A7%D9%84%D9%82%D9%88%D9%89/ HTTP/2" 200 46783 "-" "Mozilla/5.0 (compatible; ImagesiftBot; +imagesift.com)"
74.80.208.56 - - [28/Sep/2024:14:43:55 +0200] "GET /wp-content/uploads/2022/09/1663893265_unnamed-file.jpg HTTP/2" 200 56247 "-" "Mozilla/5.0 (compatible; ImagesiftBot; +imagesift.com)"
74.80.208.56 - - [28/Sep/2024:14:43:55 +0200] "GET /wp-json/wp/v2/tags/15156 HTTP/2" 200 318 "-" "Mozilla/5.0 (compatible; ImagesiftBot; +imagesift.com)"
135.181.9.38 - - [28/Sep/2024:14:42:34 +0200] "POST /wp-cron.php?doing_wp_cron=1727527354.3376801013946533203125 HTTP/1.1" 200 0 "-" "WordPress/6.6.2; https://www.sudancam.net"
52.167.144.136 - - [28/Sep/2024:14:42:36 +0200] "GET /ijscw/c1624440.html HTTP/2" 200 41630 "-" "Mozilla/5.0 AppleWebKit/537.36 (KHTML, like Gecko; compatible; bingbot/2.0; +http://www.bing.com/bingbot.htm) Chrome/116.0.1938.76 Safari/537.36"
77.75.78.161 - - [28/Sep/2024:14:43:12 +0200] "GET /sugzy/n2833295.html HTTP/1.1" 404 20323 "-" "Mozilla/5.0 (compatible; SeznamBot/4.0; +http://napoveda.seznam.cz/seznambot-intro/)"
52.167.144.136 - - [28/Sep/2024:14:43:17 +0200] "GET /cdspd/q1199146.html HTTP/2" 200 42396 "-" "Mozilla/5.0 AppleWebKit/537.36 (KHTML, like Gecko; compatible; bingbot/2.0; +http://www.bing.com/bingbot.htm) Chrome/116.0.1938.76 Safari/537.36"
77.75.78.161 - - [28/Sep/2024:14:43:17 +0200] "GET /aohdy/m2717022.html HTTP/1.1" 404 20327 "-" "Mozilla/5.0 (compatible; SeznamBot/4.0; +http://napoveda.seznam.cz/seznambot-intro/)"
77.75.78.161 - - [28/Sep/2024:14:43:20 +0200] "GET /djcra/h870159.html HTTP/1.1" 404 20327 "-" "Mozilla/5.0 (compatible; SeznamBot/4.0; +http://napoveda.seznam.cz/seznambot-intro/)"
77.75.78.161 - - [28/Sep/2024:14:43:22 +0200] "GET /zdswb/n2899907.html HTTP/1.1" 404 20329 "-" "Mozilla/5.0 (compatible; SeznamBot/4.0; +http://napoveda.seznam.cz/seznambot-intro/)"
77.75.78.161 - - [28/Sep/2024:14:43:24 +0200] "GET /wdepl/v2749011.html HTTP/1.1" 404 20321 "-" "Mozilla/5.0 (compatible; SeznamBot/4.0; +http://napoveda.seznam.cz/seznambot-intro/)"
77.75.78.161 - - [28/Sep/2024:14:43:27 +0200] "GET /ukmqu/h2747541.html HTTP/1.1" 404 20324 "-" "Mozilla/5.0 (compatible; SeznamBot/4.0; +http://napoveda.seznam.cz/seznambot-intro/)"
77.75.78.161 - - [28/Sep/2024:14:43:29 +0200] "GET /ultht/y541952.html HTTP/1.1" 404 20320 "-" "Mozilla/5.0 (compatible; SeznamBot/4.0; +http://napoveda.seznam.cz/seznambot-intro/)"
77.75.78.161 - - [28/Sep/2024:14:43:32 +0200] "GET /ogzvn/j284485.html HTTP/1.1" 404 20325 "-" "Mozilla/5.0 (compatible; SeznamBot/4.0; +http://napoveda.seznam.cz/seznambot-intro/)"
77.75.78.161 - - [28/Sep/2024:14:43:35 +0200] "GET /qkzmp/a1073602.html HTTP/1.1" 404 20324 "-" "Mozilla/5.0 (compatible; SeznamBot/4.0; +http://napoveda.seznam.cz/seznambot-intro/)"
135.181.9.38 - - [28/Sep/2024:14:43:35 +0200] "POST /wp-admin/admin-ajax.php?action=async_litespeed&nonce=DAo2UUCSuFRLkqwuCE3HG6uE075vQRq9&litespeed_type=imgoptm HTTP/1.1" 200 21 "-" "WordPress/6.6.2; https://www.sudancam.net"
77.75.78.161 - - [28/Sep/2024:14:43:39 +0200] "GET /sswzt/w1346676.html HTTP/1.1" 404 20323 "-" "Mozilla/5.0 (compatible; SeznamBot/4.0; +http://napoveda.seznam.cz/seznambot-intro/)"
77.75.78.161 - - [28/Sep/2024:14:43:42 +0200] "GET /xuida/y763836.html HTTP/1.1" 404 20321 "-" "Mozilla/5.0 (compatible; SeznamBot/4.0; +http://napoveda.seznam.cz/seznambot-intro/)"
77.75.78.161 - - [28/Sep/2024:14:43:44 +0200] "GET /kiwjs/t1829545.html HTTP/1.1" 404 20329 "-" "Mozilla/5.0 (compatible; SeznamBot/4.0; +http://napoveda.seznam.cz/seznambot-intro/)"
77.75.78.161 - - [28/Sep/2024:14:43:47 +0200] "GET /ivtyi/k1970196.html HTTP/1.1" 404 20322 "-" "Mozilla/5.0 (compatible; SeznamBot/4.0; +http://napoveda.seznam.cz/seznambot-intro/)"
77.75.78.161 - - [28/Sep/2024:14:43:49 +0200] "GET /deedc/l2295717.html HTTP/1.1" 404 20320 "-" "Mozilla/5.0 (compatible; SeznamBot/4.0; +http://napoveda.seznam.cz/seznambot-intro/)"
77.75.78.161 - - [28/Sep/2024:14:43:52 +0200] "GET /psagd/x2632117.html HTTP/1.1" 404 20322 "-" "Mozilla/5.0 (compatible; SeznamBot/4.0; +http://napoveda.seznam.cz/seznambot-intro/)"
77.75.78.161 - - [28/Sep/2024:14:43:55 +0200] "GET /yizek/w1392644.html HTTP/1.1" 404 20329 "-" "Mozilla/5.0 (compatible; SeznamBot/4.0; +http://napoveda.seznam.cz/seznambot-intro/)"
77.75.78.161 - - [28/Sep/2024:14:43:57 +0200] "GET /sogfl/q144248.html HTTP/1.1" 404 20327 "-" "Mozilla/5.0 (compatible; SeznamBot/4.0; +http://napoveda.seznam.cz/seznambot-intro/)"
77.75.78.161 - - [28/Sep/2024:14:44:00 +0200] "GET /ivwrs/x2708609.html HTTP/1.1" 404 20321 "-" "Mozilla/5.0 (compatible; SeznamBot/4.0; +http://napoveda.seznam.cz/seznambot-intro/)"
74.80.208.56 - - [28/Sep/2024:14:44:06 +0200] "GET /%D9%82%D9%85%D8%A9-%D9%85%D8%B1%D8%AA%D9%82%D8%A8%D8%A9-%D8%A8%D9%8A%D9%86-%D8%A7%D9%84%D8%A3%D9%87%D9%84%D9%8A-%D9%84%D8%B1%D8%AF-%D8%A7%D9%84%D8%A7%D8%B9%D8%AA%D8%A8%D8%A7%D8%B1-%D9%88%D8%A7%D9%84/ HTTP/2" 200 0 "-" "Mozilla/5.0 (compatible; ImagesiftBot; +imagesift.com)"
74.80.208.56 - - [28/Sep/2024:14:44:07 +0200] "GET /tag/%D8%A7%D9%84%D9%83%D9%86%D8%A7%D8%A8%D9%8A/ HTTP/2" 200 23844 "-" "Mozilla/5.0 (compatible; ImagesiftBot; +imagesift.com)"
77.75.78.161 - - [28/Sep/2024:14:44:08 +0200] "GET /vpmqu/s1885522.html HTTP/1.1" 404 20323 "-" "Mozilla/5.0 (compatible; SeznamBot/4.0; +http://napoveda.seznam.cz/seznambot-intro/)"
74.80.208.56 - - [28/Sep/2024:14:44:08 +0200] "GET /%D8%AA%D8%B9%D9%84%D9%8A%D9%82-%D8%AC%D8%AF%D9%8A%D8%AF-%D9%85%D9%86-%D8%A8%D8%A7%D9%8A%D8%AF%D9%86-%D8%A8%D8%B4%D8%A3%D9%86-%D8%A7%D9%84%D8%A3%D8%AC%D8%B3%D8%A7%D9%85-%D8%A7%D9%84%D8%B7%D8%A7%D8%A6/ HTTP/2" 200 33200 "-" "Mozilla/5.0 (compatible; ImagesiftBot; +imagesift.com)"
74.80.208.56 - - [28/Sep/2024:14:44:10 +0200] "GET /tag/%D8%B1%D9%86%D8%AF%D8%A7/ HTTP/2" 200 51032 "-" "Mozilla/5.0 (compatible; ImagesiftBot; +imagesift.com)"
74.80.208.56 - - [28/Sep/2024:14:44:10 +0200] "GET /%D8%B3%D8%A7%D8%A6%D9%82-%D8%AA%D9%86%D8%A7%D9%88%D9%84-%D8%A7%D9%84%D8%AD%D8%B4%D9%8A%D8%B4-%D9%81%D8%AA%D8%B3%D8%A8%D8%A8-%D9%81%D9%8A-%D9%83%D8%A7%D8%B1%D8%AB%D8%A9-%D9%81%D9%8A-%D9%85%D8%B5/feed/ HTTP/2" 200 734 "-" "Mozilla/5.0 (compatible; ImagesiftBot; +imagesift.com)"
74.80.208.56 - - [28/Sep/2024:14:44:11 +0200] "GET /1711229840-59/ HTTP/2" 404 22078 "-" "Mozilla/5.0 (compatible; ImagesiftBot; +imagesift.com)"
77.75.78.161 - - [28/Sep/2024:14:44:11 +0200] "GET /siegx/n609099.html HTTP/1.1" 404 20320 "-" "Mozilla/5.0 (compatible; SeznamBot/4.0; +http://napoveda.seznam.cz/seznambot-intro/)"
74.80.208.56 - - [28/Sep/2024:14:44:12 +0200] "GET /ccipy/s2247078.html HTTP/2" 404 22075 "-" "Mozilla/5.0 (compatible; ImagesiftBot; +imagesift.com)"
