77.75.78.161 - - [28/Sep/2024:15:48:44 +0200] "GET /kzcqe/f2794989.html HTTP/1.1" 404 20325 "-" "Mozilla/5.0 (compatible; SeznamBot/4.0; +http://napoveda.seznam.cz/seznambot-intro/)"
77.75.78.161 - - [28/Sep/2024:15:48:47 +0200] "GET /athlj/k2532810.html HTTP/1.1" 404 20322 "-" "Mozilla/5.0 (compatible; SeznamBot/4.0; +http://napoveda.seznam.cz/seznambot-intro/)"
77.75.78.161 - - [28/Sep/2024:15:48:50 +0200] "GET /dyuiq/b179697.html HTTP/1.1" 404 20321 "-" "Mozilla/5.0 (compatible; SeznamBot/4.0; +http://napoveda.seznam.cz/seznambot-intro/)"
77.75.78.161 - - [28/Sep/2024:15:48:53 +0200] "GET /lrzkw/t636379.html HTTP/1.1" 404 20322 "-" "Mozilla/5.0 (compatible; SeznamBot/4.0; +http://napoveda.seznam.cz/seznambot-intro/)"
74.80.208.56 - - [28/Sep/2024:15:48:45 +0200] "GET /%D8%B9%D8%B6%D9%88-%D9%84%D8%AC%D9%86%D8%A9-%D8%A5%D8%B2%D8%A7%D9%84%D8%A9-%D8%A7%D9%84%D8%AA%D9%85%D9%83%D9%8A%D9%86-%D8%AE%D8%A7%D9%84%D8%AF-%D8%B9%D8%AC%D9%88%D8%A8%D8%A9-%D9%8A%D9%83%D8%B4%D9%81/ HTTP/2" 200 46212 "-" "Mozilla/5.0 (compatible; ImagesiftBot; +imagesift.com)"
74.80.208.56 - - [28/Sep/2024:15:48:46 +0200] "GET /zkvha/m2518070.html HTTP/2" 404 22076 "-" "Mozilla/5.0 (compatible; ImagesiftBot; +imagesift.com)"
74.80.208.56 - - [28/Sep/2024:15:48:47 +0200] "GET /tag/%D8%B9%D8%B1%D8%A8%D9%8A%D8%A9/ HTTP/2" 200 37294 "-" "Mozilla/5.0 (compatible; ImagesiftBot; +imagesift.com)"
74.80.208.56 - - [28/Sep/2024:15:48:49 +0200] "GET /%D8%A7%D9%84%D8%A8%D8%B1%D9%87%D8%A7%D9%86-%D9%8A%D8%A8%D9%84%D8%BA-%D9%85%D8%A8%D8%B9%D9%88%D8%AB-%D8%A3%D9%85%D9%8A%D9%86-%D8%B9%D8%A7%D9%85-%D8%A7%D9%84%D8%A3%D9%85%D9%85-%D8%A7%D9%84%D9%85%D8%AA/ HTTP/2" 200 33992 "-" "Mozilla/5.0 (compatible; ImagesiftBot; +imagesift.com)"
74.80.208.56 - - [28/Sep/2024:15:48:51 +0200] "GET /tag/%D8%A8%D9%85%D8%B9%D8%A7%D9%82%D8%A8%D8%A9/ HTTP/2" 200 0 "-" "Mozilla/5.0 (compatible; ImagesiftBot; +imagesift.com)"
74.80.208.56 - - [28/Sep/2024:15:48:51 +0200] "GET /%D9%81%D9%8A%D8%AF%D9%8A%D9%88-%D8%AC%D8%B1%D8%A7%D8%A6%D9%85-%D8%A7%D9%84%D8%AC%D9%86%D8%AC%D9%88%D9%8A%D8%AF-%D8%AA%D8%B4%D8%B9%D9%84-%D9%86%D9%8A%D8%B1%D8%A7%D9%86-%D8%A7%D9%84%D8%BA%D8%B6%D8%A8/ HTTP/2" 200 0 "-" "Mozilla/5.0 (compatible; ImagesiftBot; +imagesift.com)"
74.80.208.56 - - [28/Sep/2024:15:48:52 +0200] "GET /%D8%A7%D9%84%D9%86%D9%8A%D8%A7%D8%A8%D8%A9-%D8%A7%D9%84%D8%B9%D8%A7%D9%85%D8%A9-%D9%81%D9%8A-%D9%86%D9%8A%D8%B3-%D8%AA%D8%B7%D8%A7%D9%84%D8%A8-%D8%A8%D8%B3%D8%AC%D9%86-%D8%A7%D9%84%D8%AC%D8%B2%D8%A7/feed/ HTTP/2" 200 760 "-" "Mozilla/5.0 (compatible; ImagesiftBot; +imagesift.com)"
74.80.208.56 - - [28/Sep/2024:15:48:53 +0200] "GET /%D8%A8%D8%A7%D9%84%D9%81%D9%8A%D8%AF%D9%8A%D9%88-%D8%B5%D8%A7%D9%86%D8%B9%D8%A9-%D9%85%D8%AD%D8%AA%D9%88%D9%89-%D8%AA%D9%86%D8%AA%D9%82%D8%AF-%D8%AA%D8%B5%D8%B1%D9%81%D8%A7%D8%AA-%D8%A7%D9%84/ HTTP/2" 200 45330 "-" "Mozilla/5.0 (compatible; ImagesiftBot; +imagesift.com)"
74.80.208.56 - - [28/Sep/2024:15:48:55 +0200] "GET /tag/%D9%88%D8%A7%D9%84%D8%A7%D8%B4%D8%A7%D8%AF%D8%A7%D8%AA/ HTTP/2" 200 0 "-" "Mozilla/5.0 (compatible; ImagesiftBot; +imagesift.com)"
40.77.167.55 - - [28/Sep/2024:15:48:55 +0200] "GET /wxlcx/d1603563.html HTTP/2" 200 41454 "-" "Mozilla/5.0 AppleWebKit/537.36 (KHTML, like Gecko; compatible; bingbot/2.0; +http://www.bing.com/bingbot.htm) Chrome/116.0.1938.76 Safari/537.36"
74.80.208.56 - - [28/Sep/2024:15:48:56 +0200] "GET /tag/%D8%A8%D9%84/page/2/ HTTP/2" 200 26819 "-" "Mozilla/5.0 (compatible; ImagesiftBot; +imagesift.com)"
74.80.208.56 - - [28/Sep/2024:15:48:57 +0200] "GET /%D9%85%D9%83%D8%A7%D8%A8%D9%8A-%D9%8A%D9%82%D9%88%D8%AF-%D8%A7%D9%84%D9%87%D9%84%D8%A7%D9%84-%D9%84%D8%AA%D8%AC%D8%A7%D9%88%D8%B2-%D8%B3%D8%A7%D9%86%D8%AA-%D8%AC%D9%88%D8%B1%D8%AC/feed/ HTTP/2" 200 703 "-" "Mozilla/5.0 (compatible; ImagesiftBot; +imagesift.com)"
74.80.208.56 - - [28/Sep/2024:15:48:58 +0200] "GET /%D8%B5%D9%81%D8%A7%D8%A1-%D8%A7%D9%84%D9%81%D8%AD%D9%84-%D8%AA%D9%83%D8%AA%D8%A8-%D8%A7%D9%84%D9%85%D9%87%D9%86%D8%A9-%D9%85%D8%BA%D8%AA%D8%B5%D8%A8/ HTTP/2" 200 0 "-" "Mozilla/5.0 (compatible; ImagesiftBot; +imagesift.com)"
74.80.208.56 - - [28/Sep/2024:15:48:59 +0200] "GET /wp-json/wp/v2/posts/22075 HTTP/2" 200 2288 "-" "Mozilla/5.0 (compatible; ImagesiftBot; +imagesift.com)"
74.80.208.56 - - [28/Sep/2024:15:49:00 +0200] "GET /tag/%D9%84%D9%84%D9%85%D8%B1%D8%A9/ HTTP/2" 200 55089 "-" "Mozilla/5.0 (compatible; ImagesiftBot; +imagesift.com)"
74.80.208.56 - - [28/Sep/2024:15:49:02 +0200] "GET /tag/%D9%85%D9%86%D8%B8%D9%85%D8%A7%D8%AA/ HTTP/2" 200 38440 "-" "Mozilla/5.0 (compatible; ImagesiftBot; +imagesift.com)"
74.80.208.56 - - [28/Sep/2024:15:49:04 +0200] "GET /%D8%BA%D9%85%D8%B2%D8%A9-%D9%85%D8%A8%D8%A7%D8%A8%D9%8A-%D8%AA%D9%81%D8%AC%D8%B1-%D8%A7%D9%84%D8%AC%D8%AF%D9%84-%D8%AD%D9%88%D9%84-%D8%A7%D9%86%D8%AA%D9%82%D8%A7%D9%84%D9%87-%D9%84%D8%B1%D9%8A%D8%A7/ HTTP/2" 200 44038 "-" "Mozilla/5.0 (compatible; ImagesiftBot; +imagesift.com)"
20.15.133.174 - - [28/Sep/2024:15:49:05 +0200] "GET /degjp/k1291336.html HTTP/2" 200 41197 "-" "Mozilla/5.0 AppleWebKit/537.36 (KHTML, like Gecko; compatible; bingbot/2.0; +http://www.bing.com/bingbot.htm) Chrome/116.0.1938.76 Safari/537.36"
74.80.208.56 - - [28/Sep/2024:15:49:05 +0200] "GET /%D8%A7%D9%84%D8%A2%D9%84%D9%8A%D8%A9-%D8%A7%D9%84%D8%AB%D9%84%D8%A7%D8%AB%D9%8A%D8%A9-%D8%AA%D8%AC%D8%AA%D9%85%D8%B9-%D9%85%D8%B9-%D8%A7%D9%84%D8%A8%D8%B1%D9%87%D8%A7%D9%86-%D9%84%D8%A7%D8%B3%D8%AA/ HTTP/2" 200 31039 "-" "Mozilla/5.0 (compatible; ImagesiftBot; +imagesift.com)"
74.80.208.56 - - [28/Sep/2024:15:49:06 +0200] "GET /tag/%D8%A7%D9%84%D9%85%D8%A7%D8%B1%D9%83%D8%B3%D9%8A/ HTTP/2" 200 23510 "-" "Mozilla/5.0 (compatible; ImagesiftBot; +imagesift.com)"
74.80.208.56 - - [28/Sep/2024:15:49:07 +0200] "GET /%D8%A7%D9%84%D8%A3%D9%85%D9%85-%D8%A7%D9%84%D9%85%D8%AA%D8%AD%D8%AF%D8%A9-%D8%AA%D8%AD%D8%B5%D9%8A-%D9%85%D9%82%D8%AA%D9%84-%D9%88%D8%AC%D8%B1%D8%AD-52-%D8%B4%D8%AE%D8%B5%D8%A7-%D9%88%D9%86%D8%B2/ HTTP/2" 200 0 "-" "Mozilla/5.0 (compatible; ImagesiftBot; +imagesift.com)"
74.80.208.56 - - [28/Sep/2024:15:49:09 +0200] "GET /%D8%A7%D9%84%D9%83%D9%87%D8%B1%D8%A8%D8%A7%D8%A1-%D8%AA%D8%B9%D9%84%D9%86-%D8%B9%D9%86-%D8%B3%D8%B1%D9%82%D8%A9-%D8%AA%D9%8A%D8%A7%D8%B1%D9%87%D8%A7-%D8%A8%D8%A7%D9%84%D9%88%D9%84%D8%A7%D9%8A%D8%A7/ HTTP/2" 200 45508 "-" "Mozilla/5.0 (compatible; ImagesiftBot; +imagesift.com)"
74.80.208.56 - - [28/Sep/2024:15:49:10 +0200] "GET /tag/%D9%88%D8%A7%D8%B3%D8%AA%D9%82%D8%B1%D8%A7%D8%B1%D9%87/ HTTP/2" 200 24376 "-" "Mozilla/5.0 (compatible; ImagesiftBot; +imagesift.com)"
74.80.208.56 - - [28/Sep/2024:15:49:11 +0200] "GET /%F0%9F%93%8C%D8%B9%D8%A8%D8%AF%D8%A7%D9%84%D8%B1%D8%AD%D9%85%D9%86-%D8%A7%D9%84%D8%AE%D8%B6%D8%B1-%D8%B7%D8%A8%D8%AA-%D9%85%D9%82%D8%A7%D9%85%D8%A7%D9%8B-%D8%A7%D9%84%D9%86%D9%8A%D9%84%D9%8A%D9%86/ HTTP/2" 200 44483 "-" "Mozilla/5.0 (compatible; ImagesiftBot; +imagesift.com)"
74.80.208.56 - - [28/Sep/2024:15:49:12 +0200] "GET /%D8%A7%D9%84%D8%AD%D9%83%D9%8A%D9%85-%D8%A3%D8%BA%D9%86%D9%8A%D8%A9-%D9%83%D8%A7%D8%AF%D8%AA-%D8%AA%D8%B9%D9%8A%D8%AF%D9%86%D9%8A-%D9%84%D9%84%D9%88%D8%B1%D8%A7%D8%A1/ HTTP/2" 200 46375 "-" "Mozilla/5.0 (compatible; ImagesiftBot; +imagesift.com)"
74.80.208.56 - - [28/Sep/2024:15:49:14 +0200] "GET /tag/%D8%A3%D9%85%D8%B1%D8%A7%D8%B6/page/2/ HTTP/2" 200 0 "-" "Mozilla/5.0 (compatible; ImagesiftBot; +imagesift.com)"
74.80.208.56 - - [28/Sep/2024:15:49:15 +0200] "GET /gukdo/u755850.html HTTP/2" 404 22080 "-" "Mozilla/5.0 (compatible; ImagesiftBot; +imagesift.com)"
74.80.208.56 - - [28/Sep/2024:15:49:16 +0200] "GET /%D8%A8%D8%A7%D9%84%D9%81%D9%8A%D8%AF%D9%8A%D9%88-%D9%85%D8%B4%D8%A7%D8%AC%D8%B1%D8%A9-%D8%B9%D9%86%D9%8A%D9%81%D8%A9-%D8%A8%D9%8A%D9%86-%D8%A3%D9%85-%D8%A8%D9%8A%D9%83%D9%8A%D9%87-%D9%88%D8%B4%D8%A7/feed/ HTTP/2" 200 740 "-" "Mozilla/5.0 (compatible; ImagesiftBot; +imagesift.com)"
74.80.208.56 - - [28/Sep/2024:15:49:17 +0200] "GET /tag/%D8%A7%D9%84%D8%B7%D8%A7%D8%A6%D8%B1%D8%A9/ HTTP/2" 200 27504 "-" "Mozilla/5.0 (compatible; ImagesiftBot; +imagesift.com)"
74.80.208.56 - - [28/Sep/2024:15:49:19 +0200] "GET /%D8%A7%D9%84%D8%A5%D8%B1%D8%B5%D8%A7%D8%AF-%D8%AA%D9%88%D9%82%D8%B9%D8%A7%D8%AA-%D8%A8%D8%A5%D8%B1%D8%AA%D9%81%D8%A7%D8%B9-%D8%AF%D8%B1%D8%AC%D8%A7%D8%AA-%D8%A7%D9%84%D8%AD%D8%B1%D8%A7%D8%B1%D8%A9/ HTTP/2" 200 43817 "-" "Mozilla/5.0 (compatible; ImagesiftBot; +imagesift.com)"
74.80.208.56 - - [28/Sep/2024:15:49:20 +0200] "GET /%D8%AA%D9%85%D8%AF%D9%8A%D8%AF-%D8%A5%D8%BA%D9%84%D8%A7%D9%82-%D8%A7%D9%84%D9%85%D8%AC%D8%A7%D9%84-%D8%A7%D9%84%D8%AC%D9%88%D9%8A-%D8%A7%D9%84%D8%B3%D9%88%D8%AF%D8%A7%D9%86%D9%8A-%D8%AD%D8%AA%D9%89-31/ HTTP/2" 200 31320 "-" "Mozilla/5.0 (compatible; ImagesiftBot; +imagesift.com)"
66.249.64.14 - - [28/Sep/2024:15:47:28 +0200] "GET /vqbjm/c406314.html HTTP/1.1" 200 41899 "-" "Mozilla/5.0 (Linux; Android 6.0.1; Nexus 5X Build/MMB29P) AppleWebKit/537.36 (KHTML, like Gecko) Chrome/128.0.6613.137 Mobile Safari/537.36 (compatible; GoogleOther)"
135.181.9.38 - - [28/Sep/2024:15:47:40 +0200] "POST /wp-cron.php?doing_wp_cron=1727531260.5798130035400390625000 HTTP/1.1" 200 0 "-" "WordPress/6.6.2; https://www.sudancam.net"
135.181.9.38 - - [28/Sep/2024:15:47:43 +0200] "POST /wp-cron.php?doing_wp_cron=1727531263.9131169319152832031250 HTTP/1.1" 200 0 "-" "WordPress/6.6.2; https://www.sudancam.net"
77.75.78.161 - - [28/Sep/2024:15:47:49 +0200] "GET /hmcak/v594339.html HTTP/1.1" 404 20322 "-" "Mozilla/5.0 (compatible; SeznamBot/4.0; +http://napoveda.seznam.cz/seznambot-intro/)"
66.249.64.13 - - [28/Sep/2024:15:47:52 +0200] "GET /bzmjg/d85813.html HTTP/1.1" 200 42678 "-" "Mozilla/5.0 (Linux; Android 6.0.1; Nexus 5X Build/MMB29P) AppleWebKit/537.36 (KHTML, like Gecko) Chrome/128.0.6613.137 Mobile Safari/537.36 (compatible; GoogleOther)"
77.75.78.161 - - [28/Sep/2024:15:47:53 +0200] "GET /nbfmh/y2772284.html HTTP/1.1" 404 20329 "-" "Mozilla/5.0 (compatible; SeznamBot/4.0; +http://napoveda.seznam.cz/seznambot-intro/)"
77.75.78.161 - - [28/Sep/2024:15:47:56 +0200] "GET /mcfsr/q2042170.html HTTP/1.1" 404 20321 "-" "Mozilla/5.0 (compatible; SeznamBot/4.0; +http://napoveda.seznam.cz/seznambot-intro/)"
77.75.78.161 - - [28/Sep/2024:15:48:00 +0200] "GET /vtqff/p794845.html HTTP/1.1" 404 20322 "-" "Mozilla/5.0 (compatible; SeznamBot/4.0; +http://napoveda.seznam.cz/seznambot-intro/)"
77.75.78.161 - - [28/Sep/2024:15:48:03 +0200] "GET /ymmxc/p1933021.html HTTP/1.1" 404 20323 "-" "Mozilla/5.0 (compatible; SeznamBot/4.0; +http://napoveda.seznam.cz/seznambot-intro/)"
77.75.78.161 - - [28/Sep/2024:15:48:06 +0200] "GET /scfln/q1182350.html HTTP/1.1" 404 20324 "-" "Mozilla/5.0 (compatible; SeznamBot/4.0; +http://napoveda.seznam.cz/seznambot-intro/)"
85.208.96.204 - - [28/Sep/2024:15:48:14 +0200] "GET /%D9%81%D9%88%D8%B6%D9%89-%D8%AD%D9%88%D8%A7%D8%B3%D8%8C-%D9%88%D9%82%D8%B5%D8%A9-%D9%86%D9%8A%D9%85-%D9%86%D9%85%D9%8A%D8%B1%D9%8A-%D9%81%D9%8A-%D8%B9%D8%B1%D9%81%D8%A7%D8%AA-%D8%A7%D9%84%D9%84/ HTTP/1.1" 200 73965 "-" "Mozilla/5.0 (compatible; SemrushBot/7~bl; +http://www.semrush.com/bot.html)"
77.75.78.161 - - [28/Sep/2024:15:48:13 +0200] "GET /hsobt/k2026330.html HTTP/1.1" 404 20322 "-" "Mozilla/5.0 (compatible; SeznamBot/4.0; +http://napoveda.seznam.cz/seznambot-intro/)"
52.167.144.145 - - [28/Sep/2024:15:48:16 +0200] "GET /byoel/o830464.html HTTP/2" 200 41800 "-" "Mozilla/5.0 AppleWebKit/537.36 (KHTML, like Gecko; compatible; bingbot/2.0; +http://www.bing.com/bingbot.htm) Chrome/116.0.1938.76 Safari/537.36"
77.75.78.161 - - [28/Sep/2024:15:48:29 +0200] "GET /ghcjl/x745531.html HTTP/1.1" 404 20322 "-" "Mozilla/5.0 (compatible; SeznamBot/4.0; +http://napoveda.seznam.cz/seznambot-intro/)"
74.80.208.56 - - [28/Sep/2024:15:48:30 +0200] "GET /tag/%D8%A7%D9%84%D9%83%D9%84%D8%A7%D9%85/ HTTP/2" 200 25580 "-" "Mozilla/5.0 (compatible; ImagesiftBot; +imagesift.com)"
85.208.96.195 - - [28/Sep/2024:15:48:34 +0200] "GET /%D9%85%D9%82%D8%A7%D9%88%D9%85%D8%A9-%D9%88%D9%84%D8%A7%D9%8A%D8%A9-%D8%A7%D9%84%D8%AE%D8%B1%D8%B7%D9%88%D9%85-%D9%85%D9%84%D9%8A%D9%88%D9%86%D9%8A%D8%A9-%D8%A7%D9%84%D9%8A%D9%88%D9%85-%D9%85%D9%8F/ HTTP/1.1" 403 0 "-" "Mozilla/5.0 (compatible; SemrushBot/7~bl; +http://www.semrush.com/bot.html)"
66.249.64.15 - - [28/Sep/2024:15:49:01 +0200] "GET /uklct/a2077592.html HTTP/1.1" 200 41521 "-" "Mozilla/5.0 (Linux; Android 6.0.1; Nexus 5X Build/MMB29P) AppleWebKit/537.36 (KHTML, like Gecko) Chrome/128.0.6613.137 Mobile Safari/537.36 (compatible; GoogleOther)"
135.181.9.38 - - [28/Sep/2024:15:49:35 +0200] "POST /wp-admin/admin-ajax.php?action=async_litespeed&nonce=ut2HqH2Fz7u0DkPrnaYTdZogVVjy0Hu7&litespeed_type=imgoptm HTTP/1.1" 200 21 "-" "WordPress/6.6.2; https://www.sudancam.net"
77.75.78.161 - - [28/Sep/2024:15:48:56 +0200] "GET /bpikj/c1818036.html HTTP/1.1" 404 20323 "-" "Mozilla/5.0 (compatible; SeznamBot/4.0; +http://napoveda.seznam.cz/seznambot-intro/)"
77.75.78.161 - - [28/Sep/2024:15:48:59 +0200] "GET /sjche/n2107765.html HTTP/1.1" 404 20326 "-" "Mozilla/5.0 (compatible; SeznamBot/4.0; +http://napoveda.seznam.cz/seznambot-intro/)"
77.75.78.161 - - [28/Sep/2024:15:49:03 +0200] "GET /amtpl/y272306.html HTTP/1.1" 404 20320 "-" "Mozilla/5.0 (compatible; SeznamBot/4.0; +http://napoveda.seznam.cz/seznambot-intro/)"
77.75.78.161 - - [28/Sep/2024:15:49:07 +0200] "GET /ykdby/i2552750.html HTTP/1.1" 404 20325 "-" "Mozilla/5.0 (compatible; SeznamBot/4.0; +http://napoveda.seznam.cz/seznambot-intro/)"
77.75.78.161 - - [28/Sep/2024:15:49:10 +0200] "GET /xhwdc/t1174917.html HTTP/1.1" 404 20328 "-" "Mozilla/5.0 (compatible; SeznamBot/4.0; +http://napoveda.seznam.cz/seznambot-intro/)"
77.75.78.161 - - [28/Sep/2024:15:49:13 +0200] "GET /dwhgq/f2422513.html HTTP/1.1" 404 20329 "-" "Mozilla/5.0 (compatible; SeznamBot/4.0; +http://napoveda.seznam.cz/seznambot-intro/)"
77.75.78.161 - - [28/Sep/2024:15:49:16 +0200] "GET /uxbqt/t2751765.html HTTP/1.1" 404 20322 "-" "Mozilla/5.0 (compatible; SeznamBot/4.0; +http://napoveda.seznam.cz/seznambot-intro/)"
77.75.78.161 - - [28/Sep/2024:15:49:19 +0200] "GET /gksln/q2643186.html HTTP/1.1" 404 20329 "-" "Mozilla/5.0 (compatible; SeznamBot/4.0; +http://napoveda.seznam.cz/seznambot-intro/)"
77.75.78.161 - - [28/Sep/2024:15:49:23 +0200] "GET /suxhn/h1396555.html HTTP/1.1" 404 20323 "-" "Mozilla/5.0 (compatible; SeznamBot/4.0; +http://napoveda.seznam.cz/seznambot-intro/)"
77.75.78.161 - - [28/Sep/2024:15:49:26 +0200] "GET /dnoee/t2834445.html HTTP/1.1" 404 20321 "-" "Mozilla/5.0 (compatible; SeznamBot/4.0; +http://napoveda.seznam.cz/seznambot-intro/)"
77.75.78.161 - - [28/Sep/2024:15:49:29 +0200] "GET /uvzmz/h206431.html HTTP/1.1" 404 20322 "-" "Mozilla/5.0 (compatible; SeznamBot/4.0; +http://napoveda.seznam.cz/seznambot-intro/)"
77.75.78.161 - - [28/Sep/2024:15:49:32 +0200] "GET /gkeug/q917124.html HTTP/1.1" 404 20322 "-" "Mozilla/5.0 (compatible; SeznamBot/4.0; +http://napoveda.seznam.cz/seznambot-intro/)"
185.191.171.16 - - [28/Sep/2024:15:49:35 +0200] "GET /%D8%A8%D8%B9%D8%AF-%D8%A7%D9%84%D8%B9%D9%88%D8%AF%D8%A9-%D8%A5%D9%84%D9%89-%D9%85%D8%B4%D8%A7%D8%B1%D9%8A%D8%B9-%D8%A7%D9%84%D9%81%D9%8A%D9%81%D8%A7-%D9%85%D9%86-%D8%A3%D9%88%D8%B3%D8%B9-%D8%A7%D9%84/ HTTP/1.1" 403 0 "-" "Mozilla/5.0 (compatible; SemrushBot/7~bl; +http://www.semrush.com/bot.html)"
77.75.78.161 - - [28/Sep/2024:15:49:35 +0200] "GET /wcowi/i2616034.html HTTP/1.1" 404 20322 "-" "Mozilla/5.0 (compatible; SeznamBot/4.0; +http://napoveda.seznam.cz/seznambot-intro/)"
77.75.78.161 - - [28/Sep/2024:15:49:38 +0200] "GET /loima/s2942838.html HTTP/1.1" 404 20321 "-" "Mozilla/5.0 (compatible; SeznamBot/4.0; +http://napoveda.seznam.cz/seznambot-intro/)"
77.75.78.161 - - [28/Sep/2024:15:49:40 +0200] "GET /acmom/i2303228.html HTTP/1.1" 404 20326 "-" "Mozilla/5.0 (compatible; SeznamBot/4.0; +http://napoveda.seznam.cz/seznambot-intro/)"
74.80.208.56 - - [28/Sep/2024:15:49:41 +0200] "GET /tag/%D8%B3%D8%A7%D8%A6%D9%82%D9%87%D8%A7/ HTTP/2" 200 35232 "-" "Mozilla/5.0 (compatible; ImagesiftBot; +imagesift.com)"
74.80.208.56 - - [28/Sep/2024:15:49:42 +0200] "GET /tag/%D8%AD%D9%85%D9%88%D8%AF/ HTTP/2" 200 23975 "-" "Mozilla/5.0 (compatible; ImagesiftBot; +imagesift.com)"
74.80.208.56 - - [28/Sep/2024:15:49:43 +0200] "GET /wp-json/wp/v2/tags/37476 HTTP/2" 200 297 "-" "Mozilla/5.0 (compatible; ImagesiftBot; +imagesift.com)"
77.75.78.161 - - [28/Sep/2024:15:49:43 +0200] "GET /lculh/z2580483.html HTTP/1.1" 404 20323 "-" "Mozilla/5.0 (compatible; SeznamBot/4.0; +http://napoveda.seznam.cz/seznambot-intro/)"
74.80.208.56 - - [28/Sep/2024:15:49:45 +0200] "GET /tag/%D9%83%D9%84%D8%A7%D8%A8/ HTTP/2" 200 18155 "-" "Mozilla/5.0 (compatible; ImagesiftBot; +imagesift.com)"
74.80.208.56 - - [28/Sep/2024:15:49:21 +0200] "GET /%D8%A7%D9%84%D8%AC%D8%B1%D8%A7%D8%AF-%D9%8A%D8%AC%D8%AA%D8%A7%D8%AD-%D9%85%D9%86%D8%A7%D8%B7%D9%82-%D8%A8%D9%80%D8%A7%D9%84%D8%AC%D8%B2%D9%8A%D8%B1%D8%A9-%D8%A7%D9%84%D9%86%D9%8A%D9%84%D9%8A%D9%86/ HTTP/2" 200 0 "-" "Mozilla/5.0 (compatible; ImagesiftBot; +imagesift.com)"
74.80.208.56 - - [28/Sep/2024:15:49:23 +0200] "GET /tag/%D9%88%D9%8A%D9%82%D9%86%D8%B9/feed/ HTTP/2" 200 3612 "-" "Mozilla/5.0 (compatible; ImagesiftBot; +imagesift.com)"
74.80.208.56 - - [28/Sep/2024:15:49:24 +0200] "GET /tag/%D8%A7%D9%84%D9%81%D8%A7%D8%A6%D8%B2/page/2/ HTTP/2" 200 23970 "-" "Mozilla/5.0 (compatible; ImagesiftBot; +imagesift.com)"
74.80.208.56 - - [28/Sep/2024:15:49:25 +0200] "GET /%D9%85%D9%86-%D8%B0%D8%A7%D9%83%D8%B1%D8%A9-%D8%A7%D9%84%D8%AD%D8%B1%D8%A8-%D9%81%D9%8A-%D8%A7%D9%84%D8%B3%D9%88%D8%AF%D8%A7%D9%86-%D9%85%D9%88%D9%82%D8%B9%D8%A9-%D8%A3%D9%85-%D8%B1%D9%82%D8%A7/feed/ HTTP/2" 200 730 "-" "Mozilla/5.0 (compatible; ImagesiftBot; +imagesift.com)"
74.80.208.56 - - [28/Sep/2024:15:49:26 +0200] "GET /%D8%B4%D8%A7%D9%87%D8%AF-%D8%A8%D8%A7%D9%84%D8%B5%D9%88%D8%B1%D8%A9-%D8%A7%D9%84%D8%B4%D8%A7%D8%B9%D8%B1%D8%A9-%D8%A7%D9%84%D8%B3%D9%88%D8%AF%D8%A7%D9%86%D9%8A%D8%A9-%D8%A7%D9%84%D8%AD%D8%B3%D9%86/ HTTP/2" 200 53093 "-" "Mozilla/5.0 (compatible; ImagesiftBot; +imagesift.com)"
74.80.208.56 - - [28/Sep/2024:15:49:27 +0200] "GET /tag/%D9%82%D9%86%D8%A8/ HTTP/2" 200 23464 "-" "Mozilla/5.0 (compatible; ImagesiftBot; +imagesift.com)"
66.249.64.14 - - [28/Sep/2024:15:49:27 +0200] "GET /opdpc/j1605467.html HTTP/1.1" 200 41213 "-" "Mozilla/5.0 (Linux; Android 6.0.1; Nexus 5X Build/MMB29P) AppleWebKit/537.36 (KHTML, like Gecko) Chrome/128.0.6613.137 Mobile Safari/537.36 (compatible; GoogleOther)"
74.80.208.56 - - [28/Sep/2024:15:49:28 +0200] "GET /wp-json/wp/v2/posts/5918 HTTP/2" 200 4326 "-" "Mozilla/5.0 (compatible; ImagesiftBot; +imagesift.com)"
74.80.208.56 - - [28/Sep/2024:15:49:29 +0200] "GET /%D8%A7%D9%84%D9%85%D8%A8%D8%B9%D9%88%D8%AB-%D8%A7%D9%84%D8%A3%D9%85%D9%8A%D8%B1%D9%83%D9%8A-%D9%8A%D8%A8%D8%AD%D8%AB-%D9%81%D9%8A-%D8%A7%D9%84%D9%82%D8%A7%D9%87%D8%B1%D8%A9-%D8%B3%D8%A8%D9%84-%D8%A7/ HTTP/2" 200 33076 "-" "Mozilla/5.0 (compatible; ImagesiftBot; +imagesift.com)"
74.80.208.56 - - [28/Sep/2024:15:49:30 +0200] "GET /wp-json/wp/v2/posts/10507 HTTP/2" 200 1328 "-" "Mozilla/5.0 (compatible; ImagesiftBot; +imagesift.com)"
74.80.208.56 - - [28/Sep/2024:15:49:31 +0200] "GET /tag/%D8%A7%D9%84%D8%B3%D9%8A%D8%A7%D8%AD%D9%8A%D8%A9/ HTTP/2" 200 25113 "-" "Mozilla/5.0 (compatible; ImagesiftBot; +imagesift.com)"
74.80.208.56 - - [28/Sep/2024:15:49:33 +0200] "GET /tag/%D8%A3%D8%AB%D9%8A%D9%88%D8%A8%D9%8A%D8%A7/ HTTP/2" 200 25262 "-" "Mozilla/5.0 (compatible; ImagesiftBot; +imagesift.com)"
135.181.9.38 - - [28/Sep/2024:15:49:35 +0200] "POST /wp-cron.php?doing_wp_cron=1727531375.1387610435485839843750 HTTP/1.1" 200 0 "-" "WordPress/6.6.2; https://www.sudancam.net"
74.80.208.56 - - [28/Sep/2024:15:49:34 +0200] "GET /tag/%D8%A8%D8%AC%D9%84%D9%8A/ HTTP/2" 200 23681 "-" "Mozilla/5.0 (compatible; ImagesiftBot; +imagesift.com)"
66.249.64.13 - - [28/Sep/2024:15:49:35 +0200] "GET /udvir/b67741.html HTTP/1.1" 200 41650 "-" "Mozilla/5.0 (Linux; Android 6.0.1; Nexus 5X Build/MMB29P) AppleWebKit/537.36 (KHTML, like Gecko) Chrome/128.0.6613.137 Mobile Safari/537.36 (compatible; GoogleOther)"
74.80.208.56 - - [28/Sep/2024:15:49:36 +0200] "GET /wp-json/wp/v2/posts/5804 HTTP/2" 200 1913 "-" "Mozilla/5.0 (compatible; ImagesiftBot; +imagesift.com)"
74.80.208.56 - - [28/Sep/2024:15:49:36 +0200] "GET /tag/%D8%A7%D9%84%D8%A3%D9%87%D9%84%D9%8A%D8%A9/ HTTP/2" 200 26465 "-" "Mozilla/5.0 (compatible; ImagesiftBot; +imagesift.com)"
74.80.208.56 - - [28/Sep/2024:15:49:38 +0200] "GET /wp-json/wp/v2/posts/14510 HTTP/2" 200 3690 "-" "Mozilla/5.0 (compatible; ImagesiftBot; +imagesift.com)"
74.80.208.56 - - [28/Sep/2024:15:49:46 +0200] "GET /10-%D8%A5%D8%B6%D8%A7%D9%81%D8%A7%D8%AA-%D8%B5%D8%AD%D9%8A%D8%A9-%D9%84%D8%AA%D8%B9%D8%B8%D9%8A%D9%85-%D9%81%D9%88%D8%A7%D8%A6%D8%AF-%D8%A7%D9%84%D9%86%D8%B8%D8%A7%D9%85-%D8%A7%D9%84%D8%BA%D8%B0%D8%A7/ HTTP/2" 200 0 "-" "Mozilla/5.0 (compatible; ImagesiftBot; +imagesift.com)"
74.80.208.56 - - [28/Sep/2024:15:49:47 +0200] "GET /%D9%85%D8%A7%D8%B0%D8%A7-%D9%8A%D8%AD%D8%AF%D8%AB-%D8%A5%D8%B0%D8%A7-%D9%88%D8%B6%D8%B9%D8%AA-%D8%A8%D8%B5%D9%84%D8%A9-%D9%85%D9%82%D8%B4%D8%B1%D8%A9-%D9%81%D9%8A-%D8%BA%D8%B1%D9%81%D8%A9-%D8%A7/ HTTP/2" 200 26222 "-" "Mozilla/5.0 (compatible; ImagesiftBot; +imagesift.com)"
77.75.78.161 - - [28/Sep/2024:15:49:52 +0200] "GET /asjbv/u1510292.html HTTP/1.1" 404 20322 "-" "Mozilla/5.0 (compatible; SeznamBot/4.0; +http://napoveda.seznam.cz/seznambot-intro/)"
74.80.208.56 - - [28/Sep/2024:15:50:05 +0200] "GET /tag/%D8%AA%D9%85%D8%B4%D9%8A%D8%B7%D9%87/ HTTP/2" 200 23751 "-" "Mozilla/5.0 (compatible; ImagesiftBot; +imagesift.com)"
74.80.208.56 - - [28/Sep/2024:15:50:07 +0200] "GET /wp-json/wp/v2/posts/7598 HTTP/2" 200 0 "-" "Mozilla/5.0 (compatible; ImagesiftBot; +imagesift.com)"
74.80.208.56 - - [28/Sep/2024:15:50:07 +0200] "GET /wp-json/wp/v2/posts/22061 HTTP/2" 200 2307 "-" "Mozilla/5.0 (compatible; ImagesiftBot; +imagesift.com)"
74.80.208.56 - - [28/Sep/2024:15:50:08 +0200] "GET /%D9%84%D8%AC%D9%86%D8%A9-%D8%A7%D9%84%D8%AA%D8%AD%D9%83%D9%8A%D9%85-%D8%A7%D9%84%D9%85%D8%AD%D9%84%D9%8A%D8%A9-%D8%A8%D9%83%D9%86%D8%A7%D9%86%D8%A9-%D8%AA%D9%86%D8%B8%D9%85-%D8%A3%D9%83%D8%A8%D8%B1/ HTTP/2" 200 45196 "-" "Mozilla/5.0 (compatible; ImagesiftBot; +imagesift.com)"
74.80.208.56 - - [28/Sep/2024:15:50:10 +0200] "GET /tag/%D8%A3%D8%AF%D9%84%D9%89/ HTTP/2" 200 0 "-" "Mozilla/5.0 (compatible; ImagesiftBot; +imagesift.com)"
74.80.208.56 - - [28/Sep/2024:15:50:10 +0200] "GET /wp-json/wp/v2/posts/7484 HTTP/2" 200 2179 "-" "Mozilla/5.0 (compatible; ImagesiftBot; +imagesift.com)"
74.80.208.56 - - [28/Sep/2024:15:50:11 +0200] "GET /%D8%AF%D8%B9%D9%88%D8%A7%D8%AA-%D9%84%D8%A7%D8%B3%D8%AA%D8%A6%D9%86%D8%A7%D9%81-%D8%A7%D9%84%D8%B9%D9%85%D9%84%D9%8A%D8%A9-%D8%A7%D9%84%D8%B3%D9%8A%D8%A7%D8%B3%D9%8A%D8%A9-%D8%A8%D8%B9%D8%AF-%D8%A7/ HTTP/2" 200 0 "-" "Mozilla/5.0 (compatible; ImagesiftBot; +imagesift.com)"
74.80.208.56 - - [28/Sep/2024:15:50:12 +0200] "GET /tag/%D9%85%D8%A7%D8%B4%D9%8A%D8%A9/feed/ HTTP/2" 200 4382 "-" "Mozilla/5.0 (compatible; ImagesiftBot; +imagesift.com)"
74.80.208.56 - - [28/Sep/2024:15:50:14 +0200] "GET /tag/%D9%85%D8%A7%D8%AF%D8%A7%D8%B1/ HTTP/2" 200 23468 "-" "Mozilla/5.0 (compatible; ImagesiftBot; +imagesift.com)"
74.80.208.56 - - [28/Sep/2024:15:50:15 +0200] "GET /tag/%D9%85%D8%B1%D9%8A%D9%84%D8%A9/feed/ HTTP/2" 200 3462 "-" "Mozilla/5.0 (compatible; ImagesiftBot; +imagesift.com)"
74.80.208.56 - - [28/Sep/2024:15:50:16 +0200] "GET /%D9%83%D9%8A%D9%81-%D8%AA%D9%88%D9%82%D8%B9-%D8%A7%D9%84%D8%B0%D9%83%D8%A7%D8%A1-%D8%A7%D9%84%D8%A7%D8%B5%D8%B7%D9%86%D8%A7%D8%B9%D9%8A-%D9%86%D9%87%D8%A7%D9%8A%D8%A9-%D8%A7%D9%84%D8%AD%D8%B1%D8%A8/ HTTP/2" 200 0 "-" "Mozilla/5.0 (compatible; ImagesiftBot; +imagesift.com)"
74.80.208.56 - - [28/Sep/2024:15:50:18 +0200] "GET /tag/%D8%A8%D9%85%D8%AD%D8%A7%D8%B5%D8%B1%D8%A9/ HTTP/2" 200 23571 "-" "Mozilla/5.0 (compatible; ImagesiftBot; +imagesift.com)"
77.75.78.161 - - [28/Sep/2024:15:50:18 +0200] "GET /ninnb/p2492905.html HTTP/1.1" 404 20321 "-" "Mozilla/5.0 (compatible; SeznamBot/4.0; +http://napoveda.seznam.cz/seznambot-intro/)"
74.80.208.56 - - [28/Sep/2024:15:50:20 +0200] "GET /wp-json/wp/v2/posts/7370 HTTP/2" 200 0 "-" "Mozilla/5.0 (compatible; ImagesiftBot; +imagesift.com)"
74.80.208.56 - - [28/Sep/2024:15:50:20 +0200] "GET /tag/%D9%88%D8%A8%D8%A3%D9%86/feed/ HTTP/2" 200 2911 "-" "Mozilla/5.0 (compatible; ImagesiftBot; +imagesift.com)"
74.80.208.56 - - [28/Sep/2024:15:50:21 +0200] "GET /wp-json/wp/v2/posts/3353 HTTP/2" 200 3008 "-" "Mozilla/5.0 (compatible; ImagesiftBot; +imagesift.com)"
74.80.208.56 - - [28/Sep/2024:15:49:49 +0200] "GET /%D8%A7%D9%84%D8%A2%D9%84%D9%8A%D8%A9-%D8%A7%D9%84%D8%AB%D9%84%D8%A7%D8%AB%D9%8A%D8%A9-%D8%AA%D9%84%D8%AA%D9%82%D9%8A-%D8%A8%D9%88%D9%81%D8%AF-%D8%B1%D8%A6%D8%A7%D8%B3%D9%8A-%D9%85%D9%86-%D8%AC%D9%86/ HTTP/2" 200 47430 "-" "Mozilla/5.0 (compatible; ImagesiftBot; +imagesift.com)"
74.80.208.56 - - [28/Sep/2024:15:49:50 +0200] "GET /tag/%D8%B1%D9%8A%D8%AD%D8%A7%D9%86/ HTTP/2" 200 24064 "-" "Mozilla/5.0 (compatible; ImagesiftBot; +imagesift.com)"
74.80.208.56 - - [28/Sep/2024:15:49:52 +0200] "GET /%D8%B4%D8%A7%D9%87%D8%AF-%D8%A8%D8%A7%D9%84%D9%81%D9%8A%D8%AF%D9%8A%D9%88-%D9%82%D8%A7%D9%84-%D8%A3%D8%AE%D9%8A%D8%B1-%D8%A7%D8%AF%D8%B1%D8%AF%D9%82-%D9%81%D9%8A-%D8%A7%D9%84%D9%88%D8%A7%D8%B7/ HTTP/2" 200 33478 "-" "Mozilla/5.0 (compatible; ImagesiftBot; +imagesift.com)"
74.80.208.56 - - [28/Sep/2024:15:49:53 +0200] "GET /qxjjh/f1804077.html HTTP/2" 404 22080 "-" "Mozilla/5.0 (compatible; ImagesiftBot; +imagesift.com)"
74.80.208.56 - - [28/Sep/2024:15:49:54 +0200] "GET /%D8%A7%D8%B4%D8%AA%D8%A8%D8%A7%D9%83%D8%A7%D8%AA-%D8%B9%D9%86%D9%8A%D9%81%D8%A9-%D8%A8%D9%8A%D9%86-%D8%A7%D9%84%D8%AC%D9%8A%D8%B4-%D9%88%D8%A7%D9%84%D8%AF%D8%B9%D9%85-%D8%A7%D9%84%D8%B3%D8%B1%D9%8A-3/ HTTP/2" 200 34884 "-" "Mozilla/5.0 (compatible; ImagesiftBot; +imagesift.com)"
74.80.208.56 - - [28/Sep/2024:15:49:56 +0200] "GET /wp-json/wp/v2/tags/4116 HTTP/2" 200 317 "-" "Mozilla/5.0 (compatible; ImagesiftBot; +imagesift.com)"
74.80.208.56 - - [28/Sep/2024:15:49:56 +0200] "GET /tag/%D9%85%D9%88%D8%B9%D8%AF%D8%A7/ HTTP/2" 200 55265 "-" "Mozilla/5.0 (compatible; ImagesiftBot; +imagesift.com)"
74.80.208.56 - - [28/Sep/2024:15:49:58 +0200] "GET /tag/%D8%A7%D8%B5%D8%A8%D8%AD%D8%AA/ HTTP/2" 200 52124 "-" "Mozilla/5.0 (compatible; ImagesiftBot; +imagesift.com)"
74.80.208.56 - - [28/Sep/2024:15:49:59 +0200] "GET /tag/%D8%A3%D8%AE%D8%B1%D8%AC/ HTTP/2" 200 24959 "-" "Mozilla/5.0 (compatible; ImagesiftBot; +imagesift.com)"
74.80.208.56 - - [28/Sep/2024:15:50:00 +0200] "GET /%D8%AA%D9%87%D8%AF%D9%8A%D8%AF-%D8%A8%D8%B9%D8%AF%D9%85-%D8%A7%D9%84%D8%B3%D9%85%D8%A7%D8%AD-%D8%A8%D8%B1%D9%81%D8%B9-%D8%A7%D9%84%D8%B9%D9%84%D9%85-%D8%A7%D9%84%D8%AA%D9%88%D9%86%D8%B3%D9%8A-%D8%AE/ HTTP/2" 200 0 "-" "Mozilla/5.0 (compatible; ImagesiftBot; +imagesift.com)"
74.80.208.56 - - [28/Sep/2024:15:50:01 +0200] "GET /tag/%D9%82%D9%84%D8%AA%D9%87/ HTTP/2" 200 0 "-" "Mozilla/5.0 (compatible; ImagesiftBot; +imagesift.com)"
74.80.208.56 - - [28/Sep/2024:15:50:02 +0200] "GET /%D8%A8%D8%A7%D9%84%D9%81%D9%8A%D8%AF%D9%8A%D9%88-%D9%81%D9%86%D8%A7%D9%86%D8%A9-%D8%AA%D8%A8%D9%83%D9%8A-%D9%88%D8%AA%D8%B5%D8%B1%D8%AE-%D9%88%D8%B3%D8%B7-%D8%B4%D8%A7%D8%B1%D8%B9-%D8%B9%D8%A7%D9%85/ HTTP/2" 200 44888 "-" "Mozilla/5.0 (compatible; ImagesiftBot; +imagesift.com)"
74.80.208.56 - - [28/Sep/2024:15:50:04 +0200] "GET /tag/%D9%88%D8%AD%D8%B1%D9%85%D8%A7%D9%86/ HTTP/2" 200 0 "-" "Mozilla/5.0 (compatible; ImagesiftBot; +imagesift.com)"
66.249.64.13 - - [28/Sep/2024:15:50:06 +0200] "GET /drgvp/n1987255.html HTTP/1.1" 200 41230 "-" "Mozilla/5.0 (Linux; Android 6.0.1; Nexus 5X Build/MMB29P) AppleWebKit/537.36 (KHTML, like Gecko) Chrome/128.0.6613.137 Mobile Safari/537.36 (compatible; Googlebot/2.1; +http://www.google.com/bot.html)"
74.80.208.56 - - [28/Sep/2024:15:50:29 +0200] "GET /%D8%B3%D8%B9%D8%B1-%D8%A7%D9%84%D8%AF%D8%B1%D9%87%D9%85-%D8%A7%D9%84%D8%A7%D9%85%D8%A7%D8%B1%D8%A7%D8%AA%D9%8A-%D9%81%D9%8A-%D8%A7%D9%84%D8%A8%D9%86%D9%88%D9%83-%D9%84%D9%8A%D9%88%D9%85-%D8%A7-52/ HTTP/2" 200 0 "-" "Mozilla/5.0 (compatible; ImagesiftBot; +imagesift.com)"
74.80.208.56 - - [28/Sep/2024:15:50:30 +0200] "GET /tag/%D8%B4%D9%85%D9%88%D8%B9%D8%A7/ HTTP/2" 200 23490 "-" "Mozilla/5.0 (compatible; ImagesiftBot; +imagesift.com)"
74.80.208.56 - - [28/Sep/2024:15:50:31 +0200] "GET /wp-json/wp/v2/posts/14438 HTTP/2" 200 3497 "-" "Mozilla/5.0 (compatible; ImagesiftBot; +imagesift.com)"
74.80.208.56 - - [28/Sep/2024:15:50:32 +0200] "GET /tag/%D8%A3%D8%B7%D8%B1%D8%A7%D9%81/page/3/ HTTP/2" 200 26422 "-" "Mozilla/5.0 (compatible; ImagesiftBot; +imagesift.com)"
135.181.9.38 - - [28/Sep/2024:15:49:43 +0200] "POST /wp-cron.php?doing_wp_cron=1727531383.1001739501953125000000 HTTP/1.1" 200 0 "-" "WordPress/6.6.2; https://www.sudancam.net"
66.249.64.13 - - [28/Sep/2024:15:49:57 +0200] "GET /gwmqu/j1098389.html HTTP/1.1" 200 41966 "-" "Mozilla/5.0 (Linux; Android 6.0.1; Nexus 5X Build/MMB29P) AppleWebKit/537.36 (KHTML, like Gecko) Chrome/128.0.6613.137 Mobile Safari/537.36 (compatible; GoogleOther)"
77.75.78.161 - - [28/Sep/2024:15:50:03 +0200] "GET /tcnok/c2391180.html HTTP/1.1" 404 20321 "-" "Mozilla/5.0 (compatible; SeznamBot/4.0; +http://napoveda.seznam.cz/seznambot-intro/)"
178.236.247.6 - - [28/Sep/2024:15:50:04 +0200] "POST /74a7c9952328.php HTTP/1.1" 200 9 "-" "curl/7.86.0"
77.75.78.161 - - [28/Sep/2024:15:50:07 +0200] "GET /cgfba/d1231191.html HTTP/1.1" 404 20321 "-" "Mozilla/5.0 (compatible; SeznamBot/4.0; +http://napoveda.seznam.cz/seznambot-intro/)"
77.75.78.161 - - [28/Sep/2024:15:50:10 +0200] "GET /hvxrl/j235891.html HTTP/1.1" 404 20321 "-" "Mozilla/5.0 (compatible; SeznamBot/4.0; +http://napoveda.seznam.cz/seznambot-intro/)"
66.249.64.14 - - [28/Sep/2024:15:50:33 +0200] "GET /vfeap/f2355225.html HTTP/1.1" 200 43587 "-" "Mozilla/5.0 (Linux; Android 6.0.1; Nexus 5X Build/MMB29P) AppleWebKit/537.36 (KHTML, like Gecko) Chrome/128.0.6613.137 Mobile Safari/537.36 (compatible; GoogleOther)"
135.181.9.38 - - [28/Sep/2024:15:50:34 +0200] "POST /wp-cron.php?doing_wp_cron=1727531434.2430338859558105468750 HTTP/1.1" 200 0 "-" "WordPress/6.6.2; https://www.sudancam.net"
135.181.9.38 - - [28/Sep/2024:15:50:43 +0200] "POST /wp-cron.php?doing_wp_cron=1727531443.3015329837799072265625 HTTP/1.1" 200 0 "-" "WordPress/6.6.2; https://www.sudancam.net"
74.80.208.56 - - [28/Sep/2024:15:50:43 +0200] "GET /tag/%D9%88%D8%A7%D9%86%D8%AE%D9%81%D8%A7%D8%B6%D8%A7%D8%AA/feed/ HTTP/2" 200 2270 "-" "Mozilla/5.0 (compatible; ImagesiftBot; +imagesift.com)"
74.80.208.56 - - [28/Sep/2024:15:50:44 +0200] "GET /tag/%D9%88%D8%A7%D8%B1%D8%AA%D8%B7%D9%85/feed/ HTTP/2" 200 3028 "-" "Mozilla/5.0 (compatible; ImagesiftBot; +imagesift.com)"
74.80.208.56 - - [28/Sep/2024:15:50:45 +0200] "GET /%D8%A7%D9%84%D9%87%D9%84%D8%A7%D9%84-%D9%8A%D8%AE%D8%B3%D8%B1-%D8%A3%D9%85%D8%A7%D9%85-%D8%B3%D8%A7%D9%86%D8%AA-%D8%AC%D9%88%D8%B1%D8%AC-%D8%A7%D9%84%D8%A5%D8%AB%D9%8A%D9%88%D8%A8%D9%8A-%D9%81%D9%8A/ HTTP/2" 200 44986 "-" "Mozilla/5.0 (compatible; ImagesiftBot; +imagesift.com)"
74.80.208.56 - - [28/Sep/2024:15:50:46 +0200] "GET /tag/%D9%82%D8%B1%D9%8A%D8%A9/ HTTP/2" 200 38454 "-" "Mozilla/5.0 (compatible; ImagesiftBot; +imagesift.com)"
74.80.208.56 - - [28/Sep/2024:15:50:47 +0200] "GET /%D8%B4%D8%A7%D9%87%D8%AF-%D8%A8%D8%A7%D9%84%D9%81%D9%8A%D8%AF%D9%8A%D9%88-%D8%B4%D8%A8%D8%A7%D8%A8-%D9%8A%D8%B3%D8%AA%D8%AC%D9%8A%D8%A8%D9%88%D9%86-%D9%84%D9%86%D8%AF%D8%A7%D8%A1-%D8%A7%D9%84%D9%82/ HTTP/2" 200 31554 "-" "Mozilla/5.0 (compatible; ImagesiftBot; +imagesift.com)"
74.80.208.56 - - [28/Sep/2024:15:50:48 +0200] "GET /wp-json/wp/v2/tags/17686 HTTP/2" 200 327 "-" "Mozilla/5.0 (compatible; ImagesiftBot; +imagesift.com)"
74.80.208.56 - - [28/Sep/2024:15:50:49 +0200] "GET /tag/%D8%A7%D9%84%D8%A8%D9%84%D8%AD/ HTTP/2" 200 24402 "-" "Mozilla/5.0 (compatible; ImagesiftBot; +imagesift.com)"
74.80.208.56 - - [28/Sep/2024:15:50:51 +0200] "GET /tag/%D9%87%D8%B3%D8%AA%D9%8A%D8%B1%D9%8A%D8%A9/feed/ HTTP/2" 200 5375 "-" "Mozilla/5.0 (compatible; ImagesiftBot; +imagesift.com)"
74.80.208.56 - - [28/Sep/2024:15:50:52 +0200] "GET /%D8%A5%D8%BA%D9%84%D8%A7%D9%82-%D8%B7%D8%B1%D9%8A%D9%82-%D8%A7%D9%84%D9%81%D8%A7%D8%B4%D8%B1-%D8%A7%D9%84%D8%AE%D8%B1%D8%B7%D9%88%D9%85-%D8%A7%D9%84%D9%86%D9%8A%D9%84%D9%8A%D9%86/ HTTP/2" 200 43136 "-" "Mozilla/5.0 (compatible; ImagesiftBot; +imagesift.com)"
74.80.208.56 - - [28/Sep/2024:15:50:53 +0200] "GET /tag/%D9%84%D9%84%D8%A8%D9%84%D8%A7%D8%AF/ HTTP/2" 200 39175 "-" "Mozilla/5.0 (compatible; ImagesiftBot; +imagesift.com)"
74.80.208.56 - - [28/Sep/2024:15:50:54 +0200] "GET /tag/%D8%AA%D8%A3%D9%85%D9%8A%D9%85/ HTTP/2" 200 0 "-" "Mozilla/5.0 (compatible; ImagesiftBot; +imagesift.com)"
74.80.208.56 - - [28/Sep/2024:15:50:56 +0200] "GET /%D8%AA%D9%88%D9%82%D9%8A%D9%81-%D8%B4%D8%A8%D9%83%D8%A9-%D8%A7%D8%AC%D8%B1%D8%A7%D9%85%D9%8A%D8%A9-%D8%A7%D8%AD%D8%AA%D8%A7%D9%84%D8%AA-%D9%81%D9%8A-%D9%85%D8%A8%D9%84%D8%BA-42-%D9%85%D9%84/ HTTP/2" 200 61763 "-" "Mozilla/5.0 (compatible; ImagesiftBot; +imagesift.com)"
66.249.64.13 - - [28/Sep/2024:15:50:57 +0200] "GET /opfkq/g674794.html HTTP/1.1" 200 41707 "-" "Mozilla/5.0 (Linux; Android 6.0.1; Nexus 5X Build/MMB29P) AppleWebKit/537.36 (KHTML, like Gecko) Chrome/128.0.6613.137 Mobile Safari/537.36 (compatible; GoogleOther)"
74.80.208.56 - - [28/Sep/2024:15:50:57 +0200] "GET /%D8%B9%D8%A8%D8%AF-%D8%A7%D9%84%D9%84%D9%87-%D9%85%D8%B3%D8%A7%D8%B1-%D9%8A%D9%83%D8%AA%D8%A8-%D9%81%D9%8A%D8%AA%D9%88-%D8%A7%D9%84%D8%AD%D8%B1%D9%8A%D8%A9-%D9%88%D8%A7%D9%84%D8%AA%D8%BA%D9%8A%D9%8A/feed/ HTTP/2" 200 752 "-" "Mozilla/5.0 (compatible; ImagesiftBot; +imagesift.com)"
74.80.208.56 - - [28/Sep/2024:15:50:58 +0200] "GET /sitemap653.xml HTTP/2" 200 14374 "-" "Mozilla/5.0 (compatible; ImagesiftBot; +imagesift.com)"
74.80.208.56 - - [28/Sep/2024:15:50:59 +0200] "GET /%D8%A7%D9%84%D8%B3%D9%84%D8%B7%D8%A7%D8%AA-%D8%A7%D9%84%D8%B3%D9%88%D8%AF%D8%A7%D9%86%D9%8A%D8%A9-%D8%AA%D9%82%D9%8A%D8%AF-%D8%AD%D8%B1%D9%83%D8%A9-%D8%A7%D9%84%D9%85%D9%86%D8%B8%D9%85%D8%A7%D8%AA/ HTTP/2" 200 47675 "-" "Mozilla/5.0 (compatible; ImagesiftBot; +imagesift.com)"
74.80.208.56 - - [28/Sep/2024:15:51:01 +0200] "GET /wp-json/wp/v2/posts/25701 HTTP/2" 200 3102 "-" "Mozilla/5.0 (compatible; ImagesiftBot; +imagesift.com)"
74.80.208.56 - - [28/Sep/2024:15:51:02 +0200] "GET /%D8%B3%D8%B9%D8%B1-%D8%A7%D9%84%D8%B1%D9%8A%D8%A7%D9%84-%D8%A7%D9%84%D8%B3%D8%B9%D9%88%D8%AF%D9%8A-%D9%81%D9%8A-%D8%A7%D9%84%D8%A8%D9%86%D9%88%D9%83-%D9%84%D9%8A%D9%88%D9%85-%D8%A7%D9%84%D8%A3-22/feed/ HTTP/2" 200 735 "-" "Mozilla/5.0 (compatible; ImagesiftBot; +imagesift.com)"
74.80.208.56 - - [28/Sep/2024:15:51:04 +0200] "GET /olttw/x1178119.html HTTP/2" 200 0 "-" "Mozilla/5.0 (compatible; ImagesiftBot; +imagesift.com)"
74.80.208.56 - - [28/Sep/2024:15:51:04 +0200] "GET /%D8%A7%D9%84%D9%82%D9%88%D8%A7%D8%AA-%D8%A7%D9%84%D9%85%D8%B3%D9%84%D8%AD%D8%A9-%D9%82%D9%88%D8%A7%D8%AA%D9%86%D8%A7-%D9%83%D8%A8%D8%AF%D8%AA-%D8%A7%D9%84%D9%85%D8%AA%D9%85%D8%B1%D8%AF%D9%8A%D9%86/ HTTP/2" 200 32461 "-" "Mozilla/5.0 (compatible; ImagesiftBot; +imagesift.com)"
74.80.208.56 - - [28/Sep/2024:15:51:06 +0200] "GET /tag/%D9%88%D8%A7%D9%84%D8%B3%D8%A8%D8%A8/ HTTP/2" 200 27454 "-" "Mozilla/5.0 (compatible; ImagesiftBot; +imagesift.com)"
74.80.208.56 - - [28/Sep/2024:15:51:07 +0200] "GET /tag/%D9%84%D9%84%D9%87%D9%84%D8%A7%D9%84/ HTTP/2" 200 53575 "-" "Mozilla/5.0 (compatible; ImagesiftBot; +imagesift.com)"
74.80.208.56 - - [28/Sep/2024:15:51:08 +0200] "GET /wp-json/wp/v2/posts/28506 HTTP/2" 200 4574 "-" "Mozilla/5.0 (compatible; ImagesiftBot; +imagesift.com)"
74.80.208.56 - - [28/Sep/2024:15:51:09 +0200] "GET /%D8%A7%D9%84%D9%81%D8%B1%D9%8A%D9%82-%D8%A3%D9%88%D9%84-%D9%83%D8%A8%D8%A7%D8%B4%D9%8A-%D9%8A%D8%B9%D9%82%D8%AF-%D8%A7%D8%AC%D8%AA%D9%85%D8%A7%D8%B9%D8%A7%D9%8B-%D9%85%D8%B9-%D8%B3%D9%81%D8%B1%D8%A7/ HTTP/2" 200 33027 "-" "Mozilla/5.0 (compatible; ImagesiftBot; +imagesift.com)"
74.80.208.56 - - [28/Sep/2024:15:51:11 +0200] "GET /tag/%D8%A8%D8%AD%D9%88%D8%B2%D8%AA%D9%87%D8%A7/ HTTP/2" 200 25241 "-" "Mozilla/5.0 (compatible; ImagesiftBot; +imagesift.com)"
74.80.208.56 - - [28/Sep/2024:15:51:12 +0200] "GET /tag/%D9%88%D9%85%D9%88%D8%B1%D9%8A%D8%AA%D8%A7%D9%86%D9%8A%D8%A7/ HTTP/2" 200 24896 "-" "Mozilla/5.0 (compatible; ImagesiftBot; +imagesift.com)"
74.80.208.56 - - [28/Sep/2024:15:51:13 +0200] "GET /tag/%D8%AE%D9%8A%D8%A8%D8%A9/ HTTP/2" 200 53565 "-" "Mozilla/5.0 (compatible; ImagesiftBot; +imagesift.com)"
74.80.208.56 - - [28/Sep/2024:15:51:15 +0200] "GET /%D9%81%D9%8A%D8%AF%D9%8A%D9%88-%D8%AD%D9%85%D9%8A%D8%AF%D8%AA%D9%8A-%D8%B9%D9%86%D8%AF%D9%85%D8%A7-%D9%82%D8%A7%D9%84-%D8%A3%D9%86-%D8%A7%D9%84%D8%B9%D9%85%D8%A7%D8%B1%D8%A7%D8%AA-%D8%B3%D8%AA%D8%B3/ HTTP/2" 200 0 "-" "Mozilla/5.0 (compatible; ImagesiftBot; +imagesift.com)"
74.80.208.56 - - [28/Sep/2024:15:50:22 +0200] "GET /wp-json/wp/v2/tags/30054 HTTP/2" 200 323 "-" "Mozilla/5.0 (compatible; ImagesiftBot; +imagesift.com)"
77.75.78.161 - - [28/Sep/2024:15:50:23 +0200] "GET /zrqyn/v851635.html HTTP/1.1" 404 20323 "-" "Mozilla/5.0 (compatible; SeznamBot/4.0; +http://napoveda.seznam.cz/seznambot-intro/)"
74.80.208.56 - - [28/Sep/2024:15:50:23 +0200] "GET /%D9%87%D8%AA%D9%81%D9%88%D8%A7-%D8%A3%D9%86-%D8%AA%D8%B3%D9%82%D8%B7-%D8%A8%D8%B3%D8%8C-%D9%83%D9%8A%D9%81%D9%85%D8%A7-%D9%83%D8%A7%D9%86-%D8%A7%D9%84%D8%B3%D9%82%D9%88%D8%B7%D8%8C-%D9%81%D8%B3%D9%82/ HTTP/2" 200 47651 "-" "Mozilla/5.0 (compatible; ImagesiftBot; +imagesift.com)"
74.80.208.56 - - [28/Sep/2024:15:50:24 +0200] "GET /tag/%D9%88%D9%85%D8%AA%D8%B1%D8%A7%D8%AC%D8%B9/feed/ HTTP/2" 200 3882 "-" "Mozilla/5.0 (compatible; ImagesiftBot; +imagesift.com)"
74.80.208.56 - - [28/Sep/2024:15:50:25 +0200] "GET /tag/%D9%84%D9%84%D9%86%D8%A7%D8%A6%D8%A8/feed/ HTTP/2" 200 6870 "-" "Mozilla/5.0 (compatible; ImagesiftBot; +imagesift.com)"
74.80.208.56 - - [28/Sep/2024:15:50:26 +0200] "GET /tag/%D9%88%D8%AF%D8%AE%D9%84/ HTTP/2" 200 23615 "-" "Mozilla/5.0 (compatible; ImagesiftBot; +imagesift.com)"
77.75.78.161 - - [28/Sep/2024:15:50:26 +0200] "GET /rzqfl/q2439632.html HTTP/1.1" 404 20325 "-" "Mozilla/5.0 (compatible; SeznamBot/4.0; +http://napoveda.seznam.cz/seznambot-intro/)"
77.75.78.161 - - [28/Sep/2024:15:50:33 +0200] "GET /wykmg/x3034623.html HTTP/1.1" 404 20324 "-" "Mozilla/5.0 (compatible; SeznamBot/4.0; +http://napoveda.seznam.cz/seznambot-intro/)"
20.15.133.174 - - [28/Sep/2024:15:50:34 +0200] "GET /prkbn/o938910.html HTTP/2" 200 42028 "-" "Mozilla/5.0 AppleWebKit/537.36 (KHTML, like Gecko; compatible; bingbot/2.0; +http://www.bing.com/bingbot.htm) Chrome/116.0.1938.76 Safari/537.36"
77.75.78.161 - - [28/Sep/2024:15:50:37 +0200] "GET /syxgn/w2537944.html HTTP/1.1" 404 20322 "-" "Mozilla/5.0 (compatible; SeznamBot/4.0; +http://napoveda.seznam.cz/seznambot-intro/)"
77.75.78.161 - - [28/Sep/2024:15:50:40 +0200] "GET /isazq/w3038496.html HTTP/1.1" 404 20323 "-" "Mozilla/5.0 (compatible; SeznamBot/4.0; +http://napoveda.seznam.cz/seznambot-intro/)"
77.75.78.161 - - [28/Sep/2024:15:50:47 +0200] "GET /pbhgq/n1420455.html HTTP/1.1" 404 20323 "-" "Mozilla/5.0 (compatible; SeznamBot/4.0; +http://napoveda.seznam.cz/seznambot-intro/)"
77.75.78.161 - - [28/Sep/2024:15:50:51 +0200] "GET /oexad/e2425554.html HTTP/1.1" 404 20321 "-" "Mozilla/5.0 (compatible; SeznamBot/4.0; +http://napoveda.seznam.cz/seznambot-intro/)"
77.75.78.161 - - [28/Sep/2024:15:50:54 +0200] "GET /auzod/z1009069.html HTTP/1.1" 404 20323 "-" "Mozilla/5.0 (compatible; SeznamBot/4.0; +http://napoveda.seznam.cz/seznambot-intro/)"
77.75.78.161 - - [28/Sep/2024:15:50:57 +0200] "GET /sjgtu/u485112.html HTTP/1.1" 404 20327 "-" "Mozilla/5.0 (compatible; SeznamBot/4.0; +http://napoveda.seznam.cz/seznambot-intro/)"
77.75.78.161 - - [28/Sep/2024:15:51:01 +0200] "GET /vpyba/f1889591.html HTTP/1.1" 404 20323 "-" "Mozilla/5.0 (compatible; SeznamBot/4.0; +http://napoveda.seznam.cz/seznambot-intro/)"
77.75.78.161 - - [28/Sep/2024:15:51:09 +0200] "GET /cmkrl/n1598633.html HTTP/1.1" 404 20322 "-" "Mozilla/5.0 (compatible; SeznamBot/4.0; +http://napoveda.seznam.cz/seznambot-intro/)"
77.75.78.161 - - [28/Sep/2024:15:51:12 +0200] "GET /jlrvc/p1650245.html HTTP/1.1" 404 20322 "-" "Mozilla/5.0 (compatible; SeznamBot/4.0; +http://napoveda.seznam.cz/seznambot-intro/)"
77.75.78.161 - - [28/Sep/2024:15:51:15 +0200] "GET /rallf/j1529703.html HTTP/1.1" 404 20319 "-" "Mozilla/5.0 (compatible; SeznamBot/4.0; +http://napoveda.seznam.cz/seznambot-intro/)"
52.167.144.145 - - [28/Sep/2024:15:51:16 +0200] "GET /wdpxw/m2399380.html HTTP/2" 200 41663 "-" "Mozilla/5.0 AppleWebKit/537.36 (KHTML, like Gecko; compatible; bingbot/2.0; +http://www.bing.com/bingbot.htm) Chrome/116.0.1938.76 Safari/537.36"
77.75.78.161 - - [28/Sep/2024:15:51:18 +0200] "GET /mkdxw/u310964.html HTTP/1.1" 404 20321 "-" "Mozilla/5.0 (compatible; SeznamBot/4.0; +http://napoveda.seznam.cz/seznambot-intro/)"
74.80.208.56 - - [28/Sep/2024:15:51:17 +0200] "GET /tag/%D8%A7%D9%84%D9%85%D9%88%D8%A7%D8%B2%D9%8A/page/2/ HTTP/2" 200 25147 "-" "Mozilla/5.0 (compatible; ImagesiftBot; +imagesift.com)"
74.80.208.56 - - [28/Sep/2024:15:51:18 +0200] "GET /%D9%85%D8%AD%D9%85%D8%AF-%D8%A7%D9%84%D9%81%D9%83%D9%8A-%D8%A8%D9%84%D8%A7%D8%BA-%D9%81%D8%B3%D8%A7%D8%AF-%D8%A8%D9%85%D8%A8%D9%84%D8%BA-%D9%85%D9%84%D9%8A%D8%A7%D8%B1-%D8%AF%D9%88%D9%84%D8%A7%D8%B1/ HTTP/2" 200 0 "-" "Mozilla/5.0 (compatible; ImagesiftBot; +imagesift.com)"
74.80.208.56 - - [28/Sep/2024:15:51:19 +0200] "GET /%D8%A3%D9%8A%D9%86-%D9%87%D9%88-%D9%85%D9%88%D9%82%D8%B9-%D8%A7%D9%84%D8%AD%D8%A7%D9%83%D9%88%D8%B1%D8%A9-%D8%A7%D9%84%D8%AA%D9%88%D9%86%D8%B3%D9%8A%D8%A9-%D9%81%D9%8A-%D8%AF%D8%A7%D8%B1%D9%81%D9%88/ HTTP/2" 200 35162 "-" "Mozilla/5.0 (compatible; ImagesiftBot; +imagesift.com)"
74.80.208.56 - - [28/Sep/2024:15:51:20 +0200] "GET /tag/%D9%88%D9%85%D8%AC%D8%A7%D8%B9%D8%A7%D8%AA/ HTTP/2" 200 23615 "-" "Mozilla/5.0 (compatible; ImagesiftBot; +imagesift.com)"
74.80.208.56 - - [28/Sep/2024:15:51:21 +0200] "GET /%D8%B5%D9%84%D8%A7%D8%AD-%D8%A7%D9%84%D8%AF%D9%8A%D9%86-%D8%B9%D9%88%D9%88%D8%B6%D8%A9-%D9%8A%D9%83%D8%AA%D8%A8-%D8%A8%D9%8E%D8%A7%D8%B9%D9%8E-%D8%B9%D9%85%D8%B1%D9%87/ HTTP/2" 200 34337 "-" "Mozilla/5.0 (compatible; ImagesiftBot; +imagesift.com)"
74.80.208.56 - - [28/Sep/2024:15:51:23 +0200] "GET /tag/%D9%88%D8%A7%D9%84%D8%AA%D9%88%D8%B3%D9%84%D8%A7%D8%AA/feed/ HTTP/2" 200 3144 "-" "Mozilla/5.0 (compatible; ImagesiftBot; +imagesift.com)"
74.80.208.56 - - [28/Sep/2024:15:51:23 +0200] "GET /tag/%D8%AD%D8%A7%D9%84%D8%AA%D9%87/ HTTP/2" 200 25490 "-" "Mozilla/5.0 (compatible; ImagesiftBot; +imagesift.com)"
74.80.208.56 - - [28/Sep/2024:15:51:24 +0200] "GET /tag/%D8%A7%D9%84%D8%AC%D8%B1%D9%8A%D8%A1/ HTTP/2" 200 23626 "-" "Mozilla/5.0 (compatible; ImagesiftBot; +imagesift.com)"
74.80.208.56 - - [28/Sep/2024:15:51:26 +0200] "GET /cffqh/x1424287.html HTTP/2" 404 22076 "-" "Mozilla/5.0 (compatible; ImagesiftBot; +imagesift.com)"
74.80.208.56 - - [28/Sep/2024:15:51:27 +0200] "GET /%D8%A8%D8%B9%D8%AF-%D8%A7%D8%AE%D8%AA%D9%81%D8%A7%D8%A6%D9%87%D8%A7-%D9%85%D8%AF%D9%8A%D8%B1-%D8%A3%D8%B9%D9%85%D8%A7%D9%84-%D8%B4%D9%8A%D8%B1%D9%8A%D9%86-%D9%8A%D9%81%D8%AC%D8%B1-%D9%85%D9%81%D8%A7/feed/ HTTP/2" 200 739 "-" "Mozilla/5.0 (compatible; ImagesiftBot; +imagesift.com)"
74.80.208.56 - - [28/Sep/2024:15:51:28 +0200] "GET /%D8%A8%D8%A7%D9%8A%D8%AF%D9%86-%D9%8A%D8%B9%D9%84%D9%82-%D8%B9%D9%84%D9%89-%D8%AC%D8%B1%D9%8A%D9%85%D8%A9-%D9%82%D8%AA%D9%84-%D8%B7%D9%81%D9%84-%D9%85%D9%86-%D8%A3%D8%B5%D9%88%D9%84-%D9%81%D9%84%D8%B3/ HTTP/2" 200 35467 "-" "Mozilla/5.0 (compatible; ImagesiftBot; +imagesift.com)"
74.80.208.56 - - [28/Sep/2024:15:51:29 +0200] "GET /tag/%D8%A8%D8%BA%D8%A7%D8%B1%D8%A9/ HTTP/2" 200 23531 "-" "Mozilla/5.0 (compatible; ImagesiftBot; +imagesift.com)"
74.80.208.56 - - [28/Sep/2024:15:51:30 +0200] "GET /%D8%A7%D9%84%D9%83%D8%B4%D9%81-%D8%B9%D9%86-%D8%B9%D9%82%D9%88%D8%A8%D8%A9%D9%83%D8%A7%D9%81-%D8%B6%D8%AF-%D9%86%D8%A7%D8%AF%D9%8A-%D8%A7%D9%84%D9%87%D9%84%D8%A7%D9%84-%D8%A7%D9%84/ HTTP/2" 200 0 "-" "Mozilla/5.0 (compatible; ImagesiftBot; +imagesift.com)"
74.80.208.56 - - [28/Sep/2024:15:51:31 +0200] "GET /%D9%85%D8%B3%D8%AA%D8%A8%D8%B4%D8%B1%D9%8A%D9%86-%D8%A3%D9%86-%D8%A7%D9%84%D8%B3%D9%84%D8%A7%D9%85-%D8%B3%D9%8A%D9%84%D9%88%D8%AD-%D9%81%D9%8A-%D8%B3%D9%85%D8%A7%D8%A1-%D8%A7%D9%84%D8%AE%D8%B1%D8%B7/ HTTP/2" 200 46663 "-" "Mozilla/5.0 (compatible; ImagesiftBot; +imagesift.com)"
74.80.208.56 - - [28/Sep/2024:15:51:32 +0200] "GET /wp-json/wp/v2/tags/3395 HTTP/2" 200 317 "-" "Mozilla/5.0 (compatible; ImagesiftBot; +imagesift.com)"
135.181.9.38 - - [28/Sep/2024:15:51:34 +0200] "POST /wp-cron.php?doing_wp_cron=1727531494.1027770042419433593750 HTTP/1.1" 200 0 "-" "WordPress/6.6.2; https://www.sudancam.net"
74.80.208.56 - - [28/Sep/2024:15:51:33 +0200] "GET /tag/%D9%81%D8%B1%D8%AF%D9%8A%D8%A9/ HTTP/2" 200 0 "-" "Mozilla/5.0 (compatible; ImagesiftBot; +imagesift.com)"
135.181.9.38 - - [28/Sep/2024:15:51:34 +0200] "POST /wp-admin/admin-ajax.php?action=async_litespeed&nonce=qU5Tr1bXR4E1szlWjXuM9QVxoKIvr0Tf&litespeed_type=imgoptm HTTP/1.1" 200 21 "-" "WordPress/6.6.2; https://www.sudancam.net"
74.80.208.56 - - [28/Sep/2024:15:51:34 +0200] "GET /%D8%B4%D8%A6%D9%88%D9%86-%D8%A7%D9%84%D8%AD%D8%B1%D9%85%D9%8A%D9%86-%D8%BA%D8%AF%D8%A7-%D8%A8%D8%AF%D8%A1-%D8%A7%D9%84%D8%AA%D8%B3%D8%AC%D9%8A%D9%84-%D9%84%D9%80%D8%A7%D9%84%D8%A7%D8%B9%D8%AA%D9%83/feed/ HTTP/2" 200 756 "-" "Mozilla/5.0 (compatible; ImagesiftBot; +imagesift.com)"
74.80.208.56 - - [28/Sep/2024:15:51:35 +0200] "GET /sfjia/a1824716.html HTTP/2" 404 22075 "-" "Mozilla/5.0 (compatible; ImagesiftBot; +imagesift.com)"
74.80.208.56 - - [28/Sep/2024:15:51:37 +0200] "GET /%D8%AA%D9%86%D8%B3%D9%8A%D9%82%D9%8A%D8%A9-%D8%A3%D8%A8%D9%86%D8%A7%D8%A1-%D8%A8%D9%86%D9%8A-%D9%87%D9%84%D8%A8%D8%A9-%D8%A8%D8%A7%D9%84%D8%B3%D9%88%D8%AF%D8%A7%D9%86-%D8%A8%D9%8A%D8%A7%D9%86-%D9%87/feed/ HTTP/2" 200 728 "-" "Mozilla/5.0 (compatible; ImagesiftBot; +imagesift.com)"
74.80.208.56 - - [28/Sep/2024:15:51:38 +0200] "GET /%E3%80%8A%D8%A5%D9%86-%D8%A3%D8%B1%D9%8A%D8%AF-%D8%A5%D9%84%D8%A7-%D8%A7%D9%84%D8%A5%D8%B5%D9%84%D8%A7%D8%AD%E3%80%8B-%D8%A5%D8%B5%D8%AF%D8%A7%D8%B1-%D9%82%D8%A7%D9%86%D9%88%D9%86-%D8%AD%D9%82-%D8%AA/ HTTP/2" 200 47595 "-" "Mozilla/5.0 (compatible; ImagesiftBot; +imagesift.com)"
74.80.208.56 - - [28/Sep/2024:15:51:39 +0200] "GET /%D9%82%D9%88%D8%A7%D8%AA-%D8%A7%D9%84%D8%AF%D8%B9%D9%85-%D8%A7%D9%84%D8%B3%D8%B1%D9%8A%D8%B9-%D8%AA%D9%88%D9%82%D9%81-%D9%85%D8%A7%D8%A6%D8%A9-%D9%85%D9%86-%D8%B9%D9%86%D8%A7%D8%B5%D8%B1%D9%87%D8%A7/feed/ HTTP/2" 200 776 "-" "Mozilla/5.0 (compatible; ImagesiftBot; +imagesift.com)"
74.80.208.56 - - [28/Sep/2024:15:51:40 +0200] "GET /tag/%D9%88%D8%AA%D8%AF%D9%85%D9%8A%D8%B1/ HTTP/2" 200 26915 "-" "Mozilla/5.0 (compatible; ImagesiftBot; +imagesift.com)"
74.80.208.56 - - [28/Sep/2024:15:51:42 +0200] "GET /tag/%D8%A5%D8%B0/ HTTP/2" 200 24896 "-" "Mozilla/5.0 (compatible; ImagesiftBot; +imagesift.com)"
74.80.208.56 - - [28/Sep/2024:15:51:43 +0200] "GET /tag/%D9%88%D8%A7%D9%84%D9%85%D8%B9%D8%B1%D9%8A/feed/ HTTP/2" 200 0 "-" "Mozilla/5.0 (compatible; ImagesiftBot; +imagesift.com)"
74.80.208.56 - - [28/Sep/2024:15:51:44 +0200] "GET /tag/%D9%84%D9%86%D8%B8%D8%A7%D8%B1%D8%A7%D8%AA/ HTTP/2" 200 0 "-" "Mozilla/5.0 (compatible; ImagesiftBot; +imagesift.com)"
74.80.208.56 - - [28/Sep/2024:15:51:45 +0200] "GET /tag/%D9%85%D8%AA%D8%B9%D8%AC%D9%84%D8%A9/ HTTP/2" 200 23538 "-" "Mozilla/5.0 (compatible; ImagesiftBot; +imagesift.com)"
74.80.208.56 - - [28/Sep/2024:15:51:46 +0200] "GET /%D8%B9%D9%85%D8%A7%D9%84-%D8%A7%D9%84%D9%83%D9%87%D8%B1%D8%A8%D8%A7%D8%A1-%D9%8A%D9%86%D9%87%D9%88%D9%86-%D8%A5%D8%B6%D8%B1%D8%A7%D8%A8%D8%A7-%D9%85%D8%AA%D8%B7%D8%A7%D9%88%D9%84%D8%A7-%D8%A8%D8%B9/ HTTP/2" 200 21615 "-" "Mozilla/5.0 (compatible; ImagesiftBot; +imagesift.com)"
74.80.208.56 - - [28/Sep/2024:15:51:48 +0200] "GET /tag/%D9%84%D9%84%D8%B3%D9%88%D8%AF%D8%A7%D9%86/ HTTP/2" 200 0 "-" "Mozilla/5.0 (compatible; ImagesiftBot; +imagesift.com)"
74.80.208.56 - - [28/Sep/2024:15:51:49 +0200] "GET /%D8%AD%D8%AC%D8%B1-%D9%84%D8%A7-%D8%B9%D9%88%D8%AF%D8%A9-%D9%84%D9%84%D8%AD%D8%B1%D8%A8-%D9%85%D8%B1%D8%A9-%D8%A3%D8%AE%D8%B1%D9%89/ HTTP/2" 200 0 "-" "Mozilla/5.0 (compatible; ImagesiftBot; +imagesift.com)"
74.80.208.56 - - [28/Sep/2024:15:51:50 +0200] "GET /tag/%D8%AA%D8%B3%D8%AA%D9%86%D9%83%D8%B1/ HTTP/2" 200 53230 "-" "Mozilla/5.0 (compatible; ImagesiftBot; +imagesift.com)"
74.80.208.56 - - [28/Sep/2024:15:51:51 +0200] "GET /%D8%A7%D9%84%D8%B7%D9%82%D8%B3-%D8%A7%D9%84%D9%85%D8%AA%D9%88%D9%82%D8%B9-%D8%BA%D8%AF%D8%A7%D9%8B-%D9%81%D9%8A-%D8%A7%D9%84%D8%A5%D9%85%D8%A7%D8%B1%D8%A7%D8%AA-2/ HTTP/2" 200 0 "-" "Mozilla/5.0 (compatible; ImagesiftBot; +imagesift.com)"
74.80.208.56 - - [28/Sep/2024:15:51:52 +0200] "GET /tag/%D9%88%D9%83%D8%A3%D9%86%D9%87%D8%A7/feed/ HTTP/2" 200 3272 "-" "Mozilla/5.0 (compatible; ImagesiftBot; +imagesift.com)"
74.80.208.56 - - [28/Sep/2024:15:51:53 +0200] "GET /tag/%D9%88%D8%B2%D8%B9/ HTTP/2" 200 33751 "-" "Mozilla/5.0 (compatible; ImagesiftBot; +imagesift.com)"
74.80.208.56 - - [28/Sep/2024:15:51:55 +0200] "GET /tag/%D8%A8%D8%AA%D9%82%D9%86%D9%8A%D8%A9/feed/ HTTP/2" 200 3379 "-" "Mozilla/5.0 (compatible; ImagesiftBot; +imagesift.com)"
74.80.208.56 - - [28/Sep/2024:15:51:56 +0200] "GET /tag/%D9%88%D9%85%D8%A7%D9%82%D8%B5%D8%AA%D9%87/ HTTP/2" 200 23582 "-" "Mozilla/5.0 (compatible; ImagesiftBot; +imagesift.com)"
74.80.208.56 - - [28/Sep/2024:15:51:58 +0200] "GET /tag/%D8%A7%D9%84%D9%85%D8%B4%D8%A7%D8%B1%D9%83%D9%8A%D9%86/feed/ HTTP/2" 200 8668 "-" "Mozilla/5.0 (compatible; ImagesiftBot; +imagesift.com)"
74.80.208.56 - - [28/Sep/2024:15:51:59 +0200] "GET /mvebu/p1235935.html HTTP/2" 404 22075 "-" "Mozilla/5.0 (compatible; ImagesiftBot; +imagesift.com)"
74.80.208.56 - - [28/Sep/2024:15:52:00 +0200] "GET /%D9%85%D8%B3%D8%A4%D9%88%D9%84-%D8%B1%D9%8A%D8%A7%D8%B6%D9%8A-%D9%81%D9%8A-%D9%85%D8%B5%D8%B1-%D9%85%D8%AD%D9%85%D8%AF-%D8%B5%D9%84%D8%A7%D8%AD-%D8%AA%D9%84%D9%82%D9%89-%D8%AA%D9%87%D8%AF%D9%8A%D8%AF/ HTTP/2" 200 31596 "-" "Mozilla/5.0 (compatible; ImagesiftBot; +imagesift.com)"
74.80.208.56 - - [28/Sep/2024:15:52:01 +0200] "GET /wp-json/wp/v2/tags/22730 HTTP/2" 200 330 "-" "Mozilla/5.0 (compatible; ImagesiftBot; +imagesift.com)"
74.80.208.56 - - [28/Sep/2024:15:52:02 +0200] "GET /tag/%D9%85%D9%86%D8%A7%D9%88%D8%B1%D8%A7%D8%AA/feed/ HTTP/2" 200 11505 "-" "Mozilla/5.0 (compatible; ImagesiftBot; +imagesift.com)"
