74.80.208.56 - - [28/Sep/2024:15:22:46 +0200] "GET /wp-json/wp/v2/posts/20709 HTTP/2" 200 4691 "-" "Mozilla/5.0 (compatible; ImagesiftBot; +imagesift.com)"
74.80.208.56 - - [28/Sep/2024:15:22:47 +0200] "GET /tag/%D9%87%D8%B3%D8%AA%D9%8A%D8%B1%D9%8A%D8%A7/feed/ HTTP/2" 200 0 "-" "Mozilla/5.0 (compatible; ImagesiftBot; +imagesift.com)"
74.80.208.56 - - [28/Sep/2024:15:22:48 +0200] "GET /wp-json/wp/v2/posts/8707 HTTP/2" 200 2172 "-" "Mozilla/5.0 (compatible; ImagesiftBot; +imagesift.com)"
74.80.208.56 - - [28/Sep/2024:15:22:49 +0200] "GET /wp-json/wp/v2/posts/25852 HTTP/2" 200 5694 "-" "Mozilla/5.0 (compatible; ImagesiftBot; +imagesift.com)"
74.80.208.56 - - [28/Sep/2024:15:22:50 +0200] "GET /tag/3%D8%B5%D9%81%D8%B1/ HTTP/2" 200 34737 "-" "Mozilla/5.0 (compatible; ImagesiftBot; +imagesift.com)"
74.80.208.56 - - [28/Sep/2024:15:22:52 +0200] "GET /%D8%A7%D9%84%D8%B1%D8%B3%D8%A7%D9%84%D8%A9-%D8%A5%D9%84%D9%89-%D8%A7%D9%84%D9%85%D9%8A%D9%83%D8%A7%D9%86%D9%8A%D9%83%D9%8A-%D8%A5%D8%B0%D8%A7-%D9%88%D8%AC%D8%AF%D8%AA-%D8%A3%D9%86-%D8%A3%D9%8A-%D8%AF/feed/ HTTP/2" 200 787 "-" "Mozilla/5.0 (compatible; ImagesiftBot; +imagesift.com)"
52.167.144.137 - - [28/Sep/2024:15:22:53 +0200] "GET /xbeje/s878958.html HTTP/2" 200 41898 "-" "Mozilla/5.0 AppleWebKit/537.36 (KHTML, like Gecko; compatible; bingbot/2.0; +http://www.bing.com/bingbot.htm) Chrome/116.0.1938.76 Safari/537.36"
74.80.208.56 - - [28/Sep/2024:15:22:53 +0200] "GET /%D8%B4%D8%A7%D9%87%D8%AF-%D8%B5%D8%A7%D8%B1%D9%88%D8%AE-%D8%B5%D9%8A%D9%86%D9%8A-%D9%88%D8%A7%D8%AD%D8%AF-%D9%8A%D8%B7%D9%84%D9%82-41-%D9%82%D9%85%D8%B1%D8%A7-%D8%B5%D9%86%D8%A7%D8%B9%D9%8A%D8%A7/ HTTP/2" 200 45583 "-" "Mozilla/5.0 (compatible; ImagesiftBot; +imagesift.com)"
52.167.144.137 - - [28/Sep/2024:15:22:54 +0200] "GET /ppsez/d1808131.html HTTP/2" 200 43369 "-" "Mozilla/5.0 AppleWebKit/537.36 (KHTML, like Gecko; compatible; bingbot/2.0; +http://www.bing.com/bingbot.htm) Chrome/116.0.1938.76 Safari/537.36"
74.80.208.56 - - [28/Sep/2024:15:22:54 +0200] "GET /tag/%D9%85%D8%AE%D8%B2%D9%86/ HTTP/2" 200 35490 "-" "Mozilla/5.0 (compatible; ImagesiftBot; +imagesift.com)"
74.80.208.56 - - [28/Sep/2024:15:22:56 +0200] "GET /wp-json/wp/v2/posts/28657 HTTP/2" 200 6098 "-" "Mozilla/5.0 (compatible; ImagesiftBot; +imagesift.com)"
74.80.208.56 - - [28/Sep/2024:15:22:57 +0200] "GET /wp-json/wp/v2/posts/24712 HTTP/2" 200 2910 "-" "Mozilla/5.0 (compatible; ImagesiftBot; +imagesift.com)"
74.80.208.56 - - [28/Sep/2024:15:22:58 +0200] "GET /%D8%A8%D8%A7%D9%84%D9%81%D9%8A%D8%AF%D9%8A%D9%88-%D8%A3%D8%B4%D8%AE%D8%A7%D8%B5-%D9%8A%D8%B1%D9%82%D8%B5%D9%88%D9%86-%D8%AF%D8%A7%D8%AE%D9%84-%D9%85%D8%B3%D8%AC%D8%AF-%D9%88-%D9%8A%D8%AB%D9%8A%D8%B1/ HTTP/2" 200 43625 "-" "Mozilla/5.0 (compatible; ImagesiftBot; +imagesift.com)"
74.80.208.56 - - [28/Sep/2024:15:22:59 +0200] "GET /%D9%85%D8%AD%D9%85%D8%AF-%D8%AD%D8%A7%D9%85%D8%AF-%D8%AC%D9%85%D8%B9%D8%A9-%D8%A3%D9%87%D9%84-%D8%A7%D9%84%D8%B4%D8%B1%D9%82/ HTTP/2" 200 44140 "-" "Mozilla/5.0 (compatible; ImagesiftBot; +imagesift.com)"
74.80.208.56 - - [28/Sep/2024:15:22:07 +0200] "GET /tag/%D9%84%D9%84%D9%82%D8%A7%D9%87%D8%B1%D8%A9/ HTTP/2" 200 0 "-" "Mozilla/5.0 (compatible; ImagesiftBot; +imagesift.com)"
74.80.208.56 - - [28/Sep/2024:15:22:08 +0200] "GET /tag/%D8%A7%D9%84%D8%B1%D9%88%D8%A8%D9%88%D8%AA/ HTTP/2" 200 0 "-" "Mozilla/5.0 (compatible; ImagesiftBot; +imagesift.com)"
74.80.208.56 - - [28/Sep/2024:15:22:09 +0200] "GET /wp-json/wp/v2/posts/14589 HTTP/2" 200 2852 "-" "Mozilla/5.0 (compatible; ImagesiftBot; +imagesift.com)"
74.80.208.56 - - [28/Sep/2024:15:22:10 +0200] "GET /%D8%A8%D8%A7%D8%B1%D9%8A%D8%B3-%D8%B3%D8%AA%D8%B3%D8%AA%D9%82%D8%A8%D9%84-%D9%82%D9%88%D8%A7%D8%AA-%D8%B9%D8%AF%D8%A9-%D8%AF%D9%88%D9%84-%D8%A3%D8%AC%D9%86%D8%A8%D9%8A%D8%A9-%D8%AE%D9%84%D8%A7%D9%84/ HTTP/2" 200 0 "-" "Mozilla/5.0 (compatible; ImagesiftBot; +imagesift.com)"
74.80.208.56 - - [28/Sep/2024:15:22:11 +0200] "GET /tag/%D9%85%D8%B3%D8%A7%D9%83%D9%8A%D9%86/feed/ HTTP/2" 200 3362 "-" "Mozilla/5.0 (compatible; ImagesiftBot; +imagesift.com)"
74.80.208.56 - - [28/Sep/2024:15:22:12 +0200] "GET /ivjpw/x2413769.html HTTP/2" 404 22076 "-" "Mozilla/5.0 (compatible; ImagesiftBot; +imagesift.com)"
74.80.208.56 - - [28/Sep/2024:15:22:14 +0200] "GET /%D8%A7%D9%83%D8%AA%D8%B4%D9%81%D9%88%D8%A7-%D9%85%D8%A8%D9%83%D8%B1%D8%A7%D9%8B-%D8%A3%D9%86%D9%91-%D8%A7%D9%84%D8%A3%D9%85%D9%88%D8%B1-%D9%84%D8%A7%D8%AA%D8%A8%D8%B4%D8%B1-%D8%A8%D8%AE%D9%8A%D8%B1/ HTTP/2" 200 0 "-" "Mozilla/5.0 (compatible; ImagesiftBot; +imagesift.com)"
74.80.208.56 - - [28/Sep/2024:15:22:14 +0200] "GET /%D9%81%D9%8A-%D8%A7%D9%88%D9%84-%D8%B3%D8%A7%D8%A8%D9%82%D8%A9-%D8%A7%D9%84%D9%85%D8%AD%D9%83%D9%85%D8%A9-%D8%AA%D8%B9%D9%8A%D8%AF-%D8%B6%D8%A7%D8%A8%D8%B7%D8%A7-%D9%84%D9%84%D8%B9%D9%85%D9%84/ HTTP/2" 200 45478 "-" "Mozilla/5.0 (compatible; ImagesiftBot; +imagesift.com)"
74.80.208.56 - - [28/Sep/2024:15:22:16 +0200] "GET /%D8%A5%D9%8A%D8%B1%D8%A7%D9%86-%D8%AA%D8%AE%D8%B7%D9%81-%D9%81%D9%88%D8%B2%D8%A7-%D9%85%D8%AB%D9%8A%D8%B1%D8%A7-%D8%B9%D9%84%D9%89-%D9%88%D9%8A%D9%84%D8%B2-%D9%81%D9%8A-%D8%A2%D8%AE%D8%B1-%D8%A7%D9%84/ HTTP/2" 200 32041 "-" "Mozilla/5.0 (compatible; ImagesiftBot; +imagesift.com)"
18.119.142.85 - - [28/Sep/2024:15:22:17 +0200] "GET /tag/%d8%a7%d9%84%d9%85%d8%ac%d8%b1/ HTTP/2" 200 36145 "https://sudancam.net/tag/%d8%a7%d9%84%d9%85%d8%ac%d8%b1" "Mozilla/5.0 AppleWebKit/537.36 (KHTML, like Gecko; compatible; ClaudeBot/1.0; +claudebot@anthropic.com)"
74.80.208.56 - - [28/Sep/2024:15:22:17 +0200] "GET /%D8%AA%D9%86%D9%88%D9%8A%D9%87-%D9%85%D9%86-%D8%A7%D9%84%D8%B3%D9%81%D8%A7%D8%B1%D8%A9-%D8%A7%D9%84%D8%B5%D9%8A%D9%86%D9%8A%D8%A9-%D8%A8%D8%A7%D9%84%D8%AE%D8%B1%D8%B7%D9%88%D9%85/ HTTP/2" 200 0 "-" "Mozilla/5.0 (compatible; ImagesiftBot; +imagesift.com)"
74.80.208.56 - - [28/Sep/2024:15:22:19 +0200] "GET /tag/%D9%88%D8%A7%D9%87%D9%85/ HTTP/2" 200 0 "-" "Mozilla/5.0 (compatible; ImagesiftBot; +imagesift.com)"
77.75.78.161 - - [28/Sep/2024:15:22:20 +0200] "GET /teyht/o2074252.html HTTP/1.1" 404 20321 "-" "Mozilla/5.0 (compatible; SeznamBot/4.0; +http://napoveda.seznam.cz/seznambot-intro/)"
77.75.78.161 - - [28/Sep/2024:15:22:24 +0200] "GET /jbkqn/n1046055.html HTTP/1.1" 404 20324 "-" "Mozilla/5.0 (compatible; SeznamBot/4.0; +http://napoveda.seznam.cz/seznambot-intro/)"
85.208.96.201 - - [28/Sep/2024:15:22:26 +0200] "GET /quran/translate-id-55.html HTTP/1.1" 403 0 "-" "Mozilla/5.0 (compatible; SemrushBot/7~bl; +http://www.semrush.com/bot.html)"
77.75.78.161 - - [28/Sep/2024:15:22:28 +0200] "GET /dgfyq/m1299372.html HTTP/1.1" 404 20323 "-" "Mozilla/5.0 (compatible; SeznamBot/4.0; +http://napoveda.seznam.cz/seznambot-intro/)"
66.249.64.13 - - [28/Sep/2024:15:22:29 +0200] "GET /pyapj/p2621735.html HTTP/1.1" 200 41993 "-" "Mozilla/5.0 (Linux; Android 6.0.1; Nexus 5X Build/MMB29P) AppleWebKit/537.36 (KHTML, like Gecko) Chrome/128.0.6613.137 Mobile Safari/537.36 (compatible; Googlebot/2.1; +http://www.google.com/bot.html)"
135.181.9.38 - - [28/Sep/2024:15:22:44 +0200] "POST /wp-cron.php?doing_wp_cron=1727529764.9417328834533691406250 HTTP/1.1" 200 0 "-" "WordPress/6.6.2; https://www.sudancam.net"
74.80.208.56 - - [28/Sep/2024:15:23:00 +0200] "GET /%D9%82%D9%85%D8%A9-%D8%A7%D9%84%D9%86%D8%A7%D8%AA%D9%88-%D8%AA%D8%B7%D9%85%D9%8A%D9%86%D8%A7%D8%AA-%D9%84%D8%A3%D9%88%D9%83%D8%B1%D8%A7%D9%86%D9%8A%D8%A7-%D8%A8%D8%B4%D8%A3%D9%86-%D9%85%D8%B3%D8%AA/ HTTP/2" 200 0 "-" "Mozilla/5.0 (compatible; ImagesiftBot; +imagesift.com)"
74.80.208.56 - - [28/Sep/2024:15:23:01 +0200] "GET /wp-json/wp/v2/posts/27517 HTTP/2" 200 1963 "-" "Mozilla/5.0 (compatible; ImagesiftBot; +imagesift.com)"
74.80.208.56 - - [28/Sep/2024:15:23:02 +0200] "GET /wp-json/wp/v2/tags/1403 HTTP/2" 200 299 "-" "Mozilla/5.0 (compatible; ImagesiftBot; +imagesift.com)"
74.80.208.56 - - [28/Sep/2024:15:23:03 +0200] "GET /tag/%D9%81%D9%86%D9%8A%D8%A9/ HTTP/2" 200 25103 "-" "Mozilla/5.0 (compatible; ImagesiftBot; +imagesift.com)"
74.80.208.56 - - [28/Sep/2024:15:23:04 +0200] "GET /%D8%B4%D8%A7%D9%87%D8%AF-%D8%A8%D8%A7%D9%84%D9%81%D9%8A%D8%AF%D9%8A%D9%88-%D8%A7%D9%84%D9%81%D9%86%D8%A7%D9%86-%D8%A7%D9%84%D9%85%D8%B5%D8%B1%D9%8A-%D8%AD%D9%85%D9%88-%D8%A5%D8%B3%D9%85%D8%A7%D8%B9-2/ HTTP/2" 200 0 "-" "Mozilla/5.0 (compatible; ImagesiftBot; +imagesift.com)"
74.80.208.56 - - [28/Sep/2024:15:23:05 +0200] "GET /%D8%A5%D8%B9%D9%84%D8%A7%D9%85%D9%8A%D8%A9-%D9%84%D9%86%D8%A7%D8%B3-%D8%A7%D9%84%D9%88%D9%84%D8%A7%D9%8A%D8%A7%D8%AA-%D8%AD%D9%86%D8%B1%D8%AC%D8%B9-%D9%86%D8%AD%D9%86-%D9%86%D8%A7%D8%B3-%D8%A7%D9%84/ HTTP/2" 200 33614 "-" "Mozilla/5.0 (compatible; ImagesiftBot; +imagesift.com)"
74.80.208.56 - - [28/Sep/2024:15:23:06 +0200] "GET /tag/%D8%A7%D9%84%D8%B9%D9%82%D8%A7%D8%B1%D8%A7%D8%AA/ HTTP/2" 200 54218 "-" "Mozilla/5.0 (compatible; ImagesiftBot; +imagesift.com)"
74.80.208.56 - - [28/Sep/2024:15:23:07 +0200] "GET /%D8%B4%D8%A7%D9%87%D8%AF-%D8%A8%D8%A7%D9%84%D9%81%D9%8A%D8%AF%D9%8A%D9%88-%D8%A3%D9%81%D8%B1%D8%A7%D8%AF-%D9%85%D9%86-%D8%A7%D9%84%D8%AF%D8%B9%D9%85-%D8%A7%D9%84%D8%B3%D8%B1%D9%8A%D8%B9-%D9%8A%D9%84-2/ HTTP/2" 200 32598 "-" "Mozilla/5.0 (compatible; ImagesiftBot; +imagesift.com)"
74.80.208.56 - - [28/Sep/2024:15:23:09 +0200] "GET /mlkbi/n908307.html HTTP/2" 404 22079 "-" "Mozilla/5.0 (compatible; ImagesiftBot; +imagesift.com)"
74.80.208.56 - - [28/Sep/2024:15:23:10 +0200] "GET /tag/%D8%A7%D9%84%D8%A5%D9%86%D8%AC%D9%84%D9%8A%D8%B2%D9%8A%D8%A9/ HTTP/2" 200 24540 "-" "Mozilla/5.0 (compatible; ImagesiftBot; +imagesift.com)"
74.80.208.56 - - [28/Sep/2024:15:23:11 +0200] "GET /tag/%D9%85%D8%B7%D8%A7%D8%A8%D9%82%D8%A9/feed/ HTTP/2" 200 2118 "-" "Mozilla/5.0 (compatible; ImagesiftBot; +imagesift.com)"
74.80.208.56 - - [28/Sep/2024:15:23:12 +0200] "GET /wp-json/wp/v2/tags/23192 HTTP/2" 200 318 "-" "Mozilla/5.0 (compatible; ImagesiftBot; +imagesift.com)"
74.80.208.56 - - [28/Sep/2024:15:23:16 +0200] "GET /tag/%D8%A3%D9%88%D9%84%D8%A7%D8%AF%D9%86%D8%A7/ HTTP/2" 200 23926 "-" "Mozilla/5.0 (compatible; ImagesiftBot; +imagesift.com)"
74.80.208.56 - - [28/Sep/2024:15:23:17 +0200] "GET /tag/%D8%B5%D8%A8%D8%B1/ HTTP/2" 200 23445 "-" "Mozilla/5.0 (compatible; ImagesiftBot; +imagesift.com)"
74.80.208.56 - - [28/Sep/2024:15:23:18 +0200] "GET /%D8%B5%D8%AF%D9%82-%D8%A3%D9%88-%D9%84%D8%A7-%D8%AA%D8%B5%D8%AF%D9%82-%D9%82%D8%B1%D9%8A%D8%A8%D8%A7-%D8%A3%D9%88%D9%84-%D9%85%D8%AD%D8%A7%D9%85%D9%8A-%D8%B1%D9%88%D8%A8%D9%88%D8%AA-%D9%81%D9%8A/feed/ HTTP/2" 200 729 "-" "Mozilla/5.0 (compatible; ImagesiftBot; +imagesift.com)"
74.80.208.56 - - [28/Sep/2024:15:23:19 +0200] "GET /wp-json/wp/v2/posts/14575 HTTP/2" 200 3683 "-" "Mozilla/5.0 (compatible; ImagesiftBot; +imagesift.com)"
74.80.208.56 - - [28/Sep/2024:15:23:20 +0200] "GET /tag/%D8%A7%D9%82%D9%88%D9%89/ HTTP/2" 200 24439 "-" "Mozilla/5.0 (compatible; ImagesiftBot; +imagesift.com)"
74.80.208.56 - - [28/Sep/2024:15:23:21 +0200] "GET /tag/%D8%AE%D9%84%D9%8A%D8%AC%D9%8A%D8%A9/ HTTP/2" 200 55596 "-" "Mozilla/5.0 (compatible; ImagesiftBot; +imagesift.com)"
74.80.208.56 - - [28/Sep/2024:15:23:23 +0200] "GET /tag/%D8%A7%D9%84%D9%82%D8%B1%D9%88%D9%8A%D8%A9/ HTTP/2" 200 23477 "-" "Mozilla/5.0 (compatible; ImagesiftBot; +imagesift.com)"
74.80.208.56 - - [28/Sep/2024:15:23:24 +0200] "GET /tag/%D8%A7%D8%B5%D8%B7%D8%AD%D8%A7%D8%A8/ HTTP/2" 200 35245 "-" "Mozilla/5.0 (compatible; ImagesiftBot; +imagesift.com)"
74.80.208.56 - - [28/Sep/2024:15:23:26 +0200] "GET /wp-json/wp/v2/tags/37088 HTTP/2" 200 363 "-" "Mozilla/5.0 (compatible; ImagesiftBot; +imagesift.com)"
74.80.208.56 - - [28/Sep/2024:15:23:29 +0200] "GET /%D8%B4%D8%A7%D9%87%D8%AF-%D8%A8%D8%A7%D9%84%D9%81%D9%8A%D8%AF%D9%8A%D9%88-%D8%B9%D9%84%D9%89-%D8%B7%D8%B1%D9%8A%D9%82%D8%A9-%D8%A7%D9%84%D8%AC%D8%A8%D8%AC%D8%A8%D8%A9-%D9%88%D8%A7%D9%84%D8%AE%D9%85/ HTTP/2" 200 64414 "-" "Mozilla/5.0 (compatible; ImagesiftBot; +imagesift.com)"
74.80.208.56 - - [28/Sep/2024:15:23:31 +0200] "GET /%D8%B2%D9%88%D8%AC-%D8%B3%D9%88%D8%AF%D8%A7%D9%86%D9%8A-%D9%8A%D8%B9%D8%AA%D8%B1%D9%81-%D8%A8%D9%82%D8%AA%D9%84-%D8%B2%D9%88%D8%AC%D8%AA%D9%87-%D8%A7%D9%84%D8%AD%D8%A7%D9%85%D9%84/ HTTP/2" 200 31637 "-" "Mozilla/5.0 (compatible; ImagesiftBot; +imagesift.com)"
74.80.208.56 - - [28/Sep/2024:15:23:32 +0200] "GET /wp-json/wp/v2/posts/13435 HTTP/2" 200 2975 "-" "Mozilla/5.0 (compatible; ImagesiftBot; +imagesift.com)"
74.80.208.56 - - [28/Sep/2024:15:23:33 +0200] "GET /%D8%A7%D9%84%D9%85%D8%A4%D8%A7%D9%85%D8%B1%D8%A9-%D8%B9%D9%84%D9%8A-%D8%A7%D9%84%D8%A8%D9%84%D8%A7%D8%AF-%D9%83%D8%A8%D9%8A%D8%B1%D8%A9-%D9%88%D8%A7%D9%86-%D9%83%D9%84-%D9%85%D9%86-%D9%8A%D8%B8%D9%86/ HTTP/2" 200 74316 "-" "Mozilla/5.0 (compatible; ImagesiftBot; +imagesift.com)"
74.80.208.56 - - [28/Sep/2024:15:23:34 +0200] "GET /tag/%D8%AF%D8%A8%D9%84%D9%88%D9%85%D8%A7%D8%B3%D9%8A%D8%A7/ HTTP/2" 200 24325 "-" "Mozilla/5.0 (compatible; ImagesiftBot; +imagesift.com)"
135.181.9.38 - - [28/Sep/2024:15:23:35 +0200] "POST /wp-admin/admin-ajax.php?action=async_litespeed&nonce=yRmx0pEHf2LsLoiaQFxz0ryqclyZYHzZ&litespeed_type=imgoptm HTTP/1.1" 200 21 "-" "WordPress/6.6.2; https://www.sudancam.net"
74.80.208.56 - - [28/Sep/2024:15:23:35 +0200] "GET /%D8%B4%D8%A7%D9%87%D8%AF-%D8%A8%D8%A7%D9%84%D9%81%D9%8A%D8%AF%D9%8A%D9%88-%D8%AD%D8%B3%D9%86%D8%A7%D8%A1-%D8%A7%D9%84%D8%B3%D9%88%D8%B4%D9%8A%D8%A7%D9%84-%D9%85%D9%8A%D8%AF%D9%8A%D8%A7-%D8%A3%D9%85/ HTTP/2" 200 31502 "-" "Mozilla/5.0 (compatible; ImagesiftBot; +imagesift.com)"
74.80.208.56 - - [28/Sep/2024:15:23:36 +0200] "GET /tag/%D8%A7%D9%84%D8%AD%D8%AC%D8%A7%D8%AC/feed/ HTTP/2" 200 10517 "-" "Mozilla/5.0 (compatible; ImagesiftBot; +imagesift.com)"
74.80.208.56 - - [28/Sep/2024:15:23:37 +0200] "GET /tag/%D9%81%D8%A7%D8%B5%D9%84/page/2/ HTTP/2" 200 27097 "-" "Mozilla/5.0 (compatible; ImagesiftBot; +imagesift.com)"
74.80.208.56 - - [28/Sep/2024:15:23:39 +0200] "GET /wp-json/wp/v2/tags/34932 HTTP/2" 200 298 "-" "Mozilla/5.0 (compatible; ImagesiftBot; +imagesift.com)"
74.80.208.56 - - [28/Sep/2024:15:23:40 +0200] "GET /nixez/a1080466.html HTTP/2" 404 22076 "-" "Mozilla/5.0 (compatible; ImagesiftBot; +imagesift.com)"
74.80.208.56 - - [28/Sep/2024:15:23:41 +0200] "GET /wp-json/wp/v2/posts/22975 HTTP/2" 200 2410 "-" "Mozilla/5.0 (compatible; ImagesiftBot; +imagesift.com)"
74.80.208.56 - - [28/Sep/2024:15:23:41 +0200] "GET /wp-json/wp/v2/tags/30915 HTTP/2" 200 330 "-" "Mozilla/5.0 (compatible; ImagesiftBot; +imagesift.com)"
74.80.208.56 - - [28/Sep/2024:15:23:42 +0200] "GET /tag/%D9%88%D8%BA%D9%8A%D9%86%D9%8A%D8%A7/feed/ HTTP/2" 200 3565 "-" "Mozilla/5.0 (compatible; ImagesiftBot; +imagesift.com)"
74.80.208.56 - - [28/Sep/2024:15:23:44 +0200] "GET /%D8%B4%D8%A7%D9%87%D8%AF-%D8%A7%D9%84%D9%81%D9%8A%D8%AF%D9%8A%D9%88-%D8%A7%D9%84%D8%B0%D9%8A-%D8%AD%D9%82%D9%82-%D8%A3%D8%B9%D9%84%D9%89-%D9%86%D8%B3%D8%A8%D8%A9-%D9%85%D8%B4%D8%A7%D9%87%D8%AF%D8%A7-2/ HTTP/2" 200 33168 "-" "Mozilla/5.0 (compatible; ImagesiftBot; +imagesift.com)"
74.80.208.56 - - [28/Sep/2024:15:23:45 +0200] "GET /tag/%D8%A7%D9%84%D9%83%D8%B3%D8%A7%D8%AF/ HTTP/2" 200 0 "-" "Mozilla/5.0 (compatible; ImagesiftBot; +imagesift.com)"
74.80.208.56 - - [28/Sep/2024:15:23:46 +0200] "GET /tag/%D8%A7%D9%84%D8%AA%D8%AF%D8%A7%D9%81%D8%B9/feed/ HTTP/2" 200 4319 "-" "Mozilla/5.0 (compatible; ImagesiftBot; +imagesift.com)"
74.80.208.56 - - [28/Sep/2024:15:23:47 +0200] "GET /tag/%D8%B4%D8%A7%D8%B1%D8%B9/ HTTP/2" 200 0 "-" "Mozilla/5.0 (compatible; ImagesiftBot; +imagesift.com)"
74.80.208.56 - - [28/Sep/2024:15:23:49 +0200] "GET /tag/%D8%A7%D9%84%D8%B8%D8%B1%D9%88%D9%81/ HTTP/2" 200 27263 "-" "Mozilla/5.0 (compatible; ImagesiftBot; +imagesift.com)"
74.80.208.56 - - [28/Sep/2024:15:23:50 +0200] "GET /%D9%86%D9%82%D9%84-%D9%88%D8%B2%D9%8A%D8%B1-%D8%A7%D9%84%D8%AF%D9%81%D8%A7%D8%B9-%D8%A7%D9%84%D8%A3%D8%B3%D8%A8%D9%82-%D9%84%D9%84%D9%85%D8%B3%D8%AA%D8%B4%D9%81%D9%89-%D8%A7%D9%84%D8%B9%D8%B3%D9%83/ HTTP/2" 200 21227 "-" "Mozilla/5.0 (compatible; ImagesiftBot; +imagesift.com)"
74.80.208.56 - - [28/Sep/2024:15:23:51 +0200] "GET /%D9%81%D9%8A-%D8%A8%D8%B1%D9%8A%D8%AF-%D8%A7%D9%84%D8%A8%D8%B1%D9%87%D8%A7%D9%86-%D8%A5%D8%B1%D8%AC%D8%A7%D8%B9-%D9%87%D9%8A%D8%A6%D8%A9-%D8%A7%D9%84%D8%B9%D9%85%D9%84%D9%8A%D8%A7%D8%AA-%D8%A8%D9%83/ HTTP/2" 200 0 "-" "Mozilla/5.0 (compatible; ImagesiftBot; +imagesift.com)"
74.80.208.56 - - [28/Sep/2024:15:23:52 +0200] "GET /wp-json/wp/v2/tags/35772 HTTP/2" 200 332 "-" "Mozilla/5.0 (compatible; ImagesiftBot; +imagesift.com)"
74.80.208.56 - - [28/Sep/2024:15:23:53 +0200] "GET /wp-json/wp/v2/posts/29783 HTTP/2" 200 3247 "-" "Mozilla/5.0 (compatible; ImagesiftBot; +imagesift.com)"
74.80.208.56 - - [28/Sep/2024:15:23:53 +0200] "GET /anikw/g1622702.html HTTP/2" 404 22080 "-" "Mozilla/5.0 (compatible; ImagesiftBot; +imagesift.com)"
74.80.208.56 - - [28/Sep/2024:15:23:55 +0200] "GET /wp-json/wp/v2/tags/31755 HTTP/2" 200 318 "-" "Mozilla/5.0 (compatible; ImagesiftBot; +imagesift.com)"
183.111.227.137 - - [28/Sep/2024:15:23:55 +0200] "GET /quran/api/quran/includes/translate/ro/usergroup_2.php HTTP/2" 301 0 "-" "Mozilla/5.0 (Macintosh; Intel Mac OS X 10_15_7) AppleWebKit/537.36 (KHTML, like Gecko) Chrome/120.0.0.0 Safari/537.36"
74.80.208.56 - - [28/Sep/2024:15:23:56 +0200] "GET /wwoxl/m1276050.html HTTP/2" 404 22077 "-" "Mozilla/5.0 (compatible; ImagesiftBot; +imagesift.com)"
74.80.208.56 - - [28/Sep/2024:15:23:57 +0200] "GET /tag/%D8%AA%D8%B9%D8%B1%D8%B6%D9%87/ HTTP/2" 200 0 "-" "Mozilla/5.0 (compatible; ImagesiftBot; +imagesift.com)"
157.55.39.10 - - [28/Sep/2024:15:23:58 +0200] "GET /lhfgx/d187291.html HTTP/2" 200 43042 "-" "Mozilla/5.0 AppleWebKit/537.36 (KHTML, like Gecko; compatible; bingbot/2.0; +http://www.bing.com/bingbot.htm) Chrome/116.0.1938.76 Safari/537.36"
74.80.208.56 - - [28/Sep/2024:15:23:58 +0200] "GET /tag/%D8%A7%D9%84%D9%85%D8%A8%D8%A7%D8%B1%D9%8A%D8%A7%D8%AA/ HTTP/2" 200 26981 "-" "Mozilla/5.0 (compatible; ImagesiftBot; +imagesift.com)"
74.80.208.56 - - [28/Sep/2024:15:23:59 +0200] "GET /%D8%B4%D8%A7%D9%87%D8%AF-%D8%A8%D8%A7%D9%84%D9%81%D9%8A%D8%AF%D9%8A%D9%88-%D9%87%D9%85%D8%B3%D8%A7%D8%AA-%D9%88%D8%AD%D8%B1%D9%83%D8%A7%D8%AA-%D8%A8%D9%8A%D9%86-%D8%A7%D9%84%D9%81%D9%86%D8%A7%D9%86/ HTTP/2" 200 32668 "-" "Mozilla/5.0 (compatible; ImagesiftBot; +imagesift.com)"
74.80.208.56 - - [28/Sep/2024:15:24:00 +0200] "GET /tag/%D8%A7%D9%84%D8%AC%D9%85%D9%87%D9%88%D8%B1%D9%8A/page/2/ HTTP/2" 200 25561 "-" "Mozilla/5.0 (compatible; ImagesiftBot; +imagesift.com)"
74.80.208.56 - - [28/Sep/2024:15:24:01 +0200] "GET /%D9%8A%D8%A7%D8%B3%D8%B1-%D8%B2%D9%8A%D9%86-%D8%A7%D9%84%D8%B9%D8%A7%D8%A8%D8%AF%D9%8A%D9%86-%D8%A7%D9%84%D9%85%D8%AD%D8%A7%D9%85%D9%8A-%D9%8A%D9%83%D8%AA%D8%A8-%D8%A7%D9%84%D8%AF%D8%B1%D9%83-%D8%A7/ HTTP/2" 200 0 "-" "Mozilla/5.0 (compatible; ImagesiftBot; +imagesift.com)"
98.181.137.83 - - [28/Sep/2024:15:24:03 +0200] "GET /quran/api/quran/includes/translate/ro/usergroup_2.php HTTP/1.1" 301 0 "-" "Mozilla/5.0 (Macintosh; Intel Mac OS X 10_15_7) AppleWebKit/537.36 (KHTML, like Gecko) Chrome/120.0.0.0 Safari/537.36"
74.80.208.56 - - [28/Sep/2024:15:24:03 +0200] "GET /tag/%D8%B9%D9%84%D9%85%D8%A7%D9%86%D9%8A%D8%A9/ HTTP/2" 200 23537 "-" "Mozilla/5.0 (compatible; ImagesiftBot; +imagesift.com)"
74.80.208.56 - - [28/Sep/2024:15:24:04 +0200] "GET /wp-json/wp/v2/tags/19635 HTTP/2" 200 332 "-" "Mozilla/5.0 (compatible; ImagesiftBot; +imagesift.com)"
77.75.78.161 - - [28/Sep/2024:15:22:55 +0200] "GET /xdnaf/r1814281.html HTTP/1.1" 404 20320 "-" "Mozilla/5.0 (compatible; SeznamBot/4.0; +http://napoveda.seznam.cz/seznambot-intro/)"
77.75.78.161 - - [28/Sep/2024:15:23:01 +0200] "GET /aagsq/u299030.html HTTP/1.1" 404 20320 "-" "Mozilla/5.0 (compatible; SeznamBot/4.0; +http://napoveda.seznam.cz/seznambot-intro/)"
77.75.78.161 - - [28/Sep/2024:15:23:05 +0200] "GET /lyhce/s2007176.html HTTP/1.1" 404 20320 "-" "Mozilla/5.0 (compatible; SeznamBot/4.0; +http://napoveda.seznam.cz/seznambot-intro/)"
77.75.78.161 - - [28/Sep/2024:15:23:08 +0200] "GET /pemil/g1085334.html HTTP/1.1" 404 20322 "-" "Mozilla/5.0 (compatible; SeznamBot/4.0; +http://napoveda.seznam.cz/seznambot-intro/)"
77.75.78.161 - - [28/Sep/2024:15:23:11 +0200] "GET /gqhcb/l295589.html HTTP/1.1" 404 20321 "-" "Mozilla/5.0 (compatible; SeznamBot/4.0; +http://napoveda.seznam.cz/seznambot-intro/)"
77.75.78.161 - - [28/Sep/2024:15:23:14 +0200] "GET /bbkje/f2183521.html HTTP/1.1" 404 20323 "-" "Mozilla/5.0 (compatible; SeznamBot/4.0; +http://napoveda.seznam.cz/seznambot-intro/)"
77.75.78.161 - - [28/Sep/2024:15:23:18 +0200] "GET /ojxwe/i2316540.html HTTP/1.1" 404 20322 "-" "Mozilla/5.0 (compatible; SeznamBot/4.0; +http://napoveda.seznam.cz/seznambot-intro/)"
77.75.78.161 - - [28/Sep/2024:15:23:22 +0200] "GET /akuye/n1116177.html HTTP/1.1" 404 20321 "-" "Mozilla/5.0 (compatible; SeznamBot/4.0; +http://napoveda.seznam.cz/seznambot-intro/)"
85.208.96.196 - - [28/Sep/2024:15:23:26 +0200] "GET /un6xee/harris-county-criminal-court-docket-schedule.html HTTP/1.1" 403 0 "-" "Mozilla/5.0 (compatible; SemrushBot/7~bl; +http://www.semrush.com/bot.html)"
77.75.78.161 - - [28/Sep/2024:15:23:26 +0200] "GET /louwz/k2761142.html HTTP/1.1" 404 20329 "-" "Mozilla/5.0 (compatible; SeznamBot/4.0; +http://napoveda.seznam.cz/seznambot-intro/)"
77.75.78.161 - - [28/Sep/2024:15:23:29 +0200] "GET /qaxuw/n858491.html HTTP/1.1" 404 20321 "-" "Mozilla/5.0 (compatible; SeznamBot/4.0; +http://napoveda.seznam.cz/seznambot-intro/)"
77.75.78.161 - - [28/Sep/2024:15:23:31 +0200] "GET /zzkho/v2155691.html HTTP/1.1" 404 20324 "-" "Mozilla/5.0 (compatible; SeznamBot/4.0; +http://napoveda.seznam.cz/seznambot-intro/)"
77.75.78.161 - - [28/Sep/2024:15:23:34 +0200] "GET /nzjtr/z2286709.html HTTP/1.1" 404 20326 "-" "Mozilla/5.0 (compatible; SeznamBot/4.0; +http://napoveda.seznam.cz/seznambot-intro/)"
77.75.78.161 - - [28/Sep/2024:15:23:37 +0200] "GET /dshwb/z873869.html HTTP/1.1" 404 20322 "-" "Mozilla/5.0 (compatible; SeznamBot/4.0; +http://napoveda.seznam.cz/seznambot-intro/)"
77.75.78.161 - - [28/Sep/2024:15:23:40 +0200] "GET /ktmfs/c2246776.html HTTP/1.1" 404 20321 "-" "Mozilla/5.0 (compatible; SeznamBot/4.0; +http://napoveda.seznam.cz/seznambot-intro/)"
77.75.78.161 - - [28/Sep/2024:15:23:44 +0200] "GET /xmwio/w1646248.html HTTP/1.1" 404 20323 "-" "Mozilla/5.0 (compatible; SeznamBot/4.0; +http://napoveda.seznam.cz/seznambot-intro/)"
77.75.78.161 - - [28/Sep/2024:15:23:46 +0200] "GET /invpr/b2547933.html HTTP/1.1" 404 20322 "-" "Mozilla/5.0 (compatible; SeznamBot/4.0; +http://napoveda.seznam.cz/seznambot-intro/)"
174.77.111.196 - - [28/Sep/2024:15:23:46 +0200] "GET / HTTP/1.1" 200 322961 "-" "Mozilla/5.0 (Macintosh; Intel Mac OS X 10_15_7) AppleWebKit/537.36 (KHTML, like Gecko) Chrome/120.0.0.0 Safari/537.36"
77.75.78.161 - - [28/Sep/2024:15:23:56 +0200] "GET /gtrfu/y2687680.html HTTP/1.1" 404 20324 "-" "Mozilla/5.0 (compatible; SeznamBot/4.0; +http://napoveda.seznam.cz/seznambot-intro/)"
77.75.78.161 - - [28/Sep/2024:15:24:01 +0200] "GET /gbmyo/i1667450.html HTTP/1.1" 404 20323 "-" "Mozilla/5.0 (compatible; SeznamBot/4.0; +http://napoveda.seznam.cz/seznambot-intro/)"
98.181.137.83 - - [28/Sep/2024:15:24:05 +0200] "GET /quran/api/quran/includes/translate/ro/usergroup_2.php HTTP/1.1" 404 88957 "-" "Mozilla/5.0 (Macintosh; Intel Mac OS X 10_15_7) AppleWebKit/537.36 (KHTML, like Gecko) Chrome/120.0.0.0 Safari/537.36"
77.75.78.161 - - [28/Sep/2024:15:24:07 +0200] "GET /wsqvu/g2157288.html HTTP/1.1" 404 20323 "-" "Mozilla/5.0 (compatible; SeznamBot/4.0; +http://napoveda.seznam.cz/seznambot-intro/)"
77.75.78.161 - - [28/Sep/2024:15:24:10 +0200] "GET /phhkp/x2760297.html HTTP/1.1" 404 20321 "-" "Mozilla/5.0 (compatible; SeznamBot/4.0; +http://napoveda.seznam.cz/seznambot-intro/)"
66.249.64.14 - - [28/Sep/2024:15:24:11 +0200] "GET /eotcb/n2680233.html HTTP/1.1" 200 42190 "-" "Mozilla/5.0 (Linux; Android 6.0.1; Nexus 5X Build/MMB29P) AppleWebKit/537.36 (KHTML, like Gecko) Chrome/128.0.6613.137 Mobile Safari/537.36 (compatible; Googlebot/2.1; +http://www.google.com/bot.html)"
77.75.78.161 - - [28/Sep/2024:15:24:12 +0200] "GET /yjyev/v2762713.html HTTP/1.1" 404 20323 "-" "Mozilla/5.0 (compatible; SeznamBot/4.0; +http://napoveda.seznam.cz/seznambot-intro/)"
77.75.78.161 - - [28/Sep/2024:15:24:15 +0200] "GET /mhugc/k942806.html HTTP/1.1" 404 20321 "-" "Mozilla/5.0 (compatible; SeznamBot/4.0; +http://napoveda.seznam.cz/seznambot-intro/)"
77.75.78.161 - - [28/Sep/2024:15:24:17 +0200] "GET /vamty/v765133.html HTTP/1.1" 404 20321 "-" "Mozilla/5.0 (compatible; SeznamBot/4.0; +http://napoveda.seznam.cz/seznambot-intro/)"
77.75.78.161 - - [28/Sep/2024:15:24:22 +0200] "GET /taans/w1767928.html HTTP/1.1" 404 20326 "-" "Mozilla/5.0 (compatible; SeznamBot/4.0; +http://napoveda.seznam.cz/seznambot-intro/)"
74.80.208.56 - - [28/Sep/2024:15:24:23 +0200] "GET /mfjsg/e1068640.html HTTP/2" 404 22076 "-" "Mozilla/5.0 (compatible; ImagesiftBot; +imagesift.com)"
74.80.208.56 - - [28/Sep/2024:15:24:24 +0200] "GET /wp-json/wp/v2/tags/32595 HTTP/2" 200 320 "-" "Mozilla/5.0 (compatible; ImagesiftBot; +imagesift.com)"
74.80.208.56 - - [28/Sep/2024:15:24:25 +0200] "GET /%D8%A7%D9%84%D8%A8%D8%B7%D8%A7%D9%84%D8%A9-%D8%AA%D8%A8%D8%AA%D9%84%D8%B9-%D9%86%D8%B5%D9%81-%D8%A7%D9%84%D8%B3%D9%88%D8%AF%D8%A7%D9%86%D9%8A%D9%8A%D9%86-%D9%88%D8%AA%D8%A8%D8%B9%D8%AB%D8%B1-%D8%A3/ HTTP/2" 200 42442 "-" "Mozilla/5.0 (compatible; ImagesiftBot; +imagesift.com)"
77.75.78.161 - - [28/Sep/2024:15:24:25 +0200] "GET /zoosa/u779120.html HTTP/1.1" 404 20319 "-" "Mozilla/5.0 (compatible; SeznamBot/4.0; +http://napoveda.seznam.cz/seznambot-intro/)"
74.80.208.56 - - [28/Sep/2024:15:24:26 +0200] "GET /tag/%D9%84%D9%84%D9%86%D8%B2%D8%A7%D8%B9/ HTTP/2" 200 0 "-" "Mozilla/5.0 (compatible; ImagesiftBot; +imagesift.com)"
74.80.208.56 - - [28/Sep/2024:15:24:27 +0200] "GET /wp-json/wp/v2/posts/10558 HTTP/2" 200 3679 "-" "Mozilla/5.0 (compatible; ImagesiftBot; +imagesift.com)"
74.80.208.56 - - [28/Sep/2024:15:24:29 +0200] "GET /tag/%D9%84%D9%87%D8%B2%D9%8A%D9%85%D8%AA%D9%87%D9%85%D8%A7/feed/ HTTP/2" 200 5213 "-" "Mozilla/5.0 (compatible; ImagesiftBot; +imagesift.com)"
74.80.208.56 - - [28/Sep/2024:15:24:30 +0200] "GET /cabjv/v898409.html HTTP/2" 404 22080 "-" "Mozilla/5.0 (compatible; ImagesiftBot; +imagesift.com)"
74.80.208.56 - - [28/Sep/2024:15:24:31 +0200] "GET /%D8%A5%D9%8A%D9%84%D9%88%D9%86-%D9%85%D8%A7%D8%B3%D9%83-%D8%AA%D9%88%D9%8A%D8%AA%D8%B1-%D8%B3%D8%AA%D8%AD%D8%AA%D8%B1%D9%85-%D8%A7%D9%84%D9%82%D8%A7%D9%86%D9%88%D9%86-%D8%A7%D9%84%D8%A3%D9%88%D8%B1/ HTTP/2" 200 0 "-" "Mozilla/5.0 (compatible; ImagesiftBot; +imagesift.com)"
74.80.208.56 - - [28/Sep/2024:15:24:33 +0200] "GET /lcbof/l1329947.html HTTP/2" 200 0 "-" "Mozilla/5.0 (compatible; ImagesiftBot; +imagesift.com)"
77.75.78.161 - - [28/Sep/2024:15:24:33 +0200] "GET /oafqa/q2286544.html HTTP/1.1" 404 20329 "-" "Mozilla/5.0 (compatible; SeznamBot/4.0; +http://napoveda.seznam.cz/seznambot-intro/)"
74.80.208.56 - - [28/Sep/2024:15:24:33 +0200] "GET /wp-json/wp/v2/posts/5780 HTTP/2" 200 1509 "-" "Mozilla/5.0 (compatible; ImagesiftBot; +imagesift.com)"
74.80.208.56 - - [28/Sep/2024:15:24:36 +0200] "GET /igbyg/n802487.html HTTP/2" 404 22079 "-" "Mozilla/5.0 (compatible; ImagesiftBot; +imagesift.com)"
178.236.247.6 - - [28/Sep/2024:15:24:05 +0200] "POST /74a7c9952328.php HTTP/1.1" 200 9 "-" "curl/7.86.0"
74.80.208.56 - - [28/Sep/2024:15:24:05 +0200] "GET /wp-json/wp/v2/posts/28643 HTTP/2" 200 3709 "-" "Mozilla/5.0 (compatible; ImagesiftBot; +imagesift.com)"
74.80.208.56 - - [28/Sep/2024:15:24:06 +0200] "GET /tag/%D8%A3%D9%81%D8%B1%D8%A7%D8%AD/ HTTP/2" 200 26866 "-" "Mozilla/5.0 (compatible; ImagesiftBot; +imagesift.com)"
74.80.208.56 - - [28/Sep/2024:15:24:07 +0200] "GET /tag/%D8%A7%D9%84%D8%B9%D8%A8%D8%A7%D8%AF%D8%A9/ HTTP/2" 200 24640 "-" "Mozilla/5.0 (compatible; ImagesiftBot; +imagesift.com)"
74.80.208.56 - - [28/Sep/2024:15:24:10 +0200] "GET /wp-json/wp/v2/posts/4940 HTTP/2" 200 4175 "-" "Mozilla/5.0 (compatible; ImagesiftBot; +imagesift.com)"
74.80.208.56 - - [28/Sep/2024:15:24:11 +0200] "GET /wp-json/wp/v2/tags/15618 HTTP/2" 200 342 "-" "Mozilla/5.0 (compatible; ImagesiftBot; +imagesift.com)"
74.80.208.56 - - [28/Sep/2024:15:24:12 +0200] "GET /tag/%D9%84%D9%85%D9%88%D8%A7%D8%B5%D9%84%D8%A9/ HTTP/2" 200 35803 "-" "Mozilla/5.0 (compatible; ImagesiftBot; +imagesift.com)"
74.80.208.56 - - [28/Sep/2024:15:24:13 +0200] "GET /tag/%D9%8A%D8%B3%D8%A7%D8%B9%D8%AF%D9%87%D8%A7/feed/ HTTP/2" 200 2752 "-" "Mozilla/5.0 (compatible; ImagesiftBot; +imagesift.com)"
74.80.208.56 - - [28/Sep/2024:15:24:15 +0200] "GET /tag/%D8%A7%D9%84%D8%A7%D8%AB%D8%A7%D8%B1/ HTTP/2" 200 0 "-" "Mozilla/5.0 (compatible; ImagesiftBot; +imagesift.com)"
74.80.208.56 - - [28/Sep/2024:15:24:16 +0200] "GET /wp-json/wp/v2/posts/11698 HTTP/2" 200 3542 "-" "Mozilla/5.0 (compatible; ImagesiftBot; +imagesift.com)"
74.80.208.56 - - [28/Sep/2024:15:24:17 +0200] "GET /tag/%D8%A7%D8%B3%D8%AA%D8%AC%D9%88%D8%A7%D8%A8/ HTTP/2" 200 23496 "-" "Mozilla/5.0 (compatible; ImagesiftBot; +imagesift.com)"
74.80.208.56 - - [28/Sep/2024:15:24:18 +0200] "GET /tag/%D8%AD%D8%A7%D8%B4%D8%AF%D8%A9/ HTTP/2" 200 53894 "-" "Mozilla/5.0 (compatible; ImagesiftBot; +imagesift.com)"
74.80.208.56 - - [28/Sep/2024:15:24:20 +0200] "GET /%D8%A8%D9%8A%D9%86-%D9%8A%D8%AF%D9%8A-%D9%84%D9%82%D8%A7%D8%A1-%D9%82%D8%A7%D8%A6%D8%AF%D9%8A-%D8%A7%D9%84%D8%AC%D9%8A%D8%B4-%D9%88%D8%A7%D9%84%D8%AF%D8%B9%D9%85-%D8%A7%D9%84%D8%B3%D8%B1%D9%8A%D8%B9/ HTTP/2" 200 65297 "-" "Mozilla/5.0 (compatible; ImagesiftBot; +imagesift.com)"
52.167.144.232 - - [28/Sep/2024:15:24:20 +0200] "GET /cqtdi/d236717.html HTTP/2" 200 42497 "-" "Mozilla/5.0 AppleWebKit/537.36 (KHTML, like Gecko; compatible; bingbot/2.0; +http://www.bing.com/bingbot.htm) Chrome/116.0.1938.76 Safari/537.36"
20.15.133.174 - - [28/Sep/2024:15:24:31 +0200] "GET /zsifp/a343574.html HTTP/2" 200 41543 "-" "Mozilla/5.0 AppleWebKit/537.36 (KHTML, like Gecko; compatible; bingbot/2.0; +http://www.bing.com/bingbot.htm) Chrome/116.0.1938.76 Safari/537.36"
135.181.9.38 - - [28/Sep/2024:15:24:34 +0200] "POST /wp-cron.php?doing_wp_cron=1727529874.1926589012145996093750 HTTP/1.1" 200 0 "-" "WordPress/6.6.2; https://www.sudancam.net"
74.80.208.56 - - [28/Sep/2024:15:24:43 +0200] "GET /%D9%85-%D9%86%D8%B5%D8%B1-%D8%B1%D8%B6%D9%88%D8%A7%D9%86-%D8%B8%D8%A7%D9%87%D8%B1%D8%A9-%D9%87%D8%AC%D8%B1%D8%A9-%D9%82%D8%A7%D8%AF%D8%A9-%D8%AB%D9%88%D8%B1%D8%A9-%D8%AF%D9%8A%D8%B3%D9%85%D8%A8/ HTTP/2" 200 0 "-" "Mozilla/5.0 (compatible; ImagesiftBot; +imagesift.com)"
18.218.97.75 - - [28/Sep/2024:15:24:43 +0200] "GET /%d9%87%d9%84-%d8%aa%d8%a4%d9%83%d8%af-%d8%a3%d9%84%d9%85%d8%a7%d9%86%d9%8a%d8%a7-%d8%af%d8%ae%d9%88%d9%84%d9%87%d8%a7-%d8%a7%d9%84%d9%82%d9%88%d9%8a-%d8%a8%d8%a7%d9%84%d9%85%d8%b3%d8%a7%d8%a8%d9%82/feed HTTP/2" 301 0 "-" "Mozilla/5.0 AppleWebKit/537.36 (KHTML, like Gecko; compatible; ClaudeBot/1.0; +claudebot@anthropic.com)"
84.247.168.26 - - [28/Sep/2024:15:24:44 +0200] "GET /quran/api/quran/includes/translate/ro/usergroup_2.php HTTP/2" 404 20355 "-" "Mozilla/5.0 (Macintosh; Intel Mac OS X 10_15_7) AppleWebKit/537.36 (KHTML, like Gecko) Chrome/120.0.0.0 Safari/537.36"
74.80.208.56 - - [28/Sep/2024:15:24:44 +0200] "GET /wp-json/wp/v2/tags/12213 HTTP/2" 200 324 "-" "Mozilla/5.0 (compatible; ImagesiftBot; +imagesift.com)"
184.181.217.220 - - [28/Sep/2024:15:23:16 +0200] "GET /wp-includes/block-supports/generated-classname.php HTTP/1.1" 200 30 "-" "Mozilla/5.0 (Macintosh; Intel Mac OS X 10_15_7) AppleWebKit/537.36 (KHTML, like Gecko) Chrome/120.0.0.0 Safari/537.36"
52.167.144.137 - - [28/Sep/2024:15:23:32 +0200] "GET /wxlcx/d1603563.html HTTP/2" 200 41454 "-" "Mozilla/5.0 AppleWebKit/537.36 (KHTML, like Gecko; compatible; bingbot/2.0; +http://www.bing.com/bingbot.htm) Chrome/116.0.1938.76 Safari/537.36"
184.181.217.206 - - [28/Sep/2024:15:23:33 +0200] "GET /sudancam.sd/wp-content/plugins/astra-sites/inc/lib/starter-templates-importer/importer/wxr-importer/class.wxr.importer.info.php HTTP/1.1" 200 33 "-" "Mozilla/5.0 (Macintosh; Intel Mac OS X 10_15_7) AppleWebKit/537.36 (KHTML, like Gecko) Chrome/120.0.0.0 Safari/537.36"
52.167.144.137 - - [28/Sep/2024:15:23:34 +0200] "GET /mkard/n699865.html HTTP/2" 200 41622 "-" "Mozilla/5.0 AppleWebKit/537.36 (KHTML, like Gecko; compatible; bingbot/2.0; +http://www.bing.com/bingbot.htm) Chrome/116.0.1938.76 Safari/537.36"
135.181.9.38 - - [28/Sep/2024:15:23:34 +0200] "POST /wp-cron.php?doing_wp_cron=1727529814.8666400909423828125000 HTTP/1.1" 200 0 "-" "WordPress/6.6.2; https://www.sudancam.net"
174.77.111.196 - - [28/Sep/2024:15:23:41 +0200] "GET / HTTP/1.1" 301 0 "-" "Mozilla/5.0 (Macintosh; Intel Mac OS X 10_15_7) AppleWebKit/537.36 (KHTML, like Gecko) Chrome/120.0.0.0 Safari/537.36"
135.181.9.38 - - [28/Sep/2024:15:23:43 +0200] "POST /wp-cron.php?doing_wp_cron=1727529823.2398350238800048828125 HTTP/1.1" 200 0 "-" "WordPress/6.6.2; https://www.sudancam.net"
18.226.104.27 - - [28/Sep/2024:15:23:59 +0200] "GET /wp-content/uploads/2024/06/000_34WT642-780x470.jpg HTTP/2" 200 71520 "-" "Mozilla/5.0 AppleWebKit/537.36 (KHTML, like Gecko; compatible; ClaudeBot/1.0; +claudebot@anthropic.com)"
183.111.227.137 - - [28/Sep/2024:15:23:59 +0200] "GET /quran/api/quran/includes/translate/ro/usergroup_2.php HTTP/2" 404 20355 "-" "Mozilla/5.0 (Macintosh; Intel Mac OS X 10_15_7) AppleWebKit/537.36 (KHTML, like Gecko) Chrome/120.0.0.0 Safari/537.36"
185.191.171.14 - - [28/Sep/2024:15:24:27 +0200] "GET /un6xee/e39-manual-swap.html HTTP/1.1" 403 0 "-" "Mozilla/5.0 (compatible; SemrushBot/7~bl; +http://www.semrush.com/bot.html)"
66.249.64.14 - - [28/Sep/2024:15:24:27 +0200] "GET /eloie/z386889.html HTTP/1.1" 200 42844 "-" "Mozilla/5.0 (Linux; Android 6.0.1; Nexus 5X Build/MMB29P) AppleWebKit/537.36 (KHTML, like Gecko) Chrome/128.0.6613.137 Mobile Safari/537.36 (compatible; GoogleOther)"
184.178.172.11 - - [28/Sep/2024:15:24:28 +0200] "GET /quran/api/quran/includes/translate/ro/usergroup_2.php HTTP/1.1" 301 0 "-" "Mozilla/5.0 (Macintosh; Intel Mac OS X 10_15_7) AppleWebKit/537.36 (KHTML, like Gecko) Chrome/120.0.0.0 Safari/537.36"
184.178.172.11 - - [28/Sep/2024:15:24:30 +0200] "GET /quran/api/quran/includes/translate/ro/usergroup_2.php HTTP/1.1" 404 88957 "-" "Mozilla/5.0 (Macintosh; Intel Mac OS X 10_15_7) AppleWebKit/537.36 (KHTML, like Gecko) Chrome/120.0.0.0 Safari/537.36"
135.181.9.38 - - [28/Sep/2024:15:24:34 +0200] "POST /wp-admin/admin-ajax.php?action=async_litespeed&nonce=5GYUQUl9Oa2FqUtrt1xudUxZtB0daKc4&litespeed_type=imgoptm HTTP/1.1" 200 21 "-" "WordPress/6.6.2; https://www.sudancam.net"
74.80.208.56 - - [28/Sep/2024:15:24:51 +0200] "GET /tag/%D9%88%D8%B2%D8%BA%D8%B1%D8%AF%D8%AA/feed/ HTTP/2" 200 7570 "-" "Mozilla/5.0 (compatible; ImagesiftBot; +imagesift.com)"
74.80.208.56 - - [28/Sep/2024:15:24:52 +0200] "GET /tag/%D8%A7%D9%84%D8%B6%D9%85%D9%8A%D8%B1/ HTTP/2" 200 37091 "-" "Mozilla/5.0 (compatible; ImagesiftBot; +imagesift.com)"
74.80.208.56 - - [28/Sep/2024:15:24:53 +0200] "GET /%D9%85%D8%B7%D8%A7%D8%B1-%D8%A8%D9%88%D8%B1%D8%AA%D8%B3%D9%88%D8%AF%D8%A7%D9%86-%D9%8A%D8%B3%D8%AA%D9%82%D8%A8%D9%84-%D8%B4%D8%A7%D8%AD%D9%86%D8%A7%D8%AA-%D8%A7%D9%84%D9%85%D8%B3%D8%A7%D8%B9%D8%AF/feed/ HTTP/2" 200 746 "-" "Mozilla/5.0 (compatible; ImagesiftBot; +imagesift.com)"
74.80.208.56 - - [28/Sep/2024:15:24:54 +0200] "GET /dskqt/n998709.html HTTP/2" 404 22363 "-" "Mozilla/5.0 (compatible; ImagesiftBot; +imagesift.com)"
74.80.208.56 - - [28/Sep/2024:15:24:37 +0200] "GET /%D9%8A%D9%88%D9%81%D9%86%D8%AA%D9%88%D8%B3-%D9%8A%D8%AA%D8%A8%D8%B1%D8%A3-%D9%85%D9%86-%D8%A3%D8%B2%D9%85%D8%A9-%D8%B1%D9%88%D9%86%D8%A7%D9%84%D8%AF%D9%88-%D9%85%D8%B9-%D9%85%D8%A7%D9%86%D8%B4%D8%B3/feed/ HTTP/2" 200 746 "-" "Mozilla/5.0 (compatible; ImagesiftBot; +imagesift.com)"
84.247.168.26 - - [28/Sep/2024:15:24:41 +0200] "GET /quran/api/quran/includes/translate/ro/usergroup_2.php HTTP/2" 301 0 "-" "Mozilla/5.0 (Macintosh; Intel Mac OS X 10_15_7) AppleWebKit/537.36 (KHTML, like Gecko) Chrome/120.0.0.0 Safari/537.36"
74.80.208.56 - - [28/Sep/2024:15:24:39 +0200] "GET /tag/%D9%88%D8%AC%D9%87%D8%A7%D8%B2/feed/ HTTP/2" 200 0 "-" "Mozilla/5.0 (compatible; ImagesiftBot; +imagesift.com)"
77.75.78.161 - - [28/Sep/2024:15:24:39 +0200] "GET /fezsm/u1824606.html HTTP/1.1" 404 20322 "-" "Mozilla/5.0 (compatible; SeznamBot/4.0; +http://napoveda.seznam.cz/seznambot-intro/)"
135.181.9.38 - - [28/Sep/2024:15:24:43 +0200] "POST /wp-cron.php?doing_wp_cron=1727529883.9115529060363769531250 HTTP/1.1" 200 0 "-" "WordPress/6.6.2; https://www.sudancam.net"
3.137.186.178 - - [28/Sep/2024:15:24:45 +0200] "GET /wp-json/oembed/1.0/embed?url=https%3A%2F%2Fwww.sudancam.net%2F%25d9%2587%25d9%2584-%25d8%25aa%25d8%25a4%25d9%2583%25d8%25af-%25d8%25a3%25d9%2584%25d9%2585%25d8%25a7%25d9%2586%25d9%258a%25d8%25a7-%25d8%25af%25d8%25ae%25d9%2588%25d9%2584%25d9%2587%25d8%25a7-%25d8%25a7%25d9%2584%25d9%2582%25d9%2588%25d9%258a-%25d8%25a8%25d8%25a7%25d9%2584%25d9%2585%25d8%25b3%25d8%25a7%25d8%25a8%25d9%2582%2F HTTP/2" 200 1439 "-" "Mozilla/5.0 AppleWebKit/537.36 (KHTML, like Gecko; compatible; ClaudeBot/1.0; +claudebot@anthropic.com)"
77.75.78.161 - - [28/Sep/2024:15:24:51 +0200] "GET /tmmqp/d1036633.html HTTP/1.1" 404 20322 "-" "Mozilla/5.0 (compatible; SeznamBot/4.0; +http://napoveda.seznam.cz/seznambot-intro/)"
77.75.78.161 - - [28/Sep/2024:15:25:00 +0200] "GET /dwzhm/a677726.html HTTP/1.1" 404 20321 "-" "Mozilla/5.0 (compatible; SeznamBot/4.0; +http://napoveda.seznam.cz/seznambot-intro/)"
184.178.172.11 - - [28/Sep/2024:15:25:01 +0200] "GET /wp-content/pluginsold/wpforms-lite/vendor_prefixed/stripe/stripe-php/lib/Service/Apps/c.php HTTP/1.1" 404 89033 "-" "Mozilla/5.0 (Macintosh; Intel Mac OS X 10_15_7) AppleWebKit/537.36 (KHTML, like Gecko) Chrome/120.0.0.0 Safari/537.36"
77.75.78.161 - - [28/Sep/2024:15:25:02 +0200] "GET /fugtm/c2588026.html HTTP/1.1" 404 20328 "-" "Mozilla/5.0 (compatible; SeznamBot/4.0; +http://napoveda.seznam.cz/seznambot-intro/)"
3.145.202.61 - - [28/Sep/2024:15:25:07 +0200] "GET /%d9%85%d9%82%d8%aa%d9%84-%d8%b7%d8%a8%d9%8a%d8%a8%d8%a9-%d8%ae%d9%84%d8%a7%d9%84-%d9%82%d8%b5%d9%81-%d8%a7%d9%84%d8%af%d8%b9%d9%85-%d8%a7%d9%84%d8%b3%d8%b1%d9%8a%d8%b9-%d9%85%d8%b3%d8%aa%d8%b4%d9%81/ HTTP/2" 200 34751 "https://sudancam.net/?p=40271" "Mozilla/5.0 AppleWebKit/537.36 (KHTML, like Gecko; compatible; ClaudeBot/1.0; +claudebot@anthropic.com)"
77.75.78.161 - - [28/Sep/2024:15:25:08 +0200] "GET /jolea/a1300634.html HTTP/1.1" 404 20321 "-" "Mozilla/5.0 (compatible; SeznamBot/4.0; +http://napoveda.seznam.cz/seznambot-intro/)"
77.75.78.161 - - [28/Sep/2024:15:25:11 +0200] "GET /qvgaf/h2132069.html HTTP/1.1" 404 20323 "-" "Mozilla/5.0 (compatible; SeznamBot/4.0; +http://napoveda.seznam.cz/seznambot-intro/)"
77.75.78.161 - - [28/Sep/2024:15:25:16 +0200] "GET /hzngv/n1243603.html HTTP/1.1" 404 15873 "-" "Mozilla/5.0 (compatible; SeznamBot/4.0; +http://napoveda.seznam.cz/seznambot-intro/)"
85.208.96.204 - - [28/Sep/2024:15:25:30 +0200] "GET /%D9%82%D9%85%D8%A9-%D8%A7%D9%84%D8%B3%D9%8A%D8%B3%D9%8A-%D9%88%D8%A7%D9%84%D8%A8%D8%B1%D9%87%D8%A7%D9%86-%D8%A7%D9%84%D8%B3%D9%88%D8%AF%D8%A7%D9%86-%D9%81%D9%8A-%D8%A7%D9%84%D9%82%D9%84%D8%A8/ HTTP/1.1" 403 0 "-" "Mozilla/5.0 (compatible; SemrushBot/7~bl; +http://www.semrush.com/bot.html)"
77.75.78.161 - - [28/Sep/2024:15:25:29 +0200] "GET /vafys/n1346303.html HTTP/1.1" 404 20322 "-" "Mozilla/5.0 (compatible; SeznamBot/4.0; +http://napoveda.seznam.cz/seznambot-intro/)"
18.218.97.75 - - [28/Sep/2024:15:24:44 +0200] "GET /%d9%87%d9%84-%d8%aa%d8%a4%d9%83%d8%af-%d8%a3%d9%84%d9%85%d8%a7%d9%86%d9%8a%d8%a7-%d8%af%d8%ae%d9%88%d9%84%d9%87%d8%a7-%d8%a7%d9%84%d9%82%d9%88%d9%8a-%d8%a8%d8%a7%d9%84%d9%85%d8%b3%d8%a7%d8%a8%d9%82/feed/ HTTP/2" 200 683 "https://sudancam.net/%d9%87%d9%84-%d8%aa%d8%a4%d9%83%d8%af-%d8%a3%d9%84%d9%85%d8%a7%d9%86%d9%8a%d8%a7-%d8%af%d8%ae%d9%88%d9%84%d9%87%d8%a7-%d8%a7%d9%84%d9%82%d9%88%d9%8a-%d8%a8%d8%a7%d9%84%d9%85%d8%b3%d8%a7%d8%a8%d9%82/feed" "Mozilla/5.0 AppleWebKit/537.36 (KHTML, like Gecko; compatible; ClaudeBot/1.0; +claudebot@anthropic.com)"
74.80.208.56 - - [28/Sep/2024:15:24:46 +0200] "GET /%D8%A7%D9%84%D8%AC%D9%8A%D8%B4-%D9%82%D9%88%D8%A7%D8%AA%D9%86%D8%A7-%D9%85%D8%B3%D8%AA%D9%85%D8%B1%D8%A9-%D9%81%D9%8A-%D8%A3%D8%AF%D8%A7%D8%A1-%D9%88%D8%A7%D8%AC%D8%A8%D9%87%D8%A7-%D8%A7%D9%84%D9%85/ HTTP/2" 200 26162 "-" "Mozilla/5.0 (compatible; ImagesiftBot; +imagesift.com)"
24.249.199.4 - - [28/Sep/2024:15:24:47 +0200] "GET /wp-content/pluginsold/wpforms-lite/vendor_prefixed/stripe/stripe-php/lib/Service/Apps/c.php HTTP/1.1" 301 0 "-" "Mozilla/5.0 (Macintosh; Intel Mac OS X 10_15_7) AppleWebKit/537.36 (KHTML, like Gecko) Chrome/120.0.0.0 Safari/537.36"
3.145.202.61 - - [28/Sep/2024:15:25:06 +0200] "GET /?p=40271 HTTP/2" 301 0 "-" "Mozilla/5.0 AppleWebKit/537.36 (KHTML, like Gecko; compatible; ClaudeBot/1.0; +claudebot@anthropic.com)"
74.80.208.56 - - [28/Sep/2024:15:25:07 +0200] "GET /%D8%A7%D9%84%D9%85%D8%AD%D9%83%D9%85%D8%A9-%D8%AA%D8%A8%D8%B1%D8%A6-%D8%A7%D9%84%D9%85%D8%AA%D9%87%D9%85%D9%8A%D9%86-%D8%A8%D9%82%D8%AA%D9%84-%D8%B1%D9%82%D9%8A%D8%A8-%D8%A7%D9%84%D8%A7%D8%B3%D8%AA/ HTTP/2" 200 0 "-" "Mozilla/5.0 (compatible; ImagesiftBot; +imagesift.com)"
74.80.208.56 - - [28/Sep/2024:15:25:08 +0200] "GET /%D8%A7%D9%84%D8%A2%D9%84%D9%8A%D8%A9-%D8%A7%D9%84%D8%A3%D9%81%D8%B1%D9%8A%D9%82%D9%8A%D8%A9-%D8%AA%D8%A8%D8%AD%D8%AB-%D9%85%D8%B9-%D9%85%D9%85%D8%AB%D9%84%D9%8A%D9%86-%D9%84%D8%AD%D8%B2%D8%A8-%D8%A7/ HTTP/2" 200 33868 "-" "Mozilla/5.0 (compatible; ImagesiftBot; +imagesift.com)"
74.80.208.56 - - [28/Sep/2024:15:25:09 +0200] "GET /tag/%D9%88%D9%8A%D8%B9%D8%AF/ HTTP/2" 200 52995 "-" "Mozilla/5.0 (compatible; ImagesiftBot; +imagesift.com)"
74.80.208.56 - - [28/Sep/2024:15:25:12 +0200] "GET /shyrq/r845235.html HTTP/2" 200 0 "-" "Mozilla/5.0 (compatible; ImagesiftBot; +imagesift.com)"
74.80.208.56 - - [28/Sep/2024:15:25:12 +0200] "GET /%D9%85%D8%AC%D9%84%D8%B3-%D8%B1%D8%B9%D8%A7%D9%8A%D8%A9-%D8%A7%D9%84%D8%B7%D9%81%D9%88%D9%84%D8%A9-%D9%82%D9%88%D8%A7%D8%AA-%D8%A7%D9%84%D8%AF%D8%B9%D9%85-%D8%A7%D9%84%D8%B3%D8%B1%D9%8A%D8%B9-%D8%AC/ HTTP/2" 200 34525 "-" "Mozilla/5.0 (compatible; ImagesiftBot; +imagesift.com)"
74.80.208.56 - - [28/Sep/2024:15:25:13 +0200] "GET /tag/%D8%A7%D9%84%D9%85%D9%81%D8%B1%D8%B7/ HTTP/2" 200 0 "-" "Mozilla/5.0 (compatible; ImagesiftBot; +imagesift.com)"
74.80.208.56 - - [28/Sep/2024:15:25:14 +0200] "GET /tag/%D9%82%D8%A7%D9%85/ HTTP/2" 200 27554 "-" "Mozilla/5.0 (compatible; ImagesiftBot; +imagesift.com)"
74.80.208.56 - - [28/Sep/2024:15:25:16 +0200] "GET /%D8%B7%D9%8A%D8%B1%D8%A7%D9%86-%D8%A7%D9%84%D8%B9%D8%B1%D8%A8%D9%8A%D8%A9-%D8%A7%D9%84%D8%B3%D9%88%D8%AF%D8%A7%D9%86-%D9%81%D9%8A-%D8%A7%D9%84%D9%85%D9%8A%D8%B2%D8%A7%D9%86-2-%D9%85%D8%A7%D8%B0/ HTTP/2" 200 0 "-" "Mozilla/5.0 (compatible; ImagesiftBot; +imagesift.com)"
74.80.208.56 - - [28/Sep/2024:15:25:17 +0200] "GET /%D8%A8%D8%B9%D8%AF-%D8%BA%D9%8A%D8%A7%D8%A8-%D9%84%D8%A3%D9%83%D8%AB%D8%B1-%D9%85%D9%86-%D8%B9%D9%82%D8%AF%D9%8A%D9%86-%D8%AA%D8%AF%D8%B4%D9%8A%D9%86-%D8%A7%D9%84%D9%85%D8%B1%D8%AD%D9%84%D8%A9-%D8%A7/feed/ HTTP/2" 200 757 "-" "Mozilla/5.0 (compatible; ImagesiftBot; +imagesift.com)"
74.80.208.56 - - [28/Sep/2024:15:25:34 +0200] "GET /wp-json/wp/v2/posts/10544 HTTP/2" 200 0 "-" "Mozilla/5.0 (compatible; ImagesiftBot; +imagesift.com)"
74.80.208.56 - - [28/Sep/2024:15:24:56 +0200] "GET /tag/%D9%88%D8%A7%D9%84%D9%86%D9%85%D8%B3%D8%A7%D9%88%D9%8A/ HTTP/2" 200 0 "-" "Mozilla/5.0 (compatible; ImagesiftBot; +imagesift.com)"
24.249.199.4 - - [28/Sep/2024:15:24:54 +0200] "GET /wp-content/pluginsold/wpforms-lite/vendor_prefixed/stripe/stripe-php/lib/Service/Apps/c.php HTTP/1.1" 404 89033 "-" "Mozilla/5.0 (Macintosh; Intel Mac OS X 10_15_7) AppleWebKit/537.36 (KHTML, like Gecko) Chrome/120.0.0.0 Safari/537.36"
74.80.208.56 - - [28/Sep/2024:15:24:56 +0200] "GET /tag/%D8%A7%D9%84%D8%B3%D9%84%D8%A7%D9%85/ HTTP/2" 200 27016 "-" "Mozilla/5.0 (compatible; ImagesiftBot; +imagesift.com)"
74.80.208.56 - - [28/Sep/2024:15:24:57 +0200] "GET /wp-json/wp/v2/tags/5299 HTTP/2" 200 0 "-" "Mozilla/5.0 (compatible; ImagesiftBot; +imagesift.com)"
184.178.172.11 - - [28/Sep/2024:15:25:00 +0200] "GET /wp-content/pluginsold/wpforms-lite/vendor_prefixed/stripe/stripe-php/lib/Service/Apps/c.php HTTP/1.1" 301 0 "-" "Mozilla/5.0 (Macintosh; Intel Mac OS X 10_15_7) AppleWebKit/537.36 (KHTML, like Gecko) Chrome/120.0.0.0 Safari/537.36"
74.80.208.56 - - [28/Sep/2024:15:24:59 +0200] "GET /tag/%D8%A7%D8%B3%D8%AA%D8%AB%D9%86%D8%A7%D8%A6%D9%8A%D8%A9/ HTTP/2" 200 0 "-" "Mozilla/5.0 (compatible; ImagesiftBot; +imagesift.com)"
66.249.64.15 - - [28/Sep/2024:15:25:00 +0200] "GET /wp-content/uploads/2023/01/3-220x150.jpg HTTP/1.1" 200 41657 "-" "Googlebot-Image/1.0"
74.80.208.56 - - [28/Sep/2024:15:25:01 +0200] "GET /tag/%D8%A7%D9%84%D8%A7%D9%88%D9%84%D9%89/ HTTP/2" 200 0 "-" "Mozilla/5.0 (compatible; ImagesiftBot; +imagesift.com)"
74.80.208.56 - - [28/Sep/2024:15:25:04 +0200] "GET /%D8%B3%D8%B9%D8%B1-%D8%A7%D9%84%D8%AF%D9%88%D9%84%D8%A7%D8%B1-%D9%81%D9%8A-%D8%A7%D9%84%D8%A8%D9%86%D9%88%D9%83-%D9%84%D9%8A%D9%88%D9%85-%D8%A7%D9%84%D8%AE%D9%85%D9%8A%D8%B3-1-12-2022-%D8%A3%D9%85/ HTTP/2" 200 15612 "-" "Mozilla/5.0 (compatible; ImagesiftBot; +imagesift.com)"
74.80.208.56 - - [28/Sep/2024:15:25:20 +0200] "GET /wp-json/wp/v2/tags/577 HTTP/2" 200 316 "-" "Mozilla/5.0 (compatible; ImagesiftBot; +imagesift.com)"
74.80.208.56 - - [28/Sep/2024:15:25:21 +0200] "GET /tag/%D8%A7%D9%84%D9%85%D8%AC%D9%85%D9%88%D8%B9%D8%A9/ HTTP/2" 200 54972 "-" "Mozilla/5.0 (compatible; ImagesiftBot; +imagesift.com)"
198.8.84.3 - - [28/Sep/2024:15:25:30 +0200] "GET /wp-content/pluginsold/wpforms-lite/vendor_prefixed/stripe/stripe-php/lib/Service/Apps/c.php HTTP/1.1" 301 0 "-" "Mozilla/5.0 (Macintosh; Intel Mac OS X 10_15_7) AppleWebKit/537.36 (KHTML, like Gecko) Chrome/120.0.0.0 Safari/537.36"
157.55.39.10 - - [28/Sep/2024:15:25:31 +0200] "GET /%D8%A7%D9%84%D9%81%D8%A7%D9%88-%D8%AA%D8%A8%D8%AF%D8%A3-%D8%AA%D9%88%D8%B2%D9%8A%D8%B9-%D8%A8%D8%B0%D9%88%D8%B1-%D9%84%D9%86%D8%AD%D9%88-%D9%85%D9%84%D9%8A%D9%88%D9%86-%D9%85%D8%B2%D8%A7%D8%B1%D8%B9/ HTTP/2" 200 41343 "-" "Mozilla/5.0 AppleWebKit/537.36 (KHTML, like Gecko; compatible; bingbot/2.0; +http://www.bing.com/bingbot.htm) Chrome/116.0.1938.76 Safari/537.36"
74.80.208.56 - - [28/Sep/2024:15:25:31 +0200] "GET /wp-json/wp/v2/posts/11684 HTTP/2" 200 2470 "-" "Mozilla/5.0 (compatible; ImagesiftBot; +imagesift.com)"
74.80.208.56 - - [28/Sep/2024:15:25:32 +0200] "GET /tag/%D9%86%D8%B3%D9%83/feed/ HTTP/2" 200 2832 "-" "Mozilla/5.0 (compatible; ImagesiftBot; +imagesift.com)"
198.8.84.3 - - [28/Sep/2024:15:25:34 +0200] "GET /wp-content/pluginsold/wpforms-lite/vendor_prefixed/stripe/stripe-php/lib/Service/Apps/c.php HTTP/1.1" 404 89033 "-" "Mozilla/5.0 (Macintosh; Intel Mac OS X 10_15_7) AppleWebKit/537.36 (KHTML, like Gecko) Chrome/120.0.0.0 Safari/537.36"
77.75.78.161 - - [28/Sep/2024:15:25:43 +0200] "GET /pvran/i245536.html HTTP/1.1" 404 20327 "-" "Mozilla/5.0 (compatible; SeznamBot/4.0; +http://napoveda.seznam.cz/seznambot-intro/)"
77.75.78.161 - - [28/Sep/2024:15:25:47 +0200] "GET /qijxw/s1628278.html HTTP/1.1" 404 20324 "-" "Mozilla/5.0 (compatible; SeznamBot/4.0; +http://napoveda.seznam.cz/seznambot-intro/)"
77.75.78.161 - - [28/Sep/2024:15:25:30 +0200] "GET /htimh/u1793926.html HTTP/1.1" 404 20322 "-" "Mozilla/5.0 (compatible; SeznamBot/4.0; +http://napoveda.seznam.cz/seznambot-intro/)"
135.181.9.38 - - [28/Sep/2024:15:25:35 +0200] "POST /wp-cron.php?doing_wp_cron=1727529935.2313909530639648437500 HTTP/1.1" 200 0 "-" "WordPress/6.6.2; https://www.sudancam.net"
77.75.78.161 - - [28/Sep/2024:15:25:34 +0200] "GET /kgmow/o1179904.html HTTP/1.1" 404 20323 "-" "Mozilla/5.0 (compatible; SeznamBot/4.0; +http://napoveda.seznam.cz/seznambot-intro/)"
135.181.9.38 - - [28/Sep/2024:15:25:36 +0200] "POST /wp-admin/admin-ajax.php?action=async_litespeed&nonce=QTM81T1saB8Hqr20furvirrLlhg4q6GY&litespeed_type=imgoptm HTTP/1.1" 200 21 "-" "WordPress/6.6.2; https://www.sudancam.net"
74.80.208.56 - - [28/Sep/2024:15:25:41 +0200] "GET /tag/%D8%AA%D8%B4%D9%8A%D9%84%D8%B3%D9%8A/page/2/ HTTP/2" 200 26934 "-" "Mozilla/5.0 (compatible; ImagesiftBot; +imagesift.com)"
74.80.208.56 - - [28/Sep/2024:15:25:43 +0200] "GET /tag/%D8%B8%D9%81%D8%B1/ HTTP/2" 200 0 "-" "Mozilla/5.0 (compatible; ImagesiftBot; +imagesift.com)"
74.80.208.56 - - [28/Sep/2024:15:25:44 +0200] "GET /rvsut/u1816832.html HTTP/2" 200 0 "-" "Mozilla/5.0 (compatible; ImagesiftBot; +imagesift.com)"
74.80.208.56 - - [28/Sep/2024:15:25:45 +0200] "GET /wp-json/wp/v2/posts/22889 HTTP/2" 200 3771 "-" "Mozilla/5.0 (compatible; ImagesiftBot; +imagesift.com)"
74.80.208.56 - - [28/Sep/2024:15:25:46 +0200] "GET /tag/%D9%88%D8%AE%D8%AF%D9%85%D8%A9/ HTTP/2" 200 0 "-" "Mozilla/5.0 (compatible; ImagesiftBot; +imagesift.com)"
74.80.208.56 - - [28/Sep/2024:15:25:47 +0200] "GET /tag/%D8%AE%D9%85%D8%B3%D8%A9/ HTTP/2" 200 39483 "-" "Mozilla/5.0 (compatible; ImagesiftBot; +imagesift.com)"
3.133.134.17 - - [28/Sep/2024:15:25:59 +0200] "GET /%d9%85%d9%82%d8%aa%d9%84-20-%d8%b4%d8%ae%d8%b5%d8%a7-%d8%b9%d9%84%d9%89-%d8%a7%d9%84%d8%a3%d9%82%d9%84-%d9%81%d9%8a-%d9%82%d8%b5%d9%81-%d9%84%d9%84%d8%af%d8%b9%d9%85-%d8%a7%d9%84%d8%b3%d8%b1%d9%8a HTTP/2" 301 0 "-" "Mozilla/5.0 AppleWebKit/537.36 (KHTML, like Gecko; compatible; ClaudeBot/1.0; +claudebot@anthropic.com)"
3.17.164.34 - - [28/Sep/2024:15:25:59 +0200] "GET /wp-json/wp/v2/posts/40163 HTTP/2" 200 6291 "-" "Mozilla/5.0 AppleWebKit/537.36 (KHTML, like Gecko; compatible; ClaudeBot/1.0; +claudebot@anthropic.com)"
74.80.208.56 - - [28/Sep/2024:15:26:00 +0200] "GET /tag/%D8%B1%D8%A7%D8%B4%D9%81%D9%88%D8%B1%D8%AF/feed/ HTTP/2" 200 3940 "-" "Mozilla/5.0 (compatible; ImagesiftBot; +imagesift.com)"
3.133.134.17 - - [28/Sep/2024:15:26:00 +0200] "GET /%d9%85%d9%82%d8%aa%d9%84-20-%d8%b4%d8%ae%d8%b5%d8%a7-%d8%b9%d9%84%d9%89-%d8%a7%d9%84%d8%a3%d9%82%d9%84-%d9%81%d9%8a-%d9%82%d8%b5%d9%81-%d9%84%d9%84%d8%af%d8%b9%d9%85-%d8%a7%d9%84%d8%b3%d8%b1%d9%8a/ HTTP/2" 200 32907 "https://sudancam.net/%d9%85%d9%82%d8%aa%d9%84-20-%d8%b4%d8%ae%d8%b5%d8%a7-%d8%b9%d9%84%d9%89-%d8%a7%d9%84%d8%a3%d9%82%d9%84-%d9%81%d9%8a-%d9%82%d8%b5%d9%81-%d9%84%d9%84%d8%af%d8%b9%d9%85-%d8%a7%d9%84%d8%b3%d8%b1%d9%8a" "Mozilla/5.0 AppleWebKit/537.36 (KHTML, like Gecko; compatible; ClaudeBot/1.0; +claudebot@anthropic.com)"
