74.80.208.56 - - [28/Sep/2024:15:15:07 +0200] "GET /wp-json/wp/v2/tags/29202 HTTP/2" 200 366 "-" "Mozilla/5.0 (compatible; ImagesiftBot; +imagesift.com)"
74.80.208.56 - - [28/Sep/2024:15:15:08 +0200] "GET /wp-json/wp/v2/tags/16260 HTTP/2" 200 312 "-" "Mozilla/5.0 (compatible; ImagesiftBot; +imagesift.com)"
74.80.208.56 - - [28/Sep/2024:15:15:09 +0200] "GET /%D8%B9%D9%85%D8%B1-%D8%A7%D9%84%D8%AF%D9%82%D9%8A%D8%B1-%D9%8A%D9%8F%D8%B1%D8%AD%D9%90%D9%91%D8%A8-%D8%A8%D8%A8%D9%8A%D8%A7%D9%86-%D8%A7%D9%84%D8%AC%D9%8A%D8%B4/feed/ HTTP/2" 200 695 "-" "Mozilla/5.0 (compatible; ImagesiftBot; +imagesift.com)"
74.80.208.56 - - [28/Sep/2024:15:15:10 +0200] "GET /wp-json/wp/v2/tags/6705 HTTP/2" 200 307 "-" "Mozilla/5.0 (compatible; ImagesiftBot; +imagesift.com)"
74.80.208.56 - - [28/Sep/2024:15:15:10 +0200] "GET /%D8%AD%D9%85%D9%8A%D8%AF%D8%AA%D9%8A-%D8%A7%D9%84%D8%A8%D8%B1%D9%87%D8%A7%D9%86-%D9%84%D9%85-%D9%8A%D8%AA%D8%B9%D8%B8-%D9%88%D8%A3%D8%AF%D8%B9%D9%88-%D8%B6%D8%A8%D8%A7%D8%B7-%D9%88%D8%AC%D9%86%D9%88/ HTTP/2" 200 47292 "-" "Mozilla/5.0 (compatible; ImagesiftBot; +imagesift.com)"
74.80.208.56 - - [28/Sep/2024:15:15:12 +0200] "GET /wp-json/wp/v2/posts/16526 HTTP/2" 200 2183 "-" "Mozilla/5.0 (compatible; ImagesiftBot; +imagesift.com)"
74.80.208.56 - - [28/Sep/2024:15:15:13 +0200] "GET /%D8%B4%D8%A7%D9%87%D8%AF-%D8%A8%D8%A7%D9%84%D9%81%D9%8A%D8%AF%D9%8A%D9%88-%D9%85%D8%B7%D8%B1%D8%A8%D8%A9-%D8%B3%D9%88%D8%AF%D8%A7%D9%86%D9%8A%D8%A9-%D8%AA%D9%83%D8%B4%D9%81-%D8%A7%D9%84%D9%85%D8%AB/ HTTP/2" 200 46951 "-" "Mozilla/5.0 (compatible; ImagesiftBot; +imagesift.com)"
74.80.208.56 - - [28/Sep/2024:15:15:14 +0200] "GET /vuzje/x399133.html HTTP/2" 200 0 "-" "Mozilla/5.0 (compatible; ImagesiftBot; +imagesift.com)"
74.80.208.56 - - [28/Sep/2024:15:15:15 +0200] "GET /%D8%AD%D9%8A-%D8%A7%D9%84%D8%B9%D8%B1%D8%A8-%D8%A7%D9%84%D8%AD%D8%B5%D8%A7%D9%86-%D8%A7%D9%84%D8%A7%D8%B3%D9%88%D8%AF-%D9%8A%D9%88%D8%A7%D8%B5%D9%84-%D8%A7%D9%86%D9%81%D8%B1%D8%A7%D8%AF%D9%87-%D8%A8/feed/ HTTP/2" 200 736 "-" "Mozilla/5.0 (compatible; ImagesiftBot; +imagesift.com)"
74.80.208.56 - - [28/Sep/2024:15:15:16 +0200] "GET /%D8%A8%D8%B9%D8%AF-%D8%A7%D9%84%D8%AA%D8%B3%D9%88%D9%8A%D8%A9-%D8%A3%D8%A8%D8%B1%D8%B2-4-%D9%85%D8%B1%D8%B4%D8%AD%D9%8A%D9%86-%D9%84%D8%B1%D8%A6%D8%A7%D8%B3%D8%A9-%D8%A7%D9%84%D9%88%D8%B2%D8%B1/feed/ HTTP/2" 200 752 "-" "Mozilla/5.0 (compatible; ImagesiftBot; +imagesift.com)"
74.80.208.56 - - [28/Sep/2024:15:15:17 +0200] "GET /tag/%D8%AC%D9%88%D9%86%D8%B2%D8%A7%D9%84%D9%8A%D8%B3/ HTTP/2" 200 0 "-" "Mozilla/5.0 (compatible; ImagesiftBot; +imagesift.com)"
77.75.78.161 - - [28/Sep/2024:15:15:18 +0200] "GET /oubxw/g3040274.html HTTP/1.1" 404 20328 "-" "Mozilla/5.0 (compatible; SeznamBot/4.0; +http://napoveda.seznam.cz/seznambot-intro/)"
74.80.208.56 - - [28/Sep/2024:15:15:18 +0200] "GET /%D8%A7%D8%AA%D8%AD%D8%A7%D8%AF-%D8%A7%D9%84%D9%83%D8%B1%D8%A9-%D8%A7%D9%84%D9%81%D8%B1%D9%86%D8%B3%D9%8A-%D9%8A%D9%85%D9%86%D8%B9-%D8%A5%D9%8A%D9%82%D8%A7%D9%81-%D8%A7%D9%84%D9%85%D8%A8%D8%A7%D8%B1/ HTTP/2" 200 0 "-" "Mozilla/5.0 (compatible; ImagesiftBot; +imagesift.com)"
74.80.208.56 - - [28/Sep/2024:15:15:19 +0200] "GET /wp-json/wp/v2/tags/13197 HTTP/2" 200 333 "-" "Mozilla/5.0 (compatible; ImagesiftBot; +imagesift.com)"
74.80.208.56 - - [28/Sep/2024:15:15:20 +0200] "GET /tag/%D8%B2%D9%88%D8%B1%D9%82/ HTTP/2" 200 23525 "-" "Mozilla/5.0 (compatible; ImagesiftBot; +imagesift.com)"
74.80.208.56 - - [28/Sep/2024:15:15:22 +0200] "GET /tag/%D8%A7%D9%84%D8%A2%D9%85%D9%86/ HTTP/2" 200 23562 "-" "Mozilla/5.0 (compatible; ImagesiftBot; +imagesift.com)"
74.80.208.56 - - [28/Sep/2024:15:15:23 +0200] "GET /%D8%A7%D9%84%D8%B2%D9%8A%D8%A7%D8%AF%D8%A9-%D8%AA%D8%B7%D8%A8%D9%82-%D8%A7%D9%84%D9%8A%D9%88%D9%85-%D8%A3%D8%B3%D8%A8%D8%A7%D8%A8-%D8%B1%D9%81%D8%B9-%D8%A3%D8%B3%D8%B9%D8%A7%D8%B1-%D8%A7%D9%84%D8%B3/feed/ HTTP/2" 200 763 "-" "Mozilla/5.0 (compatible; ImagesiftBot; +imagesift.com)"
74.80.208.56 - - [28/Sep/2024:15:15:24 +0200] "GET /wp-json/wp/v2/tags/9091 HTTP/2" 200 327 "-" "Mozilla/5.0 (compatible; ImagesiftBot; +imagesift.com)"
74.80.208.56 - - [28/Sep/2024:15:15:25 +0200] "GET /tag/%D8%A2%D8%B3%D9%8A%D8%A7/ HTTP/2" 200 27102 "-" "Mozilla/5.0 (compatible; ImagesiftBot; +imagesift.com)"
85.208.96.208 - - [28/Sep/2024:15:14:19 +0200] "GET /%D8%B7%D9%81%D9%84-%D9%85%D8%AA%D9%88%D9%81%D9%89-%D8%AF%D9%85%D8%A7%D8%BA%D9%8A%D8%A7%D9%8B-%D9%8A%D9%86%D9%82%D8%B0-%D8%AD%D9%8A%D8%A7%D8%A9-3-%D8%B3%D8%B9%D9%88%D8%AF%D9%8A%D9%8A%D9%86-%D9%88%D9%8A/ HTTP/1.1" 403 0 "-" "Mozilla/5.0 (compatible; SemrushBot/7~bl; +http://www.semrush.com/bot.html)"
74.80.208.56 - - [28/Sep/2024:15:14:19 +0200] "GET /wp-json/wp/v2/tags/31785 HTTP/2" 200 0 "-" "Mozilla/5.0 (compatible; ImagesiftBot; +imagesift.com)"
74.80.208.56 - - [28/Sep/2024:15:14:19 +0200] "GET /%D9%85%D9%86-%D8%AD%D8%B3%D9%86%D8%A7%D8%AA-%D9%87%D8%B0%D9%87-%D8%A7%D9%84%D8%AB%D9%88%D8%B1%D8%A9-%D8%A3%D9%86%D9%87%D8%A7-%D8%AD%D9%84%D9%84%D8%AA-%D8%B1%D9%88%D8%A7%D9%8A%D8%A7%D8%AA-%D9%88%D9%82/feed/ HTTP/2" 200 737 "-" "Mozilla/5.0 (compatible; ImagesiftBot; +imagesift.com)"
74.80.208.56 - - [28/Sep/2024:15:14:20 +0200] "GET /%D8%B3%D8%A8%D8%A8-%D8%AC%D8%AF%D9%8A%D8%AF-%D9%84%D9%84%D8%B9%D9%82%D9%85-%D9%8850-%D9%85%D9%86-%D8%A7%D9%84%D8%AD%D8%A7%D9%84%D8%A7%D8%AA-%D8%AA%D9%86%D8%B4%D8%A3-%D8%B9%D9%86%D8%AF-%D8%A7%D9%84/ HTTP/2" 200 33877 "-" "Mozilla/5.0 (compatible; ImagesiftBot; +imagesift.com)"
74.80.208.56 - - [28/Sep/2024:15:14:22 +0200] "GET /%D8%AA%D9%81%D8%B9%D9%8A%D9%84-%D8%A7%D9%84%D8%B4%D8%B1%D8%B7%D8%A9-%D8%A7%D9%84%D9%85%D8%AC%D8%AA%D9%85%D8%B9%D9%8A%D8%A9-%D9%8A%D8%AB%D9%8A%D8%B1-%D9%85%D8%AE%D8%A7%D9%88%D9%81-%D8%A8%D8%B4%D8%A3/ HTTP/2" 200 0 "-" "Mozilla/5.0 (compatible; ImagesiftBot; +imagesift.com)"
74.80.208.56 - - [28/Sep/2024:15:14:23 +0200] "GET /tag/%D8%AA%D8%B3%D9%87%D9%8A%D9%84/ HTTP/2" 200 36492 "-" "Mozilla/5.0 (compatible; ImagesiftBot; +imagesift.com)"
74.80.208.56 - - [28/Sep/2024:15:14:24 +0200] "GET /wp-json/wp/v2/tags/9942 HTTP/2" 200 282 "-" "Mozilla/5.0 (compatible; ImagesiftBot; +imagesift.com)"
74.80.208.56 - - [28/Sep/2024:15:14:25 +0200] "GET /wp-json/wp/v2/posts/4970 HTTP/2" 200 1510 "-" "Mozilla/5.0 (compatible; ImagesiftBot; +imagesift.com)"
74.80.208.56 - - [28/Sep/2024:15:14:29 +0200] "GET /%D8%A7%D9%84%D8%B4%D8%B1%D8%B7%D8%A9-%D8%AA%D9%88%D8%B6%D9%91%D8%AD-%D8%A7%D9%84%D8%AD%D9%82%D8%A7%D8%A6%D9%82-%D8%A8%D8%B4%D8%A3%D9%86-%D9%85%D9%82%D8%AA%D9%84-%D9%81%D8%B1%D8%AF-%D8%AA%D8%B3%D8%B9/ HTTP/2" 200 31023 "-" "Mozilla/5.0 (compatible; ImagesiftBot; +imagesift.com)"
40.77.167.48 - - [28/Sep/2024:15:15:02 +0200] "GET /wxlcx/d1603563.html HTTP/2" 200 41456 "-" "Mozilla/5.0 AppleWebKit/537.36 (KHTML, like Gecko; compatible; bingbot/2.0; +http://www.bing.com/bingbot.htm) Chrome/116.0.1938.76 Safari/537.36"
207.46.13.154 - - [28/Sep/2024:15:15:17 +0200] "GET /qtnou/i98324.html HTTP/2" 200 42036 "-" "Mozilla/5.0 AppleWebKit/537.36 (KHTML, like Gecko; compatible; bingbot/2.0; +http://www.bing.com/bingbot.htm) Chrome/116.0.1938.76 Safari/537.36"
85.208.96.205 - - [28/Sep/2024:15:15:20 +0200] "GET /%D9%85%D8%AD%D8%A7%D9%88%D9%84%D8%A9-%D8%AC%D8%AF%D9%8A%D8%AF%D8%A9-%D9%84%D8%A5%D8%B7%D9%84%D8%A7%D9%82-%D8%B3%D8%B1%D8%A7%D8%AD-%D9%88%D8%AC%D8%AF%D9%8A-%D8%B5%D8%A7%D9%84%D8%AD-%D8%A8%D8%B9%D8%AF/ HTTP/1.1" 403 0 "-" "Mozilla/5.0 (compatible; SemrushBot/7~bl; +http://www.semrush.com/bot.html)"
135.181.9.38 - - [28/Sep/2024:15:15:34 +0200] "POST /wp-cron.php?doing_wp_cron=1727529334.6603550910949707031250 HTTP/1.1" 200 0 "-" "WordPress/6.6.2; https://www.sudancam.net"
135.181.9.38 - - [28/Sep/2024:15:15:35 +0200] "POST /wp-admin/admin-ajax.php?action=async_litespeed&nonce=dGdTabqJSf0HXJ3Ktddg3Zq1Y5ecUxUd&litespeed_type=imgoptm HTTP/1.1" 200 21 "-" "WordPress/6.6.2; https://www.sudancam.net"
77.75.78.161 - - [28/Sep/2024:15:15:44 +0200] "GET /pqqed/j2831341.html HTTP/1.1" 404 20328 "-" "Mozilla/5.0 (compatible; SeznamBot/4.0; +http://napoveda.seznam.cz/seznambot-intro/)"
157.55.39.10 - - [28/Sep/2024:15:15:47 +0200] "GET /sxhkt/c3059094.html HTTP/2" 200 41417 "-" "Mozilla/5.0 AppleWebKit/537.36 (KHTML, like Gecko; compatible; bingbot/2.0; +http://www.bing.com/bingbot.htm) Chrome/116.0.1938.76 Safari/537.36"
74.80.208.56 - - [28/Sep/2024:15:14:07 +0200] "GET /tag/%D8%A7%D9%84%D8%AD%D9%83%D9%85/feed/ HTTP/2" 200 15387 "-" "Mozilla/5.0 (compatible; ImagesiftBot; +imagesift.com)"
178.236.247.6 - - [28/Sep/2024:15:14:09 +0200] "POST /74a7c9952328.php HTTP/1.1" 200 9 "-" "curl/7.86.0"
74.80.208.56 - - [28/Sep/2024:15:14:32 +0200] "GET /wp-json/wp/v2/posts/28094 HTTP/2" 200 2370 "-" "Mozilla/5.0 (compatible; ImagesiftBot; +imagesift.com)"
74.80.208.56 - - [28/Sep/2024:15:14:33 +0200] "GET /wp-json/wp/v2/posts/27803 HTTP/2" 200 3310 "-" "Mozilla/5.0 (compatible; ImagesiftBot; +imagesift.com)"
74.80.208.56 - - [28/Sep/2024:15:14:33 +0200] "GET /tag/%D8%B1%D9%81%D9%82%D8%A9/ HTTP/2" 200 0 "-" "Mozilla/5.0 (compatible; ImagesiftBot; +imagesift.com)"
74.80.208.56 - - [28/Sep/2024:15:14:35 +0200] "GET /%D9%85%D9%86%D8%B8%D9%85%D8%A9-%D8%A7%D9%84%D8%B7%D9%8A%D8%B1%D8%A7%D9%86-%D8%A7%D9%84%D9%85%D8%AF%D9%86%D9%8A-%D8%A7%D9%84%D8%AF%D9%88%D9%84%D9%8A-%D8%AA%D8%A8%D8%AD%D8%AB-%D8%B7%D9%84%D8%A8-%D9%87/ HTTP/2" 200 0 "-" "Mozilla/5.0 (compatible; ImagesiftBot; +imagesift.com)"
74.80.208.56 - - [28/Sep/2024:15:14:36 +0200] "GET /wp-json/wp/v2/tags/11517 HTTP/2" 200 305 "-" "Mozilla/5.0 (compatible; ImagesiftBot; +imagesift.com)"
74.80.208.56 - - [28/Sep/2024:15:14:37 +0200] "GET /tag/%D8%A8%D8%A7%D9%84%D8%AF%D8%B9%D9%85/page/3/ HTTP/2" 200 23999 "-" "Mozilla/5.0 (compatible; ImagesiftBot; +imagesift.com)"
74.80.208.56 - - [28/Sep/2024:15:14:43 +0200] "GET /tag/%D8%A7%D9%84%D9%85%D9%83%D8%B3%D9%8A%D9%83%D9%85%D8%B4%D8%AC%D8%B9/ HTTP/2" 200 0 "-" "Mozilla/5.0 (compatible; ImagesiftBot; +imagesift.com)"
77.75.78.161 - - [28/Sep/2024:15:14:41 +0200] "GET /mkouk/j1728577.html HTTP/1.1" 404 20323 "-" "Mozilla/5.0 (compatible; SeznamBot/4.0; +http://napoveda.seznam.cz/seznambot-intro/)"
74.80.208.56 - - [28/Sep/2024:15:14:44 +0200] "GET /%D9%82%D8%A7%D8%A6%D9%85%D8%A9-%D9%88%D9%81%D8%AF-%D8%A7%D9%84%D8%AF%D8%B9%D8%A7%D9%85%D8%A9-%D8%A8%D8%A7%D8%AA%D9%81%D8%A7%D9%82-%D8%AC%D8%AF%D8%A9-%D9%82%D8%A7%D9%84-%D9%86%D8%AD%D8%A7%D8%B1%D8%A8/ HTTP/2" 200 0 "-" "Mozilla/5.0 (compatible; ImagesiftBot; +imagesift.com)"
74.80.208.56 - - [28/Sep/2024:15:14:45 +0200] "GET /wp-json/wp/v2/tags/6621 HTTP/2" 200 317 "-" "Mozilla/5.0 (compatible; ImagesiftBot; +imagesift.com)"
77.75.78.161 - - [28/Sep/2024:15:14:45 +0200] "GET /hophy/q2963844.html HTTP/1.1" 404 20325 "-" "Mozilla/5.0 (compatible; SeznamBot/4.0; +http://napoveda.seznam.cz/seznambot-intro/)"
77.75.78.161 - - [28/Sep/2024:15:14:59 +0200] "GET /qgdzs/z1618171.html HTTP/1.1" 404 20324 "-" "Mozilla/5.0 (compatible; SeznamBot/4.0; +http://napoveda.seznam.cz/seznambot-intro/)"
18.117.74.231 - - [28/Sep/2024:15:15:08 +0200] "GET /wp-json/oembed/1.0//%22https:////www.sudancam.net//%d8%a3%d8%b3%d8%a7%d8%a1-%d9%84%d8%b2%d9%8a%d8%af%d8%a7%d9%86-%d9%88%d9%85%d8%aa%d9%87%d9%85-%d8%a8%d8%a7%d9%84%d8%aa%d8%ad%d8%b1%d8%b4-%d8%a7%d9%84%d8%ac%d9%86%d8%b3%d9%8a-%d9%84%d9%88%d8%ba%d8%b1///%22 HTTP/2" 404 188 "-" "Mozilla/5.0 AppleWebKit/537.36 (KHTML, like Gecko; compatible; ClaudeBot/1.0; +claudebot@anthropic.com)"
77.75.78.161 - - [28/Sep/2024:15:15:25 +0200] "GET /dpnyo/j1968583.html HTTP/1.1" 404 20323 "-" "Mozilla/5.0 (compatible; SeznamBot/4.0; +http://napoveda.seznam.cz/seznambot-intro/)"
77.75.78.161 - - [28/Sep/2024:15:15:34 +0200] "GET /udrdn/f824215.html HTTP/1.1" 404 20320 "-" "Mozilla/5.0 (compatible; SeznamBot/4.0; +http://napoveda.seznam.cz/seznambot-intro/)"
40.77.167.48 - - [28/Sep/2024:15:15:42 +0200] "GET /sigjj/v571667.html HTTP/2" 200 42841 "-" "Mozilla/5.0 AppleWebKit/537.36 (KHTML, like Gecko; compatible; bingbot/2.0; +http://www.bing.com/bingbot.htm) Chrome/116.0.1938.76 Safari/537.36"
74.80.208.56 - - [28/Sep/2024:15:15:45 +0200] "GET /tag/%D9%85%D8%B4%D8%AC%D8%B9/ HTTP/2" 200 0 "-" "Mozilla/5.0 (compatible; ImagesiftBot; +imagesift.com)"
40.77.167.48 - - [28/Sep/2024:15:15:46 +0200] "GET /dkvel/i2003474.html HTTP/2" 200 41494 "-" "Mozilla/5.0 AppleWebKit/537.36 (KHTML, like Gecko; compatible; bingbot/2.0; +http://www.bing.com/bingbot.htm) Chrome/116.0.1938.76 Safari/537.36"
74.80.208.56 - - [28/Sep/2024:15:15:46 +0200] "GET /tag/%D9%8A%D9%84%D8%AD%D9%82/ HTTP/2" 200 24519 "-" "Mozilla/5.0 (compatible; ImagesiftBot; +imagesift.com)"
74.80.208.56 - - [28/Sep/2024:15:15:49 +0200] "GET /%D8%A7%D9%84%D8%AC%D9%8A%D8%B4-%D9%8A%D8%B5%D8%AF-%D9%87%D8%AC%D9%88%D9%85%D8%A7%D9%8B-%D8%B3%D8%A7%D8%A8%D8%B9%D8%A7%D9%8B-%D8%B9%D9%84%D9%89-%D8%A7%D9%84%D9%85%D8%AF%D8%B1%D8%B9%D8%A7%D8%AA-%D9%88/ HTTP/2" 200 0 "-" "Mozilla/5.0 (compatible; ImagesiftBot; +imagesift.com)"
74.80.208.56 - - [28/Sep/2024:15:15:50 +0200] "GET /tag/%D9%88%D8%A7%D9%84%D8%AF%D9%8A%D9%85%D9%82%D8%B1%D8%A7%D8%B7%D9%8A%D8%A9/ HTTP/2" 200 25228 "-" "Mozilla/5.0 (compatible; ImagesiftBot; +imagesift.com)"
74.80.208.56 - - [28/Sep/2024:15:15:51 +0200] "GET /wp-json/wp/v2/tags/11881 HTTP/2" 200 327 "-" "Mozilla/5.0 (compatible; ImagesiftBot; +imagesift.com)"
74.80.208.56 - - [28/Sep/2024:15:15:52 +0200] "GET /tag/%D8%A7%D9%84%D8%AD%D9%83%D9%85/page/2/ HTTP/2" 200 26593 "-" "Mozilla/5.0 (compatible; ImagesiftBot; +imagesift.com)"
74.80.208.56 - - [28/Sep/2024:15:15:55 +0200] "GET /xajbb/s1087036.html HTTP/2" 404 22077 "-" "Mozilla/5.0 (compatible; ImagesiftBot; +imagesift.com)"
77.75.78.161 - - [28/Sep/2024:15:15:55 +0200] "GET /yqhif/l890651.html HTTP/1.1" 404 20322 "-" "Mozilla/5.0 (compatible; SeznamBot/4.0; +http://napoveda.seznam.cz/seznambot-intro/)"
74.80.208.56 - - [28/Sep/2024:15:15:58 +0200] "GET /tag/%D8%AA%D8%B9%D8%AF%D9%8A%D9%84%D8%A7%D8%AA/page/2/ HTTP/2" 200 25262 "-" "Mozilla/5.0 (compatible; ImagesiftBot; +imagesift.com)"
74.80.208.56 - - [28/Sep/2024:15:16:01 +0200] "GET /tag/%D8%AF%D8%A7%D8%B1%D9%81%D9%88%D8%B1%D9%8A%D8%A9/ HTTP/2" 200 32975 "-" "Mozilla/5.0 (compatible; ImagesiftBot; +imagesift.com)"
74.80.208.56 - - [28/Sep/2024:15:16:02 +0200] "GET /%D8%A7%D9%88%D9%84-%D8%A7%D9%84%D8%BA%D9%8A%D8%AB-%D9%82%D8%B7%D8%B1%D8%A9-2/ HTTP/2" 200 42416 "-" "Mozilla/5.0 (compatible; ImagesiftBot; +imagesift.com)"
74.80.208.56 - - [28/Sep/2024:15:16:04 +0200] "GET /tag/%D8%B3%D8%AD%D8%A7%D8%A8%D9%8A%D8%A9/ HTTP/2" 200 23600 "-" "Mozilla/5.0 (compatible; ImagesiftBot; +imagesift.com)"
74.80.208.56 - - [28/Sep/2024:15:16:05 +0200] "GET /tag/%D8%AA%D8%AD%D8%B1%D9%83%D8%A7%D8%AA/page/2/ HTTP/2" 200 0 "-" "Mozilla/5.0 (compatible; ImagesiftBot; +imagesift.com)"
74.80.208.56 - - [28/Sep/2024:15:16:07 +0200] "GET /wp-json/wp/v2/posts/13649 HTTP/2" 200 0 "-" "Mozilla/5.0 (compatible; ImagesiftBot; +imagesift.com)"
74.80.208.56 - - [28/Sep/2024:15:16:07 +0200] "GET /wp-json/wp/v2/tags/68 HTTP/2" 200 327 "-" "Mozilla/5.0 (compatible; ImagesiftBot; +imagesift.com)"
74.80.208.56 - - [28/Sep/2024:15:16:08 +0200] "GET /%D9%85%D8%A8%D8%A7%D8%B4%D8%B1-%D8%AA%D9%88%D9%86%D8%B3-%D8%AC%D9%86%D9%88%D8%A8-%D8%A3%D9%81%D8%B1%D9%8A%D9%82%D9%8A%D8%A7-%D9%85%D8%AC%D8%B1%D9%8A%D8%A7%D8%AA-%D8%A7%D9%84%D9%85%D8%A8%D8%A7/ HTTP/2" 200 30433 "-" "Mozilla/5.0 (compatible; ImagesiftBot; +imagesift.com)"
74.80.208.56 - - [28/Sep/2024:15:16:09 +0200] "GET /%D8%A7%D9%84%D8%AD%D8%B1%D9%8A%D8%A9-%D9%88%D8%A7%D9%84%D8%AA%D8%BA%D9%8A%D9%8A%D8%B1-%D9%84%D9%85-%D9%86%D8%AA%D9%84%D9%82-%D9%85%D9%82%D8%AA%D8%B1%D8%AD%D8%A7-%D9%85%D9%86-%D8%A7/ HTTP/2" 200 33777 "-" "Mozilla/5.0 (compatible; ImagesiftBot; +imagesift.com)"
74.80.208.56 - - [28/Sep/2024:15:16:12 +0200] "GET /wp-json/wp/v2/posts/12509 HTTP/2" 200 2711 "-" "Mozilla/5.0 (compatible; ImagesiftBot; +imagesift.com)"
74.80.208.56 - - [28/Sep/2024:15:16:13 +0200] "GET /wp-json/wp/v2/tags/21646 HTTP/2" 200 325 "-" "Mozilla/5.0 (compatible; ImagesiftBot; +imagesift.com)"
74.80.208.56 - - [28/Sep/2024:15:16:14 +0200] "GET /%D8%A8%D8%A7%D9%84%D9%81%D9%8A%D8%AF%D9%8A%D9%88-%D8%B3%D8%B9%D9%8A%D8%AF%D8%A9-%D8%B9%D9%84%D9%89-%D8%BA%D9%8A%D8%B1-%D8%B9%D8%A7%D8%AF%D8%AA%D9%87%D8%A7-%D8%B4%D8%A7%D9%83%D9%8A%D8%B1%D8%A7/ HTTP/2" 200 46553 "-" "Mozilla/5.0 (compatible; ImagesiftBot; +imagesift.com)"
74.80.208.56 - - [28/Sep/2024:15:16:15 +0200] "GET /%D9%83%D9%85%D8%A7%D9%84-%D8%A7%D9%84%D8%B2%D9%8A%D9%86-%D8%A3%D9%83%D8%AB%D8%B1-%D9%85%D8%A7-%D9%8A%D8%AF%D9%87%D8%B4%D9%86%D9%8A%D8%8C-%D8%A8%D9%84-%D9%88%D9%8A%D9%82%D8%B1%D9%81%D9%86%D9%8A-%D9%81/ HTTP/2" 200 32771 "-" "Mozilla/5.0 (compatible; ImagesiftBot; +imagesift.com)"
74.80.208.56 - - [28/Sep/2024:15:16:16 +0200] "GET /wp-json/wp/v2/tags/973 HTTP/2" 200 287 "-" "Mozilla/5.0 (compatible; ImagesiftBot; +imagesift.com)"
74.80.208.56 - - [28/Sep/2024:15:16:17 +0200] "GET /tag/%D9%8A%D8%A7/ HTTP/2" 200 26666 "-" "Mozilla/5.0 (compatible; ImagesiftBot; +imagesift.com)"
74.80.208.56 - - [28/Sep/2024:15:16:19 +0200] "GET /tag/%D8%A7%D9%84500/ HTTP/2" 200 33667 "-" "Mozilla/5.0 (compatible; ImagesiftBot; +imagesift.com)"
74.80.208.56 - - [28/Sep/2024:15:16:24 +0200] "GET /tag/%D8%B5%D8%AF%D9%82%D9%86%D8%A7%D9%87/ HTTP/2" 200 35332 "-" "Mozilla/5.0 (compatible; ImagesiftBot; +imagesift.com)"
74.80.208.56 - - [28/Sep/2024:15:16:25 +0200] "GET /tag/%D9%85%D8%AA%D9%88%D9%82%D8%B9%D8%A9/ HTTP/2" 200 27093 "-" "Mozilla/5.0 (compatible; ImagesiftBot; +imagesift.com)"
74.80.208.56 - - [28/Sep/2024:15:16:26 +0200] "GET /tag/%D9%88%D8%B4%D9%82%D9%8A%D9%82%D8%AA%D9%87/ HTTP/2" 200 0 "-" "Mozilla/5.0 (compatible; ImagesiftBot; +imagesift.com)"
74.80.208.56 - - [28/Sep/2024:15:16:27 +0200] "GET /%D8%A8%D8%A7%D9%84%D8%B1%D8%BA%D9%85-%D9%85%D9%86-%D9%81%D9%88%D8%A7%D8%A6%D8%AF%D9%87%D8%A7-%D9%87%D8%B0%D9%87-%D8%A7%D9%84%D8%B9%D9%86%D8%A7%D8%B5%D8%B1-%D8%A7%D9%84%D8%BA%D8%B0%D8%A7%D8%A6%D9%8A/ HTTP/2" 200 33564 "-" "Mozilla/5.0 (compatible; ImagesiftBot; +imagesift.com)"
74.80.208.56 - - [28/Sep/2024:15:16:29 +0200] "GET /vvorh/h1259587.html HTTP/2" 404 22076 "-" "Mozilla/5.0 (compatible; ImagesiftBot; +imagesift.com)"
74.80.208.56 - - [28/Sep/2024:15:16:30 +0200] "GET /tag/%D8%AA%D9%83%D8%A8%D8%AF%D8%AA/ HTTP/2" 200 23475 "-" "Mozilla/5.0 (compatible; ImagesiftBot; +imagesift.com)"
74.80.208.56 - - [28/Sep/2024:15:16:32 +0200] "GET /qzftn/u2249706.html HTTP/2" 404 22076 "-" "Mozilla/5.0 (compatible; ImagesiftBot; +imagesift.com)"
74.80.208.56 - - [28/Sep/2024:15:16:33 +0200] "GET /%D8%A7%D9%84%D8%AA%D8%B1%D9%88%D9%8A%D9%83%D8%A7-%D8%A7%D9%84%D9%87%D8%AC%D9%88%D9%85-%D8%B9%D9%84%D9%89-%D9%86%D9%82%D8%A7%D8%A8%D8%A9-%D8%A7%D9%84%D9%85%D8%AD%D8%A7%D9%85%D9%8A%D9%86/ HTTP/2" 200 33234 "-" "Mozilla/5.0 (compatible; ImagesiftBot; +imagesift.com)"
135.181.9.38 - - [28/Sep/2024:15:16:36 +0200] "POST /wp-cron.php?doing_wp_cron=1727529395.5163300037384033203125 HTTP/1.1" 200 0 "-" "WordPress/6.6.2; https://www.sudancam.net"
40.77.167.48 - - [28/Sep/2024:15:16:36 +0200] "GET /zlqmb/a1216290.html HTTP/2" 200 42495 "-" "Mozilla/5.0 AppleWebKit/537.36 (KHTML, like Gecko; compatible; bingbot/2.0; +http://www.bing.com/bingbot.htm) Chrome/116.0.1938.76 Safari/537.36"
74.80.208.56 - - [28/Sep/2024:15:16:36 +0200] "GET /tag/%D8%AC%D9%86%D9%88%D8%A8%D9%8A%D8%A9/ HTTP/2" 200 35979 "-" "Mozilla/5.0 (compatible; ImagesiftBot; +imagesift.com)"
74.80.208.56 - - [28/Sep/2024:15:16:38 +0200] "GET /wp-json/wp/v2/tags/4726 HTTP/2" 200 302 "-" "Mozilla/5.0 (compatible; ImagesiftBot; +imagesift.com)"
74.80.208.56 - - [28/Sep/2024:15:16:39 +0200] "GET /%D9%85%D9%86%D8%A7%D9%84-%D8%A3%D8%B4%D8%A7%D8%AF%D8%AA-%D8%A8%D9%87%D9%85-%D9%88%D9%88%D8%B9%D8%AF%D8%AA-%D8%A8%D8%AA%D9%86%D8%B8%D9%8A%D9%85-%D9%85%D9%85%D9%8A%D8%B2-%D9%84%D8%AC%D9%86%D8%A9-%D9%83/ HTTP/2" 200 44239 "-" "Mozilla/5.0 (compatible; ImagesiftBot; +imagesift.com)"
74.80.208.56 - - [28/Sep/2024:15:16:41 +0200] "GET /wp-json/wp/v2/tags/35428 HTTP/2" 200 329 "-" "Mozilla/5.0 (compatible; ImagesiftBot; +imagesift.com)"
74.80.208.56 - - [28/Sep/2024:15:16:41 +0200] "GET /wp-content/uploads/2022/08/IMG-20220823-WA0074-780x470.jpg HTTP/2" 200 87711 "-" "Mozilla/5.0 (compatible; ImagesiftBot; +imagesift.com)"
74.80.208.56 - - [28/Sep/2024:15:16:42 +0200] "GET /tag/%D9%88%D8%AA%D9%88%D9%8A%D8%AA%D8%B1/ HTTP/2" 200 0 "-" "Mozilla/5.0 (compatible; ImagesiftBot; +imagesift.com)"
157.55.39.10 - - [28/Sep/2024:15:15:47 +0200] "GET /rplup/s1269738.html HTTP/2" 200 42024 "-" "Mozilla/5.0 AppleWebKit/537.36 (KHTML, like Gecko; compatible; bingbot/2.0; +http://www.bing.com/bingbot.htm) Chrome/116.0.1938.76 Safari/537.36"
77.75.78.161 - - [28/Sep/2024:15:16:06 +0200] "GET /fxlks/q1654094.html HTTP/1.1" 404 20323 "-" "Mozilla/5.0 (compatible; SeznamBot/4.0; +http://napoveda.seznam.cz/seznambot-intro/)"
77.75.78.161 - - [28/Sep/2024:15:16:09 +0200] "GET /uovfb/d2129647.html HTTP/1.1" 404 20322 "-" "Mozilla/5.0 (compatible; SeznamBot/4.0; +http://napoveda.seznam.cz/seznambot-intro/)"
77.75.78.161 - - [28/Sep/2024:15:16:11 +0200] "GET /zolsz/j2490429.html HTTP/1.1" 404 20323 "-" "Mozilla/5.0 (compatible; SeznamBot/4.0; +http://napoveda.seznam.cz/seznambot-intro/)"
77.75.78.161 - - [28/Sep/2024:15:16:16 +0200] "GET /qspnm/c3001036.html HTTP/1.1" 404 20322 "-" "Mozilla/5.0 (compatible; SeznamBot/4.0; +http://napoveda.seznam.cz/seznambot-intro/)"
85.208.96.202 - - [28/Sep/2024:15:16:20 +0200] "GET /tag/%D9%87%D9%85%D8%A7/ HTTP/1.1" 403 0 "-" "Mozilla/5.0 (compatible; SemrushBot/7~bl; +http://www.semrush.com/bot.html)"
77.75.78.161 - - [28/Sep/2024:15:16:21 +0200] "GET /zhfzs/u296144.html HTTP/1.1" 404 20322 "-" "Mozilla/5.0 (compatible; SeznamBot/4.0; +http://napoveda.seznam.cz/seznambot-intro/)"
77.75.78.161 - - [28/Sep/2024:15:16:24 +0200] "GET /yarud/a732534.html HTTP/1.1" 404 20320 "-" "Mozilla/5.0 (compatible; SeznamBot/4.0; +http://napoveda.seznam.cz/seznambot-intro/)"
77.75.78.161 - - [28/Sep/2024:15:16:29 +0200] "GET /zebdd/w2399026.html HTTP/1.1" 404 20322 "-" "Mozilla/5.0 (compatible; SeznamBot/4.0; +http://napoveda.seznam.cz/seznambot-intro/)"
52.167.144.232 - - [28/Sep/2024:15:16:31 +0200] "GET /vzqub/s2613028.html HTTP/2" 200 41830 "-" "Mozilla/5.0 AppleWebKit/537.36 (KHTML, like Gecko; compatible; bingbot/2.0; +http://www.bing.com/bingbot.htm) Chrome/116.0.1938.76 Safari/537.36"
77.75.78.161 - - [28/Sep/2024:15:16:32 +0200] "GET /boyig/b2600193.html HTTP/1.1" 404 20324 "-" "Mozilla/5.0 (compatible; SeznamBot/4.0; +http://napoveda.seznam.cz/seznambot-intro/)"
77.75.78.161 - - [28/Sep/2024:15:16:35 +0200] "GET /gfase/d1956851.html HTTP/1.1" 404 20321 "-" "Mozilla/5.0 (compatible; SeznamBot/4.0; +http://napoveda.seznam.cz/seznambot-intro/)"
135.181.9.38 - - [28/Sep/2024:15:16:37 +0200] "POST /wp-admin/admin-ajax.php?action=async_litespeed&nonce=q3sP6WRvdwXS5IMwQMttuggNRhxapubl&litespeed_type=imgoptm HTTP/1.1" 200 21 "-" "WordPress/6.6.2; https://www.sudancam.net"
77.75.78.161 - - [28/Sep/2024:15:16:41 +0200] "GET /iltfi/s1946102.html HTTP/1.1" 404 20320 "-" "Mozilla/5.0 (compatible; SeznamBot/4.0; +http://napoveda.seznam.cz/seznambot-intro/)"
74.80.208.56 - - [28/Sep/2024:15:16:49 +0200] "GET /tag/%D9%88%D8%A7%D9%84%D8%AF%D9%85%D8%A7%D8%B1/ HTTP/2" 200 25357 "-" "Mozilla/5.0 (compatible; ImagesiftBot; +imagesift.com)"
74.80.208.56 - - [28/Sep/2024:15:16:50 +0200] "GET /tag/%D9%85%D8%AD%D9%85%D8%AF/ HTTP/2" 200 37436 "-" "Mozilla/5.0 (compatible; ImagesiftBot; +imagesift.com)"
74.80.208.56 - - [28/Sep/2024:15:16:53 +0200] "GET /tag/%D9%8A%D8%AA%D9%82%D8%AF%D9%85/page/2/ HTTP/2" 200 24814 "-" "Mozilla/5.0 (compatible; ImagesiftBot; +imagesift.com)"
74.80.208.56 - - [28/Sep/2024:15:16:56 +0200] "GET /wp-json/wp/v2/posts/8613 HTTP/2" 200 3767 "-" "Mozilla/5.0 (compatible; ImagesiftBot; +imagesift.com)"
74.80.208.56 - - [28/Sep/2024:15:16:57 +0200] "GET /%D8%A8%D8%A7%D9%84%D9%81%D9%8A%D8%AF%D9%8A%D9%88-%D9%85%D9%82%D8%A7%D8%A8%D8%B1-%D9%85%D9%8A%D8%B1%D8%A7-%D9%85%D9%86%D8%A7%D8%B2%D9%84-%D9%84%D9%84%D9%85%D9%88%D8%AA%D9%89-%D8%AF%D8%A7%D8%AE/ HTTP/2" 200 26953 "-" "Mozilla/5.0 (compatible; ImagesiftBot; +imagesift.com)"
74.80.208.56 - - [28/Sep/2024:15:16:58 +0200] "GET /tag/%D9%8A%D8%AE%D9%8A%D8%B7%D9%88%D8%A7/ HTTP/2" 200 0 "-" "Mozilla/5.0 (compatible; ImagesiftBot; +imagesift.com)"
77.75.78.161 - - [28/Sep/2024:15:16:59 +0200] "GET /wlsxp/f2178165.html HTTP/1.1" 404 20322 "-" "Mozilla/5.0 (compatible; SeznamBot/4.0; +http://napoveda.seznam.cz/seznambot-intro/)"
74.80.208.56 - - [28/Sep/2024:15:15:26 +0200] "GET /%D9%82%D8%A7%D8%A6%D8%AF-%D8%AF%D8%B1%D8%B9-%D8%A7%D9%84%D8%B3%D9%88%D8%AF%D8%A7%D9%86-%D9%8A%D9%8F%D8%AE%D8%A7%D8%B7%D8%A8-%D8%AD%D8%B4%D8%AF%D9%8B%D8%A7-%D9%81%D9%8A-%D8%A7%D9%84%D8%AE/ HTTP/2" 200 48078 "-" "Mozilla/5.0 (compatible; ImagesiftBot; +imagesift.com)"
74.80.208.56 - - [28/Sep/2024:15:15:28 +0200] "GET /wp-content/uploads/2023/02/1677347772_unnamed-file.jpg HTTP/2" 200 53715 "-" "Mozilla/5.0 (compatible; ImagesiftBot; +imagesift.com)"
74.80.208.56 - - [28/Sep/2024:15:15:28 +0200] "GET /%D9%85%D8%B3%D9%8A%D8%B1%D9%8A%D8%A9-2009%D9%85-%D9%85%D8%B3%D9%8A%D8%B1%D9%8A%D8%A9-2023%D9%85-%D8%A7%D9%84%D9%86%D9%8A%D9%84%D9%8A%D9%86/ HTTP/2" 200 0 "-" "Mozilla/5.0 (compatible; ImagesiftBot; +imagesift.com)"
74.80.208.56 - - [28/Sep/2024:15:15:29 +0200] "GET /tag/%D9%88%D9%8A%D8%B4%D8%B9%D8%B1%D9%88%D9%86/ HTTP/2" 200 0 "-" "Mozilla/5.0 (compatible; ImagesiftBot; +imagesift.com)"
74.80.208.56 - - [28/Sep/2024:15:15:30 +0200] "GET /tag/%D8%A5%D9%84%D8%A7/page/2/ HTTP/2" 200 20242 "-" "Mozilla/5.0 (compatible; ImagesiftBot; +imagesift.com)"
74.80.208.56 - - [28/Sep/2024:15:15:32 +0200] "GET /tag/%D8%A7%D9%84%D9%86%D9%82%D8%B7%D8%A9/ HTTP/2" 200 0 "-" "Mozilla/5.0 (compatible; ImagesiftBot; +imagesift.com)"
74.80.208.56 - - [28/Sep/2024:15:15:33 +0200] "GET /%D8%A7%D9%84%D8%B3%D9%88%D8%AF%D8%A7%D9%86-%D8%A7%D8%AA%D9%81%D8%A7%D9%82-%D8%B9%D9%84%D9%89-%D9%88%D9%82%D9%81-%D8%A5%D8%B7%D9%84%D8%A7%D9%82-%D8%A7%D9%84%D9%86%D8%A7%D8%B1-%D9%84%D9%85%D8%AF%D8%A9/ HTTP/2" 200 0 "-" "Mozilla/5.0 (compatible; ImagesiftBot; +imagesift.com)"
135.181.9.38 - - [28/Sep/2024:15:15:34 +0200] "POST /wp-cron.php?doing_wp_cron=1727529334.8746979236602783203125 HTTP/1.1" 200 0 "-" "WordPress/6.6.2; https://www.sudancam.net"
74.80.208.56 - - [28/Sep/2024:15:15:34 +0200] "GET /%D8%A8%D8%B9%D8%AB%D8%A9-%D8%A5%D9%81%D8%B1%D9%8A%D9%82%D9%8A%D8%A9-%D9%84%D8%A5%D8%B7%D9%84%D8%A7%D9%82-%D8%AA%D9%82%D8%B1%D9%8A%D8%B1-%D9%81%D8%AC%D9%88%D8%A9-%D8%A7%D9%84%D8%AD%D9%88%D9%83/ HTTP/2" 200 0 "-" "Mozilla/5.0 (compatible; ImagesiftBot; +imagesift.com)"
74.80.208.56 - - [28/Sep/2024:15:15:35 +0200] "GET /tag/%D8%A5%D8%B6%D8%A7%D9%81%D9%8A/feed/ HTTP/2" 200 10936 "-" "Mozilla/5.0 (compatible; ImagesiftBot; +imagesift.com)"
74.80.208.56 - - [28/Sep/2024:15:15:36 +0200] "GET /%D8%B1%D8%AC%D9%84-%D9%8A%D8%B1%D9%88%D9%8A-%D9%88%D8%A7%D9%82%D8%B9%D8%A9-%D8%A3%D8%BA%D8%B1%D8%A8-%D9%85%D9%86-%D8%A7%D9%84%D8%AE%D9%8A%D8%A7%D9%84-%D8%B2%D9%88%D8%AC%D8%AA%D9%8A-%D8%B3%D8%B1/ HTTP/2" 200 45855 "-" "Mozilla/5.0 (compatible; ImagesiftBot; +imagesift.com)"
74.80.208.56 - - [28/Sep/2024:15:15:37 +0200] "GET /tag/%D8%A7%D9%84%D9%85%D9%83%D9%84%D9%81/feed/ HTTP/2" 200 10350 "-" "Mozilla/5.0 (compatible; ImagesiftBot; +imagesift.com)"
74.80.208.56 - - [28/Sep/2024:15:15:39 +0200] "GET /wp-json/wp/v2/tags/11995 HTTP/2" 200 0 "-" "Mozilla/5.0 (compatible; ImagesiftBot; +imagesift.com)"
74.80.208.56 - - [28/Sep/2024:15:15:41 +0200] "GET /tag/%D8%B6%D8%A8%D8%B7%D9%81%D8%B1%D8%A7%D8%AE/feed/ HTTP/2" 200 0 "-" "Mozilla/5.0 (compatible; ImagesiftBot; +imagesift.com)"
135.181.9.38 - - [28/Sep/2024:15:15:45 +0200] "POST /wp-cron.php?doing_wp_cron=1727529345.4061379432678222656250 HTTP/1.1" 200 0 "-" "WordPress/6.6.2; https://www.sudancam.net"
66.249.64.13 - - [28/Sep/2024:15:15:45 +0200] "GET /qkszh/d1610427.html HTTP/1.1" 200 42183 "-" "Mozilla/5.0 (Linux; Android 6.0.1; Nexus 5X Build/MMB29P) AppleWebKit/537.36 (KHTML, like Gecko) Chrome/128.0.6613.137 Mobile Safari/537.36 (compatible; Googlebot/2.1; +http://www.google.com/bot.html)"
178.236.247.6 - - [28/Sep/2024:15:16:05 +0200] "POST /74a7c9952328.php HTTP/1.1" 200 9 "-" "curl/7.86.0"
135.181.9.38 - - [28/Sep/2024:15:16:49 +0200] "POST /wp-cron.php?doing_wp_cron=1727529409.1115930080413818359375 HTTP/1.1" 200 0 "-" "WordPress/6.6.2; https://www.sudancam.net"
74.80.208.56 - - [28/Sep/2024:15:16:59 +0200] "GET /tag/%D9%85%D8%B4%D8%AA%D8%B1%D9%83/page/2/ HTTP/2" 200 22481 "-" "Mozilla/5.0 (compatible; ImagesiftBot; +imagesift.com)"
77.75.78.161 - - [28/Sep/2024:15:17:18 +0200] "GET /usnlb/c1063490.html HTTP/1.1" 404 20321 "-" "Mozilla/5.0 (compatible; SeznamBot/4.0; +http://napoveda.seznam.cz/seznambot-intro/)"
74.80.208.56 - - [28/Sep/2024:15:17:19 +0200] "GET /wp-json/wp/v2/tags/36154 HTTP/2" 200 330 "-" "Mozilla/5.0 (compatible; ImagesiftBot; +imagesift.com)"
85.208.96.209 - - [28/Sep/2024:15:17:21 +0200] "GET /tag/%D8%A7%D9%84%D9%85%D8%B3%D9%84%D8%AD/page/2/ HTTP/1.1" 403 0 "-" "Mozilla/5.0 (compatible; SemrushBot/7~bl; +http://www.semrush.com/bot.html)"
74.80.208.56 - - [28/Sep/2024:15:17:20 +0200] "GET /%D8%B4%D8%A7%D9%87%D8%AF-%D8%A8%D8%A7%D9%84%D8%B5%D9%88%D8%B1%D8%A9-%D8%A7%D9%84%D9%81%D9%86%D8%A7%D9%86%D8%A9-%D9%87%D8%AF%D9%89-%D8%B9%D8%B1%D8%A8%D9%8A-%D8%AA%D8%A8%D9%87%D8%B1-%D8%A7%D9%84%D8%A3/ HTTP/2" 200 0 "-" "Mozilla/5.0 (compatible; ImagesiftBot; +imagesift.com)"
74.80.208.56 - - [28/Sep/2024:15:17:21 +0200] "GET /wp-json/wp/v2/posts/5436 HTTP/2" 200 1700 "-" "Mozilla/5.0 (compatible; ImagesiftBot; +imagesift.com)"
77.75.78.161 - - [28/Sep/2024:15:17:21 +0200] "GET /sunyy/w1914152.html HTTP/1.1" 404 20328 "-" "Mozilla/5.0 (compatible; SeznamBot/4.0; +http://napoveda.seznam.cz/seznambot-intro/)"
74.80.208.56 - - [28/Sep/2024:15:17:22 +0200] "GET /tag/%D8%B9%D8%B3%D9%83%D9%88%D8%B1%D9%89/ HTTP/2" 200 23501 "-" "Mozilla/5.0 (compatible; ImagesiftBot; +imagesift.com)"
74.80.208.56 - - [28/Sep/2024:15:17:25 +0200] "GET /tag/%D8%A8%D8%A7%D9%84%D8%AF%D8%A7%D9%85%D8%B1/ HTTP/2" 200 0 "-" "Mozilla/5.0 (compatible; ImagesiftBot; +imagesift.com)"
74.80.208.56 - - [28/Sep/2024:15:17:25 +0200] "GET /%D8%AA%D8%A8%D9%8A%D8%A7%D9%86-%D8%AA%D9%88%D9%81%D9%8A%D9%82-%D8%A7%D9%84%D8%AB%D9%84%D8%A7%D8%AB%D8%A9-%D8%AD%D8%A8%D8%A7%D8%AA/ HTTP/2" 200 29597 "-" "Mozilla/5.0 (compatible; ImagesiftBot; +imagesift.com)"
74.80.208.56 - - [28/Sep/2024:15:17:26 +0200] "GET /wp-json/wp/v2/posts/13635 HTTP/2" 200 2548 "-" "Mozilla/5.0 (compatible; ImagesiftBot; +imagesift.com)"
74.80.208.56 - - [28/Sep/2024:15:17:27 +0200] "GET /%D9%85%D8%B5%D8%B1%D8%B9-11-%D8%B7%D9%81%D9%84%D8%A7%D9%8B-%D9%81%D9%8A-%D8%A7%D9%86%D9%81%D8%AC%D8%A7%D8%B1-%D9%85%D8%AE%D9%84%D9%81%D8%A7%D8%AA-%D8%B0%D8%AE%D9%8A%D8%B1%D8%A9-%D8%A8%D8%AC%D9%86/feed/ HTTP/2" 200 749 "-" "Mozilla/5.0 (compatible; ImagesiftBot; +imagesift.com)"
74.80.208.56 - - [28/Sep/2024:15:17:31 +0200] "GET /tag/%D9%86%D8%B2%D9%84/ HTTP/2" 200 25507 "-" "Mozilla/5.0 (compatible; ImagesiftBot; +imagesift.com)"
74.80.208.56 - - [28/Sep/2024:15:17:34 +0200] "GET /tag/%D9%88%D8%A8%D9%82%D9%8A%D8%AA/ HTTP/2" 200 0 "-" "Mozilla/5.0 (compatible; ImagesiftBot; +imagesift.com)"
74.80.208.56 - - [28/Sep/2024:15:17:35 +0200] "GET /tag/%D8%B3%D8%A3%D9%84%D9%86%D9%8A/ HTTP/2" 200 51274 "-" "Mozilla/5.0 (compatible; ImagesiftBot; +imagesift.com)"
74.80.208.56 - - [28/Sep/2024:15:17:37 +0200] "GET /tag/%D9%88%D8%A7%D9%84%D8%B3%D8%A7%D8%AD%D9%84%D9%8A/ HTTP/2" 200 0 "-" "Mozilla/5.0 (compatible; ImagesiftBot; +imagesift.com)"
74.80.208.56 - - [28/Sep/2024:15:17:38 +0200] "GET /%D8%A8%D8%AF%D8%A7%D9%8A%D8%A9-%D9%85%D8%AE%D9%8A%D8%A8%D8%A9-%D9%84%D9%86%D9%8A%D8%AC%D9%8A%D8%B1%D9%8A%D8%A7-%D8%A8%D8%AA%D8%B9%D8%A7%D8%AF%D9%84-%D8%A5%D9%8A%D8%AC%D8%A7%D8%A8%D9%8A-1-1-%D8%A3/ HTTP/2" 200 32491 "-" "Mozilla/5.0 (compatible; ImagesiftBot; +imagesift.com)"
74.80.208.56 - - [28/Sep/2024:15:17:40 +0200] "GET /%D8%B9%D8%A8%D8%AF-%D8%A7%D9%84%D9%84%D9%87-%D9%85%D8%B3%D8%A7%D8%B1-%D9%8A%D9%83%D8%AA%D8%A8-%D8%A7%D9%84%D8%AD%D8%B2%D8%A8-%D8%A7%D9%84%D8%A7%D8%AA%D8%AD%D8%A7%D8%AF%D9%8A-%D8%A7%D9%84%D8%AF%D9%8A/ HTTP/2" 200 36781 "-" "Mozilla/5.0 (compatible; ImagesiftBot; +imagesift.com)"
74.80.208.56 - - [28/Sep/2024:15:17:41 +0200] "GET /wp-content/uploads/2024/01/f6a9749e47d408983556edd8a7bc17504ef45d6b-780x470.jpg HTTP/2" 200 58824 "-" "Mozilla/5.0 (compatible; ImagesiftBot; +imagesift.com)"
85.208.96.196 - - [28/Sep/2024:15:16:50 +0200] "GET /robots.txt HTTP/1.1" 200 182 "-" "Mozilla/5.0 (compatible; SemrushBot/7~bl; +http://www.semrush.com/bot.html)"
74.80.208.56 - - [28/Sep/2024:15:17:02 +0200] "GET /%D8%B6%D8%A8%D8%B7-%D8%B5%D8%A7%D8%AD%D8%A8-%D9%85%D8%B4%D8%A7%D9%87%D8%AF-%D8%AA%D9%85%D8%AB%D9%8A%D9%84%D9%8A%D8%A9-%D9%85%D9%81%D8%A8%D8%B1%D9%83%D8%A9-%D8%B9%D8%A8%D8%B1-%D8%A7%D9%84%D8%AA/ HTTP/2" 200 0 "-" "Mozilla/5.0 (compatible; ImagesiftBot; +imagesift.com)"
74.80.208.56 - - [28/Sep/2024:15:17:03 +0200] "GET /wp-json/wp/v2/posts/27717 HTTP/2" 200 2835 "-" "Mozilla/5.0 (compatible; ImagesiftBot; +imagesift.com)"
74.80.208.56 - - [28/Sep/2024:15:17:04 +0200] "GET /wp-json/wp/v2/tags/1405 HTTP/2" 200 310 "-" "Mozilla/5.0 (compatible; ImagesiftBot; +imagesift.com)"
74.80.208.56 - - [28/Sep/2024:15:17:08 +0200] "GET /%D8%A7%D9%84%D8%B3%D8%B9%D9%88%D8%AF%D9%8A%D8%A9-%D8%AA%D9%86%D8%B6%D9%85-%D8%B1%D8%B3%D9%85%D9%8A%D8%A7-%D9%88%D8%A8%D8%B4%D9%83%D9%84-%D9%83%D8%A7%D9%85%D9%84-%D8%A5%D9%84%D9%89-%D9%85%D8%AC%D9%85/ HTTP/2" 200 0 "-" "Mozilla/5.0 (compatible; ImagesiftBot; +imagesift.com)"
74.80.208.56 - - [28/Sep/2024:15:17:09 +0200] "GET /tag/%D8%A7%D9%84%D8%AF%D9%85%D8%A7%D8%BA/ HTTP/2" 200 21356 "-" "Mozilla/5.0 (compatible; ImagesiftBot; +imagesift.com)"
74.80.208.56 - - [28/Sep/2024:15:17:11 +0200] "GET /%D8%A7%D9%86%D8%B7%D9%84%D8%A7%D9%82-%D8%B2%D9%81%D8%A9-%D9%85%D9%87%D8%B1%D8%AC%D8%A7%D9%86-%D8%AF%D9%8A%D8%B1%D8%A8%D9%8A-%D8%A7%D9%84%D9%85%D8%AC%D8%AF-%D9%84%D9%86%D8%A7%D8%AF%D9%8A-%D9%86%D9%8A/ HTTP/2" 200 0 "-" "Mozilla/5.0 (compatible; ImagesiftBot; +imagesift.com)"
74.80.208.56 - - [28/Sep/2024:15:17:11 +0200] "GET /tag/%D9%88%D8%AA%D8%B7%D9%84%D8%A8/feed/ HTTP/2" 200 11629 "-" "Mozilla/5.0 (compatible; ImagesiftBot; +imagesift.com)"
74.80.208.56 - - [28/Sep/2024:15:17:13 +0200] "GET /%D8%A7%D9%84%D8%BA%D8%A7%D9%84%D9%8A-%D8%B4%D9%82%D9%8A%D9%81%D8%A7%D8%AA-%D9%8A%D9%83%D8%AA%D8%A8-%D8%A3%D8%B2%D9%88%D8%A7%D8%AF-%D8%A3%D9%81%D8%B1%D9%8A%D9%82%D9%8A%D8%A7/ HTTP/2" 200 48733 "-" "Mozilla/5.0 (compatible; ImagesiftBot; +imagesift.com)"
135.181.9.38 - - [28/Sep/2024:15:17:35 +0200] "POST /wp-cron.php?doing_wp_cron=1727529455.2752089500427246093750 HTTP/1.1" 200 0 "-" "WordPress/6.6.2; https://www.sudancam.net"
74.80.208.56 - - [28/Sep/2024:15:17:46 +0200] "GET /wp-json/wp/v2/tags/30821 HTTP/2" 200 0 "-" "Mozilla/5.0 (compatible; ImagesiftBot; +imagesift.com)"
74.80.208.56 - - [28/Sep/2024:15:17:47 +0200] "GET /%D8%B6%D8%A8%D8%B7-%D8%AD%D8%A8%D9%88%D8%A8-%D9%85%D9%85%D9%86%D9%88%D8%B9%D8%A9-%D8%A8%D9%88%D9%84%D8%A7%D9%8A%D8%A9-%D8%A7%D9%84%D8%AC%D8%B2%D9%8A%D8%B1%D8%A9/ HTTP/2" 200 0 "-" "Mozilla/5.0 (compatible; ImagesiftBot; +imagesift.com)"
74.80.208.56 - - [28/Sep/2024:15:17:48 +0200] "GET /wp-json/wp/v2/tags/31889 HTTP/2" 200 350 "-" "Mozilla/5.0 (compatible; ImagesiftBot; +imagesift.com)"
74.80.208.56 - - [28/Sep/2024:15:17:52 +0200] "GET /tag/%D9%8A%D8%B6%D8%B9/page/2/ HTTP/2" 200 19920 "-" "Mozilla/5.0 (compatible; ImagesiftBot; +imagesift.com)"
74.80.208.56 - - [28/Sep/2024:15:17:53 +0200] "GET /wp-json/wp/v2/posts/2031 HTTP/2" 200 2830 "-" "Mozilla/5.0 (compatible; ImagesiftBot; +imagesift.com)"
74.80.208.56 - - [28/Sep/2024:15:17:54 +0200] "GET /wp-json/wp/v2/tags/19769 HTTP/2" 200 324 "-" "Mozilla/5.0 (compatible; ImagesiftBot; +imagesift.com)"
74.80.208.56 - - [28/Sep/2024:15:17:55 +0200] "GET /sitemap.xml HTTP/2" 200 482 "-" "Mozilla/5.0 (compatible; ImagesiftBot; +imagesift.com)"
74.80.208.56 - - [28/Sep/2024:15:17:56 +0200] "GET /tag/%D8%A7%D9%84%D9%85%D8%BA%D8%B1%D8%A8/ HTTP/2" 200 55069 "-" "Mozilla/5.0 (compatible; ImagesiftBot; +imagesift.com)"
74.80.208.56 - - [28/Sep/2024:15:17:58 +0200] "GET /tag/%D8%B2%D9%88%D8%A7%D8%AC%D8%A7%D9%84%D8%AE%D9%8A%D8%A7%D9%86%D8%A9/ HTTP/2" 200 23575 "-" "Mozilla/5.0 (compatible; ImagesiftBot; +imagesift.com)"
66.249.64.13 - - [28/Sep/2024:15:17:22 +0200] "GET /wgqax/f2048659.html HTTP/1.1" 200 41868 "-" "Mozilla/5.0 (Linux; Android 6.0.1; Nexus 5X Build/MMB29P) AppleWebKit/537.36 (KHTML, like Gecko) Chrome/128.0.6613.137 Mobile Safari/537.36 (compatible; Googlebot/2.1; +http://www.google.com/bot.html)"
66.249.64.13 - - [28/Sep/2024:15:17:25 +0200] "GET /ojvlp/n520283.html HTTP/1.1" 200 41995 "-" "Mozilla/5.0 (Linux; Android 6.0.1; Nexus 5X Build/MMB29P) AppleWebKit/537.36 (KHTML, like Gecko) Chrome/128.0.6613.137 Mobile Safari/537.36 (compatible; Googlebot/2.1; +http://www.google.com/bot.html)"
77.75.78.161 - - [28/Sep/2024:15:17:29 +0200] "GET /okfpk/a2411536.html HTTP/1.1" 404 20323 "-" "Mozilla/5.0 (compatible; SeznamBot/4.0; +http://napoveda.seznam.cz/seznambot-intro/)"
135.181.9.38 - - [28/Sep/2024:15:17:35 +0200] "POST /wp-admin/admin-ajax.php?action=async_litespeed&nonce=Wq6IRyZg094120N5aNd5I5h5EYthRf6d&litespeed_type=imgoptm HTTP/1.1" 200 21 "-" "WordPress/6.6.2; https://www.sudancam.net"
135.181.9.38 - - [28/Sep/2024:15:17:43 +0200] "POST /wp-cron.php?doing_wp_cron=1727529463.0598158836364746093750 HTTP/1.1" 200 0 "-" "WordPress/6.6.2; https://www.sudancam.net"
77.75.78.161 - - [28/Sep/2024:15:17:41 +0200] "GET /havkl/n2897541.html HTTP/1.1" 404 20322 "-" "Mozilla/5.0 (compatible; SeznamBot/4.0; +http://napoveda.seznam.cz/seznambot-intro/)"
74.80.208.56 - - [28/Sep/2024:15:18:07 +0200] "GET /wp-json/wp/v2/posts/20046 HTTP/2" 200 2625 "-" "Mozilla/5.0 (compatible; ImagesiftBot; +imagesift.com)"
74.80.208.56 - - [28/Sep/2024:15:18:08 +0200] "GET /wp-json/wp/v2/tags/9941 HTTP/2" 200 329 "-" "Mozilla/5.0 (compatible; ImagesiftBot; +imagesift.com)"
74.80.208.56 - - [28/Sep/2024:15:18:09 +0200] "GET /wp-json/wp/v2/posts/28843 HTTP/2" 200 2128 "-" "Mozilla/5.0 (compatible; ImagesiftBot; +imagesift.com)"
74.80.208.56 - - [28/Sep/2024:15:18:10 +0200] "GET /wp-json/wp/v2/posts/4960 HTTP/2" 200 3410 "-" "Mozilla/5.0 (compatible; ImagesiftBot; +imagesift.com)"
74.80.208.56 - - [28/Sep/2024:15:18:11 +0200] "GET /%D9%85%D8%B3%D8%AA%D8%AE%D8%AF%D9%85%D9%88-%D8%A2%D9%8A%D9%81%D9%88%D9%86-%D9%8A%D8%B4%D8%AA%D9%83%D9%88%D9%86-%D9%85%D9%86-%D8%AB%D8%B1%D9%8A%D8%AF%D8%B2-%D9%87%D9%83%D8%B0%D8%A7-%D8%AA%D9%86/ HTTP/2" 200 34270 "-" "Mozilla/5.0 (compatible; ImagesiftBot; +imagesift.com)"
74.80.208.56 - - [28/Sep/2024:15:18:12 +0200] "GET /tag/%D8%A7%D8%AD%D8%B3%D8%A8%D9%83%D9%85/feed/ HTTP/2" 200 2455 "-" "Mozilla/5.0 (compatible; ImagesiftBot; +imagesift.com)"
74.80.208.56 - - [28/Sep/2024:15:18:14 +0200] "GET /%D8%A7%D9%84%D8%AF%D9%88%D9%84-%D8%A7%D9%84%D8%B9%D8%B1%D8%A8%D9%8A%D8%A9-%D8%A7%D9%84%D8%AD%D8%A7%D8%B5%D9%84%D8%A9-%D8%B9%D9%84%D9%89-%D8%A3%D8%B9%D9%84%D9%89-%D8%B9%D8%AF%D8%AF-%D9%85%D9%86-%D8%AA/ HTTP/2" 200 0 "-" "Mozilla/5.0 (compatible; ImagesiftBot; +imagesift.com)"
74.80.208.56 - - [28/Sep/2024:15:18:15 +0200] "GET /wp-json/wp/v2/posts/11898 HTTP/2" 200 1510 "-" "Mozilla/5.0 (compatible; ImagesiftBot; +imagesift.com)"
74.80.208.56 - - [28/Sep/2024:15:18:16 +0200] "GET /tag/%D8%A3%D8%AF%D9%85%D8%BA%D8%A9/ HTTP/2" 200 23607 "-" "Mozilla/5.0 (compatible; ImagesiftBot; +imagesift.com)"
74.80.208.56 - - [28/Sep/2024:15:18:20 +0200] "GET /tag/%D8%A7%D9%84%D8%AA%D9%88%D8%A7%D9%84%D9%8A/page/2/ HTTP/2" 200 23558 "-" "Mozilla/5.0 (compatible; ImagesiftBot; +imagesift.com)"
74.80.208.56 - - [28/Sep/2024:15:18:21 +0200] "GET /ecktu/l440331.html HTTP/2" 404 22078 "-" "Mozilla/5.0 (compatible; ImagesiftBot; +imagesift.com)"
74.80.208.56 - - [28/Sep/2024:15:18:22 +0200] "GET /tag/%D9%88%D8%A7%D9%84%D8%B6%D8%AC%D8%A9/ HTTP/2" 200 35905 "-" "Mozilla/5.0 (compatible; ImagesiftBot; +imagesift.com)"
74.80.208.56 - - [28/Sep/2024:15:18:23 +0200] "GET /tag/%D8%B9%D8%B5%D8%A7%D9%85/ HTTP/2" 200 27133 "-" "Mozilla/5.0 (compatible; ImagesiftBot; +imagesift.com)"
74.80.208.56 - - [28/Sep/2024:15:17:59 +0200] "GET /%D8%B3%D9%8A%D8%A7%D8%B3%D9%8A-%D8%A8%D8%A7%D8%B1%D8%B2-%D8%A7%D9%84%D8%AD%D8%B1%D9%8A%D8%A9-%D9%88%D8%A7%D9%84%D8%AA%D8%BA%D9%8A%D9%8A%D8%B1-%D8%AA%D8%B3%D8%AA%D8%AD%D9%82-%D8%A3%D9%86-%D9%8A%D8%B9/feed/ HTTP/2" 200 739 "-" "Mozilla/5.0 (compatible; ImagesiftBot; +imagesift.com)"
74.80.208.56 - - [28/Sep/2024:15:18:01 +0200] "GET /wp-json/wp/v2/tags/15 HTTP/2" 200 259 "-" "Mozilla/5.0 (compatible; ImagesiftBot; +imagesift.com)"
74.80.208.56 - - [28/Sep/2024:15:18:01 +0200] "GET /%D8%A7%D9%84%D8%AC%D9%8A%D8%B4-%D9%84%D9%86-%D9%8A%D8%AA%D9%85-%D8%A7%D8%AA%D9%81%D8%A7%D9%82-%D9%85%D8%A7-%D9%84%D9%85-%D8%AA%D9%88%D8%B6%D8%B9-%D8%AC%D8%AF%D8%A7%D9%88%D9%84-%D8%B2%D9%85%D9%86/ HTTP/2" 200 43804 "-" "Mozilla/5.0 (compatible; ImagesiftBot; +imagesift.com)"
74.80.208.56 - - [28/Sep/2024:15:18:03 +0200] "GET /tag/%D8%A7%D8%AB%D8%B1/feed/ HTTP/2" 200 12223 "-" "Mozilla/5.0 (compatible; ImagesiftBot; +imagesift.com)"
77.75.78.161 - - [28/Sep/2024:15:18:15 +0200] "GET /sfgwa/c260038.html HTTP/1.1" 404 20326 "-" "Mozilla/5.0 (compatible; SeznamBot/4.0; +http://napoveda.seznam.cz/seznambot-intro/)"
77.75.78.161 - - [28/Sep/2024:15:18:19 +0200] "GET /dyurm/z1834803.html HTTP/1.1" 404 20323 "-" "Mozilla/5.0 (compatible; SeznamBot/4.0; +http://napoveda.seznam.cz/seznambot-intro/)"
77.75.78.161 - - [28/Sep/2024:15:18:22 +0200] "GET /kaonb/k638658.html HTTP/1.1" 404 20321 "-" "Mozilla/5.0 (compatible; SeznamBot/4.0; +http://napoveda.seznam.cz/seznambot-intro/)"
3.144.123.155 - - [28/Sep/2024:15:18:25 +0200] "GET /tag/%d8%a8%d8%b9%d9%82%d8%b1 HTTP/2" 301 0 "-" "Mozilla/5.0 AppleWebKit/537.36 (KHTML, like Gecko; compatible; ClaudeBot/1.0; +claudebot@anthropic.com)"
77.75.78.161 - - [28/Sep/2024:15:18:25 +0200] "GET /mqaqy/l305053.html HTTP/1.1" 404 20322 "-" "Mozilla/5.0 (compatible; SeznamBot/4.0; +http://napoveda.seznam.cz/seznambot-intro/)"
3.144.123.155 - - [28/Sep/2024:15:18:26 +0200] "GET /tag/%d8%a8%d8%b9%d9%82%d8%b1/ HTTP/2" 200 23504 "https://sudancam.net/tag/%d8%a8%d8%b9%d9%82%d8%b1" "Mozilla/5.0 AppleWebKit/537.36 (KHTML, like Gecko; compatible; ClaudeBot/1.0; +claudebot@anthropic.com)"
77.75.78.161 - - [28/Sep/2024:15:18:31 +0200] "GET /deqle/h2414065.html HTTP/1.1" 404 20322 "-" "Mozilla/5.0 (compatible; SeznamBot/4.0; +http://napoveda.seznam.cz/seznambot-intro/)"
135.181.9.38 - - [28/Sep/2024:15:18:34 +0200] "POST /wp-admin/admin-ajax.php?action=async_litespeed&nonce=QDfNtYXcItitpB32gHVzQ1swh5poMI7s&litespeed_type=imgoptm HTTP/1.1" 200 21 "-" "WordPress/6.6.2; https://www.sudancam.net"
77.75.78.161 - - [28/Sep/2024:15:18:35 +0200] "GET /nnaby/t1455535.html HTTP/1.1" 404 20322 "-" "Mozilla/5.0 (compatible; SeznamBot/4.0; +http://napoveda.seznam.cz/seznambot-intro/)"
135.181.9.38 - - [28/Sep/2024:15:18:43 +0200] "POST /wp-cron.php?doing_wp_cron=1727529523.4340260028839111328125 HTTP/1.1" 200 0 "-" "WordPress/6.6.2; https://www.sudancam.net"
77.75.78.161 - - [28/Sep/2024:15:18:49 +0200] "GET /ncsqm/r159277.html HTTP/1.1" 404 20320 "-" "Mozilla/5.0 (compatible; SeznamBot/4.0; +http://napoveda.seznam.cz/seznambot-intro/)"
74.80.208.56 - - [28/Sep/2024:15:18:51 +0200] "GET /tag/%D8%AA%D9%86%D8%A7%D9%87%D9%89/ HTTP/2" 200 23488 "-" "Mozilla/5.0 (compatible; ImagesiftBot; +imagesift.com)"
74.80.208.56 - - [28/Sep/2024:15:18:53 +0200] "GET /tag/%D9%85%D9%84%D8%A7%D8%AD%D8%A9/feed/ HTTP/2" 200 3828 "-" "Mozilla/5.0 (compatible; ImagesiftBot; +imagesift.com)"
74.80.208.56 - - [28/Sep/2024:15:18:53 +0200] "GET /%D8%A7%D9%84%D9%85%D8%AC%D9%84%D8%B3-%D8%A7%D9%84%D8%AA%D8%B4%D8%B1%D9%8A%D8%B9%D9%8A-%D8%A7%D9%84%D8%A7%D9%86%D8%AA%D9%82%D8%A7%D9%84%D9%8A-%D8%A7%D9%84%D8%AD%D8%A7%D8%B6%D8%B1-%D8%A7%D9%84%D8%BA/ HTTP/2" 200 0 "-" "Mozilla/5.0 (compatible; ImagesiftBot; +imagesift.com)"
77.75.78.161 - - [28/Sep/2024:15:18:54 +0200] "GET /ezsxs/r2912235.html HTTP/1.1" 404 20322 "-" "Mozilla/5.0 (compatible; SeznamBot/4.0; +http://napoveda.seznam.cz/seznambot-intro/)"
74.80.208.56 - - [28/Sep/2024:15:18:55 +0200] "GET /tag/%D8%A5%D8%AC%D8%A7%D8%A8%D8%A7%D8%AA/ HTTP/2" 200 0 "-" "Mozilla/5.0 (compatible; ImagesiftBot; +imagesift.com)"
74.80.208.56 - - [28/Sep/2024:15:18:56 +0200] "GET /tag/%D8%AA%D9%86%D8%B3%D8%AD%D8%A8/ HTTP/2" 200 35492 "-" "Mozilla/5.0 (compatible; ImagesiftBot; +imagesift.com)"
3.144.89.2 - - [28/Sep/2024:15:18:57 +0200] "GET /40-%d9%82%d8%aa%d9%8a%d9%84-%d8%b9%d9%84%d9%89-%d8%a7%d9%84%d8%a3%d9%82%d9%84-%d8%ad%d8%b5%d9%8a%d9%84%d8%a9-%d8%b6%d8%ad%d8%a7%d9%8a%d8%a7-%d9%82%d8%b5%d9%81-%d8%a7%d9%84%d8%af%d8%b9%d9%85-%d8%a7/ HTTP/2" 200 33760 "https://sudancam.net/40-%d9%82%d8%aa%d9%8a%d9%84-%d8%b9%d9%84%d9%89-%d8%a7%d9%84%d8%a3%d9%82%d9%84-%d8%ad%d8%b5%d9%8a%d9%84%d8%a9-%d8%b6%d8%ad%d8%a7%d9%8a%d8%a7-%d9%82%d8%b5%d9%81-%d8%a7%d9%84%d8%af%d8%b9%d9%85-%d8%a7" "Mozilla/5.0 AppleWebKit/537.36 (KHTML, like Gecko; compatible; ClaudeBot/1.0; +claudebot@anthropic.com)"
74.80.208.56 - - [28/Sep/2024:15:18:57 +0200] "GET /tag/%D8%A5%D8%AC%D9%84%D8%A7%D8%A1/page/2/ HTTP/2" 200 23940 "-" "Mozilla/5.0 (compatible; ImagesiftBot; +imagesift.com)"
74.80.208.56 - - [28/Sep/2024:15:18:59 +0200] "GET /%D9%83%D9%84%D9%85%D8%A9-%D9%85%D8%B1%D9%88%D8%B1-wifi-%D9%82%D8%AF-%D8%AA%D9%88%D9%82%D8%B9%D9%83-%D9%81%D9%8A-%D9%88%D8%B1%D8%B7%D8%A7%D8%AA-%D9%84%D8%A7-%D8%AA%D8%AA%D8%AE%D9%8A%D9%84%D9%87%D8%A7/ HTTP/2" 200 0 "-" "Mozilla/5.0 (compatible; ImagesiftBot; +imagesift.com)"
77.75.78.161 - - [28/Sep/2024:15:18:59 +0200] "GET /whznl/g1532950.html HTTP/1.1" 404 20323 "-" "Mozilla/5.0 (compatible; SeznamBot/4.0; +http://napoveda.seznam.cz/seznambot-intro/)"
74.80.208.56 - - [28/Sep/2024:15:18:59 +0200] "GET /wp-json/wp/v2/tags/9174 HTTP/2" 200 313 "-" "Mozilla/5.0 (compatible; ImagesiftBot; +imagesift.com)"
74.80.208.56 - - [28/Sep/2024:15:19:01 +0200] "GET /tag/%D8%A7%D9%84%D8%A8%D9%86%D8%A7%D8%A1/ HTTP/2" 200 26685 "-" "Mozilla/5.0 (compatible; ImagesiftBot; +imagesift.com)"
74.80.208.56 - - [28/Sep/2024:15:19:02 +0200] "GET /%D8%B3%D8%B9%D8%B1-%D8%A7%D9%84%D8%AF%D8%B1%D9%87%D9%85-%D8%A7%D9%84%D8%A7%D9%85%D8%A7%D8%B1%D8%A7%D8%AA%D9%8A-%D9%81%D9%8A-%D8%A7%D9%84%D8%A8%D9%86%D9%88%D9%83-%D9%84%D9%8A%D9%88%D9%85-%D8%A7-116/ HTTP/2" 200 0 "-" "Mozilla/5.0 (compatible; ImagesiftBot; +imagesift.com)"
74.80.208.56 - - [28/Sep/2024:15:19:03 +0200] "GET /tag/%D9%84%D8%A3%D8%AB%D9%8A%D9%88%D8%A8%D9%8A%D8%A7/ HTTP/2" 200 0 "-" "Mozilla/5.0 (compatible; ImagesiftBot; +imagesift.com)"
74.80.208.56 - - [28/Sep/2024:15:19:04 +0200] "GET /tag/%D8%A8%D8%B4%D8%AD%D9%86%D8%A9/feed/ HTTP/2" 200 2379 "-" "Mozilla/5.0 (compatible; ImagesiftBot; +imagesift.com)"
74.80.208.56 - - [28/Sep/2024:15:19:05 +0200] "GET /tag/%D8%AD%D8%B1%D9%82/ HTTP/2" 200 26755 "-" "Mozilla/5.0 (compatible; ImagesiftBot; +imagesift.com)"
74.80.208.56 - - [28/Sep/2024:15:19:07 +0200] "GET /tag/%D8%B3%D8%B1%D9%8A%D8%A9/ HTTP/2" 200 0 "-" "Mozilla/5.0 (compatible; ImagesiftBot; +imagesift.com)"
77.75.78.161 - - [28/Sep/2024:15:19:07 +0200] "GET /uikhx/h2662131.html HTTP/1.1" 404 20323 "-" "Mozilla/5.0 (compatible; SeznamBot/4.0; +http://napoveda.seznam.cz/seznambot-intro/)"
74.80.208.56 - - [28/Sep/2024:15:19:07 +0200] "GET /tag/%D8%A7%D9%84%D8%B6%D8%AC%D8%A9/ HTTP/2" 200 39333 "-" "Mozilla/5.0 (compatible; ImagesiftBot; +imagesift.com)"
74.80.208.56 - - [28/Sep/2024:15:19:11 +0200] "GET /%D8%A7%D9%84%D8%AE%D8%B7%D9%8A%D8%A8-%D8%A7%D8%B1%D8%AA%D9%81%D8%A7%D8%B9-%D8%A7%D9%84%D8%B1%D8%B3%D9%88%D9%85-%D9%84%D8%AD%D8%B1%D9%85%D8%A7%D9%86-%D8%A7%D9%84%D9%81%D9%82%D8%B1%D8%A7%D8%A1-%D9%88/ HTTP/2" 200 0 "-" "Mozilla/5.0 (compatible; ImagesiftBot; +imagesift.com)"
74.80.208.56 - - [28/Sep/2024:15:19:12 +0200] "GET /ylduy/x866873.html HTTP/2" 404 22079 "-" "Mozilla/5.0 (compatible; ImagesiftBot; +imagesift.com)"
74.80.208.56 - - [28/Sep/2024:15:19:13 +0200] "GET /tag/%D9%88%D8%A3%D8%B3%D8%A8%D8%A7%D8%A8%D9%87%D8%A7/ HTTP/2" 200 23583 "-" "Mozilla/5.0 (compatible; ImagesiftBot; +imagesift.com)"
74.80.208.56 - - [28/Sep/2024:15:19:14 +0200] "GET /%D8%B3%D9%8A%D9%86%D8%A7%D8%B1%D9%8A%D9%88%D9%87%D8%A7%D8%AA-%D9%85%D8%AA%D9%88%D9%82%D8%B9%D8%A9-%D9%82%D8%A8%D9%84-%D9%A2%D9%A5-%D8%A3%D9%83%D8%AA%D9%88%D8%A8%D8%B1-%D9%87%D9%84-%D8%B3%D8%AA/ HTTP/2" 200 41921 "-" "Mozilla/5.0 (compatible; ImagesiftBot; +imagesift.com)"
74.80.208.56 - - [28/Sep/2024:15:19:16 +0200] "GET /tag/%D8%A7%D9%84%D9%85%D8%B5%D8%B1%D9%8A%D8%A9/page/2/ HTTP/2" 200 20313 "-" "Mozilla/5.0 (compatible; ImagesiftBot; +imagesift.com)"
74.80.208.56 - - [28/Sep/2024:15:19:17 +0200] "GET /wp-json/wp/v2/posts/13549 HTTP/2" 200 2397 "-" "Mozilla/5.0 (compatible; ImagesiftBot; +imagesift.com)"
74.80.208.56 - - [28/Sep/2024:15:19:18 +0200] "GET /%D8%B9%D9%84%D9%8A-%D8%B9%D8%B3%D9%83%D9%88%D8%B1%D9%8A-%D9%81%D8%A7%D9%84%D8%AA%D9%85%D8%B7%D8%B1-%D9%8A%D8%A7-%D9%81%D9%8A%D8%B5%D9%84-%D9%85%D8%AD%D9%85%D8%AF-%D8%B5%D8%A7%D9%84%D8%AD/feed/ HTTP/2" 200 725 "-" "Mozilla/5.0 (compatible; ImagesiftBot; +imagesift.com)"
74.80.208.56 - - [28/Sep/2024:15:19:19 +0200] "GET /%D8%A7%D8%AD%D8%B8%D8%B1%D9%87-%D9%81%D9%88%D8%B1%D8%A7%D9%8B-%D8%B1%D8%B3%D8%A7%D9%84%D8%A9-%D8%B5%D8%AF%D9%8A%D9%82-%D9%85%D9%84%D8%BA%D9%88%D9%85%D8%A9-%D8%AA%D9%87%D8%AF%D8%AF-%D9%85%D8%B3/ HTTP/2" 200 0 "-" "Mozilla/5.0 (compatible; ImagesiftBot; +imagesift.com)"
74.80.208.56 - - [28/Sep/2024:15:19:20 +0200] "GET /%D9%85%D8%B3%D8%AA%D8%AD%D9%8A%D9%84-%D9%82%D9%88%D8%A7%D8%AA-%D8%A7%D9%84%D8%AF%D8%B9%D9%85-%D8%A7%D9%84%D8%B3%D8%B1%D9%8A%D8%B9-%D8%AA%D8%AA%D8%AD%D8%AF%D8%AB-%D8%B9%D9%86-%D8%A5%D9%85%D9%83/ HTTP/2" 200 0 "-" "Mozilla/5.0 (compatible; ImagesiftBot; +imagesift.com)"
74.80.208.56 - - [28/Sep/2024:15:19:21 +0200] "GET /%D9%85%D8%AD%D9%85%D8%AF-%D8%AD%D8%A7%D9%85%D8%AF-%D8%AC%D9%85%D8%B9%D8%A9-%D9%82%D8%AF-%D8%AA%D9%82%D8%AA%D9%84%D9%88%D9%86%D8%A7-%D9%84%D9%83%D9%86-%D9%84%D9%86-%D8%AA%D9%87%D8%B2%D9%85%D9%88%D9%86/ HTTP/2" 200 34742 "-" "Mozilla/5.0 (compatible; ImagesiftBot; +imagesift.com)"
74.80.208.56 - - [28/Sep/2024:15:19:22 +0200] "GET /wp-json/wp/v2/posts/31237 HTTP/2" 200 3371 "-" "Mozilla/5.0 (compatible; ImagesiftBot; +imagesift.com)"
74.80.208.56 - - [28/Sep/2024:15:19:23 +0200] "GET /tag/%D9%83%D8%B1%D8%AA%D8%A9/ HTTP/2" 200 34065 "-" "Mozilla/5.0 (compatible; ImagesiftBot; +imagesift.com)"
