74.80.208.56 - - [28/Sep/2024:15:37:12 +0200] "GET /wp-json/wp/v2/posts/18092 HTTP/2" 200 5658 "-" "Mozilla/5.0 (compatible; ImagesiftBot; +imagesift.com)"
74.80.208.56 - - [28/Sep/2024:15:37:12 +0200] "GET /tag/%D9%84%D9%84%D9%82%D8%B3%D9%85/ HTTP/2" 200 23951 "-" "Mozilla/5.0 (compatible; ImagesiftBot; +imagesift.com)"
74.80.208.56 - - [28/Sep/2024:15:37:14 +0200] "GET /tag/%D9%88%D8%AF%D9%85%D8%AF%D9%86%D9%89/feed/ HTTP/2" 200 2846 "-" "Mozilla/5.0 (compatible; ImagesiftBot; +imagesift.com)"
74.80.208.56 - - [28/Sep/2024:15:37:15 +0200] "GET /tag/%D9%85%D8%B3%D8%AA%D8%B4%D8%A7%D8%B1%D9%88/feed/ HTTP/2" 200 2310 "-" "Mozilla/5.0 (compatible; ImagesiftBot; +imagesift.com)"
74.80.208.56 - - [28/Sep/2024:15:37:16 +0200] "GET /tag/%D8%B8%D8%A7%D9%87%D8%B1%D8%A7/ HTTP/2" 200 24452 "-" "Mozilla/5.0 (compatible; ImagesiftBot; +imagesift.com)"
74.80.208.56 - - [28/Sep/2024:15:37:17 +0200] "GET /wp-json/wp/v2/posts/22489 HTTP/2" 200 2641 "-" "Mozilla/5.0 (compatible; ImagesiftBot; +imagesift.com)"
74.80.208.56 - - [28/Sep/2024:15:37:18 +0200] "GET /tag/%D8%A7%D9%84%D9%85%D8%B2%D8%A7%D9%8A%D8%A7/feed/ HTTP/2" 200 2947 "-" "Mozilla/5.0 (compatible; ImagesiftBot; +imagesift.com)"
74.80.208.56 - - [28/Sep/2024:15:37:19 +0200] "GET /tag/%D8%B4%D8%A7%D8%B1%D9%83%D8%AA/ HTTP/2" 200 52664 "-" "Mozilla/5.0 (compatible; ImagesiftBot; +imagesift.com)"
74.80.208.56 - - [28/Sep/2024:15:37:20 +0200] "GET /tag/%D8%A7%D9%84%D8%A3%D8%B1%D8%B5%D8%A7%D8%AF/page/2/ HTTP/2" 200 0 "-" "Mozilla/5.0 (compatible; ImagesiftBot; +imagesift.com)"
74.80.208.56 - - [28/Sep/2024:15:37:21 +0200] "GET /ruboj/l2432165.html HTTP/2" 404 22077 "-" "Mozilla/5.0 (compatible; ImagesiftBot; +imagesift.com)"
74.80.208.56 - - [28/Sep/2024:15:37:23 +0200] "GET /%D9%85%D9%84%D9%8A%D8%B4%D9%8A%D8%A7-%D8%A7%D9%84%D8%AF%D8%B9%D9%85-%D8%A7%D9%84%D8%B3%D8%B1%D9%8A%D8%B9-%D8%AA%D9%82%D8%AA%D8%AD%D9%85-%D9%85%D9%86%D8%B2%D9%84-%D9%82%D8%B7%D8%A8-%D8%A7%D8%AA%D8%AD/ HTTP/2" 200 43320 "-" "Mozilla/5.0 (compatible; ImagesiftBot; +imagesift.com)"
74.80.208.56 - - [28/Sep/2024:15:36:51 +0200] "GET /wp-json/wp/v2/tags/11925 HTTP/2" 200 325 "-" "Mozilla/5.0 (compatible; ImagesiftBot; +imagesift.com)"
74.80.208.56 - - [28/Sep/2024:15:36:52 +0200] "GET /%D8%B5%D9%86%D8%AF%D9%88%D9%82-%D8%A7%D9%84%D9%86%D9%82%D8%AF-%D8%A7%D9%84%D8%AF%D9%88%D9%84%D9%8A-%D9%8A%D8%B9%D9%84%D9%86-%D8%B9%D9%86-%D8%AA%D9%82%D8%AF%D9%8A%D9%85-%D9%85%D8%B3%D8%A7%D8%B9%D8%AF/ HTTP/2" 200 44222 "-" "Mozilla/5.0 (compatible; ImagesiftBot; +imagesift.com)"
74.80.208.56 - - [28/Sep/2024:15:36:53 +0200] "GET /tag/%D8%B9%D8%B7%D8%A7/page/2/ HTTP/2" 200 0 "-" "Mozilla/5.0 (compatible; ImagesiftBot; +imagesift.com)"
74.80.208.56 - - [28/Sep/2024:15:36:54 +0200] "GET /tag/%D9%87%D9%85%D9%86%D8%A7/ HTTP/2" 200 24074 "-" "Mozilla/5.0 (compatible; ImagesiftBot; +imagesift.com)"
74.80.208.56 - - [28/Sep/2024:15:36:55 +0200] "GET /%D8%A7%D9%84%D8%B3%D9%88%D8%AF%D8%A7%D9%86-%D9%8A%D8%B5%D8%AF%D8%B1-%D8%A3%D9%88%D9%84-%D8%B4%D8%AD%D9%86%D8%A9-%D9%84%D8%AD%D9%88%D9%85-%D9%85%D8%A8%D8%B1%D8%AF%D8%A9-%D8%A5%D9%84%D9%89-%D8%A7%D9%84/ HTTP/2" 200 0 "-" "Mozilla/5.0 (compatible; ImagesiftBot; +imagesift.com)"
74.80.208.56 - - [28/Sep/2024:15:36:57 +0200] "GET /%D9%88%D8%B2%D9%8A%D8%B1%D8%B3%D8%A7%D8%A8%D9%82-%D9%82%D8%B7%D9%88%D8%B9%D8%A7%D8%AA-%D8%A7%D9%84%D9%83%D9%87%D8%B1%D8%A8%D8%A7%D8%A1-%D9%85%D8%B3%D8%AA%D9%85%D8%B1%D8%A9-%D9%85%D8%A7%D9%84%D9%85/feed/ HTTP/2" 200 735 "-" "Mozilla/5.0 (compatible; ImagesiftBot; +imagesift.com)"
74.80.208.56 - - [28/Sep/2024:15:36:58 +0200] "GET /tag/%D9%85%D8%AA%D8%B2%D9%88%D8%AC/ HTTP/2" 200 0 "-" "Mozilla/5.0 (compatible; ImagesiftBot; +imagesift.com)"
74.80.208.56 - - [28/Sep/2024:15:36:59 +0200] "GET /wp-json/wp/v2/tags/16896 HTTP/2" 200 315 "-" "Mozilla/5.0 (compatible; ImagesiftBot; +imagesift.com)"
74.80.208.56 - - [28/Sep/2024:15:37:00 +0200] "GET /%D8%A7%D9%84%D8%B3%D9%85%D8%A7%D8%AD-%D9%84%D8%B1%D9%8A%D8%A7%D8%B6%D9%8A%D9%8A-%D8%B1%D9%88%D8%B3%D9%8A%D8%A7-%D9%88%D8%A8%D9%8A%D9%84%D8%A7%D8%B1%D9%88%D8%B3%D9%8A%D8%A7-%D8%A8%D8%A7%D9%84%D9%85/ HTTP/2" 200 0 "-" "Mozilla/5.0 (compatible; ImagesiftBot; +imagesift.com)"
74.80.208.56 - - [28/Sep/2024:15:37:01 +0200] "GET /%D8%AD%D9%85%D9%8A%D8%AF%D8%AA%D9%8A-%D9%8A%D8%A8%D9%84%D8%BA-%D9%85%D8%B3%D8%A4%D9%88%D9%84%D8%A9-%D8%A3%D9%88%D8%B1%D9%88%D8%A8%D9%8A%D8%A9-%D8%A7%D8%B3%D8%AA%D8%B9%D8%AF%D8%A7%D8%AF%D9%87-%D8%A7/ HTTP/2" 200 0 "-" "Mozilla/5.0 (compatible; ImagesiftBot; +imagesift.com)"
74.80.208.56 - - [28/Sep/2024:15:37:02 +0200] "GET /wp-json/wp/v2/posts/10144 HTTP/2" 200 1531 "-" "Mozilla/5.0 (compatible; ImagesiftBot; +imagesift.com)"
74.80.208.56 - - [28/Sep/2024:15:37:04 +0200] "GET /tag/%D9%88300/feed/ HTTP/2" 200 0 "-" "Mozilla/5.0 (compatible; ImagesiftBot; +imagesift.com)"
74.80.208.56 - - [28/Sep/2024:15:37:04 +0200] "GET /%D8%B2%D9%8A%D9%86%D8%A8-%D8%A7%D9%84%D9%85%D9%87%D8%AF%D9%8A-%D9%87%D9%84-%D8%A3%D9%86%D8%A7-%D8%A3%D8%B5%D9%84%D8%A7%D9%8B-%D8%AD%D9%8A%D8%A9-%D8%A3%D9%85-%D9%82%D8%AA%D9%84%D8%AA%D9%86%D9%8A/ HTTP/2" 200 47023 "-" "Mozilla/5.0 (compatible; ImagesiftBot; +imagesift.com)"
185.191.171.1 - - [28/Sep/2024:15:37:16 +0200] "GET /%D8%B6%D9%8A%D8%A7%D8%A1-%D8%A7%D9%84%D8%AF%D9%8A%D9%86-%D8%A8%D9%84%D8%A7%D9%84-%D8%A5%D9%86%D9%83%D8%A7%D8%B1-%D8%A7%D9%84%D8%A7%D9%86%D9%82%D9%84%D8%A7%D8%A8/ HTTP/1.1" 403 0 "-" "Mozilla/5.0 (compatible; SemrushBot/7~bl; +http://www.semrush.com/bot.html)"
77.75.78.161 - - [28/Sep/2024:15:37:16 +0200] "GET /kupxx/j2193145.html HTTP/1.1" 404 20324 "-" "Mozilla/5.0 (compatible; SeznamBot/4.0; +http://napoveda.seznam.cz/seznambot-intro/)"
77.75.78.161 - - [28/Sep/2024:15:37:20 +0200] "GET /kcekt/v481057.html HTTP/1.1" 404 20320 "-" "Mozilla/5.0 (compatible; SeznamBot/4.0; +http://napoveda.seznam.cz/seznambot-intro/)"
77.75.78.161 - - [28/Sep/2024:15:37:23 +0200] "GET /inaur/t1116781.html HTTP/1.1" 404 20320 "-" "Mozilla/5.0 (compatible; SeznamBot/4.0; +http://napoveda.seznam.cz/seznambot-intro/)"
74.80.208.56 - - [28/Sep/2024:15:37:24 +0200] "GET /%D9%86%D8%AD%D9%88-20-%D9%82%D8%AA%D9%8A%D9%84-%D9%81%D9%8A-%D9%82%D8%B5%D9%81-%D9%85%D8%AF%D9%81%D8%B9%D9%8A-%D8%B9%D9%84%D9%89-%D9%85%D8%B1%D9%83%D8%B2-%D8%B5%D8%AD%D9%8A-%D8%B4%D9%85%D8%A7%D9%84/ HTTP/2" 200 32900 "-" "Mozilla/5.0 (compatible; ImagesiftBot; +imagesift.com)"
74.80.208.56 - - [28/Sep/2024:15:37:25 +0200] "GET /wp-json/wp/v2/tags/22416 HTTP/2" 200 331 "-" "Mozilla/5.0 (compatible; ImagesiftBot; +imagesift.com)"
74.80.208.56 - - [28/Sep/2024:15:37:26 +0200] "GET /fpxyn/k2773128.html HTTP/2" 404 22078 "-" "Mozilla/5.0 (compatible; ImagesiftBot; +imagesift.com)"
74.80.208.56 - - [28/Sep/2024:15:37:27 +0200] "GET /%D9%8A%D8%A7%D8%B3%D8%B1-%D8%B2%D9%8A%D9%86-%D8%A7%D9%84%D8%B9%D8%A7%D8%A8%D8%AF%D9%8A%D9%86-%D8%A7%D9%84%D9%85%D8%AD%D8%A7%D9%85%D9%8A-%D9%8A%D9%83%D8%AA%D8%A8-%D9%85%D9%88%D8%AA%D9%88%D8%A7-%D9%86/ HTTP/2" 200 34461 "-" "Mozilla/5.0 (compatible; ImagesiftBot; +imagesift.com)"
74.80.208.56 - - [28/Sep/2024:15:37:29 +0200] "GET /tag/%D8%A8%D8%A5%D8%AF%D8%B1%D8%A7%D8%AC/ HTTP/2" 200 23681 "-" "Mozilla/5.0 (compatible; ImagesiftBot; +imagesift.com)"
74.80.208.56 - - [28/Sep/2024:15:37:30 +0200] "GET /wp-json/wp/v2/posts/24212 HTTP/2" 200 7176 "-" "Mozilla/5.0 (compatible; ImagesiftBot; +imagesift.com)"
74.80.208.56 - - [28/Sep/2024:15:37:31 +0200] "GET /tag/%D8%A7%D9%84%D8%A3%D8%AF%D9%84%D8%A9/ HTTP/2" 200 25045 "-" "Mozilla/5.0 (compatible; ImagesiftBot; +imagesift.com)"
74.80.208.56 - - [28/Sep/2024:15:37:32 +0200] "GET /tag/%D8%A7%D8%B3%D8%AA%D9%84%D8%A7%D9%85/page/2/ HTTP/2" 200 23528 "-" "Mozilla/5.0 (compatible; ImagesiftBot; +imagesift.com)"
74.80.208.56 - - [28/Sep/2024:15:37:35 +0200] "GET /tag/%D9%8A%D9%82%D9%88%D9%85/ HTTP/2" 200 55187 "-" "Mozilla/5.0 (compatible; ImagesiftBot; +imagesift.com)"
135.181.9.38 - - [28/Sep/2024:15:37:44 +0200] "POST /wp-cron.php?doing_wp_cron=1727530664.6468698978424072265625 HTTP/1.1" 200 0 "-" "WordPress/6.6.2; https://www.sudancam.net"
74.80.208.56 - - [28/Sep/2024:15:37:44 +0200] "GET /%D8%B4%D8%B1%D8%B7%D8%A9-%D8%A7%D9%84%D8%AE%D8%B1%D8%B7%D9%88%D9%85-%D8%AA%D9%83%D8%B4%D9%81-%D8%AA%D9%81%D8%A7%D8%B5%D9%8A%D9%84-%D8%AD%D8%A7%D8%AF%D8%AB%D8%A9-%D9%81%D8%AA%D8%A7%D8%A9-%D8%B4%D9%85/feed/ HTTP/2" 200 734 "-" "Mozilla/5.0 (compatible; ImagesiftBot; +imagesift.com)"
74.80.208.56 - - [28/Sep/2024:15:37:45 +0200] "GET /uvsti/w398950.html HTTP/2" 404 22079 "-" "Mozilla/5.0 (compatible; ImagesiftBot; +imagesift.com)"
74.80.208.56 - - [28/Sep/2024:15:37:46 +0200] "GET /tag/%D8%AF%D8%AE%D9%88%D9%84/ HTTP/2" 200 25651 "-" "Mozilla/5.0 (compatible; ImagesiftBot; +imagesift.com)"
74.80.208.56 - - [28/Sep/2024:15:37:49 +0200] "GET /tag/%D8%A7%D9%84%D8%B5%D9%88%D9%85%D8%A7%D9%84%D9%8A/ HTTP/2" 200 25592 "-" "Mozilla/5.0 (compatible; ImagesiftBot; +imagesift.com)"
77.75.78.161 - - [28/Sep/2024:15:37:52 +0200] "GET /outzp/n2040633.html HTTP/1.1" 404 20322 "-" "Mozilla/5.0 (compatible; SeznamBot/4.0; +http://napoveda.seznam.cz/seznambot-intro/)"
74.80.208.56 - - [28/Sep/2024:15:37:52 +0200] "GET /wp-json/wp/v2/posts/10130 HTTP/2" 200 3622 "-" "Mozilla/5.0 (compatible; ImagesiftBot; +imagesift.com)"
74.80.208.56 - - [28/Sep/2024:15:37:53 +0200] "GET /%D8%B4%D8%A7%D9%87%D8%AF-%D8%A8%D8%A7%D9%84%D9%81%D9%8A%D8%AF%D9%8A%D9%88-%D8%A8%D8%B7%D9%84-%D8%A7%D9%84%D9%85%D8%B8%D9%84%D8%A7%D8%AA-%D9%85%D8%B9-%D9%82%D8%A7%D8%A6%D8%AF-%D8%A7%D9%84%D8%AC%D9%8A/ HTTP/2" 200 0 "-" "Mozilla/5.0 (compatible; ImagesiftBot; +imagesift.com)"
157.55.39.50 - - [28/Sep/2024:15:37:54 +0200] "GET /gbcqc/u1096346.html HTTP/2" 200 41805 "-" "Mozilla/5.0 AppleWebKit/537.36 (KHTML, like Gecko; compatible; bingbot/2.0; +http://www.bing.com/bingbot.htm) Chrome/116.0.1938.76 Safari/537.36"
74.80.208.56 - - [28/Sep/2024:15:37:54 +0200] "GET /%D8%A7%D9%84%D8%AA%D9%8A%D8%A7%D8%B1-%D8%A7%D9%84%D8%A5%D8%B3%D9%84%D8%A7%D9%85%D9%8A-%D9%86%D8%AF%D8%B9%D9%88-%D9%84%D9%84%D8%AE%D8%B1%D9%88%D8%AC-%D8%BA%D8%AF%D8%A7%D9%8B-%D9%81%D9%8A/ HTTP/2" 200 31346 "-" "Mozilla/5.0 (compatible; ImagesiftBot; +imagesift.com)"
66.249.64.13 - - [28/Sep/2024:15:36:22 +0200] "GET /hnfdc/y639894.html HTTP/1.1" 200 42419 "-" "Mozilla/5.0 (Linux; Android 6.0.1; Nexus 5X Build/MMB29P) AppleWebKit/537.36 (KHTML, like Gecko) Chrome/128.0.6613.137 Mobile Safari/537.36 (compatible; GoogleOther)"
74.80.208.56 - - [28/Sep/2024:15:36:22 +0200] "GET /%D9%85%D9%84%D8%A7%D9%8A%D9%8A%D9%86-%D8%A7%D9%84%D8%AF%D9%88%D9%84%D8%A7%D8%B1%D8%A7%D8%AA-%D8%B3%D9%88%D8%AF%D8%A7%D9%86%D9%8A%D9%88%D9%86-%D9%81%D9%8A-%D9%85%D8%B5%D8%B1-%D9%8A%D8%AD%D9%85%D9%84/ HTTP/2" 200 0 "-" "Mozilla/5.0 (compatible; ImagesiftBot; +imagesift.com)"
74.80.208.56 - - [28/Sep/2024:15:36:23 +0200] "GET /cbqle/z424563.html HTTP/2" 404 22080 "-" "Mozilla/5.0 (compatible; ImagesiftBot; +imagesift.com)"
74.80.208.56 - - [28/Sep/2024:15:36:24 +0200] "GET /%D9%81%D9%88%D8%B2-%D9%85%D8%AB%D9%8A%D8%B1-%D9%84%D8%A3%D8%B1%D8%B3%D9%86%D8%A7%D9%84-%D8%B9%D9%84%D9%89-%D9%85%D8%A7%D9%86%D8%B4%D8%B3%D8%AA%D8%B1-%D9%8A%D9%88%D9%86%D8%A7%D9%8A%D8%AA%D8%AF-%D9%88/ HTTP/2" 200 0 "-" "Mozilla/5.0 (compatible; ImagesiftBot; +imagesift.com)"
74.80.208.56 - - [28/Sep/2024:15:36:25 +0200] "GET /tag/%D8%A8%D8%A7%D9%84%D8%AA%D9%88%D8%B5%D9%8A%D9%84/ HTTP/2" 200 23529 "-" "Mozilla/5.0 (compatible; ImagesiftBot; +imagesift.com)"
74.80.208.56 - - [28/Sep/2024:15:36:26 +0200] "GET /wp-json/wp/v2/posts/25366 HTTP/2" 200 4215 "-" "Mozilla/5.0 (compatible; ImagesiftBot; +imagesift.com)"
74.80.208.56 - - [28/Sep/2024:15:36:27 +0200] "GET /wp-json/wp/v2/tags/5295 HTTP/2" 200 295 "-" "Mozilla/5.0 (compatible; ImagesiftBot; +imagesift.com)"
74.80.208.56 - - [28/Sep/2024:15:36:29 +0200] "GET /%D9%84%D8%A7-%D9%85%D9%88%D8%A7%D8%AC%D9%87%D8%A7%D8%AA-%D9%85%D9%86%D8%AA%D8%B8%D8%B1%D8%A9-%D8%A8%D9%8A%D9%86-%D9%85%D8%B5%D8%B1-%D9%88%D8%AA%D9%88%D9%86%D8%B3-%D9%88%D8%A7%D9%84%D8%AC%D8%B2%D8%A7/feed/ HTTP/2" 200 750 "-" "Mozilla/5.0 (compatible; ImagesiftBot; +imagesift.com)"
74.80.208.56 - - [28/Sep/2024:15:36:39 +0200] "GET /%D8%B4%D8%A7%D9%87%D8%AF-%D8%A8%D8%A7%D9%84%D8%B5%D9%88%D8%B1-%D8%B9%D8%B1%D9%88%D8%B3-%D9%85%D9%86-%D8%A5%D8%AD%D8%AF%D9%89-%D8%A7%D9%84%D9%82%D8%B1%D9%89-%D8%A7%D9%84%D8%B3%D9%88%D8%AF%D8%A7%D9%86/ HTTP/2" 200 43327 "-" "Mozilla/5.0 (compatible; ImagesiftBot; +imagesift.com)"
74.80.208.56 - - [28/Sep/2024:15:36:40 +0200] "GET /tag/%D9%88%D8%B3%D9%8A%D8%A7%D8%AD%D9%8A%D8%A9/feed/ HTTP/2" 200 7145 "-" "Mozilla/5.0 (compatible; ImagesiftBot; +imagesift.com)"
74.80.208.56 - - [28/Sep/2024:15:36:41 +0200] "GET /%D9%84%D9%85%D8%A7%D8%B0%D8%A7-%D8%A8%D9%83%D9%89-%D9%86%D9%8A%D9%85%D8%A7%D8%B1-%D9%82%D8%A8%D9%84-%D9%85%D8%A8%D8%A7%D8%B1%D8%A7%D8%A9-%D9%83%D9%88%D8%B1%D9%8A%D8%A7-%D8%A7%D9%84%D8%AC%D9%86%D9%88/ HTTP/2" 200 0 "-" "Mozilla/5.0 (compatible; ImagesiftBot; +imagesift.com)"
74.80.208.56 - - [28/Sep/2024:15:36:42 +0200] "GET /fvfhj/e951770.html HTTP/2" 404 22080 "-" "Mozilla/5.0 (compatible; ImagesiftBot; +imagesift.com)"
74.80.208.56 - - [28/Sep/2024:15:36:43 +0200] "GET /%D8%A5%D9%86%D9%85%D8%A7-%D9%8A%D8%A8%D9%83%D9%8A-%D8%B9%D9%84%D9%89-%D8%A7%D9%84%D8%AD%D8%A8-%D8%A7%D9%84%D8%B9%D9%85%D9%84%D8%A7%D8%A1/feed/ HTTP/2" 200 663 "-" "Mozilla/5.0 (compatible; ImagesiftBot; +imagesift.com)"
40.77.167.235 - - [28/Sep/2024:15:36:45 +0200] "GET /znssp/t2462333.html HTTP/1.1" 200 830 "-" "Mozilla/5.0 AppleWebKit/537.36 (KHTML, like Gecko; compatible; bingbot/2.0; +http://www.bing.com/bingbot.htm) Chrome/116.0.1938.76 Safari/537.36"
74.80.208.56 - - [28/Sep/2024:15:36:45 +0200] "GET /wp-json/wp/v2/tags/15942 HTTP/2" 200 323 "-" "Mozilla/5.0 (compatible; ImagesiftBot; +imagesift.com)"
74.80.208.56 - - [28/Sep/2024:15:36:45 +0200] "GET /tag/%D9%84%D9%84%D8%B3%D9%8A%D9%88%D9%84/ HTTP/2" 200 35193 "-" "Mozilla/5.0 (compatible; ImagesiftBot; +imagesift.com)"
77.75.78.161 - - [28/Sep/2024:15:37:26 +0200] "GET /usprb/w1856614.html HTTP/1.1" 404 20322 "-" "Mozilla/5.0 (compatible; SeznamBot/4.0; +http://napoveda.seznam.cz/seznambot-intro/)"
77.75.78.161 - - [28/Sep/2024:15:37:30 +0200] "GET /flshm/r1359203.html HTTP/1.1" 404 20322 "-" "Mozilla/5.0 (compatible; SeznamBot/4.0; +http://napoveda.seznam.cz/seznambot-intro/)"
77.75.78.161 - - [28/Sep/2024:15:37:32 +0200] "GET /bzjgo/h1883769.html HTTP/1.1" 404 20324 "-" "Mozilla/5.0 (compatible; SeznamBot/4.0; +http://napoveda.seznam.cz/seznambot-intro/)"
77.75.78.161 - - [28/Sep/2024:15:37:39 +0200] "GET /nguic/u611758.html HTTP/1.1" 404 20323 "-" "Mozilla/5.0 (compatible; SeznamBot/4.0; +http://napoveda.seznam.cz/seznambot-intro/)"
74.80.208.56 - - [28/Sep/2024:15:38:11 +0200] "GET /%D8%AA%D9%88%D8%A7%D9%81%D8%AF-%D9%83%D8%A8%D9%8A%D8%B1-%D9%84%D8%AC%D9%85%D8%A7%D9%87%D9%8A%D8%B1-%D8%A7%D9%84%D9%85%D8%B1%D9%8A%D8%AE-%D8%AA%D8%B9%D8%B1%D9%81-%D8%B9%D9%84%D9%89-%D8%B9%D8%AF/ HTTP/2" 200 0 "-" "Mozilla/5.0 (compatible; ImagesiftBot; +imagesift.com)"
77.75.78.161 - - [28/Sep/2024:15:38:17 +0200] "GET /usqdh/c3002024.html HTTP/1.1" 404 20321 "-" "Mozilla/5.0 (compatible; SeznamBot/4.0; +http://napoveda.seznam.cz/seznambot-intro/)"
74.80.208.56 - - [28/Sep/2024:15:38:22 +0200] "GET /%D9%88%D8%AF-%D8%A7%D9%84%D8%B4%D8%A7%D9%81%D8%B9%D9%8A-%D9%87%D9%84-%D8%B1%D9%81%D8%B6-%D8%A7%D9%84%D8%A3%D9%87%D8%A7%D9%84%D9%8A-%D8%A7%D9%84%D9%85%D8%B3%D8%A7%D8%B9%D8%AF%D8%A7%D8%AA-%D8%A7/ HTTP/2" 200 0 "-" "Mozilla/5.0 (compatible; ImagesiftBot; +imagesift.com)"
74.80.208.56 - - [28/Sep/2024:15:38:23 +0200] "GET /wp-json/wp/v2/posts/29283 HTTP/2" 200 9909 "-" "Mozilla/5.0 (compatible; ImagesiftBot; +imagesift.com)"
74.80.208.56 - - [28/Sep/2024:15:38:24 +0200] "GET /tag/%D9%84%D8%A5%D8%B3%D8%A7%D8%A1%D8%A9/ HTTP/2" 200 23596 "-" "Mozilla/5.0 (compatible; ImagesiftBot; +imagesift.com)"
74.80.208.56 - - [28/Sep/2024:15:38:26 +0200] "GET /wp-json/wp/v2/tags/31705 HTTP/2" 200 0 "-" "Mozilla/5.0 (compatible; ImagesiftBot; +imagesift.com)"
74.80.208.56 - - [28/Sep/2024:15:38:27 +0200] "GET /tag/%D9%84%D8%AA%D9%81%D9%88%D8%B2/ HTTP/2" 200 23577 "-" "Mozilla/5.0 (compatible; ImagesiftBot; +imagesift.com)"
74.80.208.56 - - [28/Sep/2024:15:38:28 +0200] "GET /%D8%A3%D8%B3%D8%B9%D8%A7%D8%B1-%D8%A7%D9%84%D8%AF%D9%88%D8%A7%D8%A1-%D9%85%D8%AE%D8%A7%D9%88%D9%81-%D8%A7%D9%84%D8%AA%D8%AD%D8%B1%D9%8A%D8%B1-%D8%AA%D9%82%D9%84%D9%82-%D8%A7%D9%84%D9%85%D9%88%D8%A7/ HTTP/2" 200 0 "-" "Mozilla/5.0 (compatible; ImagesiftBot; +imagesift.com)"
74.80.208.56 - - [28/Sep/2024:15:38:29 +0200] "GET /wp-json/wp/v2/posts/9975 HTTP/2" 200 3042 "-" "Mozilla/5.0 (compatible; ImagesiftBot; +imagesift.com)"
74.80.208.56 - - [28/Sep/2024:15:38:30 +0200] "GET /%D8%A7%D9%84%D9%86%D9%8A%D8%A7%D8%A8%D8%A9-%D8%AA%D9%88%D8%AC%D9%87-%D8%AA%D9%87%D9%85%D8%A9-%D8%A7%D9%84%D9%82%D8%AA%D9%84-%D8%A7%D9%84%D8%B9%D9%85%D8%AF-%D9%84%D8%B4%D8%B1%D8%B7%D9%8A-%D8%A7%D8%BA/ HTTP/2" 200 32812 "-" "Mozilla/5.0 (compatible; ImagesiftBot; +imagesift.com)"
74.80.208.56 - - [28/Sep/2024:15:38:32 +0200] "GET /%D8%B4%D8%A7%D9%87%D8%AF-%D8%A8%D8%A7%D9%84%D9%81%D9%8A%D8%AF%D9%8A%D9%88-%D8%AD%D8%A7%D9%81%D8%B1-%D8%A7%D9%84%D9%82%D8%A8%D9%88%D8%B1-%D8%AF%D8%B1%D9%85%D8%A9-%D9%8A%D9%83%D8%B4%D9%81-%D8%A3/ HTTP/2" 200 32872 "-" "Mozilla/5.0 (compatible; ImagesiftBot; +imagesift.com)"
74.80.208.56 - - [28/Sep/2024:15:38:35 +0200] "GET /wp-content/uploads/2023/03/1677709368_unnamed-file.jpg HTTP/2" 200 42504 "-" "Mozilla/5.0 (compatible; ImagesiftBot; +imagesift.com)"
74.80.208.56 - - [28/Sep/2024:15:38:35 +0200] "GET /wp-json/wp/v2/posts/11198 HTTP/2" 200 0 "-" "Mozilla/5.0 (compatible; ImagesiftBot; +imagesift.com)"
74.80.208.56 - - [28/Sep/2024:15:38:36 +0200] "GET /wp-json/wp/v2/posts/19995 HTTP/2" 200 2608 "-" "Mozilla/5.0 (compatible; ImagesiftBot; +imagesift.com)"
74.80.208.56 - - [28/Sep/2024:15:38:37 +0200] "GET /tag/%D8%A7%D8%B3%D8%AA%D8%B9%D8%AF%D8%A7%D8%AF%D9%87%D8%A7/feed/ HTTP/2" 200 3660 "-" "Mozilla/5.0 (compatible; ImagesiftBot; +imagesift.com)"
74.80.208.56 - - [28/Sep/2024:15:36:02 +0200] "GET /%D8%A7%D9%84%D9%85%D8%B1%D9%8A%D8%AE-%D9%8A%D8%AD%D9%82%D9%82-%D9%81%D9%88%D8%B2%D8%A7%D9%8B-%D9%85%D9%87%D9%85%D8%A7%D9%8B-%D9%81%D9%8A-%D8%A7%D9%84%D9%85%D9%85%D8%AA%D8%A7%D8%B2/ HTTP/2" 200 0 "-" "Mozilla/5.0 (compatible; ImagesiftBot; +imagesift.com)"
74.80.208.56 - - [28/Sep/2024:15:36:03 +0200] "GET /tag/%D9%82%D8%B0%D8%A7%D8%A6%D9%81/ HTTP/2" 200 20022 "-" "Mozilla/5.0 (compatible; ImagesiftBot; +imagesift.com)"
178.236.247.6 - - [28/Sep/2024:15:36:07 +0200] "POST /74a7c9952328.php HTTP/1.1" 200 9 "-" "curl/7.86.0"
74.80.208.56 - - [28/Sep/2024:15:36:34 +0200] "GET /wp-json/wp/v2/posts/24226 HTTP/2" 200 0 "-" "Mozilla/5.0 (compatible; ImagesiftBot; +imagesift.com)"
74.80.208.56 - - [28/Sep/2024:15:36:35 +0200] "GET /%D9%85%D8%AD%D9%85%D8%AF-%D8%B9%D8%AB%D9%85%D8%A7%D9%86-%D8%A5%D8%A8%D8%B1%D8%A7%D9%87%D9%8A%D9%85-%D8%A7%D9%84%D8%B9%D9%88%D8%A7%D8%B7%D9%84%D9%8A%D8%A9-%D8%A7%D9%84%D9%86%D9%8A%D9%84%D9%8A%D9%86/ HTTP/2" 200 29908 "-" "Mozilla/5.0 (compatible; ImagesiftBot; +imagesift.com)"
74.80.208.56 - - [28/Sep/2024:15:37:55 +0200] "GET /tag/%D9%88%D9%8A%D8%A8%D8%AD%D8%AB/ HTTP/2" 200 0 "-" "Mozilla/5.0 (compatible; ImagesiftBot; +imagesift.com)"
77.75.78.161 - - [28/Sep/2024:15:37:56 +0200] "GET /jhkre/k2450312.html HTTP/1.1" 404 20323 "-" "Mozilla/5.0 (compatible; SeznamBot/4.0; +http://napoveda.seznam.cz/seznambot-intro/)"
74.80.208.56 - - [28/Sep/2024:15:37:56 +0200] "GET /%D8%AA%D9%88%D9%82%D9%81-%D8%A7%D9%84%D8%B7%D9%84%D8%A8-%D8%B9%D9%84%D9%89-%D8%A7%D9%84%D8%AF%D9%88%D9%84%D8%A7%D8%B1-%D8%A8%D8%A7%D9%84%D8%B3%D9%88%D9%82-%D8%A7%D9%84%D9%85%D9%88%D8%A7%D8%B2%D9%8A/ HTTP/2" 200 26214 "-" "Mozilla/5.0 (compatible; ImagesiftBot; +imagesift.com)"
74.80.208.56 - - [28/Sep/2024:15:37:58 +0200] "GET /tag/%D8%A8%D8%AA%D8%AF%D8%B1%D9%8A%D8%A8%D8%A7%D8%AA/ HTTP/2" 200 33658 "-" "Mozilla/5.0 (compatible; ImagesiftBot; +imagesift.com)"
74.80.208.56 - - [28/Sep/2024:15:38:00 +0200] "GET /tag/%D8%B3%D9%88%D8%A7%D8%AD%D9%84/ HTTP/2" 200 0 "-" "Mozilla/5.0 (compatible; ImagesiftBot; +imagesift.com)"
74.80.208.56 - - [28/Sep/2024:15:38:01 +0200] "GET /tag/%D8%A8%D9%80%D8%A7%D9%84%D8%A5%D8%B7%D8%A7%D8%B1%D9%8A/ HTTP/2" 200 0 "-" "Mozilla/5.0 (compatible; ImagesiftBot; +imagesift.com)"
74.80.208.56 - - [28/Sep/2024:15:38:02 +0200] "GET /%D9%8A%D9%88%D9%86%D9%8A%D8%B3%D9%8A%D9%81-%D8%AA%D9%82%D9%88%D9%84-%D8%A5%D9%86-%D8%A7%D9%84%D8%AD%D8%B1%D8%A8-%D8%A8%D8%A7%D9%84%D8%B3%D9%88%D8%AF%D8%A7%D9%86-%D8%B4%D8%B1%D8%AF%D8%AA/ HTTP/2" 200 0 "-" "Mozilla/5.0 (compatible; ImagesiftBot; +imagesift.com)"
77.75.78.161 - - [28/Sep/2024:15:38:01 +0200] "GET /hlgtz/v2676809.html HTTP/1.1" 404 20323 "-" "Mozilla/5.0 (compatible; SeznamBot/4.0; +http://napoveda.seznam.cz/seznambot-intro/)"
178.236.247.6 - - [28/Sep/2024:15:38:06 +0200] "POST /74a7c9952328.php HTTP/1.1" 200 9 "-" "curl/7.86.0"
74.80.208.56 - - [28/Sep/2024:15:38:07 +0200] "GET /tag/%D8%A3%D8%A8%D9%82%D8%A7%D8%B1%D9%87/ HTTP/2" 200 0 "-" "Mozilla/5.0 (compatible; ImagesiftBot; +imagesift.com)"
74.80.208.56 - - [28/Sep/2024:15:38:08 +0200] "GET /%D9%85%D9%82%D8%AA%D9%84-%D9%88%D8%AC%D8%B1%D8%AD-16-%D8%B4%D8%AE%D8%B5-%D8%AE%D9%84%D8%A7%D9%84-%D8%B3%D9%8A%D8%B7%D8%B1%D8%A9-%D8%A7%D9%84%D8%AF%D8%B9%D9%85-%D8%A7%D9%84%D8%B3%D8%B1%D9%8A%D8%B9/ HTTP/2" 200 0 "-" "Mozilla/5.0 (compatible; ImagesiftBot; +imagesift.com)"
74.80.208.56 - - [28/Sep/2024:15:38:09 +0200] "GET /wp-json/wp/v2/posts/6206 HTTP/2" 200 0 "-" "Mozilla/5.0 (compatible; ImagesiftBot; +imagesift.com)"
135.181.9.38 - - [28/Sep/2024:15:38:36 +0200] "POST /wp-admin/admin-ajax.php?action=async_litespeed&nonce=U5oqUeS0RyRRnhboyDqCrF01ETuyem4h&litespeed_type=imgoptm HTTP/1.1" 200 21 "-" "WordPress/6.6.2; https://www.sudancam.net"
135.181.9.38 - - [28/Sep/2024:15:38:43 +0200] "POST /wp-cron.php?doing_wp_cron=1727530723.6949319839477539062500 HTTP/1.1" 200 0 "-" "WordPress/6.6.2; https://www.sudancam.net"
185.191.171.16 - - [28/Sep/2024:15:38:51 +0200] "GET /robots.txt HTTP/1.1" 200 182 "-" "Mozilla/5.0 (compatible; SemrushBot/7~bl; +http://www.semrush.com/bot.html)"
74.80.208.56 - - [28/Sep/2024:15:39:04 +0200] "GET /tag/%D9%84%D9%86%D8%AF%D9%86/ HTTP/2" 200 20482 "-" "Mozilla/5.0 (compatible; ImagesiftBot; +imagesift.com)"
74.80.208.56 - - [28/Sep/2024:15:39:05 +0200] "GET /tag/%D8%AA%D8%B7%D8%A7%D9%84%D8%A8/page/2/ HTTP/2" 200 0 "-" "Mozilla/5.0 (compatible; ImagesiftBot; +imagesift.com)"
74.80.208.56 - - [28/Sep/2024:15:39:07 +0200] "GET /%D8%AA%D8%BA%D8%B1%D9%8A%D8%AF%D8%A9-%D8%A5%D9%8A%D9%84%D9%88%D9%86-%D9%85%D8%A7%D8%B3%D9%83-%D8%AA%D8%B9%D8%B2%D8%B2-%D9%86%D8%B8%D8%B1%D9%8A%D8%A9-%D8%A7%D9%84%D9%85%D8%A4%D8%A7%D9%85%D8%B1%D8%A9/ HTTP/2" 200 0 "-" "Mozilla/5.0 (compatible; ImagesiftBot; +imagesift.com)"
74.80.208.56 - - [28/Sep/2024:15:39:07 +0200] "GET /%D8%A7%D9%84%D8%A8%D8%B1%D9%87%D8%A7%D9%86-%D9%8A%D8%B4%D9%83%D9%84-%D9%84%D8%AC%D9%86%D8%A9-%D8%A8%D8%B1%D8%A6%D8%A7%D8%B3%D8%A9-%D9%85%D8%B3%D8%AC%D9%84-%D8%B9%D8%A7%D9%85-%D8%AA%D9%86%D8%B8%D9%8A/ HTTP/2" 200 26198 "-" "Mozilla/5.0 (compatible; ImagesiftBot; +imagesift.com)"
135.181.9.38 - - [28/Sep/2024:15:37:35 +0200] "POST /wp-cron.php?doing_wp_cron=1727530655.5518739223480224609375 HTTP/1.1" 200 0 "-" "WordPress/6.6.2; https://www.sudancam.net"
66.249.64.13 - - [28/Sep/2024:15:37:35 +0200] "GET /orvhs/s537968.html HTTP/1.1" 200 42333 "-" "Mozilla/5.0 (Linux; Android 6.0.1; Nexus 5X Build/MMB29P) AppleWebKit/537.36 (KHTML, like Gecko) Chrome/128.0.6613.137 Mobile Safari/537.36 (compatible; GoogleOther)"
74.80.208.56 - - [28/Sep/2024:15:37:38 +0200] "GET /tag/%D8%A7%D9%84%D8%A5%D9%86%D8%AA%D9%82%D8%A7%D9%84%D9%8A/ HTTP/2" 200 24700 "-" "Mozilla/5.0 (compatible; ImagesiftBot; +imagesift.com)"
66.249.64.14 - - [28/Sep/2024:15:38:00 +0200] "GET /ygomt/c2772366.html HTTP/1.1" 200 42600 "-" "Mozilla/5.0 (Linux; Android 6.0.1; Nexus 5X Build/MMB29P) AppleWebKit/537.36 (KHTML, like Gecko) Chrome/128.0.6613.137 Mobile Safari/537.36 (compatible; GoogleOther)"
74.80.208.56 - - [28/Sep/2024:15:38:14 +0200] "GET /%D8%AA%D9%86%D8%B3%D9%8A%D9%82%D9%8A%D8%A9-%D8%A7%D9%84%D9%85%D9%82%D8%A7%D9%88%D9%85%D8%A9-%D8%AA%D9%85%D9%86%D8%AD-%D8%A7%D9%84%D8%B3%D9%88%D8%AF%D8%A7%D9%86%D9%8A-%D9%81%D8%B1%D8%B5%D8%A9-%D8%A3/ HTTP/2" 200 0 "-" "Mozilla/5.0 (compatible; ImagesiftBot; +imagesift.com)"
185.191.171.8 - - [28/Sep/2024:15:38:20 +0200] "GET /tag/%D9%88%D8%A7%D9%84%D9%83%D8%B0%D8%A8/ HTTP/1.1" 403 0 "-" "Mozilla/5.0 (compatible; SemrushBot/7~bl; +http://www.semrush.com/bot.html)"
77.75.78.161 - - [28/Sep/2024:15:38:29 +0200] "GET /cybad/c2911414.html HTTP/1.1" 404 20321 "-" "Mozilla/5.0 (compatible; SeznamBot/4.0; +http://napoveda.seznam.cz/seznambot-intro/)"
135.181.9.38 - - [28/Sep/2024:15:38:35 +0200] "POST /wp-cron.php?doing_wp_cron=1727530715.6338429450988769531250 HTTP/1.1" 200 0 "-" "WordPress/6.6.2; https://www.sudancam.net"
20.15.133.191 - - [28/Sep/2024:15:38:44 +0200] "GET /guokj/n1413825.html HTTP/2" 200 42153 "-" "Mozilla/5.0 AppleWebKit/537.36 (KHTML, like Gecko; compatible; bingbot/2.0; +http://www.bing.com/bingbot.htm) Chrome/116.0.1938.76 Safari/537.36"
77.75.78.161 - - [28/Sep/2024:15:38:48 +0200] "GET /jnvjj/x1076849.html HTTP/1.1" 404 20325 "-" "Mozilla/5.0 (compatible; SeznamBot/4.0; +http://napoveda.seznam.cz/seznambot-intro/)"
77.75.78.161 - - [28/Sep/2024:15:38:53 +0200] "GET /qknhz/n2109715.html HTTP/1.1" 404 20327 "-" "Mozilla/5.0 (compatible; SeznamBot/4.0; +http://napoveda.seznam.cz/seznambot-intro/)"
77.75.78.161 - - [28/Sep/2024:15:38:59 +0200] "GET /cuznl/g245222.html HTTP/1.1" 404 20321 "-" "Mozilla/5.0 (compatible; SeznamBot/4.0; +http://napoveda.seznam.cz/seznambot-intro/)"
74.80.208.56 - - [28/Sep/2024:15:39:02 +0200] "GET /siifm/z1773989.html HTTP/2" 404 22077 "-" "Mozilla/5.0 (compatible; ImagesiftBot; +imagesift.com)"
77.75.78.161 - - [28/Sep/2024:15:39:04 +0200] "GET /husxo/j2705761.html HTTP/1.1" 404 20322 "-" "Mozilla/5.0 (compatible; SeznamBot/4.0; +http://napoveda.seznam.cz/seznambot-intro/)"
77.75.78.161 - - [28/Sep/2024:15:39:08 +0200] "GET /nlxmb/q2974192.html HTTP/1.1" 404 20323 "-" "Mozilla/5.0 (compatible; SeznamBot/4.0; +http://napoveda.seznam.cz/seznambot-intro/)"
77.75.78.161 - - [28/Sep/2024:15:39:11 +0200] "GET /efrel/t1294881.html HTTP/1.1" 404 20327 "-" "Mozilla/5.0 (compatible; SeznamBot/4.0; +http://napoveda.seznam.cz/seznambot-intro/)"
40.77.167.235 - - [28/Sep/2024:15:39:20 +0200] "GET /uysqs/s480742.html HTTP/1.1" 200 830 "-" "Mozilla/5.0 AppleWebKit/537.36 (KHTML, like Gecko; compatible; bingbot/2.0; +http://www.bing.com/bingbot.htm) Chrome/116.0.1938.76 Safari/537.36"
40.77.167.235 - - [28/Sep/2024:15:39:20 +0200] "GET /tisqy/h2947221.html HTTP/1.1" 200 830 "-" "Mozilla/5.0 AppleWebKit/537.36 (KHTML, like Gecko; compatible; bingbot/2.0; +http://www.bing.com/bingbot.htm) Chrome/116.0.1938.76 Safari/537.36"
74.80.208.56 - - [28/Sep/2024:15:39:26 +0200] "GET /wp-json/wp/v2/posts/21321 HTTP/2" 200 2661 "-" "Mozilla/5.0 (compatible; ImagesiftBot; +imagesift.com)"
135.181.9.38 - - [28/Sep/2024:15:35:44 +0200] "POST /wp-cron.php?doing_wp_cron=1727530544.9235999584197998046875 HTTP/1.1" 200 0 "-" "WordPress/6.6.2; https://www.sudancam.net"
77.75.78.161 - - [28/Sep/2024:15:35:45 +0200] "GET /xsdhw/y2552636.html HTTP/1.1" 404 20323 "-" "Mozilla/5.0 (compatible; SeznamBot/4.0; +http://napoveda.seznam.cz/seznambot-intro/)"
77.75.78.161 - - [28/Sep/2024:15:35:50 +0200] "GET /gelzp/i2203024.html HTTP/1.1" 404 20321 "-" "Mozilla/5.0 (compatible; SeznamBot/4.0; +http://napoveda.seznam.cz/seznambot-intro/)"
207.46.13.154 - - [28/Sep/2024:15:35:53 +0200] "GET /gkjxm/s2019604.html HTTP/2" 200 41856 "-" "Mozilla/5.0 AppleWebKit/537.36 (KHTML, like Gecko; compatible; bingbot/2.0; +http://www.bing.com/bingbot.htm) Chrome/116.0.1938.76 Safari/537.36"
77.75.78.161 - - [28/Sep/2024:15:35:56 +0200] "GET /fwcju/z822675.html HTTP/1.1" 404 20322 "-" "Mozilla/5.0 (compatible; SeznamBot/4.0; +http://napoveda.seznam.cz/seznambot-intro/)"
77.75.78.161 - - [28/Sep/2024:15:36:00 +0200] "GET /ywfho/l478265.html HTTP/1.1" 404 20321 "-" "Mozilla/5.0 (compatible; SeznamBot/4.0; +http://napoveda.seznam.cz/seznambot-intro/)"
40.77.167.235 - - [28/Sep/2024:15:36:03 +0200] "GET /qbjpl/y1637956.html HTTP/1.1" 200 830 "-" "Mozilla/5.0 AppleWebKit/537.36 (KHTML, like Gecko; compatible; bingbot/2.0; +http://www.bing.com/bingbot.htm) Chrome/116.0.1938.76 Safari/537.36"
77.75.78.161 - - [28/Sep/2024:15:36:03 +0200] "GET /shnnr/b2262791.html HTTP/1.1" 404 20321 "-" "Mozilla/5.0 (compatible; SeznamBot/4.0; +http://napoveda.seznam.cz/seznambot-intro/)"
77.75.78.161 - - [28/Sep/2024:15:36:15 +0200] "GET /azosx/d891111.html HTTP/1.1" 404 20326 "-" "Mozilla/5.0 (compatible; SeznamBot/4.0; +http://napoveda.seznam.cz/seznambot-intro/)"
77.75.78.161 - - [28/Sep/2024:15:36:19 +0200] "GET /wqldb/x144073.html HTTP/1.1" 404 20322 "-" "Mozilla/5.0 (compatible; SeznamBot/4.0; +http://napoveda.seznam.cz/seznambot-intro/)"
77.75.78.161 - - [28/Sep/2024:15:36:22 +0200] "GET /jrijg/z1060887.html HTTP/1.1" 404 20324 "-" "Mozilla/5.0 (compatible; SeznamBot/4.0; +http://napoveda.seznam.cz/seznambot-intro/)"
77.75.78.161 - - [28/Sep/2024:15:36:25 +0200] "GET /zsofb/n1642521.html HTTP/1.1" 404 20322 "-" "Mozilla/5.0 (compatible; SeznamBot/4.0; +http://napoveda.seznam.cz/seznambot-intro/)"
77.75.78.161 - - [28/Sep/2024:15:36:28 +0200] "GET /uzchu/i1173684.html HTTP/1.1" 404 20323 "-" "Mozilla/5.0 (compatible; SeznamBot/4.0; +http://napoveda.seznam.cz/seznambot-intro/)"
74.80.208.56 - - [28/Sep/2024:15:36:31 +0200] "GET /%D9%85%D8%AC%D9%84%D8%B3-%D8%A7%D9%84%D8%B3%D9%8A%D8%A7%D8%AF%D8%A9-%D8%A7%D9%84%D9%85%D8%A4%D8%B3%D8%B3%D8%A9-%D8%A7%D9%84%D8%B9%D8%B3%D9%83%D8%B1%D9%8A%D8%A9-%D9%84%D9%8A%D8%B3%D8%AA-%D8%B6%D8%AF/ HTTP/2" 200 53476 "-" "Mozilla/5.0 (compatible; ImagesiftBot; +imagesift.com)"
77.75.78.161 - - [28/Sep/2024:15:36:38 +0200] "GET /hmcnp/k1521072.html HTTP/1.1" 404 20329 "-" "Mozilla/5.0 (compatible; SeznamBot/4.0; +http://napoveda.seznam.cz/seznambot-intro/)"
74.80.208.56 - - [28/Sep/2024:15:39:09 +0200] "GET /tag/%D8%A7%D9%84%D8%A5%D8%B6%D8%B1%D8%A7%D8%A8/feed/ HTTP/2" 200 13272 "-" "Mozilla/5.0 (compatible; ImagesiftBot; +imagesift.com)"
74.80.208.56 - - [28/Sep/2024:15:39:19 +0200] "GET /tag/%D8%A7%D9%84%D9%85%D8%AA%D8%B2%D8%A7%D9%8A%D8%AF/ HTTP/2" 200 0 "-" "Mozilla/5.0 (compatible; ImagesiftBot; +imagesift.com)"
74.80.208.56 - - [28/Sep/2024:15:39:20 +0200] "GET /tag/%D8%B2%D9%8A%D8%A7%D8%B1%D8%A9/page/3/ HTTP/2" 200 27001 "-" "Mozilla/5.0 (compatible; ImagesiftBot; +imagesift.com)"
185.191.171.4 - - [28/Sep/2024:15:39:22 +0200] "GET /%D8%AA%D9%86%D9%81%D9%8A%D8%B0%D9%8A-%D8%A7%D8%A8%D9%88%D8%AD%D9%85%D8%AF-%D9%8A%D8%AB%D9%85%D9%86-%D8%AC%D9%87%D9%88%D8%AF-%D9%84%D8%AC%D9%86%D8%A9-%D8%A7%D8%B2%D8%A7%D9%84%D8%A9-%D8%A7%D9%84%D9%85/ HTTP/1.1" 403 0 "-" "Mozilla/5.0 (compatible; SemrushBot/7~bl; +http://www.semrush.com/bot.html)"
74.80.208.56 - - [28/Sep/2024:15:39:22 +0200] "GET /%D8%B9%D8%B6%D9%88%D9%8C-%D8%A8%D9%84%D8%AC%D9%86%D8%A9-%D8%A7%D9%84%D8%B3%D9%8A%D8%A7%D8%AF%D9%8A-%D9%8A%D9%83%D8%B4%D9%81-%D8%A3%D8%B3%D8%A8%D8%A7%D8%A8-%D8%A5%D8%BA%D9%84%D8%A7%D9%82-%D9%85%D8%B4/ HTTP/2" 200 0 "-" "Mozilla/5.0 (compatible; ImagesiftBot; +imagesift.com)"
74.80.208.56 - - [28/Sep/2024:15:39:22 +0200] "GET /%D8%AC%D9%84%D8%AF-%D9%81%D8%AA%D9%8A%D8%A7%D8%AA-%D9%81%D9%8A-%D8%A7%D9%84%D9%83%D9%88%D9%86%D8%BA%D9%88-%D8%A7%D9%84%D8%AF%D9%8A%D9%85%D9%88%D9%82%D8%B1%D8%A7%D8%B7%D9%8A%D8%A9-%D8%A8%D8%B3%D8%A8/ HTTP/2" 200 32124 "-" "Mozilla/5.0 (compatible; ImagesiftBot; +imagesift.com)"
74.80.208.56 - - [28/Sep/2024:15:39:37 +0200] "GET /tag/%D8%B3%D8%A7%D8%AA%D9%8A/page/2/ HTTP/2" 200 0 "-" "Mozilla/5.0 (compatible; ImagesiftBot; +imagesift.com)"
74.80.208.56 - - [28/Sep/2024:15:39:38 +0200] "GET /tag/%D9%88%D8%A7%D8%AA%D8%AD%D9%86%D9%83%D8%B4%D8%AA/feed/ HTTP/2" 200 2579 "-" "Mozilla/5.0 (compatible; ImagesiftBot; +imagesift.com)"
74.80.208.56 - - [28/Sep/2024:15:39:40 +0200] "GET /gxozx/z1454839.html HTTP/2" 404 22077 "-" "Mozilla/5.0 (compatible; ImagesiftBot; +imagesift.com)"
74.80.208.56 - - [28/Sep/2024:15:39:40 +0200] "GET /tag/%D8%AA%D8%A3%D8%B3%D9%8A%D8%B3/ HTTP/2" 200 0 "-" "Mozilla/5.0 (compatible; ImagesiftBot; +imagesift.com)"
74.80.208.56 - - [28/Sep/2024:15:39:42 +0200] "GET /%D8%A7%D8%BA%D8%AA%D8%B5%D8%A7%D8%A8-%D8%A7%D8%A8%D9%86%D8%A9-%D9%85%D8%B3%D8%A4%D9%88%D9%84-%D8%B1%D9%81%D9%8A%D8%B9-%D8%A8%D9%84%D8%AC%D9%86%D8%A9-%D8%A7%D9%84%D8%AA%D9%81%D9%83%D9%8A%D9%83-%D9%88-2/ HTTP/2" 200 32227 "-" "Mozilla/5.0 (compatible; ImagesiftBot; +imagesift.com)"
74.80.208.56 - - [28/Sep/2024:15:39:43 +0200] "GET /wp-json/wp/v2/tags/11915 HTTP/2" 200 319 "-" "Mozilla/5.0 (compatible; ImagesiftBot; +imagesift.com)"
74.80.208.56 - - [28/Sep/2024:15:39:44 +0200] "GET /tag/%D8%A7%D9%84%D9%82%D9%88%D9%89/page/2/ HTTP/2" 200 36879 "-" "Mozilla/5.0 (compatible; ImagesiftBot; +imagesift.com)"
74.80.208.56 - - [28/Sep/2024:15:39:46 +0200] "GET /tag/%D9%82%D8%A7%D8%A6%D8%AF/ HTTP/2" 200 38351 "-" "Mozilla/5.0 (compatible; ImagesiftBot; +imagesift.com)"
74.80.208.56 - - [28/Sep/2024:15:39:47 +0200] "GET /wp-json/wp/v2/posts/11184 HTTP/2" 200 3199 "-" "Mozilla/5.0 (compatible; ImagesiftBot; +imagesift.com)"
74.80.208.56 - - [28/Sep/2024:15:39:48 +0200] "GET /tag/%D8%AC%D9%88%D8%AF%D8%A9/ HTTP/2" 200 36424 "-" "Mozilla/5.0 (compatible; ImagesiftBot; +imagesift.com)"
74.80.208.56 - - [28/Sep/2024:15:39:49 +0200] "GET /%D9%83%D9%84%D8%A8-%D8%A8%D8%A7%D9%8A%D8%AF%D9%86-%D9%8A%D9%87%D8%A7%D8%AC%D9%85-%D9%85%D9%88%D8%B8%D9%81%D9%8A%D9%86-%D9%88%D8%B9%D9%86%D8%A7%D8%B5%D8%B1-%D8%A7%D9%84%D8%AE%D8%AF%D9%85%D8%A9-%D8%A7/ HTTP/2" 200 0 "-" "Mozilla/5.0 (compatible; ImagesiftBot; +imagesift.com)"
74.80.208.56 - - [28/Sep/2024:15:39:50 +0200] "GET /tag/%D9%82%D9%85%D9%86/ HTTP/2" 200 23456 "-" "Mozilla/5.0 (compatible; ImagesiftBot; +imagesift.com)"
74.80.208.56 - - [28/Sep/2024:15:39:52 +0200] "GET /wp-json/wp/v2/tags/2057 HTTP/2" 200 309 "-" "Mozilla/5.0 (compatible; ImagesiftBot; +imagesift.com)"
74.80.208.56 - - [28/Sep/2024:15:38:39 +0200] "GET /ozguu/k1812064.html HTTP/2" 200 0 "-" "Mozilla/5.0 (compatible; ImagesiftBot; +imagesift.com)"
74.80.208.56 - - [28/Sep/2024:15:38:40 +0200] "GET /wp-json/wp/v2/posts/27003 HTTP/2" 200 0 "-" "Mozilla/5.0 (compatible; ImagesiftBot; +imagesift.com)"
77.75.78.161 - - [28/Sep/2024:15:38:39 +0200] "GET /gkddt/o2321486.html HTTP/1.1" 404 20324 "-" "Mozilla/5.0 (compatible; SeznamBot/4.0; +http://napoveda.seznam.cz/seznambot-intro/)"
74.80.208.56 - - [28/Sep/2024:15:38:41 +0200] "GET /wp-json/wp/v2/tags/4036 HTTP/2" 200 325 "-" "Mozilla/5.0 (compatible; ImagesiftBot; +imagesift.com)"
74.80.208.56 - - [28/Sep/2024:15:38:42 +0200] "GET /%D8%A7%D9%84%D8%B3%D9%88%D8%AF%D8%A7%D9%86-%D8%B9%D8%AF%D8%AF-%D8%A7%D9%84%D9%81%D8%A7%D8%B1%D9%8A%D9%86-%D9%85%D9%86-%D8%A7%D9%84%D8%B9%D9%86%D9%81-%D9%8A%D8%AA%D8%AE%D8%B7%D9%89-%D8%AD%D8%A7%D8%AC/ HTTP/2" 200 32488 "-" "Mozilla/5.0 (compatible; ImagesiftBot; +imagesift.com)"
74.80.208.56 - - [28/Sep/2024:15:38:43 +0200] "GET /tag/%D9%86%D9%81%D9%82/feed/ HTTP/2" 200 13575 "-" "Mozilla/5.0 (compatible; ImagesiftBot; +imagesift.com)"
74.80.208.56 - - [28/Sep/2024:15:38:44 +0200] "GET /tag/%D9%85%D8%B4/ HTTP/2" 200 37282 "-" "Mozilla/5.0 (compatible; ImagesiftBot; +imagesift.com)"
74.80.208.56 - - [28/Sep/2024:15:38:47 +0200] "GET /tag/%D9%8A%D9%86%D8%B4%D8%A6/ HTTP/2" 200 0 "-" "Mozilla/5.0 (compatible; ImagesiftBot; +imagesift.com)"
74.80.208.56 - - [28/Sep/2024:15:38:47 +0200] "GET /wp-json/wp/v2/posts/10058 HTTP/2" 200 1567 "-" "Mozilla/5.0 (compatible; ImagesiftBot; +imagesift.com)"
74.80.208.56 - - [28/Sep/2024:15:38:49 +0200] "GET /wp-json/wp/v2/tags/2824 HTTP/2" 200 0 "-" "Mozilla/5.0 (compatible; ImagesiftBot; +imagesift.com)"
74.80.208.56 - - [28/Sep/2024:15:38:50 +0200] "GET /%D9%85%D9%81%D8%A7%D8%AC%D8%A3%D8%A9-%D9%81%D9%8A-%D8%B9%D8%AF%D8%AF-%D8%A7%D9%84%D8%B4%D8%A7%D8%AD%D9%86%D8%A7%D8%AA-%D8%A7%D9%84%D9%85%D8%A7%D8%B1%D8%A9-%D8%A8%D9%85%D8%AD%D8%B7%D8%A9-%D9%87%D9%88/ HTTP/2" 200 0 "-" "Mozilla/5.0 (compatible; ImagesiftBot; +imagesift.com)"
74.80.208.56 - - [28/Sep/2024:15:38:51 +0200] "GET /wp-json/wp/v2/posts/5730 HTTP/2" 200 1867 "-" "Mozilla/5.0 (compatible; ImagesiftBot; +imagesift.com)"
74.80.208.56 - - [28/Sep/2024:15:38:52 +0200] "GET /tag/%D9%88%D9%8A%D9%87%D9%86%D8%A6/feed/ HTTP/2" 200 1800 "-" "Mozilla/5.0 (compatible; ImagesiftBot; +imagesift.com)"
74.80.208.56 - - [28/Sep/2024:15:38:56 +0200] "GET /tag/%D9%83%D9%84%D8%A7%D9%85/ HTTP/2" 200 0 "-" "Mozilla/5.0 (compatible; ImagesiftBot; +imagesift.com)"
74.80.208.56 - - [28/Sep/2024:15:38:56 +0200] "GET /tag/%D9%85%D9%86%D8%B2%D9%84%D9%8A%D9%86/ HTTP/2" 200 23903 "-" "Mozilla/5.0 (compatible; ImagesiftBot; +imagesift.com)"
74.80.208.56 - - [28/Sep/2024:15:38:57 +0200] "GET /qngwn/g785450.html HTTP/2" 404 22080 "-" "Mozilla/5.0 (compatible; ImagesiftBot; +imagesift.com)"
74.80.208.56 - - [28/Sep/2024:15:39:11 +0200] "GET /wp-json/wp/v2/posts/22461 HTTP/2" 200 0 "-" "Mozilla/5.0 (compatible; ImagesiftBot; +imagesift.com)"
40.77.167.55 - - [28/Sep/2024:15:39:41 +0200] "GET /%D8%B4%D8%A7%D9%87%D8%AF-%D8%A8%D8%A7%D9%84%D8%B5%D9%88%D8%B1%D8%A9-%D9%88%D8%A7%D9%84%D9%81%D9%8A%D8%AF%D9%8A%D9%88-%D8%AD%D8%B3%D9%86%D8%A7%D8%A1-%D8%B3%D9%88%D8%AF%D8%A7%D9%86%D9%8A%D8%A9-%D8%AA/ HTTP/2" 200 42009 "-" "Mozilla/5.0 AppleWebKit/537.36 (KHTML, like Gecko; compatible; bingbot/2.0; +http://www.bing.com/bingbot.htm) Chrome/116.0.1938.76 Safari/537.36"
77.75.78.161 - - [28/Sep/2024:15:40:04 +0200] "GET /gqrsk/h663589.html HTTP/1.1" 404 20322 "-" "Mozilla/5.0 (compatible; SeznamBot/4.0; +http://napoveda.seznam.cz/seznambot-intro/)"
77.75.78.161 - - [28/Sep/2024:15:40:11 +0200] "GET /ipxzf/y1107452.html HTTP/1.1" 404 20323 "-" "Mozilla/5.0 (compatible; SeznamBot/4.0; +http://napoveda.seznam.cz/seznambot-intro/)"
74.80.208.56 - - [28/Sep/2024:15:40:13 +0200] "GET /wp-json/wp/v2/tags/9335 HTTP/2" 200 312 "-" "Mozilla/5.0 (compatible; ImagesiftBot; +imagesift.com)"
74.80.208.56 - - [28/Sep/2024:15:39:53 +0200] "GET /%D8%A7%D9%84%D9%83%D8%AA%D9%84%D8%A9-%D8%A7%D9%84%D8%AF%D9%8A%D9%85%D9%82%D8%B1%D8%A7%D8%B7%D9%8A%D8%A9-%D9%88%D9%84%D9%8A%D8%AF%D8%A9-%D8%AA%D8%B9%D8%AF%D9%8A%D9%84%D8%A7%D8%AA-%D9%84%D9%88%D8%AB/ HTTP/2" 200 41122 "-" "Mozilla/5.0 (compatible; ImagesiftBot; +imagesift.com)"
74.80.208.56 - - [28/Sep/2024:15:39:54 +0200] "GET /%D8%A7%D9%84%D8%B3%D9%8A%D8%B3%D9%8A-%D9%8A%D8%AF%D8%B9%D9%88-%D8%A5%D8%AB%D9%8A%D9%88%D8%A8%D9%8A%D8%A7-%D9%84%D9%80%D8%AD%D9%84-%D9%88%D8%B3%D8%B7-%D8%A8%D8%B4%D8%A3%D9%86-%D8%B3%D8%AF-%D8%A7/ HTTP/2" 200 0 "-" "Mozilla/5.0 (compatible; ImagesiftBot; +imagesift.com)"
74.80.208.56 - - [28/Sep/2024:15:39:55 +0200] "GET /tag/%D8%A7%D9%84%D8%B9%D9%85%D9%84/page/3/ HTTP/2" 200 26777 "-" "Mozilla/5.0 (compatible; ImagesiftBot; +imagesift.com)"
74.80.208.56 - - [28/Sep/2024:15:39:57 +0200] "GET /%D8%A7%D8%B9%D8%AA%D9%82%D8%A7%D9%84-%D8%A7%D9%84%D8%B5%D9%88%D8%A7%D8%B1%D9%85%D9%8A-%D8%A8%D8%B9%D8%AF-%D8%B3%D8%A7%D8%B9%D8%A7%D8%AA-%D9%85%D9%86-%D8%A5%D8%B9%D9%84%D8%A7%D9%86%D9%87-%D8%AA%D8%B4/ HTTP/2" 200 0 "-" "Mozilla/5.0 (compatible; ImagesiftBot; +imagesift.com)"
74.80.208.56 - - [28/Sep/2024:15:39:57 +0200] "GET /%D8%B9%D9%86-%D8%A7%D8%B3%D8%AA%D8%B4%D9%87%D8%A7%D8%AF-%D8%A7%D9%84%D9%84%D9%88%D8%A7%D8%A1-%D8%A3%D9%8A%D9%88%D8%A8-%D8%A8%D8%A7%D9%84%D9%85%D8%AF%D8%B1%D8%B9%D8%A7%D8%AA-%D8%A7%D9%84/ HTTP/2" 200 26850 "-" "Mozilla/5.0 (compatible; ImagesiftBot; +imagesift.com)"
74.80.208.56 - - [28/Sep/2024:15:39:59 +0200] "GET /%D8%A7%D8%B3%D8%AA%D9%82%D8%A7%D9%84%D8%A9-%D9%85%D8%AF%D9%8A%D8%B1-%D8%B9%D8%A7%D9%85-%D8%A8%D9%86%D9%83-%D8%A7%D9%84%D8%AE%D8%B1%D8%B7%D9%88%D9%85/ HTTP/2" 200 0 "-" "Mozilla/5.0 (compatible; ImagesiftBot; +imagesift.com)"
74.80.208.56 - - [28/Sep/2024:15:40:01 +0200] "GET /%D8%A8%D8%AF%D8%A1-%D8%B9%D9%88%D8%AF%D8%A9-%D8%A7%D9%84%D8%AA%D9%8A%D8%A7%D8%B1-%D8%A7%D9%84%D9%83%D9%87%D8%B1%D8%A8%D8%A7%D8%A6%D9%8A-%D8%AA%D8%AF%D8%B1%D9%8A%D8%AC%D9%8A%D8%A7/ HTTP/2" 200 0 "-" "Mozilla/5.0 (compatible; ImagesiftBot; +imagesift.com)"
74.80.208.56 - - [28/Sep/2024:15:40:01 +0200] "GET /tag/%D9%85%D9%84%D9%8A%D9%88%D9%86/page/4/ HTTP/2" 200 20096 "-" "Mozilla/5.0 (compatible; ImagesiftBot; +imagesift.com)"
74.80.208.56 - - [28/Sep/2024:15:40:03 +0200] "GET /%D8%A7%D9%84%D8%B4%D8%B9%D8%A8%D9%8A-%D9%84%D9%80%D9%85%D9%86%D8%A7%D9%88%D9%8A-%D9%84%D8%A7-%D8%B9%D9%84%D9%89-%D8%AC%D8%AB%D8%AA%D9%83-%D9%84%D8%A7-%D8%AC%D8%AB%D8%A9-%D8%BA%D9%8A%D8%B1%D9%83/ HTTP/2" 200 0 "-" "Mozilla/5.0 (compatible; ImagesiftBot; +imagesift.com)"
66.249.64.15 - - [28/Sep/2024:15:40:04 +0200] "GET /rsupe/u1636314.html HTTP/1.1" 200 42861 "-" "Mozilla/5.0 (Linux; Android 6.0.1; Nexus 5X Build/MMB29P) AppleWebKit/537.36 (KHTML, like Gecko) Chrome/128.0.6613.137 Mobile Safari/537.36 (compatible; GoogleOther)"
74.80.208.56 - - [28/Sep/2024:15:40:04 +0200] "GET /tag/%D8%A7%D9%84%D8%AE%D8%A7%D8%B3%D8%B1/ HTTP/2" 200 0 "-" "Mozilla/5.0 (compatible; ImagesiftBot; +imagesift.com)"
178.236.247.6 - - [28/Sep/2024:15:40:05 +0200] "POST /74a7c9952328.php HTTP/1.1" 200 9 "-" "curl/7.86.0"
74.80.208.56 - - [28/Sep/2024:15:40:05 +0200] "GET /bpbnh/z453007.html HTTP/2" 404 22080 "-" "Mozilla/5.0 (compatible; ImagesiftBot; +imagesift.com)"
40.77.167.55 - - [28/Sep/2024:15:40:12 +0200] "GET /aklii/e2224002.html HTTP/2" 200 41470 "-" "Mozilla/5.0 AppleWebKit/537.36 (KHTML, like Gecko; compatible; bingbot/2.0; +http://www.bing.com/bingbot.htm) Chrome/116.0.1938.76 Safari/537.36"
74.80.208.56 - - [28/Sep/2024:15:40:27 +0200] "GET /%D9%84%D8%A7-%D9%8A%D9%85%D9%83%D9%86-%D8%A3%D9%86-%D9%8A%D8%AA%D9%81%D8%B1%D8%AC-%D8%A7%D9%84%D9%85%D9%88%D8%A7%D8%B7%D9%86%D9%88%D9%86-%D8%B9%D9%84%D9%89-%D8%A7%D9%84%D9%85%D9%84%D9%8A%D8%B4%D9%8A/ HTTP/2" 200 0 "-" "Mozilla/5.0 (compatible; ImagesiftBot; +imagesift.com)"
77.75.78.161 - - [28/Sep/2024:15:35:20 +0200] "GET /jgnzw/r2832051.html HTTP/1.1" 404 20325 "-" "Mozilla/5.0 (compatible; SeznamBot/4.0; +http://napoveda.seznam.cz/seznambot-intro/)"
52.167.144.187 - - [28/Sep/2024:15:35:22 +0200] "GET /iqjbv/d779779.html HTTP/2" 200 42351 "-" "Mozilla/5.0 AppleWebKit/537.36 (KHTML, like Gecko; compatible; bingbot/2.0; +http://www.bing.com/bingbot.htm) Chrome/116.0.1938.76 Safari/537.36"
77.75.78.161 - - [28/Sep/2024:15:35:24 +0200] "GET /twuuu/p1984943.html HTTP/1.1" 404 20325 "-" "Mozilla/5.0 (compatible; SeznamBot/4.0; +http://napoveda.seznam.cz/seznambot-intro/)"
77.75.78.161 - - [28/Sep/2024:15:35:28 +0200] "GET /fwpvn/p2475823.html HTTP/1.1" 404 20321 "-" "Mozilla/5.0 (compatible; SeznamBot/4.0; +http://napoveda.seznam.cz/seznambot-intro/)"
77.75.78.161 - - [28/Sep/2024:15:35:30 +0200] "GET /xnpeo/t2826307.html HTTP/1.1" 404 20322 "-" "Mozilla/5.0 (compatible; SeznamBot/4.0; +http://napoveda.seznam.cz/seznambot-intro/)"
77.75.78.161 - - [28/Sep/2024:15:35:34 +0200] "GET /lowao/o781636.html HTTP/1.1" 404 20320 "-" "Mozilla/5.0 (compatible; SeznamBot/4.0; +http://napoveda.seznam.cz/seznambot-intro/)"
77.75.78.161 - - [28/Sep/2024:15:35:36 +0200] "GET /wnyqd/c1768896.html HTTP/1.1" 404 20323 "-" "Mozilla/5.0 (compatible; SeznamBot/4.0; +http://napoveda.seznam.cz/seznambot-intro/)"
77.75.78.161 - - [28/Sep/2024:15:40:13 +0200] "GET /somos/o366442.html HTTP/1.1" 404 20319 "-" "Mozilla/5.0 (compatible; SeznamBot/4.0; +http://napoveda.seznam.cz/seznambot-intro/)"
74.80.208.56 - - [28/Sep/2024:15:40:14 +0200] "GET /%D9%85%D8%B3%D8%AA%D8%B4%D8%A7%D8%B1-%D8%A7%D9%84%D9%85%D9%8A%D8%B1%D8%BA%D9%86%D9%8A-%D9%86%D8%AF%D8%B9%D9%85-%D9%85%D9%86%D8%A8%D8%B1-%D8%AC%D8%AF%D8%A9-%D9%84%D8%A3%D9%86%D9%87-%D9%8A%D9%84%D8%A7/ HTTP/2" 200 0 "-" "Mozilla/5.0 (compatible; ImagesiftBot; +imagesift.com)"
74.80.208.56 - - [28/Sep/2024:15:40:16 +0200] "GET /%D9%85%D9%81%D8%AA%D8%B4-%D9%83%D8%A7%D9%81-%D9%8A%D8%B2%D9%88%D8%B1-%D8%A7%D9%84%D8%AC%D9%88%D9%87%D8%B1%D8%A9-%D8%A7%D9%84%D8%B2%D8%B1%D9%82%D8%A7%D8%A1-%D9%88%D8%A7%D9%84%D9%87/ HTTP/2" 200 0 "-" "Mozilla/5.0 (compatible; ImagesiftBot; +imagesift.com)"
77.75.78.161 - - [28/Sep/2024:15:40:16 +0200] "GET /eztxy/p2769805.html HTTP/1.1" 404 20323 "-" "Mozilla/5.0 (compatible; SeznamBot/4.0; +http://napoveda.seznam.cz/seznambot-intro/)"
85.208.96.198 - - [28/Sep/2024:15:40:28 +0200] "GET /%D9%86%D8%B2%D8%A7%D8%B1-%D8%A7%D9%84%D8%B9%D9%82%D9%8A%D9%84%D9%8A-%D8%B1%D8%A7%D8%B4%D8%AF-%D9%86%D8%A8%D8%A3-%D9%85%D8%A7-%D8%A3%D9%88%D9%84-%D9%88-%D9%84%D8%A7-%D8%A2%D8%AE%D8%B1-%D8%AF%D8%B9/ HTTP/1.1" 403 0 "-" "Mozilla/5.0 (compatible; SemrushBot/7~bl; +http://www.semrush.com/bot.html)"
77.75.78.161 - - [28/Sep/2024:15:40:34 +0200] "GET /kvfeu/s2200460.html HTTP/1.1" 404 20322 "-" "Mozilla/5.0 (compatible; SeznamBot/4.0; +http://napoveda.seznam.cz/seznambot-intro/)"
74.80.208.56 - - [28/Sep/2024:15:40:34 +0200] "GET /%D9%85%D8%A7%D8%B0%D8%A7-%D9%84%D9%88-%D8%B1%D8%AD%D9%85%D8%AA-%D8%A7%D9%84%D8%AD%D8%B1%D9%8A%D8%A9-%D9%88%D8%A7%D9%84%D8%AA%D8%BA%D9%8A%D9%8A%D8%B1-%D8%A7%D9%84%D8%B4%D8%B9%D8%A8-%D8%A7%D9%84%D8%B3/ HTTP/2" 200 21607 "-" "Mozilla/5.0 (compatible; ImagesiftBot; +imagesift.com)"
74.80.208.56 - - [28/Sep/2024:15:40:35 +0200] "GET /wp-json/wp/v2/posts/15964 HTTP/2" 200 0 "-" "Mozilla/5.0 (compatible; ImagesiftBot; +imagesift.com)"
74.80.208.56 - - [28/Sep/2024:15:40:37 +0200] "GET /wp-json/wp/v2/tags/4802 HTTP/2" 200 0 "-" "Mozilla/5.0 (compatible; ImagesiftBot; +imagesift.com)"
135.181.9.38 - - [28/Sep/2024:15:40:37 +0200] "POST /wp-cron.php?doing_wp_cron=1727530837.7645089626312255859375 HTTP/1.1" 200 0 "-" "WordPress/6.6.2; https://www.sudancam.net"
74.80.208.56 - - [28/Sep/2024:15:40:37 +0200] "GET /sample-page/ HTTP/2" 200 0 "-" "Mozilla/5.0 (compatible; ImagesiftBot; +imagesift.com)"
74.80.208.56 - - [28/Sep/2024:15:40:39 +0200] "GET /uqhtm/y1824402.html HTTP/2" 200 0 "-" "Mozilla/5.0 (compatible; ImagesiftBot; +imagesift.com)"
77.75.78.161 - - [28/Sep/2024:15:40:37 +0200] "GET /esyrh/x712745.html HTTP/1.1" 404 20326 "-" "Mozilla/5.0 (compatible; SeznamBot/4.0; +http://napoveda.seznam.cz/seznambot-intro/)"
135.181.9.38 - - [28/Sep/2024:15:40:39 +0200] "POST /wp-admin/admin-ajax.php?action=async_litespeed&nonce=cmYapLbbbxrOP5qdN3MWtzRf3MHMnMPa&litespeed_type=imgoptm HTTP/1.1" 200 21 "-" "WordPress/6.6.2; https://www.sudancam.net"
135.181.9.38 - - [28/Sep/2024:15:40:39 +0200] "POST /wp-admin/admin-ajax.php?action=async_litespeed&nonce=k3ySJam8W9nsR4pJjWJ8TEJMYm1NHfjU&litespeed_type=imgoptm HTTP/1.1" 200 21 "-" "WordPress/6.6.2; https://www.sudancam.net"
74.80.208.56 - - [28/Sep/2024:15:40:39 +0200] "GET /kqzzb/i1219548.html HTTP/2" 200 0 "-" "Mozilla/5.0 (compatible; ImagesiftBot; +imagesift.com)"
74.80.208.56 - - [28/Sep/2024:15:40:41 +0200] "GET /tag/%D9%85%D9%83%D8%A7%D8%B3%D8%A8%D9%87%D9%85/ HTTP/2" 200 33632 "-" "Mozilla/5.0 (compatible; ImagesiftBot; +imagesift.com)"
74.80.208.56 - - [28/Sep/2024:15:40:42 +0200] "GET /uazji/l1425601.html HTTP/2" 404 22076 "-" "Mozilla/5.0 (compatible; ImagesiftBot; +imagesift.com)"
74.80.208.56 - - [28/Sep/2024:15:40:43 +0200] "GET /tag/%D8%A8%D8%A7%D9%84%D8%A3%D8%B2%D8%B1%D9%82/ HTTP/2" 200 0 "-" "Mozilla/5.0 (compatible; ImagesiftBot; +imagesift.com)"
135.181.9.38 - - [28/Sep/2024:15:40:44 +0200] "POST /wp-cron.php?doing_wp_cron=1727530844.1798400878906250000000 HTTP/1.1" 200 0 "-" "WordPress/6.6.2; https://www.sudancam.net"
74.80.208.56 - - [28/Sep/2024:15:40:44 +0200] "GET /wp-json/wp/v2/posts/14824 HTTP/2" 200 2839 "-" "Mozilla/5.0 (compatible; ImagesiftBot; +imagesift.com)"
74.80.208.56 - - [28/Sep/2024:15:40:45 +0200] "GET /%D8%B4%D8%A7%D9%87%D8%AF-%D8%A8%D8%A7%D9%84%D9%81%D9%8A%D8%AF%D9%8A%D9%88-%D8%A8%D8%A3%D8%B2%D9%8A%D8%A7%D8%A1-%D9%85%D8%AB%D9%8A%D8%B1%D8%A9-%D9%84%D9%84%D8%AC%D8%AF%D9%84-%D9%88%D9%81%D8%B3%D8%AA/ HTTP/2" 200 32167 "-" "Mozilla/5.0 (compatible; ImagesiftBot; +imagesift.com)"
74.80.208.56 - - [28/Sep/2024:15:40:49 +0200] "GET /wp-json/wp/v2/posts/10030 HTTP/2" 200 2496 "-" "Mozilla/5.0 (compatible; ImagesiftBot; +imagesift.com)"
74.80.208.56 - - [28/Sep/2024:15:40:49 +0200] "GET /%D8%A7%D8%AD%D8%AA%D8%AC%D8%A7%D8%AC%D8%A7%D8%AA-%D9%81%D9%8A-%D9%86%D9%8A%D8%A7%D9%84%D8%A7-%D8%A7%D8%AB%D8%B1-%D9%85%D9%82%D8%AA%D9%84-%D8%B4%D8%AE%D8%B5%D9%8A%D9%86-%D8%A8%D8%B1%D8%B5%D8%A7%D8%B5/feed/ HTTP/2" 200 729 "-" "Mozilla/5.0 (compatible; ImagesiftBot; +imagesift.com)"
74.80.208.56 - - [28/Sep/2024:15:40:51 +0200] "GET /tag/%D8%B5%D9%86%D8%A7%D8%B9%D8%A9/feed/ HTTP/2" 200 27851 "-" "Mozilla/5.0 (compatible; ImagesiftBot; +imagesift.com)"
74.80.208.56 - - [28/Sep/2024:15:40:52 +0200] "GET /tag/%D8%B9%D9%83%D8%B3%D9%8A/ HTTP/2" 200 36565 "-" "Mozilla/5.0 (compatible; ImagesiftBot; +imagesift.com)"
74.80.208.56 - - [28/Sep/2024:15:40:53 +0200] "GET /%D9%85%D9%86%D8%B8%D9%85%D8%A9-%D8%A7%D9%84%D9%87%D8%AC%D8%B1%D8%A9-%D8%A7%D9%84%D8%B5%D8%B1%D8%A7%D8%B9-%D8%A8%D8%A7%D9%84%D8%B3%D9%88%D8%AF%D8%A7%D9%86-%D8%B4%D8%B1%D8%AF-%D9%86%D8%AD%D9%88-4/ HTTP/2" 200 32856 "-" "Mozilla/5.0 (compatible; ImagesiftBot; +imagesift.com)"
74.80.208.56 - - [28/Sep/2024:15:40:55 +0200] "GET /%D9%85%D9%86%D8%A7%D9%88%D9%8A-%D9%8A%D8%AF%D8%B9%D9%88-%D9%85%D9%88%D8%A7%D8%B7%D9%86%D9%8A-%D8%AF%D8%A7%D8%B1%D9%81%D9%88%D8%B1-%D9%84%D8%AD%D9%85%D9%84-%D8%A7%D9%84%D8%B3%D9%84%D8%A7%D8%AD-%D9%84/ HTTP/2" 200 14903 "-" "Mozilla/5.0 (compatible; ImagesiftBot; +imagesift.com)"
74.80.208.56 - - [28/Sep/2024:15:40:56 +0200] "GET /tag/%D9%85%D9%88%D8%A7%D8%AC%D8%A9/feed/ HTTP/2" 200 1812 "-" "Mozilla/5.0 (compatible; ImagesiftBot; +imagesift.com)"
74.80.208.56 - - [28/Sep/2024:15:40:57 +0200] "GET /%D9%83%D9%85%D8%A7%D9%84-%D8%B9%D9%84%D9%8A-%D8%AC%D9%8A%D8%B4%D9%86%D8%A7-%D8%A7%D9%83%D8%A7%D8%AF-%D8%A3%D8%AC%D8%B2%D9%85-%D8%A7%D9%84%D9%86%D8%B5%D8%B1-%D9%82%D8%B1%D9%8A%D8%A8-%D9%88%D9%81/feed/ HTTP/2" 200 0 "-" "Mozilla/5.0 (compatible; ImagesiftBot; +imagesift.com)"
74.80.208.56 - - [28/Sep/2024:15:40:59 +0200] "GET /tag/%D9%81%D9%88%D8%A7%D8%A6%D8%AF/ HTTP/2" 200 0 "-" "Mozilla/5.0 (compatible; ImagesiftBot; +imagesift.com)"
74.80.208.56 - - [28/Sep/2024:15:40:59 +0200] "GET /%D8%A7%D9%84%D9%87%D9%84%D8%A7%D9%84-%D9%8A%D8%B5%D9%84-%D8%AC%D9%86%D9%88%D8%A8-%D8%A3%D9%81%D8%B1%D9%8A%D9%82%D9%8A%D8%A7-%D8%A8%D8%B3%D9%84%D8%A7%D9%85-%D9%88%D8%A7%D8%B3%D8%AA%D9%82%D8%A8%D8%A7/ HTTP/2" 200 0 "-" "Mozilla/5.0 (compatible; ImagesiftBot; +imagesift.com)"
