74.80.208.56 - - [28/Sep/2024:14:27:27 +0200] "GET /%D8%AA%D8%AC%D8%AF%D8%AF-%D8%A7%D9%84%D9%82%D8%AA%D8%A7%D9%84-%D8%A7%D9%84%D9%82%D8%A8%D9%84%D9%8A-%D8%A7%D9%84%D8%B9%D9%86%D9%8A%D9%81-%D9%81%D9%8A-%D8%AC%D9%86%D9%88%D8%A8-%D8%AF%D8%A7%D8%B1%D9%81/ HTTP/2" 200 64770 "-" "Mozilla/5.0 (compatible; ImagesiftBot; +imagesift.com)"
74.80.208.56 - - [28/Sep/2024:14:27:28 +0200] "GET /%D8%A3%D9%88%D8%AA%D8%B4%D8%A7-%D9%82%D9%84%D9%82%D9%88%D9%86-%D9%85%D9%86-%D8%AA%D8%B1%D8%AD%D9%8A%D9%84-19-%D8%A3%D9%84%D9%81-%D9%86%D8%A7%D8%B2%D8%AD-%D8%A5%D9%84%D9%89-%D9%85%D9%88%D9%82%D8%B9/ HTTP/2" 200 32795 "-" "Mozilla/5.0 (compatible; ImagesiftBot; +imagesift.com)"
74.80.208.56 - - [28/Sep/2024:14:27:30 +0200] "GET /%D8%AC%D8%B1%D9%8A%D9%85%D8%A9-%D9%82%D8%AA%D9%84-%D8%A8%D8%B4%D8%B9%D8%A9-%D8%AA%D9%87%D8%B2-%D8%A7%D9%84%D9%82%D9%88%D9%84%D8%AF-%D8%A7%D9%84%D8%B9%D8%AB%D9%88%D8%B1-%D8%B9%D9%84%D9%89-%D8%AC/ HTTP/2" 200 32011 "-" "Mozilla/5.0 (compatible; ImagesiftBot; +imagesift.com)"
74.80.208.56 - - [28/Sep/2024:14:27:31 +0200] "GET /tag/%D9%88%D8%AA%D8%A7%D8%B1%D9%83%D9%88/ HTTP/2" 200 23846 "-" "Mozilla/5.0 (compatible; ImagesiftBot; +imagesift.com)"
74.80.208.56 - - [28/Sep/2024:14:27:32 +0200] "GET /tag/%D9%85%D8%B1%D9%83%D8%A8%D8%A9/feed/ HTTP/2" 200 12700 "-" "Mozilla/5.0 (compatible; ImagesiftBot; +imagesift.com)"
135.181.9.38 - - [28/Sep/2024:14:27:34 +0200] "POST /wp-cron.php?doing_wp_cron=1727526454.2101910114288330078125 HTTP/1.1" 200 0 "-" "WordPress/6.6.2; https://www.sudancam.net"
74.80.208.56 - - [28/Sep/2024:14:27:33 +0200] "GET /%D8%A7%D9%84%D8%AF%D9%82%D9%8A%D9%82-%D9%88%D8%A7%D9%84%D9%83%D9%87%D8%B1%D8%A8%D8%A7%D8%A1-%D9%88%D8%A7%D9%84%D9%8A-%D8%A7%D9%84%D8%AE%D8%B1%D8%B7%D9%88%D9%85%D8%B1%D8%BA%D9%85-%D8%B8%D8%B1%D9%88/feed/ HTTP/2" 200 774 "-" "Mozilla/5.0 (compatible; ImagesiftBot; +imagesift.com)"
74.80.208.56 - - [28/Sep/2024:14:27:34 +0200] "GET /tag/%D8%A7%D9%84%D8%B4%D8%B1%D8%B9%D9%8A%D8%A9/ HTTP/2" 200 55746 "-" "Mozilla/5.0 (compatible; ImagesiftBot; +imagesift.com)"
135.181.9.38 - - [28/Sep/2024:14:27:34 +0200] "POST /wp-admin/admin-ajax.php?action=async_litespeed&nonce=PTc53TwibDqj7BTCvSt6rBVuArzDhxaU&litespeed_type=imgoptm HTTP/1.1" 200 21 "-" "WordPress/6.6.2; https://www.sudancam.net"
74.80.208.56 - - [28/Sep/2024:14:27:35 +0200] "GET /tag/%D8%B3%D9%84%D9%85%D9%89/ HTTP/2" 200 24449 "-" "Mozilla/5.0 (compatible; ImagesiftBot; +imagesift.com)"
74.80.208.56 - - [28/Sep/2024:14:27:36 +0200] "GET /tag/%D8%A7%D9%84%D8%A8%D9%84%D9%86%D8%AA/ HTTP/2" 200 23368 "-" "Mozilla/5.0 (compatible; ImagesiftBot; +imagesift.com)"
74.80.208.56 - - [28/Sep/2024:14:27:38 +0200] "GET /%D9%86%D8%AF%D8%A7%D8%A1%D8%A7%D8%AA-%D8%AD%D9%82%D9%88%D9%82%D9%8A%D8%A9-%D8%AF%D9%88%D9%84%D9%8A%D8%A9-%D9%84%D8%A7%D9%8A%D9%82%D8%A7%D9%81-%D8%AD%D9%83%D9%85-%D8%B1%D8%AC%D9%85-%D8%A7%D9%85%D9%84/ HTTP/2" 200 63177 "-" "Mozilla/5.0 (compatible; ImagesiftBot; +imagesift.com)"
74.80.208.56 - - [28/Sep/2024:14:27:39 +0200] "GET /tag/%D8%A8%D8%B7%D8%B1%D9%8A%D9%82%D8%AA%D9%87/ HTTP/2" 200 23528 "-" "Mozilla/5.0 (compatible; ImagesiftBot; +imagesift.com)"
74.80.208.56 - - [28/Sep/2024:14:27:41 +0200] "GET /wp-json/wp/v2/tags/1852 HTTP/2" 200 302 "-" "Mozilla/5.0 (compatible; ImagesiftBot; +imagesift.com)"
74.80.208.56 - - [28/Sep/2024:14:27:42 +0200] "GET /%D8%B3%D8%AA%D9%88%D8%B1%D9%8A-%D8%A8%D8%B5%D9%88%D8%AA%D9%83-%D9%88%D8%A7%D8%AA%D8%B3%D8%A7%D8%A8-%D9%8A%D8%B9%D9%84%D9%86-%D8%B9%D9%86-%D9%85%D8%B2%D8%A7%D9%8A%D8%A7-%D8%AC%D8%AF%D9%8A/ HTTP/2" 200 34243 "-" "Mozilla/5.0 (compatible; ImagesiftBot; +imagesift.com)"
74.80.208.56 - - [28/Sep/2024:14:27:43 +0200] "GET /%D9%88%D8%A7%D9%84%D9%8A-%D9%83%D8%B3%D9%84%D8%A7-%D9%8A%D8%B4%D9%8A%D8%AF-%D8%A8%D8%A7%D9%84%D9%85%D9%88%D8%A7%D9%82%D9%81-%D8%A7%D9%84%D8%A7%D9%86%D8%B3%D8%A7%D9%86%D9%8A%D8%A9-%D9%84%D9%84%D9%85/ HTTP/2" 200 33404 "-" "Mozilla/5.0 (compatible; ImagesiftBot; +imagesift.com)"
74.80.208.56 - - [28/Sep/2024:14:27:45 +0200] "GET /tag/%D9%85%D8%AA%D8%B1%D9%88%D9%83/ HTTP/2" 200 35628 "-" "Mozilla/5.0 (compatible; ImagesiftBot; +imagesift.com)"
74.80.208.56 - - [28/Sep/2024:14:27:46 +0200] "GET /wp-content/uploads/2023/06/%D8%A7%D9%84%D8%B3%D8%B9%D9%88%D8%AF%D9%8A%D8%A9-scaled-1-1024x683-780x470.jpeg HTTP/2" 200 41995 "-" "Mozilla/5.0 (compatible; ImagesiftBot; +imagesift.com)"
74.80.208.56 - - [28/Sep/2024:14:27:46 +0200] "GET /wp-content/uploads/2023/06/%D8%A7%D9%84%D8%B3%D8%B9%D9%88%D8%AF%D9%8A%D8%A9-scaled-1-1024x683.jpeg HTTP/2" 200 72618 "-" "Mozilla/5.0 (compatible; ImagesiftBot; +imagesift.com)"
74.80.208.56 - - [28/Sep/2024:14:27:46 +0200] "GET /wp-json/wp/v2/posts/28302 HTTP/2" 200 2115 "-" "Mozilla/5.0 (compatible; ImagesiftBot; +imagesift.com)"
74.80.208.56 - - [28/Sep/2024:14:27:47 +0200] "GET /wp-json/wp/v2/tags/23779 HTTP/2" 200 365 "-" "Mozilla/5.0 (compatible; ImagesiftBot; +imagesift.com)"
74.80.208.56 - - [28/Sep/2024:14:27:48 +0200] "GET /dwwou/s1266852.html HTTP/2" 404 22078 "-" "Mozilla/5.0 (compatible; ImagesiftBot; +imagesift.com)"
74.80.208.56 - - [28/Sep/2024:14:27:49 +0200] "GET /tag/%D8%A7%D9%8424/ HTTP/2" 200 0 "-" "Mozilla/5.0 (compatible; ImagesiftBot; +imagesift.com)"
74.80.208.56 - - [28/Sep/2024:14:27:50 +0200] "GET /tag/%D8%A7%D9%84%D8%B9%D9%85%D9%84%D8%A7%D9%82%D9%8A%D9%86/ HTTP/2" 200 23511 "-" "Mozilla/5.0 (compatible; ImagesiftBot; +imagesift.com)"
74.80.208.56 - - [28/Sep/2024:14:27:51 +0200] "GET /tag/%D8%A5%D9%86%D9%82%D9%84%D8%A7%D8%A8/ HTTP/2" 200 36793 "-" "Mozilla/5.0 (compatible; ImagesiftBot; +imagesift.com)"
74.80.208.56 - - [28/Sep/2024:14:27:53 +0200] "GET /%D8%A3%D8%B9%D8%B8%D9%85-%D8%AC%D9%85%D9%87%D9%88%D8%B1/ HTTP/2" 200 29786 "-" "Mozilla/5.0 (compatible; ImagesiftBot; +imagesift.com)"
74.80.208.56 - - [28/Sep/2024:14:27:54 +0200] "GET /wp-json/wp/v2/posts/9906 HTTP/2" 200 1994 "-" "Mozilla/5.0 (compatible; ImagesiftBot; +imagesift.com)"
77.75.78.161 - - [28/Sep/2024:14:27:25 +0200] "GET /armtg/j2555013.html HTTP/1.1" 404 20322 "-" "Mozilla/5.0 (compatible; SeznamBot/4.0; +http://napoveda.seznam.cz/seznambot-intro/)"
85.208.96.196 - - [28/Sep/2024:14:27:25 +0200] "GET /%D8%B4%D8%A7%D9%87%D8%AF-%D8%A8%D8%A7%D9%84%D8%B5%D9%88%D8%B1-%D9%84%D9%82%D9%85%D8%A7%D9%86-%D8%A3%D8%AD%D9%85%D8%AF-%D9%86%D9%8A%D8%A7%D9%84%D8%A7-%D8%A7%D9%84%D8%AA%D9%89-%D8%A3%D8%B9%D8%B1/ HTTP/1.1" 403 0 "-" "Mozilla/5.0 (compatible; SemrushBot/7~bl; +http://www.semrush.com/bot.html)"
77.75.78.161 - - [28/Sep/2024:14:27:27 +0200] "GET /sixxi/f2531219.html HTTP/1.1" 404 20322 "-" "Mozilla/5.0 (compatible; SeznamBot/4.0; +http://napoveda.seznam.cz/seznambot-intro/)"
77.75.78.161 - - [28/Sep/2024:14:27:29 +0200] "GET /tlvkv/k2478418.html HTTP/1.1" 404 20323 "-" "Mozilla/5.0 (compatible; SeznamBot/4.0; +http://napoveda.seznam.cz/seznambot-intro/)"
77.75.78.161 - - [28/Sep/2024:14:27:31 +0200] "GET /hsljs/b323789.html HTTP/1.1" 404 20326 "-" "Mozilla/5.0 (compatible; SeznamBot/4.0; +http://napoveda.seznam.cz/seznambot-intro/)"
77.75.78.161 - - [28/Sep/2024:14:27:33 +0200] "GET /uhrpm/j1119475.html HTTP/1.1" 404 20322 "-" "Mozilla/5.0 (compatible; SeznamBot/4.0; +http://napoveda.seznam.cz/seznambot-intro/)"
66.249.64.13 - - [28/Sep/2024:14:27:34 +0200] "GET /zxftp/i1989928.html HTTP/1.1" 200 42646 "-" "Mozilla/5.0 (Linux; Android 6.0.1; Nexus 5X Build/MMB29P) AppleWebKit/537.36 (KHTML, like Gecko) Chrome/128.0.6613.137 Mobile Safari/537.36 (compatible; GoogleOther)"
77.75.78.161 - - [28/Sep/2024:14:27:35 +0200] "GET /jccnn/y379088.html HTTP/1.1" 404 20321 "-" "Mozilla/5.0 (compatible; SeznamBot/4.0; +http://napoveda.seznam.cz/seznambot-intro/)"
77.75.78.161 - - [28/Sep/2024:14:27:38 +0200] "GET /qldwk/d129441.html HTTP/1.1" 404 20321 "-" "Mozilla/5.0 (compatible; SeznamBot/4.0; +http://napoveda.seznam.cz/seznambot-intro/)"
77.75.78.161 - - [28/Sep/2024:14:27:40 +0200] "GET /mmlkx/b1070561.html HTTP/1.1" 404 20325 "-" "Mozilla/5.0 (compatible; SeznamBot/4.0; +http://napoveda.seznam.cz/seznambot-intro/)"
77.75.78.161 - - [28/Sep/2024:14:27:42 +0200] "GET /eoteo/u792042.html HTTP/1.1" 404 20318 "-" "Mozilla/5.0 (compatible; SeznamBot/4.0; +http://napoveda.seznam.cz/seznambot-intro/)"
77.75.78.161 - - [28/Sep/2024:14:27:44 +0200] "GET /olgzo/m2516042.html HTTP/1.1" 404 20322 "-" "Mozilla/5.0 (compatible; SeznamBot/4.0; +http://napoveda.seznam.cz/seznambot-intro/)"
77.75.78.161 - - [28/Sep/2024:14:27:47 +0200] "GET /tbell/t1383437.html HTTP/1.1" 404 20321 "-" "Mozilla/5.0 (compatible; SeznamBot/4.0; +http://napoveda.seznam.cz/seznambot-intro/)"
77.75.78.161 - - [28/Sep/2024:14:27:49 +0200] "GET /subck/z343365.html HTTP/1.1" 404 20328 "-" "Mozilla/5.0 (compatible; SeznamBot/4.0; +http://napoveda.seznam.cz/seznambot-intro/)"
77.75.78.161 - - [28/Sep/2024:14:27:52 +0200] "GET /eston/y503758.html HTTP/1.1" 404 20325 "-" "Mozilla/5.0 (compatible; SeznamBot/4.0; +http://napoveda.seznam.cz/seznambot-intro/)"
77.75.78.161 - - [28/Sep/2024:14:27:57 +0200] "GET /mnaao/p2614689.html HTTP/1.1" 404 20321 "-" "Mozilla/5.0 (compatible; SeznamBot/4.0; +http://napoveda.seznam.cz/seznambot-intro/)"
20.15.133.184 - - [28/Sep/2024:14:27:57 +0200] "GET /koamv/j2325199.html HTTP/2" 200 43093 "-" "Mozilla/5.0 AppleWebKit/537.36 (KHTML, like Gecko; compatible; bingbot/2.0; +http://www.bing.com/bingbot.htm) Chrome/116.0.1938.76 Safari/537.36"
77.75.78.161 - - [28/Sep/2024:14:28:00 +0200] "GET /ahizv/t418447.html HTTP/1.1" 404 20321 "-" "Mozilla/5.0 (compatible; SeznamBot/4.0; +http://napoveda.seznam.cz/seznambot-intro/)"
77.75.78.161 - - [28/Sep/2024:14:28:03 +0200] "GET /wylzj/x2683441.html HTTP/1.1" 404 20331 "-" "Mozilla/5.0 (compatible; SeznamBot/4.0; +http://napoveda.seznam.cz/seznambot-intro/)"
74.80.208.56 - - [28/Sep/2024:14:28:11 +0200] "GET /wp-json/wp/v2/posts/17025 HTTP/2" 200 6081 "-" "Mozilla/5.0 (compatible; ImagesiftBot; +imagesift.com)"
74.80.208.56 - - [28/Sep/2024:14:27:55 +0200] "GET /tag/%D9%88%D9%86%D8%A7%D8%A6%D8%A8/feed/ HTTP/2" 200 2779 "-" "Mozilla/5.0 (compatible; ImagesiftBot; +imagesift.com)"
74.80.208.56 - - [28/Sep/2024:14:27:56 +0200] "GET /tag/%D9%85%D9%82%D8%B1%D8%B1%D8%A7%D8%AA/feed/ HTTP/2" 200 3255 "-" "Mozilla/5.0 (compatible; ImagesiftBot; +imagesift.com)"
74.80.208.56 - - [28/Sep/2024:14:27:58 +0200] "GET /wp-json/wp/v2/posts/15360 HTTP/2" 200 4531 "-" "Mozilla/5.0 (compatible; ImagesiftBot; +imagesift.com)"
74.80.208.56 - - [28/Sep/2024:14:27:59 +0200] "GET /%D9%87%D9%8A%D8%A6%D8%A9-%D8%A7%D9%84%D8%AD%D8%AC-%D8%A7%D9%84%D8%B3%D9%88%D8%AF%D8%A7%D9%86%D9%8A%D8%A9-%D8%A3%D9%83%D8%AB%D8%B1-%D9%85%D9%86-6-%D9%85%D9%84%D8%A7%D9%8A%D9%8A%D9%86-%D8%AC%D9%86/ HTTP/2" 200 32239 "-" "Mozilla/5.0 (compatible; ImagesiftBot; +imagesift.com)"
74.80.208.56 - - [28/Sep/2024:14:28:00 +0200] "GET /tag/%D9%85%D9%85%D8%AB%D9%84%D8%A7/ HTTP/2" 200 24976 "-" "Mozilla/5.0 (compatible; ImagesiftBot; +imagesift.com)"
74.80.208.56 - - [28/Sep/2024:14:28:01 +0200] "GET /tag/%D9%88%D9%85%D8%B7%D9%84%D8%A8%D9%8A%D8%A9/ HTTP/2" 200 23592 "-" "Mozilla/5.0 (compatible; ImagesiftBot; +imagesift.com)"
74.80.208.56 - - [28/Sep/2024:14:28:03 +0200] "GET /tag/%D9%8A%D9%81%D8%AA%D8%AD%D9%87/ HTTP/2" 200 33719 "-" "Mozilla/5.0 (compatible; ImagesiftBot; +imagesift.com)"
178.236.247.6 - - [28/Sep/2024:14:28:06 +0200] "POST /74a7c9952328.php HTTP/1.1" 200 9 "-" "curl/7.86.0"
74.80.208.56 - - [28/Sep/2024:14:28:06 +0200] "GET /%D8%B9%D8%A8%D8%AF-%D8%A7%D9%84%D8%AD%D9%8A-%D9%8A%D9%88%D8%B3%D9%81-%D9%8A%D8%B7%D9%84%D8%A8-%D9%85%D9%86-%D8%A7%D9%84%D8%B1%D8%A6%D9%8A%D8%B3-%D8%A7%D9%84%D8%AA%D8%B1%D9%83%D9%8A-%D8%B1%D8%AC%D8%A8/ HTTP/2" 200 0 "-" "Mozilla/5.0 (compatible; ImagesiftBot; +imagesift.com)"
74.80.208.56 - - [28/Sep/2024:14:28:06 +0200] "GET /wp-json/wp/v2/tags/7021 HTTP/2" 200 325 "-" "Mozilla/5.0 (compatible; ImagesiftBot; +imagesift.com)"
74.80.208.56 - - [28/Sep/2024:14:28:07 +0200] "GET /%D9%85%D8%B5%D8%B1-%D8%AA%D9%88%D9%82%D9%81-%D8%A7%D9%84%D8%A5%D8%AC%D9%84%D8%A7%D8%A1-%D9%85%D9%86-%D9%82%D8%A7%D8%B9%D8%AF%D8%A9-%D8%AC%D9%88%D9%8A%D8%A9-%D8%B3%D9%88%D8%AF%D8%A7%D9%86%D9%8A%D8%A9/feed/ HTTP/2" 200 741 "-" "Mozilla/5.0 (compatible; ImagesiftBot; +imagesift.com)"
66.249.64.15 - - [28/Sep/2024:14:28:16 +0200] "GET /wrgjg/g1332360.html HTTP/1.1" 200 43357 "-" "Mozilla/5.0 (Linux; Android 6.0.1; Nexus 5X Build/MMB29P) AppleWebKit/537.36 (KHTML, like Gecko) Chrome/128.0.6613.137 Mobile Safari/537.36 (compatible; Googlebot/2.1; +http://www.google.com/bot.html)"
74.80.208.56 - - [28/Sep/2024:14:28:20 +0200] "GET /cwtve/w826806.html HTTP/2" 200 0 "-" "Mozilla/5.0 (compatible; ImagesiftBot; +imagesift.com)"
74.80.208.56 - - [28/Sep/2024:14:28:21 +0200] "GET /%D8%A7%D8%B9%D8%B1%D8%B6%D9%8A-%D8%B9%D9%86-%D9%87%D8%B0%D8%A7-%D9%8A%D8%A7-%D8%AA%D8%B7%D8%A8%D9%8A%D8%B9/ HTTP/2" 200 0 "-" "Mozilla/5.0 (compatible; ImagesiftBot; +imagesift.com)"
74.80.208.56 - - [28/Sep/2024:14:28:23 +0200] "GET /tag/%D8%A5%D8%B3%D8%B1%D8%A7%D8%A6%D9%8A%D9%84/page/2/ HTTP/2" 200 0 "-" "Mozilla/5.0 (compatible; ImagesiftBot; +imagesift.com)"
74.80.208.56 - - [28/Sep/2024:14:28:23 +0200] "GET /%D9%85%D9%86-%D8%B9%D9%8A%D9%88%D9%86-%D8%A7%D9%84%D9%81%D9%83%D8%B1-%D8%A7%D9%84%D8%B3%D9%8A%D8%A7%D8%B3%D9%8A-%D8%AA%D8%AD%D8%B0%D9%8A%D8%B1-%D9%86%D9%8A%D9%83%D9%88%D9%84%D9%88-%D9%85%D9%83%D9%8A/feed/ HTTP/2" 200 747 "-" "Mozilla/5.0 (compatible; ImagesiftBot; +imagesift.com)"
74.80.208.56 - - [28/Sep/2024:14:28:24 +0200] "GET /tag/%D9%86%D8%B6%D9%88%D8%AC/ HTTP/2" 200 24033 "-" "Mozilla/5.0 (compatible; ImagesiftBot; +imagesift.com)"
74.80.208.56 - - [28/Sep/2024:14:28:26 +0200] "GET /itsup/y149924.html HTTP/2" 404 22081 "-" "Mozilla/5.0 (compatible; ImagesiftBot; +imagesift.com)"
74.80.208.56 - - [28/Sep/2024:14:28:27 +0200] "GET /tag/%D9%84%D9%88%D9%84%D8%A7%D8%A9/ HTTP/2" 200 23479 "-" "Mozilla/5.0 (compatible; ImagesiftBot; +imagesift.com)"
74.80.208.56 - - [28/Sep/2024:14:28:29 +0200] "GET /%D8%A7%D9%86%D8%AA%D9%82%D8%A7%D8%AF%D8%A7%D8%AA-%D9%88%D8%A7%D8%B3%D8%B9%D8%A9-%D9%84%D8%A8%D8%B1%D8%A7%D9%85%D8%AC-%D8%B1%D9%85%D8%B6%D8%A7%D9%86-%D8%A7%D9%84%D9%86%D9%8A%D9%84%D9%8A%D9%86/ HTTP/2" 200 44971 "-" "Mozilla/5.0 (compatible; ImagesiftBot; +imagesift.com)"
74.80.208.56 - - [28/Sep/2024:14:28:30 +0200] "GET /%D9%88%D8%A7%D9%84%D9%8A-%D8%A7%D9%84%D8%B4%D9%85%D8%A7%D9%84%D9%8A%D8%A9-%D9%8A%D8%AF%D8%B4%D9%86-%D8%AD%D9%85%D9%84%D8%A9-%D8%A5%D8%B5%D8%AD%D8%A7%D8%AD-%D8%A7%D9%84%D8%A8%D9%8A%D8%A6%D8%A9-%D8%A8/ HTTP/2" 200 65388 "-" "Mozilla/5.0 (compatible; ImagesiftBot; +imagesift.com)"
74.80.208.56 - - [28/Sep/2024:14:28:32 +0200] "GET /tag/%D9%88%D8%B1%D8%A7%D8%B4%D9%81%D9%88%D8%B1%D8%AF/feed/ HTTP/2" 200 2747 "-" "Mozilla/5.0 (compatible; ImagesiftBot; +imagesift.com)"
74.80.208.56 - - [28/Sep/2024:14:28:34 +0200] "GET /wp-content/uploads/2023/10/391571417_362679799447065_6657992926387937876_n-780x464.jpg HTTP/2" 200 82668 "-" "Mozilla/5.0 (compatible; ImagesiftBot; +imagesift.com)"
135.181.9.38 - - [28/Sep/2024:14:28:34 +0200] "POST /wp-cron.php?doing_wp_cron=1727526514.5967829227447509765625 HTTP/1.1" 200 0 "-" "WordPress/6.6.2; https://www.sudancam.net"
74.80.208.56 - - [28/Sep/2024:14:28:34 +0200] "GET /wp-json/wp/v2/posts/7455 HTTP/2" 200 1522 "-" "Mozilla/5.0 (compatible; ImagesiftBot; +imagesift.com)"
74.80.208.56 - - [28/Sep/2024:14:28:35 +0200] "GET /wp-content/uploads/2023/10/391571417_362679799447065_6657992926387937876_n.jpg HTTP/2" 200 83689 "-" "Mozilla/5.0 (compatible; ImagesiftBot; +imagesift.com)"
74.80.208.56 - - [28/Sep/2024:14:28:35 +0200] "GET /wp-json/wp/v2/tags/34156 HTTP/2" 200 303 "-" "Mozilla/5.0 (compatible; ImagesiftBot; +imagesift.com)"
74.80.208.56 - - [28/Sep/2024:14:28:36 +0200] "GET /tag/%D8%AA%D9%87%D8%AF%D9%8A%D8%AF%D9%87/ HTTP/2" 200 24028 "-" "Mozilla/5.0 (compatible; ImagesiftBot; +imagesift.com)"
74.80.208.56 - - [28/Sep/2024:14:28:37 +0200] "GET /%D8%A7%D8%B1%D8%AA%D9%81%D8%A7%D8%B9-%D8%BA%D9%8A%D8%B1-%D9%85%D8%B3%D8%A8%D9%88%D9%82-%D9%84%D8%AA%D8%B0%D8%A7%D9%83%D8%B1-%D8%A7%D9%84%D8%B7%D9%8A%D8%B1%D8%A7%D9%86-%D8%A8%D9%8A%D9%86-%D8%A7%D9%84/ HTTP/2" 200 32668 "-" "Mozilla/5.0 (compatible; ImagesiftBot; +imagesift.com)"
74.80.208.56 - - [28/Sep/2024:14:28:38 +0200] "GET /%D8%AA%D9%85%D8%AF%D9%8A%D8%AF-%D8%AD%D8%A7%D9%84%D8%A9-%D8%A7%D9%84%D8%B7%D9%88%D8%A7%D8%B1%D8%A6-%D8%A8%D9%88%D9%84%D8%A7%D9%8A%D8%A9-%D9%83%D8%B3%D9%84%D8%A7-%D9%84%D9%85%D8%AF%D8%A9-%D8%B4%D9%87/ HTTP/2" 200 61346 "-" "Mozilla/5.0 (compatible; ImagesiftBot; +imagesift.com)"
74.80.208.56 - - [28/Sep/2024:14:28:40 +0200] "GET /%D8%B4%D8%A7%D9%87%D8%AF-%D8%A8%D8%A7%D9%84%D8%B5%D9%88%D8%B1%D8%A9-%D8%A3%D9%81%D8%B1%D8%A7%D8%AF-%D9%85%D9%86-%D8%A7%D9%84%D8%AF%D8%B9%D9%85-%D8%A7%D9%84%D8%B3%D8%B1%D9%8A%D8%B9-%D9%8A%D8%B3%D8%AA/feed/ HTTP/2" 200 809 "-" "Mozilla/5.0 (compatible; ImagesiftBot; +imagesift.com)"
74.80.208.56 - - [28/Sep/2024:14:28:41 +0200] "GET /tag/%D8%AA%D8%B5%D9%8A%D8%A8/ HTTP/2" 200 37954 "-" "Mozilla/5.0 (compatible; ImagesiftBot; +imagesift.com)"
74.80.208.56 - - [28/Sep/2024:14:28:42 +0200] "GET /wp-json/wp/v2/posts/12483 HTTP/2" 200 2371 "-" "Mozilla/5.0 (compatible; ImagesiftBot; +imagesift.com)"
74.80.208.56 - - [28/Sep/2024:14:28:43 +0200] "GET /%D8%AA%D8%AD%D8%AF%D9%8A%D8%AF-%D9%85%D9%88%D8%A7%D8%B9%D9%8A%D8%AF-%D8%A7%D9%84%D8%A5%D8%AC%D8%AA%D9%85%D8%A7%D8%B9%D8%A7%D8%AA-%D8%A7%D9%84%D9%81%D9%86%D9%8A%D8%A9-%D9%84%D9%84%D8%AC%D9%88%D9%84/ HTTP/2" 200 30349 "-" "Mozilla/5.0 (compatible; ImagesiftBot; +imagesift.com)"
74.80.208.56 - - [28/Sep/2024:14:28:44 +0200] "GET /wp-json/wp/v2/tags/1085 HTTP/2" 200 312 "-" "Mozilla/5.0 (compatible; ImagesiftBot; +imagesift.com)"
74.80.208.56 - - [28/Sep/2024:14:28:45 +0200] "GET /wp-content/uploads/2022/10/IMG-20221009-WA0064-614x470.jpg HTTP/2" 200 25760 "-" "Mozilla/5.0 (compatible; ImagesiftBot; +imagesift.com)"
74.80.208.56 - - [28/Sep/2024:14:28:46 +0200] "GET /wp-content/uploads/2022/10/IMG-20221009-WA0064.jpg HTTP/2" 200 19756 "-" "Mozilla/5.0 (compatible; ImagesiftBot; +imagesift.com)"
74.80.208.56 - - [28/Sep/2024:14:28:45 +0200] "GET /%D8%A7%D9%84%D8%B5%D8%AD%D8%A9-%D8%A7%D9%84%D8%B9%D8%A7%D9%84%D9%85%D9%8A%D8%A9-%D8%A7%D9%84%D8%B9%D8%A7%D9%84%D9%85-%D9%84%D9%8A%D8%B3-%D8%A8%D8%A3%D9%81%D8%B6%D9%84-%D9%85%D9%85%D8%A7-%D9%83%D8%A7/ HTTP/2" 200 46459 "-" "Mozilla/5.0 (compatible; ImagesiftBot; +imagesift.com)"
74.80.208.56 - - [28/Sep/2024:14:28:46 +0200] "GET /tag/%D9%85%D9%8A%D9%86%D8%A7%D8%A1/page/3/ HTTP/2" 200 24719 "-" "Mozilla/5.0 (compatible; ImagesiftBot; +imagesift.com)"
74.80.208.56 - - [28/Sep/2024:14:28:47 +0200] "GET /%D8%A8%D8%AE%D8%A7%D8%B1%D9%8A-%D8%A8%D8%B4%D9%8A%D8%B1-%D9%8A%D9%83%D8%AA%D8%A8-%D8%A7%D9%84%D8%AE%D9%8A%D8%A7%D9%86%D8%A9-%D8%A8%D9%8A%D9%86-%D9%82%D9%88%D8%B4-%D9%88%D8%A5%D8%A8%D8%B1%D8%A7/ HTTP/2" 200 35578 "-" "Mozilla/5.0 (compatible; ImagesiftBot; +imagesift.com)"
74.80.208.56 - - [28/Sep/2024:14:28:49 +0200] "GET /%D8%B4%D8%B1%D9%83%D8%A9-%D8%A5%D9%86%D9%81%D9%8A%D8%AF%D9%8A%D8%A7-%D8%BA%D9%88%D9%84-%D9%8A%D8%AA%D8%AD%D9%83%D9%85-%D8%A8%D9%85%D8%B3%D8%AA%D9%82%D8%A8%D9%84-%D8%A7%D9%84%D8%B0%D9%83%D8%A7/ HTTP/2" 200 47634 "-" "Mozilla/5.0 (compatible; ImagesiftBot; +imagesift.com)"
74.80.208.56 - - [28/Sep/2024:14:28:50 +0200] "GET /wp-content/uploads/2022/10/%D9%82%D9%88%D8%B4-2-720x470.jpg HTTP/2" 200 39848 "-" "Mozilla/5.0 (compatible; ImagesiftBot; +imagesift.com)"
74.80.208.56 - - [28/Sep/2024:14:28:51 +0200] "GET /wp-content/uploads/2022/10/%D9%82%D9%88%D8%B4-2.jpg HTTP/2" 200 62654 "-" "Mozilla/5.0 (compatible; ImagesiftBot; +imagesift.com)"
74.80.208.56 - - [28/Sep/2024:14:28:50 +0200] "GET /%D9%86%D9%82%D9%8A%D8%A8-%D8%A7%D9%84%D9%82%D8%B1%D8%A7%D8%A1-%D8%B3%D9%86%D8%B9%D9%82%D8%AF-%D8%A7%D8%AC%D8%AA%D9%85%D8%A7%D8%B9%D8%A7%D9%8B-%D9%84%D9%84%D8%A8%D8%AA-%D9%81%D9%8A-%D8%A7%D8%B9%D8%AA/ HTTP/2" 200 32826 "-" "Mozilla/5.0 (compatible; ImagesiftBot; +imagesift.com)"
74.80.208.56 - - [28/Sep/2024:14:28:51 +0200] "GET /%D9%85%D9%82%D8%AF%D9%85-%D8%A7%D9%84%D8%B9%D8%A8%D8%A7%D9%82%D8%B1%D8%A9-%D8%A7%D8%AA%D8%AD%D8%A7%D8%AF-%D8%A7%D9%84%D9%83%D8%B1%D8%A9-%D9%84%D9%85-%D9%8A%D8%B3%D8%B1%D9%82-%D8%A7%D9%84%D9%83%D8%A3/ HTTP/2" 200 43797 "-" "Mozilla/5.0 (compatible; ImagesiftBot; +imagesift.com)"
74.80.208.56 - - [28/Sep/2024:14:28:53 +0200] "GET /%F0%9F%94%B4-%D8%A5%D8%B0%D8%A7-%D9%83%D8%A7%D9%86%D8%AA-%D9%87%D9%86%D8%A7%D9%83-%D8%AE%D8%B7%D9%8A%D8%A6%D8%A9-%D9%84%D9%82%D9%8A%D8%A7%D8%AF%D8%A9-%D8%A7%D9%84%D8%AC%D9%8A%D8%B4-%D9%88%D9%84%D9%84/ HTTP/2" 200 33106 "-" "Mozilla/5.0 (compatible; ImagesiftBot; +imagesift.com)"
74.80.208.56 - - [28/Sep/2024:14:28:54 +0200] "GET /tag/%D9%88%D9%8A%D8%B5%D8%A7%D9%81%D8%AD%D9%87%D9%85/ HTTP/2" 200 23641 "-" "Mozilla/5.0 (compatible; ImagesiftBot; +imagesift.com)"
74.80.208.56 - - [28/Sep/2024:14:28:56 +0200] "GET /wp-content/uploads/2023/11/640x470.jpg HTTP/2" 200 44213 "-" "Mozilla/5.0 (compatible; ImagesiftBot; +imagesift.com)"
74.80.208.56 - - [28/Sep/2024:14:28:56 +0200] "GET /tag/%D8%A7%D9%84%D8%AD%D8%B1%D9%8A%D8%A9/page/3/ HTTP/2" 200 26505 "-" "Mozilla/5.0 (compatible; ImagesiftBot; +imagesift.com)"
40.77.167.46 - - [28/Sep/2024:14:28:56 +0200] "GET /occef/w112352.html HTTP/2" 200 41557 "-" "Mozilla/5.0 AppleWebKit/537.36 (KHTML, like Gecko; compatible; bingbot/2.0; +http://www.bing.com/bingbot.htm) Chrome/116.0.1938.76 Safari/537.36"
74.80.208.56 - - [28/Sep/2024:14:28:57 +0200] "GET /%D8%B9%D9%84%D9%89-%D8%B7%D8%B1%D9%8A%D9%82%D8%A9-%D9%81%D9%8A%D9%84%D9%85-%D8%B9%D8%A7%D8%AF%D9%84-%D8%A5%D9%85%D8%A7%D9%85-%D8%B9%D8%A7%D9%85%D9%84-%D9%8A%D8%B3%D8%B1%D9%82-71-%D9%87%D8%A7%D8%AA/ HTTP/2" 200 33145 "-" "Mozilla/5.0 (compatible; ImagesiftBot; +imagesift.com)"
74.80.208.56 - - [28/Sep/2024:14:28:58 +0200] "GET /tag/%D9%88%D9%85%D9%86%D8%B5%D8%A7%D8%AA/feed/ HTTP/2" 200 3458 "-" "Mozilla/5.0 (compatible; ImagesiftBot; +imagesift.com)"
77.75.78.161 - - [28/Sep/2024:14:28:11 +0200] "GET /iluln/m1224232.html HTTP/1.1" 404 20321 "-" "Mozilla/5.0 (compatible; SeznamBot/4.0; +http://napoveda.seznam.cz/seznambot-intro/)"
77.75.78.161 - - [28/Sep/2024:14:28:26 +0200] "GET /ryozj/p2757013.html HTTP/1.1" 404 20329 "-" "Mozilla/5.0 (compatible; SeznamBot/4.0; +http://napoveda.seznam.cz/seznambot-intro/)"
77.75.78.161 - - [28/Sep/2024:14:28:30 +0200] "GET /ckahu/q2764970.html HTTP/1.1" 404 20329 "-" "Mozilla/5.0 (compatible; SeznamBot/4.0; +http://napoveda.seznam.cz/seznambot-intro/)"
77.75.78.161 - - [28/Sep/2024:14:28:33 +0200] "GET /civbz/v807461.html HTTP/1.1" 404 20322 "-" "Mozilla/5.0 (compatible; SeznamBot/4.0; +http://napoveda.seznam.cz/seznambot-intro/)"
135.181.9.38 - - [28/Sep/2024:14:28:35 +0200] "POST /wp-admin/admin-ajax.php?action=async_litespeed&nonce=HXaPMGWJyPKGxHwmyBpNoq0arJ92S4zV&litespeed_type=imgoptm HTTP/1.1" 200 21 "-" "WordPress/6.6.2; https://www.sudancam.net"
77.75.78.161 - - [28/Sep/2024:14:28:35 +0200] "GET /mngjd/a1145700.html HTTP/1.1" 404 20322 "-" "Mozilla/5.0 (compatible; SeznamBot/4.0; +http://napoveda.seznam.cz/seznambot-intro/)"
40.77.167.46 - - [28/Sep/2024:14:28:37 +0200] "GET /eeezf/f1017785.html HTTP/2" 200 42156 "-" "Mozilla/5.0 AppleWebKit/537.36 (KHTML, like Gecko; compatible; bingbot/2.0; +http://www.bing.com/bingbot.htm) Chrome/116.0.1938.76 Safari/537.36"
77.75.78.161 - - [28/Sep/2024:14:28:37 +0200] "GET /xdbtn/q1754142.html HTTP/1.1" 404 20323 "-" "Mozilla/5.0 (compatible; SeznamBot/4.0; +http://napoveda.seznam.cz/seznambot-intro/)"
40.77.167.46 - - [28/Sep/2024:14:28:38 +0200] "GET /ankcq/y857540.html HTTP/2" 200 42632 "-" "Mozilla/5.0 AppleWebKit/537.36 (KHTML, like Gecko; compatible; bingbot/2.0; +http://www.bing.com/bingbot.htm) Chrome/116.0.1938.76 Safari/537.36"
77.75.78.161 - - [28/Sep/2024:14:28:40 +0200] "GET /prlrx/y1238908.html HTTP/1.1" 404 20329 "-" "Mozilla/5.0 (compatible; SeznamBot/4.0; +http://napoveda.seznam.cz/seznambot-intro/)"
77.75.78.161 - - [28/Sep/2024:14:28:42 +0200] "GET /eqcpn/t337353.html HTTP/1.1" 404 20321 "-" "Mozilla/5.0 (compatible; SeznamBot/4.0; +http://napoveda.seznam.cz/seznambot-intro/)"
135.181.9.38 - - [28/Sep/2024:14:28:43 +0200] "POST /wp-cron.php?doing_wp_cron=1727526523.6116991043090820312500 HTTP/1.1" 200 0 "-" "WordPress/6.6.2; https://www.sudancam.net"
77.75.78.161 - - [28/Sep/2024:14:28:44 +0200] "GET /wtiyr/j2207315.html HTTP/1.1" 404 20322 "-" "Mozilla/5.0 (compatible; SeznamBot/4.0; +http://napoveda.seznam.cz/seznambot-intro/)"
77.75.78.161 - - [28/Sep/2024:14:28:47 +0200] "GET /bonig/d1769963.html HTTP/1.1" 404 20322 "-" "Mozilla/5.0 (compatible; SeznamBot/4.0; +http://napoveda.seznam.cz/seznambot-intro/)"
77.75.78.161 - - [28/Sep/2024:14:28:48 +0200] "GET /nicqx/l2704645.html HTTP/1.1" 404 20323 "-" "Mozilla/5.0 (compatible; SeznamBot/4.0; +http://napoveda.seznam.cz/seznambot-intro/)"
77.75.78.161 - - [28/Sep/2024:14:28:50 +0200] "GET /vlwqj/o2198974.html HTTP/1.1" 404 20324 "-" "Mozilla/5.0 (compatible; SeznamBot/4.0; +http://napoveda.seznam.cz/seznambot-intro/)"
77.75.78.161 - - [28/Sep/2024:14:28:53 +0200] "GET /rocaw/y831618.html HTTP/1.1" 404 20326 "-" "Mozilla/5.0 (compatible; SeznamBot/4.0; +http://napoveda.seznam.cz/seznambot-intro/)"
77.75.78.161 - - [28/Sep/2024:14:28:55 +0200] "GET /mfzuf/o2022434.html HTTP/1.1" 404 20322 "-" "Mozilla/5.0 (compatible; SeznamBot/4.0; +http://napoveda.seznam.cz/seznambot-intro/)"
77.75.78.161 - - [28/Sep/2024:14:28:59 +0200] "GET /odwkj/l1938061.html HTTP/1.1" 404 20334 "-" "Mozilla/5.0 (compatible; SeznamBot/4.0; +http://napoveda.seznam.cz/seznambot-intro/)"
77.75.78.161 - - [28/Sep/2024:14:29:01 +0200] "GET /dtyjx/x2803977.html HTTP/1.1" 404 20329 "-" "Mozilla/5.0 (compatible; SeznamBot/4.0; +http://napoveda.seznam.cz/seznambot-intro/)"
77.75.78.161 - - [28/Sep/2024:14:29:04 +0200] "GET /opxfy/m2241404.html HTTP/1.1" 404 20322 "-" "Mozilla/5.0 (compatible; SeznamBot/4.0; +http://napoveda.seznam.cz/seznambot-intro/)"
135.181.9.38 - - [28/Sep/2024:14:25:34 +0200] "POST /wp-cron.php?doing_wp_cron=1727526334.4895560741424560546875 HTTP/1.1" 200 0 "-" "WordPress/6.6.2; https://www.sudancam.net"
135.181.9.38 - - [28/Sep/2024:14:25:43 +0200] "POST /wp-cron.php?doing_wp_cron=1727526343.2733829021453857421875 HTTP/1.1" 200 0 "-" "WordPress/6.6.2; https://www.sudancam.net"
178.236.247.6 - - [28/Sep/2024:14:26:03 +0200] "POST /74a7c9952328.php HTTP/1.1" 200 9 "-" "curl/7.86.0"
85.208.96.195 - - [28/Sep/2024:14:26:25 +0200] "GET /%D8%A7%D9%84%D9%85%D8%AA%D9%81%D8%A7%D8%A6%D9%84%D9%88%D9%86-%D9%8A%D9%85%D8%AA%D8%A7%D8%B2%D9%88%D9%86-%D8%A8%D9%85%D9%87%D8%A7%D8%B1%D8%A7%D8%AA-%D8%AA%D9%81%D9%83%D9%8A%D8%B1-%D8%A3%D8%B9%D9%84/ HTTP/1.1" 403 0 "-" "Mozilla/5.0 (compatible; SemrushBot/7~bl; +http://www.semrush.com/bot.html)"
135.181.9.38 - - [28/Sep/2024:14:26:34 +0200] "POST /wp-admin/admin-ajax.php?action=async_litespeed&nonce=W05DLKL60aKRT2f14qPww1CfiD1j5WCZ&litespeed_type=imgoptm HTTP/1.1" 200 21 "-" "WordPress/6.6.2; https://www.sudancam.net"
66.249.64.13 - - [28/Sep/2024:14:27:10 +0200] "GET /alwgo/q168844.html HTTP/1.1" 200 42729 "-" "Mozilla/5.0 (Linux; Android 6.0.1; Nexus 5X Build/MMB29P) AppleWebKit/537.36 (KHTML, like Gecko) Chrome/128.0.6613.137 Mobile Safari/537.36 (compatible; Googlebot/2.1; +http://www.google.com/bot.html)"
66.249.64.13 - - [28/Sep/2024:14:27:11 +0200] "GET /eoklv/z1057351.html HTTP/1.1" 200 41434 "-" "Mozilla/5.0 (Linux; Android 6.0.1; Nexus 5X Build/MMB29P) AppleWebKit/537.36 (KHTML, like Gecko) Chrome/128.0.6613.137 Mobile Safari/537.36 (compatible; Googlebot/2.1; +http://www.google.com/bot.html)"
135.181.9.38 - - [28/Sep/2024:14:27:43 +0200] "POST /wp-cron.php?doing_wp_cron=1727526463.2624750137329101562500 HTTP/1.1" 200 0 "-" "WordPress/6.6.2; https://www.sudancam.net"
74.80.208.56 - - [28/Sep/2024:14:28:14 +0200] "GET /wp-json/wp/v2/tags/33316 HTTP/2" 200 323 "-" "Mozilla/5.0 (compatible; ImagesiftBot; +imagesift.com)"
74.80.208.56 - - [28/Sep/2024:14:28:15 +0200] "GET /%D9%84%D8%AC%D9%86%D8%A9-%D8%A7%D9%84%D9%85%D8%B9%D9%84%D9%85%D9%8A%D9%86-%D8%AA%D9%82%D8%B1%D8%B1-%D8%A7%D9%84%D8%A5%D8%B6%D8%B1%D8%A7%D8%A8-%D8%B9%D9%86-%D8%A7%D9%84%D8%B9%D9%85%D9%84-%D8%A7%D8%A8/ HTTP/2" 200 31365 "-" "Mozilla/5.0 (compatible; ImagesiftBot; +imagesift.com)"
66.249.64.14 - - [28/Sep/2024:14:28:25 +0200] "GET /ifhib/k865144.html HTTP/1.1" 200 43000 "-" "Mozilla/5.0 (Linux; Android 6.0.1; Nexus 5X Build/MMB29P) AppleWebKit/537.36 (KHTML, like Gecko) Chrome/128.0.6613.137 Mobile Safari/537.36 (compatible; GoogleOther)"
85.208.96.194 - - [28/Sep/2024:14:28:26 +0200] "GET /8-%D8%A3%D9%85%D9%88%D8%B1-%D8%AA%D8%B3%D8%B1%D8%B9-%D8%B4%D9%8A%D8%AE%D9%88%D8%AE%D8%AA%D9%83%D9%85-%D8%AA%D8%AC%D9%86%D8%A8%D9%88%D9%87%D8%A7/ HTTP/1.1" 403 0 "-" "Mozilla/5.0 (compatible; SemrushBot/7~bl; +http://www.semrush.com/bot.html)"
74.80.208.56 - - [28/Sep/2024:14:29:23 +0200] "GET /tag/%D8%A7%D9%84%D8%AC%D9%86%D9%88%D8%A8/ HTTP/2" 200 39477 "-" "Mozilla/5.0 (compatible; ImagesiftBot; +imagesift.com)"
74.80.208.56 - - [28/Sep/2024:14:29:24 +0200] "GET /wp-json/wp/v2/posts/26551 HTTP/2" 200 2378 "-" "Mozilla/5.0 (compatible; ImagesiftBot; +imagesift.com)"
40.77.167.19 - - [28/Sep/2024:14:29:25 +0200] "GET /mgzad/x862687.html HTTP/2" 200 41444 "-" "Mozilla/5.0 AppleWebKit/537.36 (KHTML, like Gecko; compatible; bingbot/2.0; +http://www.bing.com/bingbot.htm) Chrome/116.0.1938.76 Safari/537.36"
74.80.208.56 - - [28/Sep/2024:14:29:25 +0200] "GET /tag/%D8%A7%D9%84%D8%A7%D9%82%D8%AA%D8%B5%D8%A7%D8%AF%D9%8A/ HTTP/2" 200 37595 "-" "Mozilla/5.0 (compatible; ImagesiftBot; +imagesift.com)"
74.80.208.56 - - [28/Sep/2024:14:29:26 +0200] "GET /tag/%D8%A7%D9%84%D9%85%D8%AF%D8%A7%D8%B1%D8%B3/ HTTP/2" 200 36948 "-" "Mozilla/5.0 (compatible; ImagesiftBot; +imagesift.com)"
74.80.208.56 - - [28/Sep/2024:14:29:28 +0200] "GET /wp-json/wp/v2/tags/3830 HTTP/2" 200 334 "-" "Mozilla/5.0 (compatible; ImagesiftBot; +imagesift.com)"
74.80.208.56 - - [28/Sep/2024:14:29:29 +0200] "GET /%D8%B5%D9%88%D8%B1-%D9%88%D9%81%D9%8A%D8%AF%D9%8A%D9%88-%D9%85%D8%B1%D8%A7%D8%B3%D9%85-%D8%A3%D8%AF%D8%A7%D8%A1-%D8%A7%D9%84%D9%82%D8%B3%D9%85-%D9%84%D8%B1%D8%A6%D9%8A%D8%B3-%D9%88%D9%84%D8%AC%D9%86/ HTTP/2" 200 32016 "-" "Mozilla/5.0 (compatible; ImagesiftBot; +imagesift.com)"
74.80.208.56 - - [28/Sep/2024:14:29:32 +0200] "GET /bliom/d463983.html HTTP/2" 200 0 "-" "Mozilla/5.0 (compatible; ImagesiftBot; +imagesift.com)"
74.80.208.56 - - [28/Sep/2024:14:29:33 +0200] "GET /tag/%D8%AA%D9%86%D8%A7%D8%B2%D9%84%D8%A7%D8%AA/ HTTP/2" 200 25984 "-" "Mozilla/5.0 (compatible; ImagesiftBot; +imagesift.com)"
135.181.9.38 - - [28/Sep/2024:14:29:34 +0200] "POST /wp-cron.php?doing_wp_cron=1727526574.4919979572296142578125 HTTP/1.1" 200 0 "-" "WordPress/6.6.2; https://www.sudancam.net"
74.80.208.56 - - [28/Sep/2024:14:29:33 +0200] "GET /tag/%D9%88%D8%AA%D9%86%D8%B2%D9%88%D9%8A/feed/ HTTP/2" 200 6276 "-" "Mozilla/5.0 (compatible; ImagesiftBot; +imagesift.com)"
135.181.9.38 - - [28/Sep/2024:14:29:34 +0200] "POST /wp-admin/admin-ajax.php?action=async_litespeed&nonce=nId2fdoUWUgOCY8gAlfZMnAq8Zwnp0hK&litespeed_type=imgoptm HTTP/1.1" 200 21 "-" "WordPress/6.6.2; https://www.sudancam.net"
74.80.208.56 - - [28/Sep/2024:14:29:35 +0200] "GET /%D8%A7%D9%84%D8%AD%D8%B1%D8%A8-%D8%A7%D9%84%D9%86%D9%81%D8%B3%D9%8A%D8%A9-%D8%A7%D9%84%D9%86%D9%8A%D9%84%D9%8A%D9%86/feed/ HTTP/2" 200 631 "-" "Mozilla/5.0 (compatible; ImagesiftBot; +imagesift.com)"
74.80.208.56 - - [28/Sep/2024:14:29:36 +0200] "GET /tag/%D9%86%D8%AD%D9%84/ HTTP/2" 200 24554 "-" "Mozilla/5.0 (compatible; ImagesiftBot; +imagesift.com)"
74.80.208.56 - - [28/Sep/2024:14:29:37 +0200] "GET /tag/%D8%B7%D9%81%D9%84%D8%A7/ HTTP/2" 200 36271 "-" "Mozilla/5.0 (compatible; ImagesiftBot; +imagesift.com)"
74.80.208.56 - - [28/Sep/2024:14:29:38 +0200] "GET /tag/%D8%A7%D9%84%D9%85%D8%AE%D9%88%D9%84%D9%88%D9%86/feed/ HTTP/2" 200 3547 "-" "Mozilla/5.0 (compatible; ImagesiftBot; +imagesift.com)"
74.80.208.56 - - [28/Sep/2024:14:29:39 +0200] "GET /blxnq/p1817997.html HTTP/2" 404 22077 "-" "Mozilla/5.0 (compatible; ImagesiftBot; +imagesift.com)"
74.80.208.56 - - [28/Sep/2024:14:29:40 +0200] "GET /%D8%A7%D9%84%D8%AF%D8%B9%D9%85-%D8%A7%D9%84%D8%B3%D8%B1%D9%8A%D8%B9-%D9%8A%D8%B9%D9%84%D9%86-%D8%A5%D8%B7%D9%84%D8%A7%D9%82-%D8%B3%D8%B1%D8%A7%D8%AD-100-%D9%85%D9%86-%D8%A3%D8%B3%D8%B1%D9%89-%D8%A7/ HTTP/2" 200 32320 "-" "Mozilla/5.0 (compatible; ImagesiftBot; +imagesift.com)"
74.80.208.56 - - [28/Sep/2024:14:29:41 +0200] "GET /%D9%88%D8%AF%D8%A7%D8%B9%D8%A7-%D9%85%D8%AD%D8%AA%D8%B1%D9%81%D9%8A-%D8%A7%D9%84%D9%82%D9%88%D9%82%D9%88/ HTTP/2" 200 29755 "-" "Mozilla/5.0 (compatible; ImagesiftBot; +imagesift.com)"
74.80.208.56 - - [28/Sep/2024:14:29:42 +0200] "GET /wp-content/uploads/2023/06/Kabbashi-speaks-to-Sudanese-troops-in-Khartoum-on-June-9-2023-780x470.jpg HTTP/2" 200 63412 "-" "Mozilla/5.0 (compatible; ImagesiftBot; +imagesift.com)"
74.80.208.56 - - [28/Sep/2024:14:29:42 +0200] "GET /wp-content/uploads/2023/06/Kabbashi-speaks-to-Sudanese-troops-in-Khartoum-on-June-9-2023.jpg HTTP/2" 200 88024 "-" "Mozilla/5.0 (compatible; ImagesiftBot; +imagesift.com)"
74.80.208.56 - - [28/Sep/2024:14:29:42 +0200] "GET /caoxw/u1447034.html HTTP/2" 404 22075 "-" "Mozilla/5.0 (compatible; ImagesiftBot; +imagesift.com)"
74.80.208.56 - - [28/Sep/2024:14:29:43 +0200] "GET /wp-content/uploads/2022/05/%D8%A7%D9%84%D9%88%D8%AE%D8%B2-%D8%A8%D8%A7%D9%84%D8%AD%D8%A8%D8%B1-%D8%B9%D8%A8%D8%AF-%D8%A7%D9%84%D9%84%D9%87-%D8%A7%D9%84%D8%AA%D9%85%D8%A7%D8%AF%D9%89-780x470.png HTTP/2" 200 259998 "-" "Mozilla/5.0 (compatible; ImagesiftBot; +imagesift.com)"
74.80.208.56 - - [28/Sep/2024:14:29:43 +0200] "GET /%D8%A7%D9%84%D8%AC%D9%8A%D8%B4-%D9%87%D9%86%D8%A7%D9%84%D9%83-%D9%85%D8%AC%D9%85%D9%88%D8%B9%D8%A7%D8%AA-%D9%83%D8%A8%D9%8A%D8%B1%D8%A9-%D9%85%D9%86-%D9%85%D9%84%D9%8A%D8%B4%D9%8A%D8%A7-%D8%A7%D9%84/ HTTP/2" 200 30848 "-" "Mozilla/5.0 (compatible; ImagesiftBot; +imagesift.com)"
40.77.167.19 - - [28/Sep/2024:14:29:04 +0200] "GET /kazdh/k472414.html HTTP/2" 200 41018 "-" "Mozilla/5.0 AppleWebKit/537.36 (KHTML, like Gecko; compatible; bingbot/2.0; +http://www.bing.com/bingbot.htm) Chrome/116.0.1938.76 Safari/537.36"
66.249.64.13 - - [28/Sep/2024:14:29:06 +0200] "GET /gihiu/m1465642.html HTTP/1.1" 200 41523 "-" "Mozilla/5.0 (Linux; Android 6.0.1; Nexus 5X Build/MMB29P) AppleWebKit/537.36 (KHTML, like Gecko) Chrome/128.0.6613.137 Mobile Safari/537.36 (compatible; GoogleOther)"
77.75.78.161 - - [28/Sep/2024:14:29:06 +0200] "GET /ebcwa/d777413.html HTTP/1.1" 404 20319 "-" "Mozilla/5.0 (compatible; SeznamBot/4.0; +http://napoveda.seznam.cz/seznambot-intro/)"
77.75.78.161 - - [28/Sep/2024:14:29:09 +0200] "GET /umaat/j1654347.html HTTP/1.1" 404 20322 "-" "Mozilla/5.0 (compatible; SeznamBot/4.0; +http://napoveda.seznam.cz/seznambot-intro/)"
77.75.78.161 - - [28/Sep/2024:14:29:11 +0200] "GET /yspfl/s2769860.html HTTP/1.1" 404 20328 "-" "Mozilla/5.0 (compatible; SeznamBot/4.0; +http://napoveda.seznam.cz/seznambot-intro/)"
77.75.78.161 - - [28/Sep/2024:14:29:13 +0200] "GET /yopbp/e2872286.html HTTP/1.1" 404 20327 "-" "Mozilla/5.0 (compatible; SeznamBot/4.0; +http://napoveda.seznam.cz/seznambot-intro/)"
77.75.78.161 - - [28/Sep/2024:14:29:15 +0200] "GET /dbkkn/m1568524.html HTTP/1.1" 404 20323 "-" "Mozilla/5.0 (compatible; SeznamBot/4.0; +http://napoveda.seznam.cz/seznambot-intro/)"
77.75.78.161 - - [28/Sep/2024:14:29:19 +0200] "GET /fslnp/p1731677.html HTTP/1.1" 404 20328 "-" "Mozilla/5.0 (compatible; SeznamBot/4.0; +http://napoveda.seznam.cz/seznambot-intro/)"
77.75.78.161 - - [28/Sep/2024:14:29:20 +0200] "GET /ezndj/p1405351.html HTTP/1.1" 404 20323 "-" "Mozilla/5.0 (compatible; SeznamBot/4.0; +http://napoveda.seznam.cz/seznambot-intro/)"
77.75.78.161 - - [28/Sep/2024:14:29:27 +0200] "GET /gkhta/e229646.html HTTP/1.1" 404 20320 "-" "Mozilla/5.0 (compatible; SeznamBot/4.0; +http://napoveda.seznam.cz/seznambot-intro/)"
77.75.78.161 - - [28/Sep/2024:14:29:31 +0200] "GET /itvnf/v1631609.html HTTP/1.1" 404 20322 "-" "Mozilla/5.0 (compatible; SeznamBot/4.0; +http://napoveda.seznam.cz/seznambot-intro/)"
77.75.78.161 - - [28/Sep/2024:14:29:35 +0200] "GET /pgwym/d1271127.html HTTP/1.1" 404 20330 "-" "Mozilla/5.0 (compatible; SeznamBot/4.0; +http://napoveda.seznam.cz/seznambot-intro/)"
77.75.78.161 - - [28/Sep/2024:14:29:37 +0200] "GET /tasjl/n2566145.html HTTP/1.1" 404 20321 "-" "Mozilla/5.0 (compatible; SeznamBot/4.0; +http://napoveda.seznam.cz/seznambot-intro/)"
77.75.78.161 - - [28/Sep/2024:14:29:40 +0200] "GET /hwetz/v2593895.html HTTP/1.1" 404 20323 "-" "Mozilla/5.0 (compatible; SeznamBot/4.0; +http://napoveda.seznam.cz/seznambot-intro/)"
77.75.78.161 - - [28/Sep/2024:14:29:41 +0200] "GET /orsyg/w2757280.html HTTP/1.1" 404 20328 "-" "Mozilla/5.0 (compatible; SeznamBot/4.0; +http://napoveda.seznam.cz/seznambot-intro/)"
135.181.9.38 - - [28/Sep/2024:14:29:43 +0200] "POST /wp-cron.php?doing_wp_cron=1727526583.0093529224395751953125 HTTP/1.1" 200 0 "-" "WordPress/6.6.2; https://www.sudancam.net"
77.75.78.161 - - [28/Sep/2024:14:29:43 +0200] "GET /gfzpx/k775314.html HTTP/1.1" 404 20322 "-" "Mozilla/5.0 (compatible; SeznamBot/4.0; +http://napoveda.seznam.cz/seznambot-intro/)"
77.75.78.161 - - [28/Sep/2024:14:29:45 +0200] "GET /rrixe/w2035416.html HTTP/1.1" 404 20322 "-" "Mozilla/5.0 (compatible; SeznamBot/4.0; +http://napoveda.seznam.cz/seznambot-intro/)"
77.75.78.161 - - [28/Sep/2024:14:29:47 +0200] "GET /egwmu/r75869.html HTTP/1.1" 404 20319 "-" "Mozilla/5.0 (compatible; SeznamBot/4.0; +http://napoveda.seznam.cz/seznambot-intro/)"
77.75.78.161 - - [28/Sep/2024:14:29:49 +0200] "GET /sgsuj/f1488671.html HTTP/1.1" 404 20329 "-" "Mozilla/5.0 (compatible; SeznamBot/4.0; +http://napoveda.seznam.cz/seznambot-intro/)"
66.249.64.14 - - [28/Sep/2024:14:29:52 +0200] "GET /dxqpy/e1028080.html HTTP/1.1" 200 41907 "-" "Mozilla/5.0 (Linux; Android 6.0.1; Nexus 5X Build/MMB29P) AppleWebKit/537.36 (KHTML, like Gecko) Chrome/128.0.6613.137 Mobile Safari/537.36 (compatible; GoogleOther)"
74.80.208.56 - - [28/Sep/2024:14:29:44 +0200] "GET /wp-content/uploads/2022/05/%D8%A7%D9%84%D9%88%D8%AE%D8%B2-%D8%A8%D8%A7%D9%84%D8%AD%D8%A8%D8%B1-%D8%B9%D8%A8%D8%AF-%D8%A7%D9%84%D9%84%D9%87-%D8%A7%D9%84%D8%AA%D9%85%D8%A7%D8%AF%D9%89.png HTTP/2" 200 264153 "-" "Mozilla/5.0 (compatible; ImagesiftBot; +imagesift.com)"
74.80.208.56 - - [28/Sep/2024:14:29:44 +0200] "GET /%D8%A3%D8%B3%D8%B9%D8%A7%D8%B1-%D8%A7%D9%84%D9%86%D9%81%D8%B7-%D8%AA%D8%B1%D8%AA%D9%81%D8%B9-%D8%AA%D8%B2%D8%A7%D9%85%D9%86%D8%A7-%D9%85%D8%B9-%D8%AA%D8%B5%D8%A7%D8%B9%D8%AF-%D8%A7%D9%84%D8%AA%D9%88/ HTTP/2" 200 36630 "-" "Mozilla/5.0 (compatible; ImagesiftBot; +imagesift.com)"
74.80.208.56 - - [28/Sep/2024:14:29:46 +0200] "GET /wp-content/uploads/2023/04/340712218_3482356325314199_8420282479864884980_n-780x470.jpg HTTP/2" 200 39018 "-" "Mozilla/5.0 (compatible; ImagesiftBot; +imagesift.com)"
74.80.208.56 - - [28/Sep/2024:14:29:46 +0200] "GET /wp-content/uploads/2023/04/340712218_3482356325314199_8420282479864884980_n.jpg HTTP/2" 200 102321 "-" "Mozilla/5.0 (compatible; ImagesiftBot; +imagesift.com)"
74.80.208.56 - - [28/Sep/2024:14:29:46 +0200] "GET /wp-json/wp/v2/tags/14366 HTTP/2" 200 328 "-" "Mozilla/5.0 (compatible; ImagesiftBot; +imagesift.com)"
74.80.208.56 - - [28/Sep/2024:14:29:47 +0200] "GET /wp-content/uploads/2023/06/2022-07-12T110846Z_2005430050_RC2AAV90MCAP_RTRMADP_3_OIL-OPEC-780x470.jpg HTTP/2" 200 67928 "-" "Mozilla/5.0 (compatible; ImagesiftBot; +imagesift.com)"
74.80.208.56 - - [28/Sep/2024:14:29:47 +0200] "GET /%D9%85%D8%B9%D8%B1%D9%83%D8%A9-%D8%A7%D9%84%D9%85%D8%AF%D8%B1%D8%B9%D8%A7%D8%AA-%D8%A3%D9%83%D8%AF%D8%AA-%D8%A3%D9%86-%D8%A7%D9%84%D8%AC%D9%8A%D8%B4-%D9%8A%D9%82%D8%A7%D8%AA%D9%84-%D8%AC%D9%86%D9%88/ HTTP/2" 200 34895 "-" "Mozilla/5.0 (compatible; ImagesiftBot; +imagesift.com)"
74.80.208.56 - - [28/Sep/2024:14:29:48 +0200] "GET /%D8%A3%D8%B1%D8%A8%D8%B9-%D8%A3%D8%B3%D8%A8%D8%A7%D8%A8-%D8%B5%D8%AD%D9%8A%D8%A9-%D9%85%D9%82%D9%84%D9%82%D8%A9-%D9%88%D8%B1%D8%A7%D8%A1-%D8%AA%D8%B4%D9%82%D9%82-%D8%A7%D9%84%D8%B4%D9%81%D8%A7%D9%87/ HTTP/2" 200 33170 "-" "Mozilla/5.0 (compatible; ImagesiftBot; +imagesift.com)"
74.80.208.56 - - [28/Sep/2024:14:29:49 +0200] "GET /wp-json/wp/v2/tags/10349 HTTP/2" 200 304 "-" "Mozilla/5.0 (compatible; ImagesiftBot; +imagesift.com)"
74.80.208.56 - - [28/Sep/2024:14:29:50 +0200] "GET /%D8%A3%D8%A8%D9%8A-%D8%A3%D8%AD%D9%85%D8%AF-%D8%A7%D9%84%D8%B3%D9%88%D8%AF%D8%A7%D9%86-%D9%84%D9%85-%D9%8A%D9%84%D8%B9%D8%A8-%D8%AF%D9%88%D8%B1%D8%A7%D9%8B-%D9%81%D9%8A-%D8%B5%D8%B1%D8%A7%D8%B9/ HTTP/2" 200 0 "-" "Mozilla/5.0 (compatible; ImagesiftBot; +imagesift.com)"
74.80.208.56 - - [28/Sep/2024:14:29:51 +0200] "GET /tag/%D8%AC%D9%84%D8%B7%D8%A9/ HTTP/2" 200 35887 "-" "Mozilla/5.0 (compatible; ImagesiftBot; +imagesift.com)"
74.80.208.56 - - [28/Sep/2024:14:29:52 +0200] "GET /tag/%D8%A8%D8%A8%D9%86%D8%B2%D9%8A%D9%85%D8%A9/ HTTP/2" 200 23632 "-" "Mozilla/5.0 (compatible; ImagesiftBot; +imagesift.com)"
74.80.208.56 - - [28/Sep/2024:14:29:54 +0200] "GET /wp-json/wp/v2/posts/14134 HTTP/2" 200 2158 "-" "Mozilla/5.0 (compatible; ImagesiftBot; +imagesift.com)"
74.80.208.56 - - [28/Sep/2024:14:29:54 +0200] "GET /tag/%D9%85%D8%AA%D8%B7%D9%88%D8%B9/ HTTP/2" 200 35737 "-" "Mozilla/5.0 (compatible; ImagesiftBot; +imagesift.com)"
74.80.208.56 - - [28/Sep/2024:14:29:55 +0200] "GET /tag/%D9%88%D9%86%D8%A8%D8%A7%D8%B1%D9%8A/ HTTP/2" 200 23520 "-" "Mozilla/5.0 (compatible; ImagesiftBot; +imagesift.com)"
74.80.208.56 - - [28/Sep/2024:14:29:57 +0200] "GET /tag/%D8%A7%D9%84%D8%AE%D9%8A%D8%B4/ HTTP/2" 200 34224 "-" "Mozilla/5.0 (compatible; ImagesiftBot; +imagesift.com)"
74.80.208.56 - - [28/Sep/2024:14:29:58 +0200] "GET /tag/%D8%AF%D9%88%D9%86%D9%87%D8%A7/ HTTP/2" 200 23547 "-" "Mozilla/5.0 (compatible; ImagesiftBot; +imagesift.com)"
74.80.208.56 - - [28/Sep/2024:14:29:59 +0200] "GET /%D8%A7%D9%84%D8%B4%D8%B1%D8%B7%D8%A9-%D8%A7%D9%84%D9%81%D8%B1%D9%86%D8%B3%D9%8A%D8%A9-%D8%AA%D9%88%D9%82%D9%81-%D9%85%D8%AF%D8%B1%D8%A8-%D8%A8%D8%A7%D8%B1%D9%8A%D8%B3-%D8%B3%D8%A7%D9%86-%D8%AC%D8%B1/ HTTP/2" 200 49089 "-" "Mozilla/5.0 (compatible; ImagesiftBot; +imagesift.com)"
74.80.208.56 - - [28/Sep/2024:14:30:01 +0200] "GET /post-sitemap20.xml HTTP/2" 200 14709 "-" "Mozilla/5.0 (compatible; ImagesiftBot; +imagesift.com)"
74.80.208.56 - - [28/Sep/2024:14:30:02 +0200] "GET /wp-content/uploads/2023/07/6f14d389a75ba7febfaf88a0d140406506dddfcb-780x470.jpg HTTP/2" 200 42108 "-" "Mozilla/5.0 (compatible; ImagesiftBot; +imagesift.com)"
74.80.208.56 - - [28/Sep/2024:14:30:01 +0200] "GET /tag/%D9%8A%D9%83%D9%8A%D9%84/ HTTP/2" 200 25057 "-" "Mozilla/5.0 (compatible; ImagesiftBot; +imagesift.com)"
74.80.208.56 - - [28/Sep/2024:14:30:03 +0200] "GET /wp-content/uploads/2023/07/6f14d389a75ba7febfaf88a0d140406506dddfcb.jpg HTTP/2" 200 209972 "-" "Mozilla/5.0 (compatible; ImagesiftBot; +imagesift.com)"
74.80.208.56 - - [28/Sep/2024:14:30:03 +0200] "GET /wp-json/wp/v2/posts/23674 HTTP/2" 200 2796 "-" "Mozilla/5.0 (compatible; ImagesiftBot; +imagesift.com)"
178.236.247.6 - - [28/Sep/2024:14:30:04 +0200] "POST /74a7c9952328.php HTTP/1.1" 200 9 "-" "curl/7.86.0"
74.80.208.56 - - [28/Sep/2024:14:30:04 +0200] "GET /tag/%D8%B3%D9%81%D9%8A%D9%86%D8%A9/ HTTP/2" 200 54139 "-" "Mozilla/5.0 (compatible; ImagesiftBot; +imagesift.com)"
74.80.208.56 - - [28/Sep/2024:14:30:06 +0200] "GET /tag/%D8%B9%D8%A8%D8%AF%D8%A7%D9%84%D9%84%D9%87/feed/ HTTP/2" 200 18482 "-" "Mozilla/5.0 (compatible; ImagesiftBot; +imagesift.com)"
74.80.208.56 - - [28/Sep/2024:14:30:07 +0200] "GET /wp-json/wp/v2/tags/15092 HTTP/2" 200 314 "-" "Mozilla/5.0 (compatible; ImagesiftBot; +imagesift.com)"
74.80.208.56 - - [28/Sep/2024:14:30:08 +0200] "GET /%D8%A8%D8%A7%D9%84%D9%81%D9%8A%D8%AF%D9%8A%D9%88-%D9%87%D9%84-%D8%AA%D9%82%D9%8A%D8%AF-%D8%A7%D9%84%D8%B4%D9%8A%D8%A7%D8%B7%D9%8A%D9%86-%D9%81%D9%89-%D8%B1%D9%85%D8%B6%D8%A7%D9%86%D8%9F-%D8%AF%D8%A7/ HTTP/2" 200 32049 "-" "Mozilla/5.0 (compatible; ImagesiftBot; +imagesift.com)"
74.80.208.56 - - [28/Sep/2024:14:30:09 +0200] "GET /tag/%D9%82%D9%88%D8%A7%D8%AA%D9%86%D8%A7/page/2/ HTTP/2" 200 23955 "-" "Mozilla/5.0 (compatible; ImagesiftBot; +imagesift.com)"
74.80.208.56 - - [28/Sep/2024:14:30:11 +0200] "GET /wp-json/wp/v2/tags/9789 HTTP/2" 200 326 "-" "Mozilla/5.0 (compatible; ImagesiftBot; +imagesift.com)"
74.80.208.56 - - [28/Sep/2024:14:30:12 +0200] "GET /tag/%D8%A8%D8%A7%D9%84%D9%85%D8%B4%D8%A7%D8%B1%D9%83%D8%A9/ HTTP/2" 200 37376 "-" "Mozilla/5.0 (compatible; ImagesiftBot; +imagesift.com)"
74.80.208.56 - - [28/Sep/2024:14:30:13 +0200] "GET /wp-json/wp/v2/posts/22534 HTTP/2" 200 2824 "-" "Mozilla/5.0 (compatible; ImagesiftBot; +imagesift.com)"
74.80.208.56 - - [28/Sep/2024:14:30:14 +0200] "GET /%D8%B9%D8%A8%D8%AF-%D8%A7%D9%84%D8%B1%D8%A4%D9%88%D9%81-%D8%B1%D9%88%D9%81%D8%A7-%D9%85%D9%86%D9%82%D8%B0-%D8%A7%D9%84%D9%87%D9%84%D8%A7%D9%84/ HTTP/2" 200 45741 "-" "Mozilla/5.0 (compatible; ImagesiftBot; +imagesift.com)"
74.80.208.56 - - [28/Sep/2024:14:30:15 +0200] "GET /tag/%D9%8A%D8%AF%D8%B9%D9%85%D8%A7%D9%86/ HTTP/2" 200 52945 "-" "Mozilla/5.0 (compatible; ImagesiftBot; +imagesift.com)"
74.80.208.56 - - [28/Sep/2024:14:30:17 +0200] "GET /wp-content/uploads/2022/09/%D8%B6%D9%81%D8%A7%D9%81-%D8%A7%D9%84%D8%AD%D8%B1%D9%88%D9%81-%D8%B9%D8%A8%D8%AF-%D8%A7%D9%84%D9%84%D8%B7%D9%8A%D9%81-%D8%A7%D8%A8%D9%88%D9%85%D8%AF%D9%8A%D9%86.png1_-1-780x470.jpg HTTP/2" 200 47119 "-" "Mozilla/5.0 (compatible; ImagesiftBot; +imagesift.com)"
74.80.208.56 - - [28/Sep/2024:14:30:17 +0200] "GET /wp-content/uploads/2022/09/%D8%B6%D9%81%D8%A7%D9%81-%D8%A7%D9%84%D8%AD%D8%B1%D9%88%D9%81-%D8%B9%D8%A8%D8%AF-%D8%A7%D9%84%D9%84%D8%B7%D9%8A%D9%81-%D8%A7%D8%A8%D9%88%D9%85%D8%AF%D9%8A%D9%86.png1_-1.jpg HTTP/2" 200 91264 "-" "Mozilla/5.0 (compatible; ImagesiftBot; +imagesift.com)"
74.80.208.56 - - [28/Sep/2024:14:28:59 +0200] "GET /wp-json/wp/v2/tags/16817 HTTP/2" 200 325 "-" "Mozilla/5.0 (compatible; ImagesiftBot; +imagesift.com)"
74.80.208.56 - - [28/Sep/2024:14:29:00 +0200] "GET /wp-json/wp/v2/tags/8363 HTTP/2" 200 317 "-" "Mozilla/5.0 (compatible; ImagesiftBot; +imagesift.com)"
74.80.208.56 - - [28/Sep/2024:14:29:01 +0200] "GET /%D8%B9%D8%A8%D8%B1-%D8%A7%D9%84%D8%A7%D9%86%D8%AA%D8%AE%D8%A7%D8%A8%D8%A7%D8%AA-%D8%A7%D9%84%D9%82%D8%A7%D8%AF%D9%85%D8%A9-%D8%AC%D9%85%D8%A7%D9%84-%D8%A7%D9%84%D9%88%D8%A7%D9%84%D9%8A-%D9%8A%D8%B1/ HTTP/2" 200 30413 "-" "Mozilla/5.0 (compatible; ImagesiftBot; +imagesift.com)"
74.80.208.56 - - [28/Sep/2024:14:29:02 +0200] "GET /wp-json/wp/v2/posts/13008 HTTP/2" 200 4086 "-" "Mozilla/5.0 (compatible; ImagesiftBot; +imagesift.com)"
74.80.208.56 - - [28/Sep/2024:14:29:03 +0200] "GET /tag/%D9%88%D8%A3%D9%85%D9%86%D9%8A/ HTTP/2" 200 23470 "-" "Mozilla/5.0 (compatible; ImagesiftBot; +imagesift.com)"
74.80.208.56 - - [28/Sep/2024:14:29:04 +0200] "GET /tag/%D9%8A%D9%86%D8%AA%D8%B8%D8%B1/feed/ HTTP/2" 200 20626 "-" "Mozilla/5.0 (compatible; ImagesiftBot; +imagesift.com)"
74.80.208.56 - - [28/Sep/2024:14:29:06 +0200] "GET /tag/%D8%AA%D8%B3%D9%84%D9%85/ HTTP/2" 200 54288 "-" "Mozilla/5.0 (compatible; ImagesiftBot; +imagesift.com)"
74.80.208.56 - - [28/Sep/2024:14:29:08 +0200] "GET /%D8%B4%D8%A7%D9%87%D8%AF-%D8%A8%D8%A7%D9%84%D9%81%D9%8A%D8%AF%D9%8A%D9%88-%D8%A7%D9%84%D9%81%D9%86%D8%A7%D9%86%D8%A9-%D8%B9%D8%B4%D8%A9-%D8%A7%D9%84%D8%AC%D8%A8%D9%84-%D8%AA%D8%AD%D9%8A-%D8%AD%D9%81-2/ HTTP/2" 200 32745 "-" "Mozilla/5.0 (compatible; ImagesiftBot; +imagesift.com)"
74.80.208.56 - - [28/Sep/2024:14:29:09 +0200] "GET /%D8%A7%D9%84%D8%A8%D8%A8%D8%A7%D9%86-%D8%A7%D9%84%D8%AE%D8%AA%D8%A7%D9%85%D9%8A-%D9%84%D8%A5%D8%AC%D8%AA%D9%85%D8%A7%D8%B9-%D9%82%D9%88%D9%89-%D8%A7%D9%84%D8%AD%D8%B1%D9%8A%D8%A9-%D9%88%D8%A7%D9%84/ HTTP/2" 200 56211 "-" "Mozilla/5.0 (compatible; ImagesiftBot; +imagesift.com)"
74.80.208.56 - - [28/Sep/2024:14:29:10 +0200] "GET /tag/%D8%A7%D9%84%D8%A3%D8%AD%D9%81%D9%88%D8%B1%D9%8A/ HTTP/2" 200 24072 "-" "Mozilla/5.0 (compatible; ImagesiftBot; +imagesift.com)"
74.80.208.56 - - [28/Sep/2024:14:29:12 +0200] "GET /tag/%D8%A7%D9%84%D9%86%D8%B3%D8%A7%D8%A1/ HTTP/2" 200 54812 "-" "Mozilla/5.0 (compatible; ImagesiftBot; +imagesift.com)"
74.80.208.56 - - [28/Sep/2024:14:29:13 +0200] "GET /tag/%D9%8A%D8%AC%D8%AA%D9%85%D8%B9/ HTTP/2" 200 26798 "-" "Mozilla/5.0 (compatible; ImagesiftBot; +imagesift.com)"
74.80.208.56 - - [28/Sep/2024:14:29:14 +0200] "GET /tag/%D8%AD%D8%AF%D8%A7%D8%AF/ HTTP/2" 200 35126 "-" "Mozilla/5.0 (compatible; ImagesiftBot; +imagesift.com)"
74.80.208.56 - - [28/Sep/2024:14:29:15 +0200] "GET /%D8%B3%D8%B9%D8%B1-%D8%A7%D9%84%D8%B1%D9%8A%D8%A7%D9%84-%D8%A7%D9%84%D8%B3%D8%B9%D9%88%D8%AF%D9%8A-%D9%81%D9%8A-%D8%A7%D9%84%D8%A8%D9%86%D9%88%D9%83-%D9%84%D9%8A%D9%88%D9%85-%D8%A7%D9%84%D8%AB%D9%84-6/ HTTP/2" 200 31216 "-" "Mozilla/5.0 (compatible; ImagesiftBot; +imagesift.com)"
74.80.208.56 - - [28/Sep/2024:14:29:17 +0200] "GET /tag/%D9%88%D8%A3%D8%B3%D8%B1%D9%87%D9%85/ HTTP/2" 200 23492 "-" "Mozilla/5.0 (compatible; ImagesiftBot; +imagesift.com)"
74.80.208.56 - - [28/Sep/2024:14:29:18 +0200] "GET /%D8%A8%D8%B3%D8%A8%D8%A8-%D8%A7%D9%84%D8%AA%D8%B8%D8%A7%D9%87%D8%B1%D8%A7%D8%AA-%D8%AA%D8%AD%D9%88%D9%8A%D9%84-%D9%85%D8%B1%D9%83%D8%B2-%D8%A7%D9%85%D8%AA%D8%AD%D8%A7%D9%86%D8%A7%D8%AA-%D9%85%D9%86/ HTTP/2" 200 44037 "-" "Mozilla/5.0 (compatible; ImagesiftBot; +imagesift.com)"
74.80.208.56 - - [28/Sep/2024:14:29:19 +0200] "GET /tctcl/m1580094.html HTTP/2" 404 22077 "-" "Mozilla/5.0 (compatible; ImagesiftBot; +imagesift.com)"
185.191.171.17 - - [28/Sep/2024:14:29:27 +0200] "GET /%D8%A7%D9%84%D8%AC%D9%8A%D8%B4-%D8%A7%D9%84%D8%B3%D9%88%D8%AF%D8%A7%D9%86%D9%8A-%D9%8A%D8%B9%D9%84%D9%86-%D9%85%D9%82%D8%AA%D9%84-%D9%82%D8%A7%D8%AF%D8%A9-%D8%A8%D8%A7%D8%B1%D8%B2%D9%8A%D9%86-%D9%81/ HTTP/1.1" 403 0 "-" "Mozilla/5.0 (compatible; SemrushBot/7~bl; +http://www.semrush.com/bot.html)"
74.80.208.56 - - [28/Sep/2024:14:30:17 +0200] "GET /%D8%B4%D8%A8%D8%A7%D8%A8-%D8%A7%D9%84%D8%B3%D9%88%D8%AF%D8%A7%D9%86-%D9%8A%D8%B3%D8%AA%D8%B1%D8%AC%D8%B9%D9%88%D9%86-%D8%B0%D8%A7%D9%83%D8%B1%D8%A9-%D9%85%D8%AD%D9%85%D9%88%D8%AF-%D8%B9%D8%A8%D8%AF/ HTTP/2" 200 32841 "-" "Mozilla/5.0 (compatible; ImagesiftBot; +imagesift.com)"
74.80.208.56 - - [28/Sep/2024:14:30:18 +0200] "GET /tag/%D8%B9%D9%82%D8%AF/feed/ HTTP/2" 200 21275 "-" "Mozilla/5.0 (compatible; ImagesiftBot; +imagesift.com)"
74.80.208.56 - - [28/Sep/2024:14:30:19 +0200] "GET /tag/%D8%B3%D8%B1%D9%8A%D8%A7%D9%86/ HTTP/2" 200 34737 "-" "Mozilla/5.0 (compatible; ImagesiftBot; +imagesift.com)"
