74.80.208.56 - - [28/Sep/2024:14:30:20 +0200] "GET /tag/%D8%A7%D9%84%D8%AA%D8%B9%D8%A7%D8%B7%D9%81/ HTTP/2" 200 24018 "-" "Mozilla/5.0 (compatible; ImagesiftBot; +imagesift.com)"
74.80.208.56 - - [28/Sep/2024:14:30:21 +0200] "GET /bidqw/u2769186.html HTTP/2" 404 22076 "-" "Mozilla/5.0 (compatible; ImagesiftBot; +imagesift.com)"
74.80.208.56 - - [28/Sep/2024:14:30:22 +0200] "GET /%D8%A8%D9%86%D9%83-%D8%A7%D9%84%D8%B3%D9%88%D8%AF%D8%A7%D9%86-%D9%8A%D9%88%D8%AC%D9%87-%D8%A7%D9%84%D9%85%D8%B5%D8%A7%D8%B1%D9%81-%D8%A8%D8%B1%D9%81%D8%B9-%D8%A7%D9%84%D8%AD%D8%B8%D8%B1-%D8%B9%D9%86/ HTTP/2" 200 30915 "-" "Mozilla/5.0 (compatible; ImagesiftBot; +imagesift.com)"
74.80.208.56 - - [28/Sep/2024:14:30:23 +0200] "GET /%D9%85%D9%8F%D9%84%D8%AE%D8%B5-%D8%B9%D9%85%D9%84%D9%8A%D8%A7%D8%AA-%D9%8A%D9%88%D9%85-%D8%A7%D9%84%D8%AE%D9%85%D9%8A%D8%B3-24-%D8%A3%D8%BA%D8%B3%D8%B7%D8%B3-%D8%A7%D9%84%D8%B3%D9%88%D8%AF%D8%A7/ HTTP/2" 200 31637 "-" "Mozilla/5.0 (compatible; ImagesiftBot; +imagesift.com)"
74.80.208.56 - - [28/Sep/2024:14:30:25 +0200] "GET /wp-json/wp/v2/tags/26832 HTTP/2" 200 329 "-" "Mozilla/5.0 (compatible; ImagesiftBot; +imagesift.com)"
74.80.208.56 - - [28/Sep/2024:14:30:25 +0200] "GET /wp-json/wp/v2/tags/6468 HTTP/2" 200 326 "-" "Mozilla/5.0 (compatible; ImagesiftBot; +imagesift.com)"
74.80.208.56 - - [28/Sep/2024:14:30:27 +0200] "GET /wp-json/wp/v2/tags/3063 HTTP/2" 200 330 "-" "Mozilla/5.0 (compatible; ImagesiftBot; +imagesift.com)"
74.80.208.56 - - [28/Sep/2024:14:30:27 +0200] "GET /tag/%D8%A7%D9%84%D9%85%D8%B6%D8%A7%D9%81%D8%A9/ HTTP/2" 200 0 "-" "Mozilla/5.0 (compatible; ImagesiftBot; +imagesift.com)"
74.80.208.56 - - [28/Sep/2024:14:30:28 +0200] "GET /tag/%D8%A7%D9%84%D8%BA%D8%B1%D9%81%D8%A9/ HTTP/2" 200 25629 "-" "Mozilla/5.0 (compatible; ImagesiftBot; +imagesift.com)"
74.80.208.56 - - [28/Sep/2024:14:30:30 +0200] "GET /tag/%D8%B9%D8%B1%D9%8A%D8%B6/ HTTP/2" 200 0 "-" "Mozilla/5.0 (compatible; ImagesiftBot; +imagesift.com)"
74.80.208.56 - - [28/Sep/2024:14:30:31 +0200] "GET /wp-json/wp/v2/tags/1851 HTTP/2" 200 327 "-" "Mozilla/5.0 (compatible; ImagesiftBot; +imagesift.com)"
74.80.208.56 - - [28/Sep/2024:14:30:32 +0200] "GET /tag/%D8%AA%D8%A7%D8%B1%D9%8A%D8%AE%D9%8A/ HTTP/2" 200 27014 "-" "Mozilla/5.0 (compatible; ImagesiftBot; +imagesift.com)"
74.80.208.56 - - [28/Sep/2024:14:30:33 +0200] "GET /wp-json/wp/v2/posts/28202 HTTP/2" 200 4260 "-" "Mozilla/5.0 (compatible; ImagesiftBot; +imagesift.com)"
74.80.208.56 - - [28/Sep/2024:14:30:34 +0200] "GET /tag/%D9%8A%D9%86%D8%AA%D8%B8%D8%B1/page/2/ HTTP/2" 200 27035 "-" "Mozilla/5.0 (compatible; ImagesiftBot; +imagesift.com)"
135.181.9.38 - - [28/Sep/2024:14:30:34 +0200] "POST /wp-admin/admin-ajax.php?action=async_litespeed&nonce=Q18UsLNDYALYlfTdRlsysqse2T5D75hp&litespeed_type=imgoptm HTTP/1.1" 200 21 "-" "WordPress/6.6.2; https://www.sudancam.net"
74.80.208.56 - - [28/Sep/2024:14:30:35 +0200] "GET /%D8%A7%D9%84%D8%B9%D8%A8%D8%AB-%D8%A8%D9%85%D8%B3%D8%B1%D8%AD-%D8%A7%D9%84%D8%B9%D8%AF%D8%A7%D9%84%D8%A9-%D8%A7%D9%84%D9%86%D9%8A%D9%84%D9%8A%D9%86/feed/ HTTP/2" 200 661 "-" "Mozilla/5.0 (compatible; ImagesiftBot; +imagesift.com)"
74.80.208.56 - - [28/Sep/2024:14:30:36 +0200] "GET /wp-json/wp/v2/posts/11257 HTTP/2" 200 1479 "-" "Mozilla/5.0 (compatible; ImagesiftBot; +imagesift.com)"
74.80.208.56 - - [28/Sep/2024:14:30:36 +0200] "GET /%D8%B9%D8%B5%D8%A7%D8%A8%D8%A9-%D8%A7%D9%84%D8%AA%D9%88%D8%B8%D9%8A%D9%81-%D8%A7%D9%84%D9%88%D9%87%D9%85%D9%8A%D8%A9-%D8%B9%D8%A8%D8%B1-%D9%81%D9%8A%D8%B3-%D8%A8%D9%88%D9%83-%D8%AE%D8%B7/ HTTP/2" 200 34787 "-" "Mozilla/5.0 (compatible; ImagesiftBot; +imagesift.com)"
185.170.167.18 - - [28/Sep/2024:14:30:37 +0200] "GET /%D8%A5%D9%8A%D9%82%D8%A7%D9%81-%D8%A7%D9%84%D8%AF%D9%88%D9%84%D9%8A-%D8%A7%D9%84%D9%81%D8%B1%D9%86%D8%B3%D9%8A-%D9%88%D9%84%D8%A7%D8%B9%D8%A8-%D9%8A%D9%88%D9%81%D9%86%D8%AA%D9%88%D8%B3-%D8%A8/ HTTP/1.1" 200 30468 "-" "Mozilla/5.0 (compatible; BacklinksExtendedBot)"
74.80.208.56 - - [28/Sep/2024:14:30:38 +0200] "GET /%D8%B1%D8%A8%D8%A7%D8%AD-%D8%A7%D9%84%D9%85%D9%87%D8%AF%D9%8A-%D8%AD%D8%A8%D9%8A%D8%A8%D9%8A-%D8%A7%D9%84%D8%A3%D9%85%D9%8A%D8%B1-%D8%A7%D8%AE%D8%AA%D9%84%D9%81%D8%AA-%D9%85%D8%B9%D9%83-%D9%83/ HTTP/2" 200 48082 "-" "Mozilla/5.0 (compatible; ImagesiftBot; +imagesift.com)"
74.80.208.56 - - [28/Sep/2024:14:30:39 +0200] "GET /wp-content/uploads/2022/05/%D9%81%D9%8A%D8%B3%D8%A8%D9%88%D9%83-780x470.jpg HTTP/2" 200 36392 "-" "Mozilla/5.0 (compatible; ImagesiftBot; +imagesift.com)"
74.80.208.56 - - [28/Sep/2024:14:30:40 +0200] "GET /wp-content/uploads/2022/05/%D9%81%D9%8A%D8%B3%D8%A8%D9%88%D9%83.jpg HTTP/2" 200 42526 "-" "Mozilla/5.0 (compatible; ImagesiftBot; +imagesift.com)"
74.80.208.56 - - [28/Sep/2024:14:30:40 +0200] "GET /tag/%D8%B4%D8%AD%D9%86%D8%A9/ HTTP/2" 200 54436 "-" "Mozilla/5.0 (compatible; ImagesiftBot; +imagesift.com)"
74.80.208.56 - - [28/Sep/2024:14:30:41 +0200] "GET /tag/%D9%8A%D9%83%D8%AA%D8%B4%D9%81%D9%88%D9%86/feed/ HTTP/2" 200 4741 "-" "Mozilla/5.0 (compatible; ImagesiftBot; +imagesift.com)"
74.80.208.56 - - [28/Sep/2024:14:30:41 +0200] "GET /%D8%B1%D9%83%D8%B2%D8%AA-%D8%B9%D9%84%D9%89-%D9%85%D8%AC%D8%B2%D8%B1%D8%A9-%D8%A8%D9%88%D9%81%D8%A7%D9%84%D9%88-%D9%81%D9%8A%D8%B3%D8%A8%D9%88%D9%83-%D8%AA%D8%B6%D8%A7%D8%B9%D9%81-%D8%AD%D8%B0%D9%81/feed/ HTTP/2" 200 746 "-" "Mozilla/5.0 (compatible; ImagesiftBot; +imagesift.com)"
74.80.208.56 - - [28/Sep/2024:14:30:42 +0200] "GET /tag/%D9%86%D9%81%D8%B7%D9%8A/ HTTP/2" 200 25340 "-" "Mozilla/5.0 (compatible; ImagesiftBot; +imagesift.com)"
74.80.208.56 - - [28/Sep/2024:14:30:43 +0200] "GET /wp-json/wp/v2/posts/10117 HTTP/2" 200 3002 "-" "Mozilla/5.0 (compatible; ImagesiftBot; +imagesift.com)"
74.80.208.56 - - [28/Sep/2024:14:30:44 +0200] "GET /%D9%85%D8%A8%D8%A7%D8%B1%D9%83-%D8%A3%D8%B1%D8%AF%D9%88%D9%84-%D9%84%D8%AC%D9%86%D8%A9-%D8%A7%D9%84%D8%A3%D8%B7%D8%A8%D8%A7%D8%A1-%D8%A7%D9%84%D9%85%D8%B1%D9%83%D8%B2%D9%8A%D8%A9-%D8%AC%D9%86%D8%A7/ HTTP/2" 200 43955 "-" "Mozilla/5.0 (compatible; ImagesiftBot; +imagesift.com)"
74.80.208.56 - - [28/Sep/2024:14:30:45 +0200] "GET /tag/%D8%A8%D9%82%D8%B5%D9%8A%D8%AF%D8%A9/ HTTP/2" 200 26045 "-" "Mozilla/5.0 (compatible; ImagesiftBot; +imagesift.com)"
74.80.208.56 - - [28/Sep/2024:14:30:47 +0200] "GET /wp-json/wp/v2/tags/1935 HTTP/2" 200 304 "-" "Mozilla/5.0 (compatible; ImagesiftBot; +imagesift.com)"
74.80.208.56 - - [28/Sep/2024:14:30:48 +0200] "GET /yfnlu/b1068351.html HTTP/2" 404 22075 "-" "Mozilla/5.0 (compatible; ImagesiftBot; +imagesift.com)"
74.80.208.56 - - [28/Sep/2024:14:30:49 +0200] "GET /%D8%A7%D9%84%D8%B3%D9%88%D8%AF%D8%A7%D9%86-%D8%AD%D8%B2%D8%A8-%D9%8A%D9%88%D9%82%D8%B9-%D8%B9%D9%84%D9%89-%D8%A7%D9%84%D8%A7%D8%AA%D9%81%D8%A7%D9%82-%D8%A7%D9%84%D8%A5%D8%B7%D8%A7%D8%B1%D9%8A/ HTTP/2" 200 31300 "-" "Mozilla/5.0 (compatible; ImagesiftBot; +imagesift.com)"
74.80.208.56 - - [28/Sep/2024:14:30:50 +0200] "GET /%D9%88%D8%B2%D9%8A%D8%B1-%D8%A7%D9%84%D8%B5%D8%AD%D8%A9-%D8%A8%D8%A7%D9%84%D9%86%D9%8A%D9%84-%D8%A7%D9%84%D8%A3%D8%A8%D9%8A%D8%B6-%D9%8A%D9%88%D8%AC%D9%87-%D8%A8%D8%AA%D9%83%D8%AB%D9%8A%D9%81-%D8%AD/ HTTP/2" 200 65815 "-" "Mozilla/5.0 (compatible; ImagesiftBot; +imagesift.com)"
74.80.208.56 - - [28/Sep/2024:14:30:51 +0200] "GET /tag/%D8%AA%D8%AE%D8%AA%D8%A8%D8%B1/ HTTP/2" 200 33645 "-" "Mozilla/5.0 (compatible; ImagesiftBot; +imagesift.com)"
77.75.78.161 - - [28/Sep/2024:14:29:52 +0200] "GET /pnfxr/c1081196.html HTTP/1.1" 404 20322 "-" "Mozilla/5.0 (compatible; SeznamBot/4.0; +http://napoveda.seznam.cz/seznambot-intro/)"
77.75.78.161 - - [28/Sep/2024:14:29:56 +0200] "GET /sgqhn/w1995688.html HTTP/1.1" 404 20323 "-" "Mozilla/5.0 (compatible; SeznamBot/4.0; +http://napoveda.seznam.cz/seznambot-intro/)"
77.75.78.161 - - [28/Sep/2024:14:29:59 +0200] "GET /dkwnt/d398151.html HTTP/1.1" 404 20320 "-" "Mozilla/5.0 (compatible; SeznamBot/4.0; +http://napoveda.seznam.cz/seznambot-intro/)"
77.75.78.161 - - [28/Sep/2024:14:30:01 +0200] "GET /kzfss/v2113831.html HTTP/1.1" 404 20323 "-" "Mozilla/5.0 (compatible; SeznamBot/4.0; +http://napoveda.seznam.cz/seznambot-intro/)"
77.75.78.161 - - [28/Sep/2024:14:30:05 +0200] "GET /twclc/u2543532.html HTTP/1.1" 404 20321 "-" "Mozilla/5.0 (compatible; SeznamBot/4.0; +http://napoveda.seznam.cz/seznambot-intro/)"
77.75.78.161 - - [28/Sep/2024:14:30:07 +0200] "GET /qpcjn/s564696.html HTTP/1.1" 404 20328 "-" "Mozilla/5.0 (compatible; SeznamBot/4.0; +http://napoveda.seznam.cz/seznambot-intro/)"
77.75.78.161 - - [28/Sep/2024:14:30:09 +0200] "GET /pkhvq/z1561335.html HTTP/1.1" 404 20325 "-" "Mozilla/5.0 (compatible; SeznamBot/4.0; +http://napoveda.seznam.cz/seznambot-intro/)"
77.75.78.161 - - [28/Sep/2024:14:30:11 +0200] "GET /gezrd/k1629544.html HTTP/1.1" 404 20329 "-" "Mozilla/5.0 (compatible; SeznamBot/4.0; +http://napoveda.seznam.cz/seznambot-intro/)"
77.75.78.161 - - [28/Sep/2024:14:30:14 +0200] "GET /fuulu/e1102024.html HTTP/1.1" 404 20320 "-" "Mozilla/5.0 (compatible; SeznamBot/4.0; +http://napoveda.seznam.cz/seznambot-intro/)"
77.75.78.161 - - [28/Sep/2024:14:30:16 +0200] "GET /lpgdv/s2632554.html HTTP/1.1" 404 20321 "-" "Mozilla/5.0 (compatible; SeznamBot/4.0; +http://napoveda.seznam.cz/seznambot-intro/)"
77.75.78.161 - - [28/Sep/2024:14:30:18 +0200] "GET /rfvpo/u2123268.html HTTP/1.1" 404 20322 "-" "Mozilla/5.0 (compatible; SeznamBot/4.0; +http://napoveda.seznam.cz/seznambot-intro/)"
77.75.78.161 - - [28/Sep/2024:14:30:20 +0200] "GET /hnjmv/u824646.html HTTP/1.1" 404 20322 "-" "Mozilla/5.0 (compatible; SeznamBot/4.0; +http://napoveda.seznam.cz/seznambot-intro/)"
77.75.78.161 - - [28/Sep/2024:14:30:23 +0200] "GET /frlvn/r369383.html HTTP/1.1" 404 20321 "-" "Mozilla/5.0 (compatible; SeznamBot/4.0; +http://napoveda.seznam.cz/seznambot-intro/)"
77.75.78.161 - - [28/Sep/2024:14:30:25 +0200] "GET /nwtea/c877330.html HTTP/1.1" 404 20319 "-" "Mozilla/5.0 (compatible; SeznamBot/4.0; +http://napoveda.seznam.cz/seznambot-intro/)"
77.75.78.161 - - [28/Sep/2024:14:30:28 +0200] "GET /atopf/j382219.html HTTP/1.1" 404 20325 "-" "Mozilla/5.0 (compatible; SeznamBot/4.0; +http://napoveda.seznam.cz/seznambot-intro/)"
135.181.9.38 - - [28/Sep/2024:14:30:34 +0200] "POST /wp-cron.php?doing_wp_cron=1727526634.5401310920715332031250 HTTP/1.1" 200 0 "-" "WordPress/6.6.2; https://www.sudancam.net"
135.181.9.38 - - [28/Sep/2024:14:30:43 +0200] "POST /wp-cron.php?doing_wp_cron=1727526643.2023999691009521484375 HTTP/1.1" 200 0 "-" "WordPress/6.6.2; https://www.sudancam.net"
40.77.167.46 - - [28/Sep/2024:14:30:48 +0200] "GET /oakrd/j1868067.html HTTP/2" 200 41398 "-" "Mozilla/5.0 AppleWebKit/537.36 (KHTML, like Gecko; compatible; bingbot/2.0; +http://www.bing.com/bingbot.htm) Chrome/116.0.1938.76 Safari/537.36"
66.249.64.15 - - [28/Sep/2024:14:30:58 +0200] "GET /yybqw/n979781.html HTTP/1.1" 200 42828 "-" "Mozilla/5.0 (Linux; Android 6.0.1; Nexus 5X Build/MMB29P) AppleWebKit/537.36 (KHTML, like Gecko) Chrome/128.0.6613.137 Mobile Safari/537.36 (compatible; Googlebot/2.1; +http://www.google.com/bot.html)"
66.249.64.15 - - [28/Sep/2024:14:30:59 +0200] "GET /mvmfb/k1941180.html HTTP/1.1" 200 41949 "-" "Mozilla/5.0 (Linux; Android 6.0.1; Nexus 5X Build/MMB29P) AppleWebKit/537.36 (KHTML, like Gecko) Chrome/128.0.6613.137 Mobile Safari/537.36 (compatible; Googlebot/2.1; +http://www.google.com/bot.html)"
74.80.208.56 - - [28/Sep/2024:14:30:53 +0200] "GET /%D9%88%D8%B2%D9%8A%D8%B1-%D8%A7%D9%84%D8%AA%D8%B9%D9%84%D9%8A%D9%85-%D8%A7%D9%84%D8%B9%D8%A7%D9%84%D9%8A-%D8%A7%D9%84%D9%85%D9%83%D9%84%D9%81-%D9%8A%D8%B5%D8%AF%D8%B1-%D9%82%D8%B1%D8%A7%D8%B1%D8%A7/ HTTP/2" 200 0 "-" "Mozilla/5.0 (compatible; ImagesiftBot; +imagesift.com)"
74.80.208.56 - - [28/Sep/2024:14:30:54 +0200] "GET /tag/%D8%A8%D9%84%D8%AF/ HTTP/2" 200 27525 "-" "Mozilla/5.0 (compatible; ImagesiftBot; +imagesift.com)"
74.80.208.56 - - [28/Sep/2024:14:30:55 +0200] "GET /tag/%D9%84%D8%A5%D8%A8%D8%B9%D8%A7%D8%AF/ HTTP/2" 200 35239 "-" "Mozilla/5.0 (compatible; ImagesiftBot; +imagesift.com)"
74.80.208.56 - - [28/Sep/2024:14:30:56 +0200] "GET /wp-json/wp/v2/tags/24495 HTTP/2" 200 328 "-" "Mozilla/5.0 (compatible; ImagesiftBot; +imagesift.com)"
74.80.208.56 - - [28/Sep/2024:14:30:57 +0200] "GET /tag/%D9%84%D8%AA%D8%B1%D9%87%D8%A8/ HTTP/2" 200 35981 "-" "Mozilla/5.0 (compatible; ImagesiftBot; +imagesift.com)"
74.80.208.56 - - [28/Sep/2024:14:30:58 +0200] "GET /wp-json/wp/v2/posts/6719 HTTP/2" 200 2175 "-" "Mozilla/5.0 (compatible; ImagesiftBot; +imagesift.com)"
74.80.208.56 - - [28/Sep/2024:14:30:59 +0200] "GET /%D8%A3%D8%A8%D8%B1%D8%B2-%D8%B9%D9%86%D8%A7%D9%88%D9%8A%D9%86-%D8%A7%D9%84%D8%B5%D8%AD%D9%81-%D8%A7%D9%84%D8%B3%D9%88%D8%AF%D8%A7%D9%86%D9%8A%D8%A9-%D8%A7%D9%84%D8%B3%D9%8A%D8%A7%D8%B3%D9%8A%D8%A9-144/feed/ HTTP/2" 200 751 "-" "Mozilla/5.0 (compatible; ImagesiftBot; +imagesift.com)"
74.80.208.56 - - [28/Sep/2024:14:31:00 +0200] "GET /tag/%D9%8A%D9%84%D8%AC%D8%A3%D9%88%D9%86/feed/ HTTP/2" 200 5243 "-" "Mozilla/5.0 (compatible; ImagesiftBot; +imagesift.com)"
74.80.208.56 - - [28/Sep/2024:14:31:01 +0200] "GET /%D8%A8%D8%B9%D8%AF-%D9%82%D8%B1%D8%A7%D8%B1-%D8%A7%D9%84%D9%85%D8%AC%D9%84%D8%B3-%D8%A8%D8%A7%D9%84%D8%B3%D9%85%D8%A7%D8%AD-%D9%84%D8%A3%D8%A8%D8%B7%D8%A7%D9%84-%D8%A7%D9%84%D8%A5%D8%AA%D8%AD%D8%A7/ HTTP/2" 200 0 "-" "Mozilla/5.0 (compatible; ImagesiftBot; +imagesift.com)"
74.80.208.56 - - [28/Sep/2024:14:31:02 +0200] "GET /wp-json/wp/v2/posts/23660 HTTP/2" 200 2311 "-" "Mozilla/5.0 (compatible; ImagesiftBot; +imagesift.com)"
74.80.208.56 - - [28/Sep/2024:14:31:03 +0200] "GET /tag/%D8%A3%D9%85%D9%84%D8%A7%D9%83/ HTTP/2" 200 23559 "-" "Mozilla/5.0 (compatible; ImagesiftBot; +imagesift.com)"
74.80.208.56 - - [28/Sep/2024:14:31:04 +0200] "GET /%D9%85%D8%AD%D9%85%D9%88%D8%AF-%D8%B9%D8%A8%D8%AF-%D8%A7%D9%84%D8%B9%D8%B2%D9%8A%D8%B2-%D8%A7%D9%84%D8%B5%D9%88%D8%AA-%D9%88%D8%A7%D9%84%D8%B5%D9%91%D8%AF%D9%8A/ HTTP/2" 200 34373 "-" "Mozilla/5.0 (compatible; ImagesiftBot; +imagesift.com)"
74.80.208.56 - - [28/Sep/2024:14:31:05 +0200] "GET /%D8%AA%D9%86%D9%88%D9%8A%D9%87-%D9%85%D9%87%D9%85-%D9%85%D9%86-%D8%B4%D8%B1%D9%83%D8%A9-mtn-%D9%8A%D8%A8%D8%AF%D8%A3-%D9%85%D9%86-%D9%85%D8%B3%D8%A7%D8%A1-%D8%A7%D9%84%D9%8A%D9%88%D9%85-2023-04-03/feed/ HTTP/2" 200 745 "-" "Mozilla/5.0 (compatible; ImagesiftBot; +imagesift.com)"
74.80.208.56 - - [28/Sep/2024:14:31:06 +0200] "GET /tag/%D8%A7%D9%84%D8%AA%D9%86%D9%85%D9%8A%D8%B7/ HTTP/2" 200 35881 "-" "Mozilla/5.0 (compatible; ImagesiftBot; +imagesift.com)"
74.80.208.56 - - [28/Sep/2024:14:31:07 +0200] "GET /tag/%D9%84%D9%84%D9%88%D9%84%D8%A7%D9%8A%D8%A7%D8%AA/feed/ HTTP/2" 200 3656 "-" "Mozilla/5.0 (compatible; ImagesiftBot; +imagesift.com)"
74.80.208.56 - - [28/Sep/2024:14:31:08 +0200] "GET /%D9%88%D8%B3%D8%B7-%D9%85%D8%AE%D8%A7%D9%88%D9%81-%D9%85%D9%86-%D8%A3%D8%B2%D9%85%D8%A9-%D9%85%D8%B5%D8%B1%D9%81%D9%8A%D8%A9-%D8%B9%D8%A7%D9%84%D9%85%D9%8A%D8%A9-%D9%8A%D9%88-%D8%A5%D8%B3-%D8%A8/ HTTP/2" 200 49045 "-" "Mozilla/5.0 (compatible; ImagesiftBot; +imagesift.com)"
74.80.208.56 - - [28/Sep/2024:14:31:09 +0200] "GET /tag/%D9%84%D9%84%D9%8A%D9%88%D9%86%D8%B3%D9%8A%D9%81/ HTTP/2" 200 34023 "-" "Mozilla/5.0 (compatible; ImagesiftBot; +imagesift.com)"
74.80.208.56 - - [28/Sep/2024:14:31:10 +0200] "GET /tag/%D8%A7%D9%87%D9%85%D9%8A%D8%A9/ HTTP/2" 200 33901 "-" "Mozilla/5.0 (compatible; ImagesiftBot; +imagesift.com)"
185.191.171.16 - - [28/Sep/2024:14:30:28 +0200] "GET /%D8%A7%D9%83%D8%AA%D8%B8%D8%A7%D8%B8-%D9%81%D9%8A-%D9%85%D8%B3%D8%AA%D8%B4%D9%81%D9%89-%D9%85%D9%8A%D8%AF%D8%A7%D9%86%D9%8A-%D9%84%D9%84%D8%A7%D8%AC%D8%A6%D9%8A%D9%86-%D8%A7%D9%84%D8%B3%D9%88%D8%AF/ HTTP/1.1" 403 0 "-" "Mozilla/5.0 (compatible; SemrushBot/7~bl; +http://www.semrush.com/bot.html)"
77.75.78.161 - - [28/Sep/2024:14:30:36 +0200] "GET /xdqdu/f2154453.html HTTP/1.1" 404 20325 "-" "Mozilla/5.0 (compatible; SeznamBot/4.0; +http://napoveda.seznam.cz/seznambot-intro/)"
77.75.78.161 - - [28/Sep/2024:14:30:38 +0200] "GET /ibqfi/p347593.html HTTP/1.1" 404 20328 "-" "Mozilla/5.0 (compatible; SeznamBot/4.0; +http://napoveda.seznam.cz/seznambot-intro/)"
77.75.78.161 - - [28/Sep/2024:14:30:40 +0200] "GET /ekrsg/p1520791.html HTTP/1.1" 404 20321 "-" "Mozilla/5.0 (compatible; SeznamBot/4.0; +http://napoveda.seznam.cz/seznambot-intro/)"
77.75.78.161 - - [28/Sep/2024:14:30:42 +0200] "GET /qdmdx/t85543.html HTTP/1.1" 404 20320 "-" "Mozilla/5.0 (compatible; SeznamBot/4.0; +http://napoveda.seznam.cz/seznambot-intro/)"
77.75.78.161 - - [28/Sep/2024:14:30:44 +0200] "GET /jyjir/c1479256.html HTTP/1.1" 404 20330 "-" "Mozilla/5.0 (compatible; SeznamBot/4.0; +http://napoveda.seznam.cz/seznambot-intro/)"
77.75.78.161 - - [28/Sep/2024:14:30:46 +0200] "GET /bvwop/h814025.html HTTP/1.1" 404 20321 "-" "Mozilla/5.0 (compatible; SeznamBot/4.0; +http://napoveda.seznam.cz/seznambot-intro/)"
77.75.78.161 - - [28/Sep/2024:14:30:48 +0200] "GET /jagau/x2972535.html HTTP/1.1" 404 20323 "-" "Mozilla/5.0 (compatible; SeznamBot/4.0; +http://napoveda.seznam.cz/seznambot-intro/)"
77.75.78.161 - - [28/Sep/2024:14:30:49 +0200] "GET /swrxk/d1535105.html HTTP/1.1" 404 20322 "-" "Mozilla/5.0 (compatible; SeznamBot/4.0; +http://napoveda.seznam.cz/seznambot-intro/)"
77.75.78.161 - - [28/Sep/2024:14:30:52 +0200] "GET /lyspk/e1648700.html HTTP/1.1" 404 20329 "-" "Mozilla/5.0 (compatible; SeznamBot/4.0; +http://napoveda.seznam.cz/seznambot-intro/)"
40.77.167.19 - - [28/Sep/2024:14:30:54 +0200] "GET /%D8%A7%D9%84%D8%B3%D9%88%D8%AF%D8%A7%D9%86-%D9%88%D8%B3%D8%A7%D8%A6%D9%84-%D9%88%D8%A2%D9%84%D9%8A%D8%A7%D8%AA-%D8%A7%D9%84%D8%AA%D8%BA%D9%8A%D9%8A%D8%B1-%D8%AA%D8%AA%D9%83%D8%A7%D9%85%D9%84-%D9%84/ HTTP/2" 200 41720 "-" "Mozilla/5.0 AppleWebKit/537.36 (KHTML, like Gecko; compatible; bingbot/2.0; +http://www.bing.com/bingbot.htm) Chrome/116.0.1938.76 Safari/537.36"
77.75.78.161 - - [28/Sep/2024:14:30:58 +0200] "GET /iawjy/g866258.html HTTP/1.1" 404 20328 "-" "Mozilla/5.0 (compatible; SeznamBot/4.0; +http://napoveda.seznam.cz/seznambot-intro/)"
77.75.78.161 - - [28/Sep/2024:14:30:59 +0200] "GET /knpwx/l2249983.html HTTP/1.1" 404 20323 "-" "Mozilla/5.0 (compatible; SeznamBot/4.0; +http://napoveda.seznam.cz/seznambot-intro/)"
77.75.78.161 - - [28/Sep/2024:14:31:02 +0200] "GET /cdxlt/i1542442.html HTTP/1.1" 404 20321 "-" "Mozilla/5.0 (compatible; SeznamBot/4.0; +http://napoveda.seznam.cz/seznambot-intro/)"
77.75.78.161 - - [28/Sep/2024:14:31:04 +0200] "GET /vetak/o985476.html HTTP/1.1" 404 20321 "-" "Mozilla/5.0 (compatible; SeznamBot/4.0; +http://napoveda.seznam.cz/seznambot-intro/)"
77.75.78.161 - - [28/Sep/2024:14:31:06 +0200] "GET /mdczp/i179106.html HTTP/1.1" 404 20327 "-" "Mozilla/5.0 (compatible; SeznamBot/4.0; +http://napoveda.seznam.cz/seznambot-intro/)"
77.75.78.161 - - [28/Sep/2024:14:31:08 +0200] "GET /avkxw/p1824575.html HTTP/1.1" 404 20323 "-" "Mozilla/5.0 (compatible; SeznamBot/4.0; +http://napoveda.seznam.cz/seznambot-intro/)"
77.75.78.161 - - [28/Sep/2024:14:31:10 +0200] "GET /hfafu/a1915040.html HTTP/1.1" 404 20321 "-" "Mozilla/5.0 (compatible; SeznamBot/4.0; +http://napoveda.seznam.cz/seznambot-intro/)"
77.75.78.161 - - [28/Sep/2024:14:31:12 +0200] "GET /kgkqt/k1056244.html HTTP/1.1" 404 20324 "-" "Mozilla/5.0 (compatible; SeznamBot/4.0; +http://napoveda.seznam.cz/seznambot-intro/)"
77.75.78.161 - - [28/Sep/2024:14:31:15 +0200] "GET /xazvx/y2372612.html HTTP/1.1" 404 20324 "-" "Mozilla/5.0 (compatible; SeznamBot/4.0; +http://napoveda.seznam.cz/seznambot-intro/)"
74.80.208.56 - - [28/Sep/2024:14:31:11 +0200] "GET /tag/%D9%84%D9%84%D8%AA%D9%8A%D8%A7%D8%B1/ HTTP/2" 200 23964 "-" "Mozilla/5.0 (compatible; ImagesiftBot; +imagesift.com)"
74.80.208.56 - - [28/Sep/2024:14:31:12 +0200] "GET /tag/%D8%A7%D9%84%D8%AD%D9%8A%D9%88%D9%8A%D8%A9/ HTTP/2" 200 24784 "-" "Mozilla/5.0 (compatible; ImagesiftBot; +imagesift.com)"
74.80.208.56 - - [28/Sep/2024:14:31:13 +0200] "GET /tag/%D8%A8%D8%B9%D9%85%D9%84%D9%88%D8%A7/ HTTP/2" 200 23617 "-" "Mozilla/5.0 (compatible; ImagesiftBot; +imagesift.com)"
74.80.208.56 - - [28/Sep/2024:14:31:14 +0200] "GET /tag/%D8%A7%D9%84%D9%85%D8%AD%D9%83%D9%85%D8%A9/ HTTP/2" 200 26842 "-" "Mozilla/5.0 (compatible; ImagesiftBot; +imagesift.com)"
74.80.208.56 - - [28/Sep/2024:14:31:16 +0200] "GET /%D9%85%D8%A7-%D8%A7%D9%84%D8%B0%D9%8A-%D9%8A%D8%B2%D8%B9%D8%AC-%D8%A7%D9%84%D9%82%D8%AD%D8%A7%D8%AA%D8%A9-%D9%81%D9%8A-%D8%AD%D9%88%D8%A7%D8%B1-%D9%83%D8%B1%D8%AA%D9%8A-%D8%9F/ HTTP/2" 200 69778 "-" "Mozilla/5.0 (compatible; ImagesiftBot; +imagesift.com)"
74.80.208.56 - - [28/Sep/2024:14:31:18 +0200] "GET /tag/%D9%8A%D8%A7%D8%AE%D8%A7%D9%84/feed/ HTTP/2" 200 2929 "-" "Mozilla/5.0 (compatible; ImagesiftBot; +imagesift.com)"
74.80.208.56 - - [28/Sep/2024:14:31:18 +0200] "GET /wp-content/uploads/2022/05/%D8%B9%D9%84%D9%8A-%D9%83%D8%B1%D8%AA%D9%8A-780x448.jpg HTTP/2" 200 39239 "-" "Mozilla/5.0 (compatible; ImagesiftBot; +imagesift.com)"
74.80.208.56 - - [28/Sep/2024:14:31:18 +0200] "GET /vgsrb/f1713545.html HTTP/2" 404 22075 "-" "Mozilla/5.0 (compatible; ImagesiftBot; +imagesift.com)"
74.80.208.56 - - [28/Sep/2024:14:31:19 +0200] "GET /%D8%A7%D9%84%D8%B3%D9%88%D8%AF%D8%A7%D9%86-%D9%8A%D9%8F%D8%AF%D9%8A%D9%86-%D9%82%D8%B5%D9%81-%D8%A5%D8%B3%D8%B1%D8%A7%D8%A6%D9%8A%D9%84-%D9%84%D9%85%D8%B3%D8%AA%D8%B4%D9%81%D9%89-%D9%81%D9%8A-%D8%BA/ HTTP/2" 200 31983 "-" "Mozilla/5.0 (compatible; ImagesiftBot; +imagesift.com)"
74.80.208.56 - - [28/Sep/2024:14:31:21 +0200] "GET /wp-json/wp/v2/posts/7331 HTTP/2" 200 2490 "-" "Mozilla/5.0 (compatible; ImagesiftBot; +imagesift.com)"
40.77.167.46 - - [28/Sep/2024:14:31:22 +0200] "GET /ejszy/z2946589.html HTTP/2" 200 42280 "-" "Mozilla/5.0 AppleWebKit/537.36 (KHTML, like Gecko; compatible; bingbot/2.0; +http://www.bing.com/bingbot.htm) Chrome/116.0.1938.76 Safari/537.36"
74.80.208.56 - - [28/Sep/2024:14:31:22 +0200] "GET /%D8%A8%D9%8A%D9%86%D9%87%D8%A7-%D9%85%D8%B5%D8%B1-%D9%88%D8%A7%D9%84%D8%B3%D8%B9%D9%88%D8%AF%D9%8A%D8%A9-%D9%88%D8%A7%D9%84%D8%A5%D9%85%D8%A7%D8%B1%D8%A7%D8%AA-%D8%B3%D8%AA-%D8%AF%D9%88%D9%84-%D8%AA/ HTTP/2" 200 46338 "-" "Mozilla/5.0 (compatible; ImagesiftBot; +imagesift.com)"
74.80.208.56 - - [28/Sep/2024:14:31:23 +0200] "GET /%D8%A3%D9%88%D9%84-%D8%AA%D8%B9%D9%84%D9%8A%D9%82-%D9%85%D9%86-%D8%AA%D8%B1%D9%83%D9%8A-%D8%A2%D9%84-%D8%A7%D9%84%D8%B4%D9%8A%D8%AE-%D8%B9%D9%84%D9%89-%D8%AE%D8%B3%D8%A7%D8%B1%D8%A9-%D9%85%D9%86%D8%AA/ HTTP/2" 200 31492 "-" "Mozilla/5.0 (compatible; ImagesiftBot; +imagesift.com)"
74.80.208.56 - - [28/Sep/2024:14:31:24 +0200] "GET /%F0%9F%93%8D%D8%A7%D9%84%D8%B3%D9%81%D9%8A%D8%B1-%D8%B9%D8%A8%D8%AF%D8%A7%D9%84%D9%84%D9%87-%D8%A7%D9%84%D8%A3%D8%B2%D8%B1%D9%82-%D8%A7%D9%84%D8%B3%D9%88%D8%AF%D8%A7%D9%86-%D8%A8%D9%8A%D9%86-%D9%82/ HTTP/2" 200 41274 "-" "Mozilla/5.0 (compatible; ImagesiftBot; +imagesift.com)"
74.80.208.56 - - [28/Sep/2024:14:31:25 +0200] "GET /wp-json/wp/v2/tags/4489 HTTP/2" 200 319 "-" "Mozilla/5.0 (compatible; ImagesiftBot; +imagesift.com)"
74.80.208.56 - - [28/Sep/2024:14:31:26 +0200] "GET /wp-content/uploads/2023/07/%D8%A7%D9%84%D9%84%D9%87-%D8%A7%D9%84%D8%A7%D8%B2%D8%B1%D9%82.jpg HTTP/2" 200 14954 "-" "Mozilla/5.0 (compatible; ImagesiftBot; +imagesift.com)"
74.80.208.56 - - [28/Sep/2024:14:31:26 +0200] "GET /tag/%D9%88%D8%B9%D8%A7%D8%A6%D8%B4%D8%A9/ HTTP/2" 200 24003 "-" "Mozilla/5.0 (compatible; ImagesiftBot; +imagesift.com)"
74.80.208.56 - - [28/Sep/2024:14:31:27 +0200] "GET /wp-json/wp/v2/posts/15188 HTTP/2" 200 2459 "-" "Mozilla/5.0 (compatible; ImagesiftBot; +imagesift.com)"
74.80.208.56 - - [28/Sep/2024:14:31:28 +0200] "GET /wp-json/wp/v2/tags/36961 HTTP/2" 200 312 "-" "Mozilla/5.0 (compatible; ImagesiftBot; +imagesift.com)"
74.80.208.56 - - [28/Sep/2024:14:31:29 +0200] "GET /%D9%85%D9%86%D8%AA%D8%AE%D8%A8-%D8%A7%D9%84%D9%85%D8%BA%D8%B1%D8%A8-%D9%8A%D8%AA%D9%88%D8%AC%D9%87-%D8%A5%D9%84%D9%89-%D8%A7%D9%84%D8%AC%D8%B2%D8%A7%D8%A6%D8%B1-%D9%84%D9%84%D9%85%D8%B4%D8%A7%D8%B1/ HTTP/2" 200 48733 "-" "Mozilla/5.0 (compatible; ImagesiftBot; +imagesift.com)"
74.80.208.56 - - [28/Sep/2024:14:31:31 +0200] "GET /wp-json/wp/v2/posts/14048 HTTP/2" 200 4323 "-" "Mozilla/5.0 (compatible; ImagesiftBot; +imagesift.com)"
74.80.208.56 - - [28/Sep/2024:14:31:31 +0200] "GET /tag/%D9%85%D8%AC%D8%AA%D9%85%D8%B9%D9%8A%D8%A7/feed/ HTTP/2" 200 5467 "-" "Mozilla/5.0 (compatible; ImagesiftBot; +imagesift.com)"
74.80.208.56 - - [28/Sep/2024:14:31:32 +0200] "GET /wp-json/wp/v2/posts/10103 HTTP/2" 200 1488 "-" "Mozilla/5.0 (compatible; ImagesiftBot; +imagesift.com)"
74.80.208.56 - - [28/Sep/2024:14:31:33 +0200] "GET /wp-json/wp/v2/posts/8171 HTTP/2" 200 1596 "-" "Mozilla/5.0 (compatible; ImagesiftBot; +imagesift.com)"
74.80.208.56 - - [28/Sep/2024:14:31:34 +0200] "GET /%D9%85%D9%81%D8%A7%D8%AC%D8%A3%D8%A9-%D9%85%D8%A8%D8%A7%D8%A8%D9%8A-%D9%85%D9%86%D8%B9-%D9%87%D8%A7%D9%84%D8%A7%D9%86%D8%AF-%D9%85%D9%86-%D8%A7%D9%84%D8%A7%D9%86%D8%AA%D9%82%D8%A7%D9%84-%D8%A5%D9%84/feed/ HTTP/2" 200 717 "-" "Mozilla/5.0 (compatible; ImagesiftBot; +imagesift.com)"
74.80.208.56 - - [28/Sep/2024:14:31:34 +0200] "GET /tttuw/y2819630.html HTTP/2" 404 22076 "-" "Mozilla/5.0 (compatible; ImagesiftBot; +imagesift.com)"
74.80.208.56 - - [28/Sep/2024:14:31:35 +0200] "GET /wp-json/wp/v2/tags/496 HTTP/2" 200 312 "-" "Mozilla/5.0 (compatible; ImagesiftBot; +imagesift.com)"
74.80.208.56 - - [28/Sep/2024:14:31:36 +0200] "GET /wp-json/wp/v2/tags/16807 HTTP/2" 200 306 "-" "Mozilla/5.0 (compatible; ImagesiftBot; +imagesift.com)"
74.80.208.56 - - [28/Sep/2024:14:31:37 +0200] "GET /wp-json/wp/v2/tags/8362 HTTP/2" 200 300 "-" "Mozilla/5.0 (compatible; ImagesiftBot; +imagesift.com)"
74.80.208.56 - - [28/Sep/2024:14:31:38 +0200] "GET /daxhw/s496186.html HTTP/2" 404 22079 "-" "Mozilla/5.0 (compatible; ImagesiftBot; +imagesift.com)"
74.80.208.56 - - [28/Sep/2024:14:31:39 +0200] "GET /tag/%D9%83%D8%B1%D9%8A%D8%B3%D8%AA%D8%A7%D9%84/ HTTP/2" 200 24649 "-" "Mozilla/5.0 (compatible; ImagesiftBot; +imagesift.com)"
74.80.208.56 - - [28/Sep/2024:14:31:40 +0200] "GET /tag/%D8%B1%D9%85%D8%B6%D8%A7%D9%86/ HTTP/2" 200 26599 "-" "Mozilla/5.0 (compatible; ImagesiftBot; +imagesift.com)"
74.80.208.56 - - [28/Sep/2024:14:31:42 +0200] "GET /%D8%A7%D9%84%D8%AD%D8%B1%D9%8A%D8%A9-%D9%88%D8%A7%D9%84%D8%AA%D8%BA%D9%8A%D9%8A%D8%B1-%D8%AA%D8%B1%D8%AC%D8%A6-%D9%85%D9%88%D8%B9%D8%AF-%D9%88%D8%B1%D8%B4-%D8%A7%D9%84%D9%82%D8%B6%D8%A7/ HTTP/2" 200 62561 "-" "Mozilla/5.0 (compatible; ImagesiftBot; +imagesift.com)"
74.80.208.56 - - [28/Sep/2024:14:31:44 +0200] "GET /wp-content/uploads/2022/12/7a6c23e2-a6db-452f-a93e-49e75ec6ed70-780x470.jpg HTTP/2" 200 59208 "-" "Mozilla/5.0 (compatible; ImagesiftBot; +imagesift.com)"
74.80.208.56 - - [28/Sep/2024:14:31:43 +0200] "GET /tag/%D9%88%D8%A7%D9%84%D8%B9%D8%B2%D8%A9/ HTTP/2" 200 24020 "-" "Mozilla/5.0 (compatible; ImagesiftBot; +imagesift.com)"
74.80.208.56 - - [28/Sep/2024:14:31:45 +0200] "GET /tag/%D9%8A%D8%AD%D8%AA%D8%AC%D9%88%D9%86/ HTTP/2" 200 25361 "-" "Mozilla/5.0 (compatible; ImagesiftBot; +imagesift.com)"
74.80.208.56 - - [28/Sep/2024:14:31:46 +0200] "GET /byrpm/m1648422.html HTTP/2" 404 22075 "-" "Mozilla/5.0 (compatible; ImagesiftBot; +imagesift.com)"
74.80.208.56 - - [28/Sep/2024:14:31:47 +0200] "GET /tag/%D8%AD%D8%B3%D8%AF%D9%88%D9%86%D8%A7/ HTTP/2" 200 23580 "-" "Mozilla/5.0 (compatible; ImagesiftBot; +imagesift.com)"
74.80.208.56 - - [28/Sep/2024:14:31:48 +0200] "GET /wp-json/wp/v2/posts/27591 HTTP/2" 200 4496 "-" "Mozilla/5.0 (compatible; ImagesiftBot; +imagesift.com)"
74.80.208.56 - - [28/Sep/2024:14:31:48 +0200] "GET /tag/%D8%A7%D9%84%D8%B7%D9%84%D8%A8/ HTTP/2" 200 25638 "-" "Mozilla/5.0 (compatible; ImagesiftBot; +imagesift.com)"
77.75.78.161 - - [28/Sep/2024:14:31:17 +0200] "GET /nlnbo/u1294570.html HTTP/1.1" 404 20327 "-" "Mozilla/5.0 (compatible; SeznamBot/4.0; +http://napoveda.seznam.cz/seznambot-intro/)"
77.75.78.161 - - [28/Sep/2024:14:31:19 +0200] "GET /eukyq/v1732489.html HTTP/1.1" 404 20331 "-" "Mozilla/5.0 (compatible; SeznamBot/4.0; +http://napoveda.seznam.cz/seznambot-intro/)"
77.75.78.161 - - [28/Sep/2024:14:31:20 +0200] "GET /bysop/c2153748.html HTTP/1.1" 404 20328 "-" "Mozilla/5.0 (compatible; SeznamBot/4.0; +http://napoveda.seznam.cz/seznambot-intro/)"
77.75.78.161 - - [28/Sep/2024:14:31:22 +0200] "GET /eeawq/l635253.html HTTP/1.1" 404 20320 "-" "Mozilla/5.0 (compatible; SeznamBot/4.0; +http://napoveda.seznam.cz/seznambot-intro/)"
77.75.78.161 - - [28/Sep/2024:14:31:24 +0200] "GET /exvee/n629899.html HTTP/1.1" 404 20326 "-" "Mozilla/5.0 (compatible; SeznamBot/4.0; +http://napoveda.seznam.cz/seznambot-intro/)"
77.75.78.161 - - [28/Sep/2024:14:31:26 +0200] "GET /sfmke/v504483.html HTTP/1.1" 404 20327 "-" "Mozilla/5.0 (compatible; SeznamBot/4.0; +http://napoveda.seznam.cz/seznambot-intro/)"
77.75.78.161 - - [28/Sep/2024:14:31:28 +0200] "GET /cvyvv/o2216524.html HTTP/1.1" 404 20323 "-" "Mozilla/5.0 (compatible; SeznamBot/4.0; +http://napoveda.seznam.cz/seznambot-intro/)"
77.75.78.161 - - [28/Sep/2024:14:31:30 +0200] "GET /svzhc/a895684.html HTTP/1.1" 404 20330 "-" "Mozilla/5.0 (compatible; SeznamBot/4.0; +http://napoveda.seznam.cz/seznambot-intro/)"
77.75.78.161 - - [28/Sep/2024:14:31:32 +0200] "GET /kvkgt/a1504604.html HTTP/1.1" 404 20323 "-" "Mozilla/5.0 (compatible; SeznamBot/4.0; +http://napoveda.seznam.cz/seznambot-intro/)"
77.75.78.161 - - [28/Sep/2024:14:31:34 +0200] "GET /hjylw/d2623075.html HTTP/1.1" 404 20323 "-" "Mozilla/5.0 (compatible; SeznamBot/4.0; +http://napoveda.seznam.cz/seznambot-intro/)"
135.181.9.38 - - [28/Sep/2024:14:31:35 +0200] "POST /wp-admin/admin-ajax.php?action=async_litespeed&nonce=zalDDC9QfOo3wyVRNvfibPEw5a6P69nd&litespeed_type=imgoptm HTTP/1.1" 200 21 "-" "WordPress/6.6.2; https://www.sudancam.net"
77.75.78.161 - - [28/Sep/2024:14:31:36 +0200] "GET /jdhsm/h2125673.html HTTP/1.1" 404 20329 "-" "Mozilla/5.0 (compatible; SeznamBot/4.0; +http://napoveda.seznam.cz/seznambot-intro/)"
77.75.78.161 - - [28/Sep/2024:14:31:38 +0200] "GET /mrdgd/o2682080.html HTTP/1.1" 404 20328 "-" "Mozilla/5.0 (compatible; SeznamBot/4.0; +http://napoveda.seznam.cz/seznambot-intro/)"
77.75.78.161 - - [28/Sep/2024:14:31:39 +0200] "GET /oaykn/g1942632.html HTTP/1.1" 404 20322 "-" "Mozilla/5.0 (compatible; SeznamBot/4.0; +http://napoveda.seznam.cz/seznambot-intro/)"
77.75.78.161 - - [28/Sep/2024:14:31:41 +0200] "GET /aadil/p3073953.html HTTP/1.1" 404 20321 "-" "Mozilla/5.0 (compatible; SeznamBot/4.0; +http://napoveda.seznam.cz/seznambot-intro/)"
135.181.9.38 - - [28/Sep/2024:14:31:44 +0200] "POST /wp-cron.php?doing_wp_cron=1727526704.3143661022186279296875 HTTP/1.1" 200 0 "-" "WordPress/6.6.2; https://www.sudancam.net"
77.75.78.161 - - [28/Sep/2024:14:31:43 +0200] "GET /kgidd/g2303278.html HTTP/1.1" 404 20328 "-" "Mozilla/5.0 (compatible; SeznamBot/4.0; +http://napoveda.seznam.cz/seznambot-intro/)"
77.75.78.161 - - [28/Sep/2024:14:31:46 +0200] "GET /hwffm/d1905553.html HTTP/1.1" 404 20329 "-" "Mozilla/5.0 (compatible; SeznamBot/4.0; +http://napoveda.seznam.cz/seznambot-intro/)"
77.75.78.161 - - [28/Sep/2024:14:31:48 +0200] "GET /zjowy/f2669669.html HTTP/1.1" 404 20324 "-" "Mozilla/5.0 (compatible; SeznamBot/4.0; +http://napoveda.seznam.cz/seznambot-intro/)"
77.75.78.161 - - [28/Sep/2024:14:31:50 +0200] "GET /eaejt/f611301.html HTTP/1.1" 404 20319 "-" "Mozilla/5.0 (compatible; SeznamBot/4.0; +http://napoveda.seznam.cz/seznambot-intro/)"
77.75.78.161 - - [28/Sep/2024:14:31:53 +0200] "GET /ftjqa/m2755242.html HTTP/1.1" 404 20329 "-" "Mozilla/5.0 (compatible; SeznamBot/4.0; +http://napoveda.seznam.cz/seznambot-intro/)"
77.75.78.161 - - [28/Sep/2024:14:31:56 +0200] "GET /rlvkl/c1181946.html HTTP/1.1" 404 20322 "-" "Mozilla/5.0 (compatible; SeznamBot/4.0; +http://napoveda.seznam.cz/seznambot-intro/)"
74.80.208.56 - - [28/Sep/2024:14:31:49 +0200] "GET /tag/%D8%A7%D9%84%D9%81%D9%8A%D8%AF%D9%8A%D9%88/page/3/ HTTP/2" 200 27634 "-" "Mozilla/5.0 (compatible; ImagesiftBot; +imagesift.com)"
74.80.208.56 - - [28/Sep/2024:14:31:51 +0200] "GET /%D9%85%D8%B9%D8%A7%D9%86%D8%A7%D8%A9-%D8%A7%D9%84%D8%B3%D9%88%D8%AF%D8%A7%D9%86%D9%8A%D9%8A%D9%86-%D9%81%D9%8A-%D8%AD%D9%84%D9%81%D8%A7-%D8%A7%D9%84%D9%85%D8%A7%D8%A1-%D9%88%D8%A7%D9%84%D8%BA%D8%B0/ HTTP/2" 200 45590 "-" "Mozilla/5.0 (compatible; ImagesiftBot; +imagesift.com)"
74.80.208.56 - - [28/Sep/2024:14:31:52 +0200] "GET /tag/%D8%AD%D8%AF%D8%AB/page/2/ HTTP/2" 200 27227 "-" "Mozilla/5.0 (compatible; ImagesiftBot; +imagesift.com)"
74.80.208.56 - - [28/Sep/2024:14:31:53 +0200] "GET /wp-content/uploads/2023/06/%D8%A8%D8%B5%D8%A7%D8%AA-%D8%AD%D9%84%D9%81%D8%A7.jpg.webp.webp HTTP/2" 200 20596 "-" "Mozilla/5.0 (compatible; ImagesiftBot; +imagesift.com)"
74.80.208.56 - - [28/Sep/2024:14:31:53 +0200] "GET /wp-json/wp/v2/posts/26451 HTTP/2" 200 6415 "-" "Mozilla/5.0 (compatible; ImagesiftBot; +imagesift.com)"
74.80.208.56 - - [28/Sep/2024:14:31:54 +0200] "GET /tag/%D9%88%D9%85%D8%B3%D8%AA%D9%82%D8%A8%D9%84/ HTTP/2" 200 36855 "-" "Mozilla/5.0 (compatible; ImagesiftBot; +imagesift.com)"
74.80.208.56 - - [28/Sep/2024:14:31:55 +0200] "GET /tag/%D8%AA%D9%88%D9%82%D8%B9%D8%A7%D8%AA/ HTTP/2" 200 26699 "-" "Mozilla/5.0 (compatible; ImagesiftBot; +imagesift.com)"
74.80.208.56 - - [28/Sep/2024:14:31:56 +0200] "GET /%D8%B5%D8%AD%D8%A9-%D8%A7%D9%84%D8%AE%D8%B1%D8%B7%D9%88%D9%85-%D8%AD%D9%85%D9%84%D8%A7%D8%AA-%D8%AA%D8%B7%D8%B9%D9%8A%D9%85-%D8%A8%D9%85%D9%8A%D8%A7%D8%AF%D9%8A%D9%86-%D8%A7%D8%AD%D8%AA%D9%81%D8%A7/ HTTP/2" 200 43914 "-" "Mozilla/5.0 (compatible; ImagesiftBot; +imagesift.com)"
74.80.208.56 - - [28/Sep/2024:14:31:57 +0200] "GET /wp-json/wp/v2/tags/17533 HTTP/2" 200 299 "-" "Mozilla/5.0 (compatible; ImagesiftBot; +imagesift.com)"
74.80.208.56 - - [28/Sep/2024:14:31:58 +0200] "GET /%D9%82%D8%B1%D8%A7%D8%B1%D8%A7%D8%AA-%D8%A5%D8%AC%D8%AA%D9%85%D8%A7%D8%B9-%D8%A7%D9%84%D9%84%D8%AC%D9%86%D8%A9-%D8%A7%D9%84%D9%85%D9%86%D8%B8%D9%85%D8%A9-%D9%84%D9%85%D8%A8%D8%A7%D8%B1%D8%A7%D8%A9/ HTTP/2" 200 44304 "-" "Mozilla/5.0 (compatible; ImagesiftBot; +imagesift.com)"
74.80.208.56 - - [28/Sep/2024:14:31:59 +0200] "GET /tag/%D9%88%D9%8A%D9%88%D8%A7%D8%AC%D9%87/ HTTP/2" 200 53848 "-" "Mozilla/5.0 (compatible; ImagesiftBot; +imagesift.com)"
74.80.208.56 - - [28/Sep/2024:14:32:00 +0200] "GET /wp-content/uploads/2022/05/%D9%87%D9%84%D8%A7%D9%84-%D8%A7%D9%84%D8%B3%D8%A7%D8%AD%D9%84-%D9%87%D9%84%D8%A7%D9%84-%D8%A8%D9%88%D8%B1%D8%AA%D8%B3%D9%88%D8%AF%D8%A7%D9%86.png HTTP/2" 200 728675 "-" "Mozilla/5.0 (compatible; ImagesiftBot; +imagesift.com)"
74.80.208.56 - - [28/Sep/2024:14:32:00 +0200] "GET /wp-json/wp/v2/posts/25311 HTTP/2" 200 3333 "-" "Mozilla/5.0 (compatible; ImagesiftBot; +imagesift.com)"
74.80.208.56 - - [28/Sep/2024:14:32:01 +0200] "GET /olgur/a1730596.html HTTP/2" 404 22077 "-" "Mozilla/5.0 (compatible; ImagesiftBot; +imagesift.com)"
74.80.208.56 - - [28/Sep/2024:14:32:02 +0200] "GET /wp-json/wp/v2/tags/18487 HTTP/2" 200 348 "-" "Mozilla/5.0 (compatible; ImagesiftBot; +imagesift.com)"
74.80.208.56 - - [28/Sep/2024:14:32:03 +0200] "GET /%D8%A7%D9%84%D8%A8%D8%B4%D9%8A%D8%B1-%D9%81%D9%8A-%D8%AD%D8%A7%D9%84%D8%A9-%D8%B5%D8%AD%D9%8A%D8%A9-%D8%AD%D8%B1%D8%AC%D8%A9/ HTTP/2" 200 42783 "-" "Mozilla/5.0 (compatible; ImagesiftBot; +imagesift.com)"
74.80.208.56 - - [28/Sep/2024:14:32:05 +0200] "GET /wp-json/wp/v2/posts/28116 HTTP/2" 200 5027 "-" "Mozilla/5.0 (compatible; ImagesiftBot; +imagesift.com)"
74.80.208.56 - - [28/Sep/2024:14:32:05 +0200] "GET /wp-content/uploads/2022/05/%D8%B9%D9%84%D9%8A-%D8%A7%D9%84%D8%A8%D8%B4%D9%8A%D8%B1-780x470.jpg HTTP/2" 200 43965 "-" "Mozilla/5.0 (compatible; ImagesiftBot; +imagesift.com)"
74.80.208.56 - - [28/Sep/2024:14:32:06 +0200] "GET /wp-content/uploads/2022/05/%D8%B9%D9%84%D9%8A-%D8%A7%D9%84%D8%A8%D8%B4%D9%8A%D8%B1.jpg HTTP/2" 200 36241 "-" "Mozilla/5.0 (compatible; ImagesiftBot; +imagesift.com)"
74.80.208.56 - - [28/Sep/2024:14:32:06 +0200] "GET /wp-json/wp/v2/posts/3792 HTTP/2" 200 1707 "-" "Mozilla/5.0 (compatible; ImagesiftBot; +imagesift.com)"
74.80.208.56 - - [28/Sep/2024:14:32:06 +0200] "GET /%D8%AA%D8%A3%D9%83%D9%8A%D8%AF-%D9%81%D8%AD%D8%B5-%D8%AD%D8%A7%D9%84%D8%A7%D8%AA-%D8%A7%D9%84%D8%A5%D8%B3%D9%87%D8%A7%D9%84-%D8%A7%D9%84%D9%85%D8%A7%D8%A6%D9%8A-%D8%A7%D9%84%D8%AD%D8%A7%D8%AF-%D8%A7/ HTTP/2" 200 33357 "-" "Mozilla/5.0 (compatible; ImagesiftBot; +imagesift.com)"
74.80.208.56 - - [28/Sep/2024:14:32:09 +0200] "GET /tag/%D8%A5%D9%86%D8%AA%D9%87%D9%89/feed/ HTTP/2" 200 5203 "-" "Mozilla/5.0 (compatible; ImagesiftBot; +imagesift.com)"
74.80.208.56 - - [28/Sep/2024:14:32:09 +0200] "GET /%D9%87%D8%A7%D8%AC%D8%B1-%D8%B3%D9%84%D9%8A%D9%85%D8%A7%D9%86-%D9%8A%D9%83%D8%AA%D8%A8-%D8%A5%D9%84%D9%89-%D9%88%D8%A7%D9%84%D9%8A-%D8%A7%D9%84%D8%AE%D8%B1%D8%B7%D9%88%D9%85-%D9%88%D9%85%D8%B9%D8%AA/ HTTP/2" 200 35350 "-" "Mozilla/5.0 (compatible; ImagesiftBot; +imagesift.com)"
74.80.208.56 - - [28/Sep/2024:14:32:11 +0200] "GET /tag/%D9%8A%D8%AF%D9%88%D9%8A/ HTTP/2" 200 35213 "-" "Mozilla/5.0 (compatible; ImagesiftBot; +imagesift.com)"
74.80.208.56 - - [28/Sep/2024:14:32:12 +0200] "GET /%D8%A5%D9%86%D8%AA%D9%87%D8%A7%D9%83%D8%A7%D8%AA-%D8%A7%D9%84%D9%85%D9%84%D9%8A%D8%B4%D9%8A%D8%A7-%D8%AA%D8%AC%D9%86%D9%8A%D8%AF-%D8%A7%D9%84%D8%A3%D8%B7%D9%81%D8%A7%D9%84-%D9%88%D8%A7%D8%B3%D8%AA/ HTTP/2" 200 32471 "-" "Mozilla/5.0 (compatible; ImagesiftBot; +imagesift.com)"
74.80.208.56 - - [28/Sep/2024:14:32:14 +0200] "GET /%D8%A8%D8%A7%D9%84%D8%AE%D8%B7%D9%88%D8%A7%D8%AA-%D8%AA%D8%B9%D8%B1%D9%81-%D8%B9%D9%84%D9%89-%D9%83%D9%8A%D9%81%D9%8A%D8%A9-%D8%A7%D9%84%D8%AD%D9%81%D8%A7%D8%B8-%D8%B9%D9%84%D9%89-%D8%AD%D8%B3%D8%A7/ HTTP/2" 200 47809 "-" "Mozilla/5.0 (compatible; ImagesiftBot; +imagesift.com)"
74.80.208.56 - - [28/Sep/2024:14:32:15 +0200] "GET /%D8%B3%D8%B9%D8%B1-%D8%A7%D9%84%D8%AF%D8%B1%D9%87%D9%85-%D8%A7%D9%84%D8%A7%D9%85%D8%A7%D8%B1%D8%A7%D8%AA%D9%8A-%D9%81%D9%8A-%D8%A7%D9%84%D8%A8%D9%86%D9%88%D9%83-%D9%84%D9%8A%D9%88%D9%85-%D8%A7-113/ HTTP/2" 200 31284 "-" "Mozilla/5.0 (compatible; ImagesiftBot; +imagesift.com)"
74.80.208.56 - - [28/Sep/2024:14:32:17 +0200] "GET /%D8%A8%D8%A7%D9%84%D8%B5%D9%88%D8%B1-%D8%A7%D9%84%D8%B2%D9%88%D9%85%D8%A9-%D8%AA%D9%82%D8%AF%D9%85-%D8%AF%D8%B9%D9%85%D8%A7%D9%8B-%D9%85%D8%A7%D9%84%D9%8A%D8%A7%D9%8B-%D9%88%D8%B9%D9%8A%D9%86%D9%8A/ HTTP/2" 200 33303 "-" "Mozilla/5.0 (compatible; ImagesiftBot; +imagesift.com)"
74.80.208.56 - - [28/Sep/2024:14:32:18 +0200] "GET /%D8%AD%D8%A7%D9%83%D9%85-%D8%A7%D9%84%D9%86%D9%8A%D9%84-%D8%A7%D9%84%D8%A7%D8%B2%D8%B1%D9%82-%D9%8A%D8%A4%D9%83%D8%AF-%D8%AD%D8%B1%D8%B5-%D8%AD%D9%83%D9%88%D9%85%D8%AA%D9%87-%D8%B9%D9%84%D9%89-%D8%AF/ HTTP/2" 200 33040 "-" "Mozilla/5.0 (compatible; ImagesiftBot; +imagesift.com)"
74.80.208.56 - - [28/Sep/2024:14:32:19 +0200] "GET /tag/%D8%A7%D9%84%D8%B3%D9%88%D8%AF%D8%A7%D9%86%D9%8A%D8%A9/page/2/ HTTP/2" 200 54341 "-" "Mozilla/5.0 (compatible; ImagesiftBot; +imagesift.com)"
74.80.208.56 - - [28/Sep/2024:14:32:20 +0200] "GET /bjubx/u161750.html HTTP/2" 404 22080 "-" "Mozilla/5.0 (compatible; ImagesiftBot; +imagesift.com)"
74.80.208.56 - - [28/Sep/2024:14:32:22 +0200] "GET /tag/%D8%A8%D8%AA%D8%AF%D9%88%D9%8A%D9%86%D8%A9/feed/ HTTP/2" 200 3658 "-" "Mozilla/5.0 (compatible; ImagesiftBot; +imagesift.com)"
74.80.208.56 - - [28/Sep/2024:14:32:23 +0200] "GET /wp-json/wp/v2/tags/5209 HTTP/2" 200 308 "-" "Mozilla/5.0 (compatible; ImagesiftBot; +imagesift.com)"
74.80.208.56 - - [28/Sep/2024:14:32:24 +0200] "GET /%D9%85%D8%AD%D9%85%D8%AF-%D8%AD%D8%A7%D9%85%D8%AF-%D8%AC%D9%85%D8%B9%D8%A9-%D8%A7%D9%84%D8%A7%D9%86%D8%A7%D9%86%D9%8A%D8%A9-%D8%A7%D9%84%D9%86%D9%8A%D9%84%D9%8A%D9%86/ HTTP/2" 200 33648 "-" "Mozilla/5.0 (compatible; ImagesiftBot; +imagesift.com)"
74.80.208.56 - - [28/Sep/2024:14:32:26 +0200] "GET /tag/%D8%B9%D8%B1%D8%A8%D9%8A%D8%A7/ HTTP/2" 200 49358 "-" "Mozilla/5.0 (compatible; ImagesiftBot; +imagesift.com)"
77.75.78.161 - - [28/Sep/2024:14:31:58 +0200] "GET /vjtbz/n2549427.html HTTP/1.1" 404 20324 "-" "Mozilla/5.0 (compatible; SeznamBot/4.0; +http://napoveda.seznam.cz/seznambot-intro/)"
77.75.78.161 - - [28/Sep/2024:14:32:00 +0200] "GET /fdslo/u2856338.html HTTP/1.1" 404 20322 "-" "Mozilla/5.0 (compatible; SeznamBot/4.0; +http://napoveda.seznam.cz/seznambot-intro/)"
77.75.78.161 - - [28/Sep/2024:14:32:02 +0200] "GET /dsmuu/w1738002.html HTTP/1.1" 404 20330 "-" "Mozilla/5.0 (compatible; SeznamBot/4.0; +http://napoveda.seznam.cz/seznambot-intro/)"
77.75.78.161 - - [28/Sep/2024:14:32:04 +0200] "GET /ggczh/e528282.html HTTP/1.1" 404 20327 "-" "Mozilla/5.0 (compatible; SeznamBot/4.0; +http://napoveda.seznam.cz/seznambot-intro/)"
77.75.78.161 - - [28/Sep/2024:14:32:06 +0200] "GET /yeluc/i2536370.html HTTP/1.1" 404 20321 "-" "Mozilla/5.0 (compatible; SeznamBot/4.0; +http://napoveda.seznam.cz/seznambot-intro/)"
77.75.78.161 - - [28/Sep/2024:14:32:09 +0200] "GET /zjsza/h2720241.html HTTP/1.1" 404 20322 "-" "Mozilla/5.0 (compatible; SeznamBot/4.0; +http://napoveda.seznam.cz/seznambot-intro/)"
77.75.78.161 - - [28/Sep/2024:14:32:12 +0200] "GET /qpmpf/d1114867.html HTTP/1.1" 404 20322 "-" "Mozilla/5.0 (compatible; SeznamBot/4.0; +http://napoveda.seznam.cz/seznambot-intro/)"
85.208.96.199 - - [28/Sep/2024:14:32:14 +0200] "GET /robots.txt HTTP/1.1" 200 182 "-" "Mozilla/5.0 (compatible; SemrushBot/7~bl; +http://www.semrush.com/bot.html)"
77.75.78.161 - - [28/Sep/2024:14:32:14 +0200] "GET /vqcrc/q2406378.html HTTP/1.1" 404 20330 "-" "Mozilla/5.0 (compatible; SeznamBot/4.0; +http://napoveda.seznam.cz/seznambot-intro/)"
77.75.78.161 - - [28/Sep/2024:14:32:17 +0200] "GET /wikgm/v722155.html HTTP/1.1" 404 20321 "-" "Mozilla/5.0 (compatible; SeznamBot/4.0; +http://napoveda.seznam.cz/seznambot-intro/)"
77.75.78.161 - - [28/Sep/2024:14:32:20 +0200] "GET /mjsjo/v2586199.html HTTP/1.1" 404 20323 "-" "Mozilla/5.0 (compatible; SeznamBot/4.0; +http://napoveda.seznam.cz/seznambot-intro/)"
77.75.78.161 - - [28/Sep/2024:14:32:22 +0200] "GET /zdyeq/x1124143.html HTTP/1.1" 404 20323 "-" "Mozilla/5.0 (compatible; SeznamBot/4.0; +http://napoveda.seznam.cz/seznambot-intro/)"
77.75.78.161 - - [28/Sep/2024:14:32:24 +0200] "GET /kjqfr/a1007848.html HTTP/1.1" 404 20324 "-" "Mozilla/5.0 (compatible; SeznamBot/4.0; +http://napoveda.seznam.cz/seznambot-intro/)"
77.75.78.161 - - [28/Sep/2024:14:32:28 +0200] "GET /bpemv/u1092030.html HTTP/1.1" 404 20322 "-" "Mozilla/5.0 (compatible; SeznamBot/4.0; +http://napoveda.seznam.cz/seznambot-intro/)"
74.80.208.56 - - [28/Sep/2024:14:32:30 +0200] "GET /%D8%A7%D9%84%D8%B1%D9%8A%D8%A7%D8%B6-%D9%88%D8%A3%D9%86%D9%82%D8%B1%D8%A9-%D8%AA%D9%88%D9%82%D8%B9%D8%A7%D9%86-%D8%A7%D8%AA%D9%81%D8%A7%D9%82%D9%8A%D8%A7%D8%AA-%D9%81%D9%8A-%D8%B9%D8%AF%D8%A9-%D9%85/feed/ HTTP/2" 200 0 "-" "Mozilla/5.0 (compatible; ImagesiftBot; +imagesift.com)"
74.80.208.56 - - [28/Sep/2024:14:32:30 +0200] "GET /tag/%D8%A7%D9%84%D9%85%D8%AA%D9%88%D9%81%D8%A7%D8%A9/feed/ HTTP/2" 200 2571 "-" "Mozilla/5.0 (compatible; ImagesiftBot; +imagesift.com)"
74.80.208.56 - - [28/Sep/2024:14:32:31 +0200] "GET /tag/%D9%85%D8%AC%D8%AF%D8%AF%D8%A7/ HTTP/2" 200 27357 "-" "Mozilla/5.0 (compatible; ImagesiftBot; +imagesift.com)"
77.75.78.161 - - [28/Sep/2024:14:32:32 +0200] "GET /nezkz/i2853882.html HTTP/1.1" 404 20324 "-" "Mozilla/5.0 (compatible; SeznamBot/4.0; +http://napoveda.seznam.cz/seznambot-intro/)"
74.80.208.56 - - [28/Sep/2024:14:32:33 +0200] "GET /tag/%D8%A7%D9%84%D9%85%D8%AD%D9%84%D9%8A%D8%A9/ HTTP/2" 200 39038 "-" "Mozilla/5.0 (compatible; ImagesiftBot; +imagesift.com)"
74.80.208.56 - - [28/Sep/2024:14:32:34 +0200] "GET /wp-json/wp/v2/tags/11179 HTTP/2" 200 317 "-" "Mozilla/5.0 (compatible; ImagesiftBot; +imagesift.com)"
74.80.208.56 - - [28/Sep/2024:14:32:35 +0200] "GET /tag/%D9%88%D8%AC%D8%B1%D8%A7%D8%A6%D9%87%D8%A7/ HTTP/2" 200 23610 "-" "Mozilla/5.0 (compatible; ImagesiftBot; +imagesift.com)"
77.75.78.161 - - [28/Sep/2024:14:32:35 +0200] "GET /gespm/u1782382.html HTTP/1.1" 404 20322 "-" "Mozilla/5.0 (compatible; SeznamBot/4.0; +http://napoveda.seznam.cz/seznambot-intro/)"
65.108.128.54 - - [28/Sep/2024:14:32:37 +0200] "GET /%D8%A3%D8%A8%D8%B1%D8%B2-%D8%B9%D9%86%D8%A7%D9%88%D9%8A%D9%86-%D8%A7%D9%84%D8%B5%D8%AD%D9%81-%D8%A7%D9%84%D8%B3%D9%88%D8%AF%D8%A7%D9%86%D9%8A%D8%A9-%D8%A7%D9%84%D8%B3%D9%8A%D8%A7%D8%B3%D9%8A%D8%A9-10/?amp=1 HTTP/1.1" 403 0 "-" "Mozilla/5.0 (compatible; MJ12bot/v1.4.8; http://mj12bot.com/)"
74.80.208.56 - - [28/Sep/2024:14:32:37 +0200] "GET /%D8%AA%D9%81%D8%A7%D8%B5%D9%8A%D9%84-%D9%82%D8%B5%D8%B1-%D8%AE%D9%8A%D8%A7%D9%84%D9%8A-%D9%8A%D9%86%D8%AA%D8%B8%D8%B1-%D9%83%D8%B1%D9%8A%D8%B3%D8%AA%D9%8A%D8%A7%D9%86%D9%88-%D8%B1%D9%88%D9%86%D8%A7/ HTTP/2" 200 26885 "-" "Mozilla/5.0 (compatible; ImagesiftBot; +imagesift.com)"
74.80.208.56 - - [28/Sep/2024:14:32:38 +0200] "GET /wp-json/wp/v2/tags/28024 HTTP/2" 200 324 "-" "Mozilla/5.0 (compatible; ImagesiftBot; +imagesift.com)"
74.80.208.56 - - [28/Sep/2024:14:32:39 +0200] "GET /%D8%B4%D8%A7%D9%87%D8%AF-%D9%81%D9%8A%D8%AF%D9%8A%D9%88-%D9%8A%D9%88%D8%B6%D8%AD-%D8%A8%D8%AF%D8%A7%D9%8A%D8%A9-%D8%A7%D9%84%D8%AE%D9%84%D8%A7%D9%81%D8%A7%D8%AA-%D8%A8%D9%8A%D9%86-%D8%B4%D9%85%D8%B3/feed/ HTTP/2" 200 790 "-" "Mozilla/5.0 (compatible; ImagesiftBot; +imagesift.com)"
74.80.208.56 - - [28/Sep/2024:14:32:41 +0200] "GET /wp-json/wp/v2/tags/15082 HTTP/2" 200 317 "-" "Mozilla/5.0 (compatible; ImagesiftBot; +imagesift.com)"
77.75.78.161 - - [28/Sep/2024:14:32:40 +0200] "GET /vvxyk/j3045451.html HTTP/1.1" 404 20331 "-" "Mozilla/5.0 (compatible; SeznamBot/4.0; +http://napoveda.seznam.cz/seznambot-intro/)"
65.108.128.54 - - [28/Sep/2024:14:32:41 +0200] "GET /%D8%A3%D8%A8%D8%B1%D8%B2-%D8%B9%D9%86%D8%A7%D9%88%D9%8A%D9%86-%D8%A7%D9%84%D8%B5%D8%AD%D9%81-%D8%A7%D9%84%D8%B3%D9%88%D8%AF%D8%A7%D9%86%D9%8A%D8%A9-%D8%A7%D9%84%D8%B3%D9%8A%D8%A7%D8%B3%D9%8A%D8%A9-4/?amp=1 HTTP/1.1" 403 0 "-" "Mozilla/5.0 (compatible; MJ12bot/v1.4.8; http://mj12bot.com/)"
74.80.208.56 - - [28/Sep/2024:14:32:41 +0200] "GET /tag/%D8%A8%D8%A3%D9%88%D8%B1%D9%88%D8%A8%D8%A7/ HTTP/2" 200 24201 "-" "Mozilla/5.0 (compatible; ImagesiftBot; +imagesift.com)"
135.181.9.38 - - [28/Sep/2024:14:32:43 +0200] "POST /wp-cron.php?doing_wp_cron=1727526763.5723690986633300781250 HTTP/1.1" 200 0 "-" "WordPress/6.6.2; https://www.sudancam.net"
74.80.208.56 - - [28/Sep/2024:14:32:43 +0200] "GET /tag/%D9%84%D9%82%D9%8A%D8%A7%D8%AF%D9%8A/ HTTP/2" 200 23546 "-" "Mozilla/5.0 (compatible; ImagesiftBot; +imagesift.com)"
74.80.208.56 - - [28/Sep/2024:14:32:44 +0200] "GET /wp-json/wp/v2/tags/9788 HTTP/2" 200 301 "-" "Mozilla/5.0 (compatible; ImagesiftBot; +imagesift.com)"
77.75.78.161 - - [28/Sep/2024:14:32:44 +0200] "GET /qxwiw/m2398782.html HTTP/1.1" 404 20324 "-" "Mozilla/5.0 (compatible; SeznamBot/4.0; +http://napoveda.seznam.cz/seznambot-intro/)"
74.80.208.56 - - [28/Sep/2024:14:32:45 +0200] "GET /tag/%D8%A7%D9%84%D9%83%D9%84%D9%85%D8%A9/ HTTP/2" 200 24249 "-" "Mozilla/5.0 (compatible; ImagesiftBot; +imagesift.com)"
74.80.208.56 - - [28/Sep/2024:14:32:46 +0200] "GET /%D8%B9%D9%85%D9%84%D9%8A%D8%A9-%D8%A7%D9%84%D8%AD%D8%AF%D9%88%D8%AF-%D8%A7%D9%84%D8%A7%D8%AD%D8%AA%D9%84%D8%A7%D9%84-%D8%AD%D8%B1%D9%8A%D8%B5-%D8%B9%D9%84%D9%89-%D8%A7%D9%84%D8%B9%D9%84%D8%A7%D9%82/ HTTP/2" 200 58698 "-" "Mozilla/5.0 (compatible; ImagesiftBot; +imagesift.com)"
77.75.78.161 - - [28/Sep/2024:14:32:47 +0200] "GET /skjkd/e1871988.html HTTP/1.1" 404 20323 "-" "Mozilla/5.0 (compatible; SeznamBot/4.0; +http://napoveda.seznam.cz/seznambot-intro/)"
74.80.208.56 - - [28/Sep/2024:14:32:47 +0200] "GET /%D8%A7%D9%84%D9%83%D8%A7%D9%81-%D9%8A%D8%B9%D9%8A%D9%86-%D8%A7%D9%84%D8%AC%D9%86%D8%B1%D8%A7%D9%84-%D9%88%D9%85%D9%87%D9%8A%D8%A7%D8%B1-%D9%85%D9%86%D8%B3%D9%82%D9%8A%D9%86-%D8%A3%D9%85%D9%86%D9%8A/ HTTP/2" 200 45298 "-" "Mozilla/5.0 (compatible; ImagesiftBot; +imagesift.com)"
74.80.208.56 - - [28/Sep/2024:14:32:48 +0200] "GET /tag/%D9%88%D9%85%D8%A7%D9%88%D8%B1%D8%AF/ HTTP/2" 200 33842 "-" "Mozilla/5.0 (compatible; ImagesiftBot; +imagesift.com)"
74.80.208.56 - - [28/Sep/2024:14:32:49 +0200] "GET /wp-content/uploads/2022/05/%D8%B4%D8%B9%D8%A7%D8%B1-%D8%A7%D9%84%D9%83%D8%A7%D9%81-780x470.jpg HTTP/2" 200 49507 "-" "Mozilla/5.0 (compatible; ImagesiftBot; +imagesift.com)"
74.80.208.56 - - [28/Sep/2024:14:32:50 +0200] "GET /wp-content/uploads/2022/05/%D8%B4%D8%B9%D8%A7%D8%B1-%D8%A7%D9%84%D9%83%D8%A7%D9%81.jpg HTTP/2" 200 86950 "-" "Mozilla/5.0 (compatible; ImagesiftBot; +imagesift.com)"
77.75.78.161 - - [28/Sep/2024:14:32:49 +0200] "GET /wskyv/b836301.html HTTP/1.1" 404 20328 "-" "Mozilla/5.0 (compatible; SeznamBot/4.0; +http://napoveda.seznam.cz/seznambot-intro/)"
74.80.208.56 - - [28/Sep/2024:14:32:50 +0200] "GET /%D9%85%D8%A7-%D8%AA%D8%A3%D8%AB%D9%8A%D8%B1-%D8%AA%D9%86%D8%A7%D9%88%D9%84-%D9%86%D8%B5%D9%81-%D9%85%D9%84%D8%B9%D9%82%D8%A9-%D9%85%D9%86-%D8%B2%D9%8A%D8%AA-%D8%A7%D9%84%D8%B2%D9%8A%D8%AA%D9%88%D9%86/ HTTP/2" 200 0 "-" "Mozilla/5.0 (compatible; ImagesiftBot; +imagesift.com)"
74.80.208.56 - - [28/Sep/2024:14:32:51 +0200] "GET /tag/%D8%A7%D9%84%D8%A8%D8%AD%D8%B1/ HTTP/2" 200 26613 "-" "Mozilla/5.0 (compatible; ImagesiftBot; +imagesift.com)"
65.108.128.54 - - [28/Sep/2024:14:32:52 +0200] "GET /%D8%A3%D8%B7%D8%A8%D8%A7%D8%A1-%D8%A7%D9%84%D8%B3%D9%88%D8%AF%D8%A7%D9%86-%D8%AA%D8%AD%D8%B0%D9%91%D8%B1-%D9%85%D9%86-%D8%B3%D9%84%D8%A7%D8%AD-%D8%AE%D8%B7%D9%8A%D8%B1-%D8%AA%D8%B3%D8%AA%D8%AE%D8%AF/?amp=1 HTTP/1.1" 403 0 "-" "Mozilla/5.0 (compatible; MJ12bot/v1.4.8; http://mj12bot.com/)"
74.80.208.56 - - [28/Sep/2024:14:32:52 +0200] "GET /tag/%D8%B9%D9%86%D9%87/ HTTP/2" 200 20642 "-" "Mozilla/5.0 (compatible; ImagesiftBot; +imagesift.com)"
74.80.208.56 - - [28/Sep/2024:14:32:54 +0200] "GET /%D8%B4%D8%A7%D9%87%D8%AF-%D8%A8%D8%A7%D9%84%D8%B5%D9%88%D8%B1%D8%A9-%D9%88%D8%A7%D9%84%D9%81%D9%8A%D8%AF%D9%8A%D9%88-%D8%A7%D9%84%D9%81%D9%86%D8%A7%D9%86-%D8%A7%D9%84%D8%B0%D9%8A-%D8%AA%D8%BA%D9%86/ HTTP/2" 200 0 "-" "Mozilla/5.0 (compatible; ImagesiftBot; +imagesift.com)"
77.75.78.161 - - [28/Sep/2024:14:32:54 +0200] "GET /fwnhs/k1283978.html HTTP/1.1" 404 20329 "-" "Mozilla/5.0 (compatible; SeznamBot/4.0; +http://napoveda.seznam.cz/seznambot-intro/)"
74.80.208.56 - - [28/Sep/2024:14:32:55 +0200] "GET /tag/%D9%8A%D9%86%D9%82%D8%B3%D9%85/ HTTP/2" 200 34315 "-" "Mozilla/5.0 (compatible; ImagesiftBot; +imagesift.com)"
65.108.128.54 - - [28/Sep/2024:14:32:56 +0200] "GET /%D8%A3%D8%B7%D8%A8%D8%A7%D8%A1-%D8%A7%D9%84%D8%B3%D9%88%D8%AF%D8%A7%D9%86-%D9%82%D9%88%D8%A7%D8%AA-%D8%A7%D9%84%D8%A3%D9%85%D9%86-%D8%AA%D8%B7%D9%84%D9%82-%D9%82%D9%86%D8%A7%D8%A8%D9%84-%D8%A7%D9%84/?amp=1 HTTP/1.1" 403 0 "-" "Mozilla/5.0 (compatible; MJ12bot/v1.4.8; http://mj12bot.com/)"
