65.108.128.54 - - [28/Sep/2024:14:37:39 +0200] "GET /tag/%D8%A7%D9%84%D9%85%D9%86%D8%AA%D8%AE%D8%A8/ HTTP/1.1" 403 0 "-" "Mozilla/5.0 (compatible; MJ12bot/v1.4.8; http://mj12bot.com/)"
74.80.208.56 - - [28/Sep/2024:14:37:39 +0200] "GET /aarzd/p1800135.html HTTP/2" 404 22076 "-" "Mozilla/5.0 (compatible; ImagesiftBot; +imagesift.com)"
74.80.208.56 - - [28/Sep/2024:14:37:40 +0200] "GET /%D9%85%D8%B0%D9%8A%D8%B9-bbc-%D8%A7%D9%84%D8%B3%D9%88%D8%AF%D8%A7%D9%86%D9%8A-%D8%A7%D9%84%D8%B4%D9%87%D9%8A%D8%B1-%D8%A3%D9%8A%D9%88%D8%A8-%D8%B5%D8%AF%D9%8A%D9%82-%D8%A5%D9%84%D9%89-%D8%A7%D9%84/ HTTP/2" 200 51033 "-" "Mozilla/5.0 (compatible; ImagesiftBot; +imagesift.com)"
74.80.208.56 - - [28/Sep/2024:14:37:42 +0200] "GET /%D8%B4%D8%A7%D9%87%D8%AF-%D8%A8%D8%A7%D9%84%D9%81%D9%8A%D8%AF%D9%8A%D9%88-%D8%A8%D8%A7%D9%84%D8%A3%D8%AF%D9%84%D8%A9-%D9%88%D8%A7%D9%84%D8%A8%D8%B1%D8%A7%D9%87%D9%8A%D9%86-%D9%85%D9%88%D8%A7%D8%B7/ HTTP/2" 200 47388 "-" "Mozilla/5.0 (compatible; ImagesiftBot; +imagesift.com)"
74.80.208.56 - - [28/Sep/2024:14:37:44 +0200] "GET /wp-content/uploads/2023/04/download-8.jpg HTTP/2" 200 5547 "-" "Mozilla/5.0 (compatible; ImagesiftBot; +imagesift.com)"
74.80.208.56 - - [28/Sep/2024:14:37:43 +0200] "GET /%D8%AE%D8%B2%D8%A7%D9%86%D8%A7%D8%AA-%D8%AA%D8%A7%D9%86%D8%A7-%D8%AA%D9%82%D8%AF%D9%85-%D9%85%D8%B3%D8%A7%D8%B9%D8%AF%D8%A7%D8%AA-%D8%A5%D9%86%D8%B3%D8%A7%D9%86%D9%8A%D8%A9-%D9%84%D9%85%D8%AA%D8%B6/ HTTP/2" 200 47027 "-" "Mozilla/5.0 (compatible; ImagesiftBot; +imagesift.com)"
74.80.208.56 - - [28/Sep/2024:14:37:45 +0200] "GET /%D9%83%D8%AA%D9%84%D8%A9-%D8%B4%D8%B1%D9%82-%D8%A7%D9%84%D8%B3%D9%88%D8%AF%D8%A7%D9%86-%D8%AA%D8%B9%D9%84%D9%86-%D8%A7%D9%84%D8%A7%D8%AA%D8%AC%D8%A7%D9%87-%D9%84%D8%AA%D8%B4%D9%83%D9%8A%D9%84-%D8%AD/ HTTP/2" 200 61392 "-" "Mozilla/5.0 (compatible; ImagesiftBot; +imagesift.com)"
74.80.208.56 - - [28/Sep/2024:14:37:46 +0200] "GET /%D8%A8%D8%A7%D8%AF%D9%8A-%D9%8A%D9%82%D9%81-%D8%B9%D9%84%D9%89-%D9%85%D8%B4%D8%A7%D8%B1%D9%83%D8%A9-%D8%A7%D9%84%D9%82%D9%8A%D8%A7%D8%AF%D8%A7%D8%AA-%D8%A7%D9%84%D8%A3%D9%87%D9%84%D9%8A%D8%A9-%D9%81/ HTTP/2" 200 32588 "-" "Mozilla/5.0 (compatible; ImagesiftBot; +imagesift.com)"
74.80.208.56 - - [28/Sep/2024:14:37:47 +0200] "GET /yecxa/j437703.html HTTP/2" 404 22082 "-" "Mozilla/5.0 (compatible; ImagesiftBot; +imagesift.com)"
74.80.208.56 - - [28/Sep/2024:14:37:48 +0200] "GET /tag/%D9%81%D9%84%D8%A7%D9%85%D9%86%D8%AC%D9%88/ HTTP/2" 200 23873 "-" "Mozilla/5.0 (compatible; ImagesiftBot; +imagesift.com)"
157.55.39.58 - - [28/Sep/2024:14:37:05 +0200] "GET /wjoby/g263864.html HTTP/2" 200 42216 "-" "Mozilla/5.0 AppleWebKit/537.36 (KHTML, like Gecko; compatible; bingbot/2.0; +http://www.bing.com/bingbot.htm) Chrome/116.0.1938.76 Safari/537.36"
65.108.128.54 - - [28/Sep/2024:14:37:11 +0200] "GET /tag/%D8%A7%D9%84%D9%85%D8%B2%D8%B9%D9%88%D9%85%D8%A9/ HTTP/1.1" 403 0 "-" "Mozilla/5.0 (compatible; MJ12bot/v1.4.8; http://mj12bot.com/)"
65.108.128.54 - - [28/Sep/2024:14:37:19 +0200] "GET /tag/%D8%A7%D9%84%D9%85%D9%82%D8%B1/ HTTP/1.1" 403 0 "-" "Mozilla/5.0 (compatible; MJ12bot/v1.4.8; http://mj12bot.com/)"
77.75.78.161 - - [28/Sep/2024:14:37:19 +0200] "GET /dmeds/j1748727.html HTTP/1.1" 404 20328 "-" "Mozilla/5.0 (compatible; SeznamBot/4.0; +http://napoveda.seznam.cz/seznambot-intro/)"
65.108.128.54 - - [28/Sep/2024:14:37:22 +0200] "GET /tag/%D8%A7%D9%84%D9%85%D9%83%D8%B1%D9%85%D8%A9/ HTTP/1.1" 403 0 "-" "Mozilla/5.0 (compatible; MJ12bot/v1.4.8; http://mj12bot.com/)"
77.75.78.161 - - [28/Sep/2024:14:37:22 +0200] "GET /vcjtt/r1970541.html HTTP/1.1" 404 20328 "-" "Mozilla/5.0 (compatible; SeznamBot/4.0; +http://napoveda.seznam.cz/seznambot-intro/)"
77.75.78.161 - - [28/Sep/2024:14:37:24 +0200] "GET /ljrte/o1670394.html HTTP/1.1" 404 20327 "-" "Mozilla/5.0 (compatible; SeznamBot/4.0; +http://napoveda.seznam.cz/seznambot-intro/)"
77.75.78.161 - - [28/Sep/2024:14:37:26 +0200] "GET /tbpbo/y2223008.html HTTP/1.1" 404 20328 "-" "Mozilla/5.0 (compatible; SeznamBot/4.0; +http://napoveda.seznam.cz/seznambot-intro/)"
77.75.78.161 - - [28/Sep/2024:14:37:28 +0200] "GET /ttglo/i610342.html HTTP/1.1" 404 20326 "-" "Mozilla/5.0 (compatible; SeznamBot/4.0; +http://napoveda.seznam.cz/seznambot-intro/)"
65.108.128.54 - - [28/Sep/2024:14:37:29 +0200] "GET /tag/%D8%A7%D9%84%D9%85%D9%84%D9%83/ HTTP/1.1" 403 0 "-" "Mozilla/5.0 (compatible; MJ12bot/v1.4.8; http://mj12bot.com/)"
52.167.144.180 - - [28/Sep/2024:14:37:30 +0200] "GET /gipkf/r185433.html HTTP/2" 200 41021 "-" "Mozilla/5.0 AppleWebKit/537.36 (KHTML, like Gecko; compatible; bingbot/2.0; +http://www.bing.com/bingbot.htm) Chrome/116.0.1938.76 Safari/537.36"
77.75.78.161 - - [28/Sep/2024:14:37:30 +0200] "GET /aoffy/j1601853.html HTTP/1.1" 404 20329 "-" "Mozilla/5.0 (compatible; SeznamBot/4.0; +http://napoveda.seznam.cz/seznambot-intro/)"
77.75.78.161 - - [28/Sep/2024:14:37:34 +0200] "GET /shqyr/v1676901.html HTTP/1.1" 404 20329 "-" "Mozilla/5.0 (compatible; SeznamBot/4.0; +http://napoveda.seznam.cz/seznambot-intro/)"
77.75.78.161 - - [28/Sep/2024:14:37:37 +0200] "GET /sajql/o2685304.html HTTP/1.1" 404 20323 "-" "Mozilla/5.0 (compatible; SeznamBot/4.0; +http://napoveda.seznam.cz/seznambot-intro/)"
77.75.78.161 - - [28/Sep/2024:14:37:39 +0200] "GET /dvesh/p1934373.html HTTP/1.1" 404 20328 "-" "Mozilla/5.0 (compatible; SeznamBot/4.0; +http://napoveda.seznam.cz/seznambot-intro/)"
77.75.78.161 - - [28/Sep/2024:14:37:41 +0200] "GET /tbzku/s2098358.html HTTP/1.1" 404 20323 "-" "Mozilla/5.0 (compatible; SeznamBot/4.0; +http://napoveda.seznam.cz/seznambot-intro/)"
135.181.9.38 - - [28/Sep/2024:14:37:44 +0200] "POST /wp-cron.php?doing_wp_cron=1727527064.3893420696258544921875 HTTP/1.1" 200 0 "-" "WordPress/6.6.2; https://www.sudancam.net"
77.75.78.161 - - [28/Sep/2024:14:37:44 +0200] "GET /qbizf/o1673176.html HTTP/1.1" 404 20323 "-" "Mozilla/5.0 (compatible; SeznamBot/4.0; +http://napoveda.seznam.cz/seznambot-intro/)"
77.75.78.161 - - [28/Sep/2024:14:37:47 +0200] "GET /kljfh/o1509324.html HTTP/1.1" 404 20323 "-" "Mozilla/5.0 (compatible; SeznamBot/4.0; +http://napoveda.seznam.cz/seznambot-intro/)"
77.75.78.161 - - [28/Sep/2024:14:37:50 +0200] "GET /vcqen/f1463165.html HTTP/1.1" 404 20323 "-" "Mozilla/5.0 (compatible; SeznamBot/4.0; +http://napoveda.seznam.cz/seznambot-intro/)"
77.75.78.161 - - [28/Sep/2024:14:37:52 +0200] "GET /gbsmr/k865248.html HTTP/1.1" 404 20321 "-" "Mozilla/5.0 (compatible; SeznamBot/4.0; +http://napoveda.seznam.cz/seznambot-intro/)"
77.75.78.161 - - [28/Sep/2024:14:37:04 +0200] "GET /ragpl/l2073651.html HTTP/1.1" 404 20321 "-" "Mozilla/5.0 (compatible; SeznamBot/4.0; +http://napoveda.seznam.cz/seznambot-intro/)"
65.108.128.54 - - [28/Sep/2024:14:37:09 +0200] "GET /tag/%D8%A7%D9%84%D9%85%D8%B2%D8%A7%D8%B1%D8%B9%D9%8A%D9%86/ HTTP/1.1" 200 26686 "-" "Mozilla/5.0 (compatible; MJ12bot/v1.4.8; http://mj12bot.com/)"
20.15.133.174 - - [28/Sep/2024:14:37:09 +0200] "GET /ruhbr/d1720615.html HTTP/2" 200 42330 "-" "Mozilla/5.0 AppleWebKit/537.36 (KHTML, like Gecko; compatible; bingbot/2.0; +http://www.bing.com/bingbot.htm) Chrome/116.0.1938.76 Safari/537.36"
65.108.128.54 - - [28/Sep/2024:14:37:12 +0200] "GET /tag/%D8%A7%D9%84%D9%85%D8%B3%D8%AA%D8%AE%D8%AF%D9%85%D9%8A%D9%86/ HTTP/1.1" 200 25306 "-" "Mozilla/5.0 (compatible; MJ12bot/v1.4.8; http://mj12bot.com/)"
65.108.128.54 - - [28/Sep/2024:14:37:14 +0200] "GET /tag/%D8%A7%D9%84%D9%85%D8%B3%D8%AA%D8%AE%D8%AF%D9%85%D9%8A%D9%86/feed/ HTTP/1.1" 403 0 "-" "Mozilla/5.0 (compatible; MJ12bot/v1.4.8; http://mj12bot.com/)"
65.108.128.54 - - [28/Sep/2024:14:37:15 +0200] "GET /tag/%D8%A7%D9%84%D9%85%D8%B3%D8%AA%D9%87%D9%84%D9%83%D9%8A%D9%86/ HTTP/1.1" 200 51737 "-" "Mozilla/5.0 (compatible; MJ12bot/v1.4.8; http://mj12bot.com/)"
65.108.128.54 - - [28/Sep/2024:14:37:18 +0200] "GET /tag/%D8%A7%D9%84%D9%85%D9%82%D8%A8%D9%88%D9%84%D9%8A%D9%86/ HTTP/1.1" 403 0 "-" "Mozilla/5.0 (compatible; MJ12bot/v1.4.8; http://mj12bot.com/)"
65.108.128.54 - - [28/Sep/2024:14:37:28 +0200] "GET /tag/%D8%A7%D9%84%D9%85%D9%84%D8%BA%D9%88%D9%85/ HTTP/1.1" 403 0 "-" "Mozilla/5.0 (compatible; MJ12bot/v1.4.8; http://mj12bot.com/)"
65.108.128.54 - - [28/Sep/2024:14:37:31 +0200] "GET /tag/%D8%A7%D9%84%D9%85%D9%84%D9%83%D9%8A/ HTTP/1.1" 200 26992 "-" "Mozilla/5.0 (compatible; MJ12bot/v1.4.8; http://mj12bot.com/)"
185.191.171.4 - - [28/Sep/2024:14:37:32 +0200] "GET /%D8%A7%D9%84%D8%A8%D9%86%D9%83-%D8%A7%D9%84%D9%85%D8%B1%D9%83%D8%B2%D9%8A-%D9%8A%D9%84%D8%BA%D9%8A-%D8%AD%D8%B8%D8%B1-%D8%AA%D9%85%D9%88%D9%8A%D9%84-%D8%A7%D9%84%D8%B9%D9%82%D8%A7%D8%B1%D8%A7%D8%AA/ HTTP/1.1" 403 0 "-" "Mozilla/5.0 (compatible; SemrushBot/7~bl; +http://www.semrush.com/bot.html)"
135.181.9.38 - - [28/Sep/2024:14:37:34 +0200] "POST /wp-admin/admin-ajax.php?action=async_litespeed&nonce=Fyz1Xmw57ZBnUe0leyzNaDJ2xKLdvDw9&litespeed_type=imgoptm HTTP/1.1" 200 21 "-" "WordPress/6.6.2; https://www.sudancam.net"
65.108.128.54 - - [28/Sep/2024:14:37:37 +0200] "GET /tag/%D8%A7%D9%84%D9%85%D9%86%D8%A7%D9%86%D8%A7%D9%84%D8%A5%D8%B4%D8%A7%D8%AF%D8%A9/ HTTP/1.1" 403 0 "-" "Mozilla/5.0 (compatible; MJ12bot/v1.4.8; http://mj12bot.com/)"
65.108.128.54 - - [28/Sep/2024:14:37:40 +0200] "GET /tag/%D8%A7%D9%84%D9%85%D9%86%D8%AA%D8%AE%D8%A8%D8%A7%D8%AA/ HTTP/1.1" 403 0 "-" "Mozilla/5.0 (compatible; MJ12bot/v1.4.8; http://mj12bot.com/)"
65.108.128.54 - - [28/Sep/2024:14:37:42 +0200] "GET /tag/%D8%A7%D9%84%D9%85%D9%86%D8%AA%D9%88%D8%AC/ HTTP/1.1" 403 0 "-" "Mozilla/5.0 (compatible; MJ12bot/v1.4.8; http://mj12bot.com/)"
74.80.208.56 - - [28/Sep/2024:14:38:02 +0200] "GET /vuqbr/g1037104.html HTTP/2" 200 0 "-" "Mozilla/5.0 (compatible; ImagesiftBot; +imagesift.com)"
178.236.247.6 - - [28/Sep/2024:14:38:03 +0200] "POST /74a7c9952328.php HTTP/1.1" 200 9 "-" "curl/7.86.0"
74.80.208.56 - - [28/Sep/2024:14:38:03 +0200] "GET /tag/%D9%88%D9%8A%D8%B9%D9%84%D9%86%D9%88%D9%86/ HTTP/2" 200 23548 "-" "Mozilla/5.0 (compatible; ImagesiftBot; +imagesift.com)"
74.80.208.56 - - [28/Sep/2024:14:38:04 +0200] "GET /wp-json/wp/v2/tags/9786 HTTP/2" 200 309 "-" "Mozilla/5.0 (compatible; ImagesiftBot; +imagesift.com)"
74.80.208.56 - - [28/Sep/2024:14:38:05 +0200] "GET /tag/%D8%A7%D9%84%D9%85%D8%B4%D8%A7%D8%B1%D9%83%D8%A7%D8%AA/feed/ HTTP/2" 200 9576 "-" "Mozilla/5.0 (compatible; ImagesiftBot; +imagesift.com)"
77.75.78.161 - - [28/Sep/2024:14:37:54 +0200] "GET /dndob/g465988.html HTTP/1.1" 404 20327 "-" "Mozilla/5.0 (compatible; SeznamBot/4.0; +http://napoveda.seznam.cz/seznambot-intro/)"
77.75.78.161 - - [28/Sep/2024:14:37:56 +0200] "GET /lsysm/t2092691.html HTTP/1.1" 404 20321 "-" "Mozilla/5.0 (compatible; SeznamBot/4.0; +http://napoveda.seznam.cz/seznambot-intro/)"
77.75.78.161 - - [28/Sep/2024:14:38:13 +0200] "GET /vzkqj/h2287263.html HTTP/1.1" 404 20328 "-" "Mozilla/5.0 (compatible; SeznamBot/4.0; +http://napoveda.seznam.cz/seznambot-intro/)"
66.249.64.13 - - [28/Sep/2024:14:38:23 +0200] "GET /qklyk/o2159896.html HTTP/1.1" 200 42809 "-" "Mozilla/5.0 (Linux; Android 6.0.1; Nexus 5X Build/MMB29P) AppleWebKit/537.36 (KHTML, like Gecko) Chrome/128.0.6613.137 Mobile Safari/537.36 (compatible; GoogleOther)"
74.80.208.56 - - [28/Sep/2024:14:38:23 +0200] "GET /%D8%B4%D8%A7%D9%87%D8%AF-%D8%A8%D8%A7%D9%84%D8%B5%D9%88%D8%B1%D8%A9-%D9%88%D8%A7%D9%84%D9%81%D9%8A%D8%AF%D9%8A%D9%88-%D9%81%D8%AA%D8%A7%D8%A9-%D8%B3%D9%88%D8%AF%D8%A7%D9%86%D9%8A%D8%A9-%D8%AA%D8%B3/ HTTP/2" 200 32299 "-" "Mozilla/5.0 (compatible; ImagesiftBot; +imagesift.com)"
74.80.208.56 - - [28/Sep/2024:14:38:25 +0200] "GET /crzql/o1093012.html HTTP/2" 404 22077 "-" "Mozilla/5.0 (compatible; ImagesiftBot; +imagesift.com)"
185.191.171.6 - - [28/Sep/2024:14:38:33 +0200] "GET /%D8%A3%D8%B3%D8%B9%D8%A7%D8%B1-%D8%A7%D9%84%D8%B0%D9%87%D8%A8-%D8%AA%D8%AD%D9%82%D9%82-%D8%A3%D8%B1%D9%82%D8%A7%D9%85%D8%A7%D9%8B-%D8%AA%D8%A7%D8%B1%D9%8A%D8%AE%D9%8A%D8%A9-%D8%AC%D8%AF%D9%8A%D8%AF/ HTTP/1.1" 403 0 "-" "Mozilla/5.0 (compatible; SemrushBot/7~bl; +http://www.semrush.com/bot.html)"
135.181.9.38 - - [28/Sep/2024:14:38:34 +0200] "POST /wp-cron.php?doing_wp_cron=1727527114.2418780326843261718750 HTTP/1.1" 200 0 "-" "WordPress/6.6.2; https://www.sudancam.net"
74.80.208.56 - - [28/Sep/2024:14:38:41 +0200] "GET /%D8%A7%D8%AA%D8%AD%D8%A7%D8%AF-%D8%A7%D9%84%D9%83%D8%B1%D8%A9-%D8%A7%D9%84%D8%B3%D9%88%D8%AF%D8%A7%D9%86%D9%8A-%D9%8A%D9%88%D9%82%D9%81-%D9%88%D9%8A%D8%BA%D8%B1%D9%85-%D8%B9%D8%AF%D8%AF%D8%A7%D9%8B/ HTTP/2" 200 64177 "-" "Mozilla/5.0 (compatible; ImagesiftBot; +imagesift.com)"
135.181.9.38 - - [28/Sep/2024:14:38:43 +0200] "POST /wp-cron.php?doing_wp_cron=1727527123.0723218917846679687500 HTTP/1.1" 200 0 "-" "WordPress/6.6.2; https://www.sudancam.net"
74.80.208.56 - - [28/Sep/2024:14:38:42 +0200] "GET /%D8%AA%D8%A7%D9%83%D8%B3%D9%8A-%D8%A7%D9%84%D8%AE%D8%B1%D8%B7%D9%88%D9%85-%D8%A7%D9%84%D9%83%D9%87%D9%84-%D9%8A%D8%B1%D9%81%D8%B6-%D8%A7%D9%84%D8%AA%D9%82%D8%A7%D8%B9%D8%AF/ HTTP/2" 200 0 "-" "Mozilla/5.0 (compatible; ImagesiftBot; +imagesift.com)"
74.80.208.56 - - [28/Sep/2024:14:38:43 +0200] "GET /wp-json/wp/v2/posts/19754 HTTP/2" 200 7302 "-" "Mozilla/5.0 (compatible; ImagesiftBot; +imagesift.com)"
74.80.208.56 - - [28/Sep/2024:14:38:44 +0200] "GET /tag/%D8%A7%D9%84%D8%A7%D8%AE%D8%AA%D8%B7%D8%A7%D9%81/feed/ HTTP/2" 200 3278 "-" "Mozilla/5.0 (compatible; ImagesiftBot; +imagesift.com)"
74.80.208.56 - - [28/Sep/2024:14:38:45 +0200] "GET /%D8%A7%D9%84%D8%B3%D9%88%D8%AF%D8%A7%D9%86-%D9%8A%D9%88%D9%82%D8%B9-%D8%B9%D9%84%D9%89-%D8%A7%D8%AA%D9%81%D8%A7%D9%82%D9%8A%D8%A9-%D8%AA%D8%B1%D8%AA%D9%8A%D8%A8%D8%A7%D8%AA-%D9%85%D9%88%D8%B3%D9%85/ HTTP/2" 200 44597 "-" "Mozilla/5.0 (compatible; ImagesiftBot; +imagesift.com)"
74.80.208.56 - - [28/Sep/2024:14:38:46 +0200] "GET /tag/%D9%88%D8%A7%D9%84%D8%A7%D8%AA%D8%AD%D8%A7%D8%AF/ HTTP/2" 200 38356 "-" "Mozilla/5.0 (compatible; ImagesiftBot; +imagesift.com)"
74.80.208.56 - - [28/Sep/2024:14:38:47 +0200] "GET /%D8%A7%D9%84%D8%A3%D9%85%D9%85-%D8%A7%D9%84%D9%85%D8%AA%D8%AD%D8%AF%D8%A9-%D8%AA%D8%B7%D9%84%D8%A8-3-%D9%85%D9%84%D9%8A%D8%A7%D8%B1%D8%A7%D8%AA-%D8%AF%D9%88%D9%84%D8%A7%D8%B1-%D9%84%D8%AA%D8%BA%D8%B7/feed/ HTTP/2" 200 763 "-" "Mozilla/5.0 (compatible; ImagesiftBot; +imagesift.com)"
66.249.64.14 - - [28/Sep/2024:14:38:48 +0200] "GET /smang/b1037437.html HTTP/1.1" 200 41578 "-" "Mozilla/5.0 (Linux; Android 6.0.1; Nexus 5X Build/MMB29P) AppleWebKit/537.36 (KHTML, like Gecko) Chrome/128.0.6613.137 Mobile Safari/537.36 (compatible; Googlebot/2.1; +http://www.google.com/bot.html)"
74.80.208.56 - - [28/Sep/2024:14:38:48 +0200] "GET /tag/%D8%A7%D9%84%D9%85%D8%B7%D9%84%D9%82%D8%A9/ HTTP/2" 200 23638 "-" "Mozilla/5.0 (compatible; ImagesiftBot; +imagesift.com)"
74.80.208.56 - - [28/Sep/2024:14:38:49 +0200] "GET /tag/%D9%84%D8%B9%D9%82%D9%88%D8%A8%D8%A7%D8%AA/ HTTP/2" 200 51242 "-" "Mozilla/5.0 (compatible; ImagesiftBot; +imagesift.com)"
74.80.208.56 - - [28/Sep/2024:14:38:51 +0200] "GET /wp-json/wp/v2/posts/18614 HTTP/2" 404 125 "-" "Mozilla/5.0 (compatible; ImagesiftBot; +imagesift.com)"
74.80.208.56 - - [28/Sep/2024:14:38:51 +0200] "GET /tag/%D8%A7%D9%84%D8%B3%D8%AC%D9%86/page/2/ HTTP/2" 200 26396 "-" "Mozilla/5.0 (compatible; ImagesiftBot; +imagesift.com)"
74.80.208.56 - - [28/Sep/2024:14:38:53 +0200] "GET /tag/%D8%B1%D8%B5%D8%A7%D8%B5%D8%A7%D8%AA/ HTTP/2" 200 23932 "-" "Mozilla/5.0 (compatible; ImagesiftBot; +imagesift.com)"
74.80.208.56 - - [28/Sep/2024:14:38:54 +0200] "GET /%D8%A7%D9%87%D9%84%D9%8A-%D8%A7%D9%84%D8%AE%D8%B1%D8%B7%D9%88%D9%85-%D9%8A%D9%82%D8%B5%D9%8A-%D8%A7%D9%84%D9%85%D8%B1%D9%8A%D8%AE-%D9%85%D9%86-%D8%A7%D9%84%D9%83%D8%A7%D8%B3/feed/ HTTP/2" 200 687 "-" "Mozilla/5.0 (compatible; ImagesiftBot; +imagesift.com)"
74.80.208.56 - - [28/Sep/2024:14:38:55 +0200] "GET /%D8%A7%D9%84%D8%B2%D9%88%D9%85%D8%A9-%D9%8A%D8%AF%D8%B4%D9%86-%D8%AA%D8%AD%D8%B6%D9%8A%D8%B1%D8%A7%D8%AA%D9%87-%D8%A7%D9%84%D9%8A%D9%88%D9%85/ HTTP/2" 200 42797 "-" "Mozilla/5.0 (compatible; ImagesiftBot; +imagesift.com)"
74.80.208.56 - - [28/Sep/2024:14:38:56 +0200] "GET /wp-json/wp/v2/tags/24579 HTTP/2" 200 337 "-" "Mozilla/5.0 (compatible; ImagesiftBot; +imagesift.com)"
74.80.208.56 - - [28/Sep/2024:14:38:57 +0200] "GET /wp-content/uploads/2022/09/hg.lm%D8%A7%D9%84%D8%B2%D9%88%D9%85%D8%A9.jpg HTTP/2" 200 16981 "-" "Mozilla/5.0 (compatible; ImagesiftBot; +imagesift.com)"
74.80.208.56 - - [28/Sep/2024:14:38:57 +0200] "GET /%D8%A3%D9%85%D9%8A%D9%86-%D8%AD%D8%B3%D9%86-%D8%B9%D9%85%D8%B1-%D9%83%D8%A7%D9%86-%D8%B9%D9%84%D9%8A-%D9%83%D8%B1%D8%AA%D9%8A-%D9%86%D8%A8%D9%8A%D9%84%D8%A7-%D9%81%D9%8A%D9%85%D8%A7-%D9%8A%D8%B3/ HTTP/2" 200 0 "-" "Mozilla/5.0 (compatible; ImagesiftBot; +imagesift.com)"
74.80.208.56 - - [28/Sep/2024:14:38:59 +0200] "GET /%D8%A8%D8%A7%D9%84%D9%81%D9%8A%D8%AF%D9%8A%D9%88-%D8%AA%D8%B5%D8%B1%D9%81-%D8%BA%D8%B1%D9%8A%D8%A8-%D9%84%D8%A3%D9%87%D9%84-%D8%B9%D8%B1%D9%8A%D8%B3-%D9%84%D9%84%D8%AA%D8%A3%D9%83%D8%AF-%D9%85/ HTTP/2" 200 31879 "-" "Mozilla/5.0 (compatible; ImagesiftBot; +imagesift.com)"
74.80.208.56 - - [28/Sep/2024:14:39:00 +0200] "GET /tag/%D9%8A%D8%AA%D8%B5%D8%B1%D9%81/feed/ HTTP/2" 200 4600 "-" "Mozilla/5.0 (compatible; ImagesiftBot; +imagesift.com)"
74.80.208.56 - - [28/Sep/2024:14:39:13 +0200] "GET /%D8%B9%D8%A7%D8%AF%D9%84-%D8%A7%D9%84%D8%A8%D8%A7%D8%B2-%D9%81%D9%8A%D8%B5%D9%84-%D8%A7%D9%84%D8%A2%D8%AE%D8%B1-%D8%A7%D9%84%D9%86%D9%8A%D9%84%D9%8A%D9%86/ HTTP/2" 200 0 "-" "Mozilla/5.0 (compatible; ImagesiftBot; +imagesift.com)"
74.80.208.56 - - [28/Sep/2024:14:39:14 +0200] "GET /%D8%B9%D8%B6%D9%88-%D8%A7%D9%84%D8%B3%D9%8A%D8%A7%D8%AF%D9%8A-%D9%8A%D9%84%D8%AA%D9%82%D9%8A-%D8%A8%D9%88%D9%81%D8%AF-%D8%B3%D9%84%D8%B7%D9%86%D8%A9-%D8%B9%D9%85%D9%88%D9%85-%D8%A7%D9%84%D8%AF%D8%A7/ HTTP/2" 200 46058 "-" "Mozilla/5.0 (compatible; ImagesiftBot; +imagesift.com)"
74.80.208.56 - - [28/Sep/2024:14:39:16 +0200] "GET /tag/%D8%AA%D8%AD%D9%88%D9%84/feed/ HTTP/2" 200 19547 "-" "Mozilla/5.0 (compatible; ImagesiftBot; +imagesift.com)"
74.80.208.56 - - [28/Sep/2024:14:39:16 +0200] "GET /%D9%85%D8%B5%D8%B1%D8%B9-%D8%B3%D9%88%D8%AF%D8%A7%D9%86%D9%8A-%D8%B9%D9%84%D9%89-%D9%8A%D8%AF-%D8%A7%D8%B3%D9%88%D8%AF/ HTTP/2" 200 29812 "-" "Mozilla/5.0 (compatible; ImagesiftBot; +imagesift.com)"
74.80.208.56 - - [28/Sep/2024:14:39:18 +0200] "GET /tag/%D9%84%D9%85%D8%B3%D8%AA/ HTTP/2" 200 23978 "-" "Mozilla/5.0 (compatible; ImagesiftBot; +imagesift.com)"
77.75.78.161 - - [28/Sep/2024:14:39:18 +0200] "GET /qzheq/z1194553.html HTTP/1.1" 404 20325 "-" "Mozilla/5.0 (compatible; SeznamBot/4.0; +http://napoveda.seznam.cz/seznambot-intro/)"
74.80.208.56 - - [28/Sep/2024:14:39:20 +0200] "GET /%D9%83%D9%84-%D8%A7%D9%84%D8%B9%D8%A7%D9%84%D9%85-%D8%B4%D8%A7%D9%87%D8%AF-%D9%81%D9%8A%D8%AF%D9%8A%D9%88-%D8%A7%D9%84%D9%82%D8%A8%D8%B6-%D8%B9%D9%84%D9%89-%D9%88%D8%A7%D9%84%D9%8A-%D9%88%D9%84%D8%A7/feed/ HTTP/2" 200 772 "-" "Mozilla/5.0 (compatible; ImagesiftBot; +imagesift.com)"
74.80.208.56 - - [28/Sep/2024:14:39:20 +0200] "GET /%D8%B9%D8%AB%D9%85%D8%A7%D9%86-%D9%85%D9%8A%D8%B1%D8%BA%D9%86%D9%8A-%D9%8A%D9%83%D8%AA%D8%A8-%D8%A7%D9%84%D8%AD%D8%B3%D8%A7%D8%A8-%D9%88%D9%84%D8%AF/ HTTP/2" 200 42683 "-" "Mozilla/5.0 (compatible; ImagesiftBot; +imagesift.com)"
74.80.208.56 - - [28/Sep/2024:14:39:22 +0200] "GET /wp-json/wp/v2/tags/20334 HTTP/2" 200 302 "-" "Mozilla/5.0 (compatible; ImagesiftBot; +imagesift.com)"
77.75.78.161 - - [28/Sep/2024:14:39:22 +0200] "GET /tpugm/l2609121.html HTTP/1.1" 404 20321 "-" "Mozilla/5.0 (compatible; SeznamBot/4.0; +http://napoveda.seznam.cz/seznambot-intro/)"
74.80.208.56 - - [28/Sep/2024:14:39:23 +0200] "GET /tag/%D9%88%D9%85%D8%B3%D8%AA%D8%AF%D8%A7%D9%85/ HTTP/2" 200 33703 "-" "Mozilla/5.0 (compatible; ImagesiftBot; +imagesift.com)"
77.75.78.161 - - [28/Sep/2024:14:39:24 +0200] "GET /dloev/k2880170.html HTTP/1.1" 404 20328 "-" "Mozilla/5.0 (compatible; SeznamBot/4.0; +http://napoveda.seznam.cz/seznambot-intro/)"
74.80.208.56 - - [28/Sep/2024:14:39:24 +0200] "GET /tag/%D9%83%D8%AA%D8%A8%D9%87/ HTTP/2" 200 23434 "-" "Mozilla/5.0 (compatible; ImagesiftBot; +imagesift.com)"
74.80.208.56 - - [28/Sep/2024:14:39:25 +0200] "GET /wp-json/wp/v2/posts/26165 HTTP/2" 200 2724 "-" "Mozilla/5.0 (compatible; ImagesiftBot; +imagesift.com)"
74.80.208.56 - - [28/Sep/2024:14:39:26 +0200] "GET /%D8%A8%D8%A7%D9%84%D9%81%D9%8A%D8%AF%D9%8A%D9%88-%D8%A3%D8%B5%D8%A7%D9%84%D8%A9-%D8%AA%D8%AF%D8%AE%D9%86-%D9%81%D9%8A-%D9%83%D9%88%D8%A7%D9%84%D9%8A%D8%B3-%D8%A8%D8%B1%D9%86%D8%A7%D9%85%D8%AC/ HTTP/2" 200 46713 "-" "Mozilla/5.0 (compatible; ImagesiftBot; +imagesift.com)"
77.75.78.161 - - [28/Sep/2024:14:39:27 +0200] "GET /qxdrg/b1901183.html HTTP/1.1" 404 20323 "-" "Mozilla/5.0 (compatible; SeznamBot/4.0; +http://napoveda.seznam.cz/seznambot-intro/)"
74.80.208.56 - - [28/Sep/2024:14:39:27 +0200] "GET /%D8%B3%D9%8A%D8%B1%D9%8A%D9%86%D8%A7-%D9%88%D9%84%D9%8A%D8%A7%D9%85%D8%B3-%D8%AA%D8%A4%D9%83%D8%AF-%D8%A3%D9%86%D9%87%D8%A7-%D9%84%D9%85-%D8%AA%D8%B9%D8%AA%D8%B2%D9%84-%D9%88%D9%81%D8%B1%D8%B5-%D8%B9/ HTTP/2" 200 0 "-" "Mozilla/5.0 (compatible; ImagesiftBot; +imagesift.com)"
74.80.208.56 - - [28/Sep/2024:14:39:28 +0200] "GET /%D8%A7%D9%84%D8%AB%D8%B1%D9%88%D8%A9-%D8%A7%D9%84%D8%AD%D9%8A%D9%88%D8%A7%D9%86%D9%8A%D8%A9-%D8%AA%D8%B4%D8%A7%D8%B1%D9%83-%D9%81%D9%8A-%D8%A7%D9%84%D9%85%D9%87%D8%B1%D8%AC%D8%A7%D9%86-%D8%A7%D9%84/ HTTP/2" 200 63034 "-" "Mozilla/5.0 (compatible; ImagesiftBot; +imagesift.com)"
77.75.78.161 - - [28/Sep/2024:14:39:29 +0200] "GET /zkmhg/f1228021.html HTTP/1.1" 404 20329 "-" "Mozilla/5.0 (compatible; SeznamBot/4.0; +http://napoveda.seznam.cz/seznambot-intro/)"
74.80.208.56 - - [28/Sep/2024:14:39:29 +0200] "GET /tag/%D8%B5%D8%AD%D9%8A/ HTTP/2" 200 25675 "-" "Mozilla/5.0 (compatible; ImagesiftBot; +imagesift.com)"
74.80.208.56 - - [28/Sep/2024:14:39:31 +0200] "GET /%D8%A7%D9%84%D9%82%D8%A8%D8%B6-%D8%B9%D9%84%D9%89-%D9%85%D8%AA%D9%87%D9%85-%D8%A8%D9%85%D9%85%D8%A7%D8%B1%D8%B3%D8%A9-%D8%A3%D8%B9%D9%85%D8%A7%D9%84-%D8%A7%D9%84%D8%B3%D8%AD%D8%B1-%D9%88%D8%A7%D9%84/ HTTP/2" 200 30834 "-" "Mozilla/5.0 (compatible; ImagesiftBot; +imagesift.com)"
77.75.78.161 - - [28/Sep/2024:14:39:31 +0200] "GET /vwjnj/n1072991.html HTTP/1.1" 404 20326 "-" "Mozilla/5.0 (compatible; SeznamBot/4.0; +http://napoveda.seznam.cz/seznambot-intro/)"
74.80.208.56 - - [28/Sep/2024:14:37:49 +0200] "GET /%D8%A7%D8%A6%D8%AA%D9%84%D8%A7%D9%81-%D8%A7%D9%84%D8%AD%D8%B1%D9%8A%D8%A9-%D9%88%D8%A7%D9%84%D8%AA%D8%BA%D9%8A%D9%8A%D8%B1-%D9%8A%D8%AC%D8%AA%D9%85%D8%B9-%D8%A8%D8%B3%D9%84%D9%81%D8%A7/ HTTP/2" 200 34799 "-" "Mozilla/5.0 (compatible; ImagesiftBot; +imagesift.com)"
74.80.208.56 - - [28/Sep/2024:14:37:50 +0200] "GET /tag/%D8%A7%D9%84%D9%83%D8%AA%D9%84%D8%A9/ HTTP/2" 200 26431 "-" "Mozilla/5.0 (compatible; ImagesiftBot; +imagesift.com)"
74.80.208.56 - - [28/Sep/2024:14:37:52 +0200] "GET /%D9%88%D8%A7%D9%84%D9%8A-%D8%A7%D9%84%D8%AC%D8%B2%D9%8A%D8%B1%D8%A9-%D9%8A%D8%AA%D9%88%D9%82%D8%B9-%D8%B5%D8%B1%D9%81-%D8%A7%D9%84%D9%85%D8%B1%D8%AA%D8%A8%D8%A7%D8%AA-%D8%A8%D8%B9%D8%AF-%D8%AA%D8%B4/ HTTP/2" 200 45667 "-" "Mozilla/5.0 (compatible; ImagesiftBot; +imagesift.com)"
74.80.208.56 - - [28/Sep/2024:14:37:53 +0200] "GET /%D9%85%D8%B4%D8%AC%D8%B9-%D8%B3%D8%B9%D9%88%D8%AF%D9%8A-%D9%81%D9%8A-%D8%B1%D8%AD%D9%84%D8%A9-%D9%85%D8%AC%D9%86%D9%88%D9%86%D8%A9-%D9%84%D8%AC%D9%84%D8%A8-%D8%A7%D9%84%D9%86%D8%B8%D8%B1-%D8%A5/ HTTP/2" 200 50430 "-" "Mozilla/5.0 (compatible; ImagesiftBot; +imagesift.com)"
74.80.208.56 - - [28/Sep/2024:14:37:54 +0200] "GET /%D8%B3%D9%8A%D8%AF-%D9%86%D9%81%D8%B3%D9%87-%D9%85%D9%86-%D9%84%D8%A7-%D8%B3%D9%8A%D8%AF-%D9%84%D9%87-2/ HTTP/2" 404 22400 "-" "Mozilla/5.0 (compatible; ImagesiftBot; +imagesift.com)"
74.80.208.56 - - [28/Sep/2024:14:37:56 +0200] "GET /%D8%B4%D8%A7%D9%87%D8%AF-%D8%A8%D8%A7%D9%84%D9%81%D9%8A%D8%AF%D9%8A%D9%88-%D8%AF%D8%B9%D9%88%D8%A7%D8%AA-%D8%B4%D8%B9%D8%B1%D9%8A%D8%A9-%D9%85%D9%86-%D8%A3%D9%85-%D8%B3%D9%88%D8%AF%D8%A7%D9%86/ HTTP/2" 200 0 "-" "Mozilla/5.0 (compatible; ImagesiftBot; +imagesift.com)"
74.80.208.56 - - [28/Sep/2024:14:38:31 +0200] "GET /tag/%D9%88%D8%A7%D9%84%D9%85%D8%B9%D8%AC%D9%86%D8%A7%D8%AA/feed/ HTTP/2" 200 2308 "-" "Mozilla/5.0 (compatible; ImagesiftBot; +imagesift.com)"
74.80.208.56 - - [28/Sep/2024:14:38:32 +0200] "GET /vzllg/b2777591.html HTTP/2" 404 22077 "-" "Mozilla/5.0 (compatible; ImagesiftBot; +imagesift.com)"
74.80.208.56 - - [28/Sep/2024:14:38:33 +0200] "GET /%D9%85%D8%AF%D9%8A%D8%B1-%D9%85%D8%B1%D9%83%D8%B2-%D8%A7%D9%84%D8%A3%D9%87%D8%B1%D8%A7%D9%85-%D9%84%D9%84%D8%AF%D8%B1%D8%A7%D8%B3%D8%A7%D8%AA-%D9%85%D8%B5%D8%B1-%D9%84%D9%87%D8%A7-%D9%88%D8%B6%D8%B9/ HTTP/2" 200 31445 "-" "Mozilla/5.0 (compatible; ImagesiftBot; +imagesift.com)"
135.181.9.38 - - [28/Sep/2024:14:38:34 +0200] "POST /wp-admin/admin-ajax.php?action=async_litespeed&nonce=3dVj1zQ7CH9rNDGkBLnkH6QdwFlWTfch&litespeed_type=imgoptm HTTP/1.1" 200 21 "-" "WordPress/6.6.2; https://www.sudancam.net"
74.80.208.56 - - [28/Sep/2024:14:38:34 +0200] "GET /%D8%A7%D8%B3%D8%AA%D9%85%D8%B1%D8%A7%D8%B1-%D8%A7%D9%84%D8%AA%D9%88%D8%AA%D8%B1-%D9%81%D9%8A-%D8%BA%D8%B1%D8%A8-%D8%AF%D8%A7%D8%B1%D9%81%D9%88%D8%B1-%D9%8814-%D9%82%D8%AA%D9%8A%D9%84-%D8%AE%D9%84/ HTTP/2" 200 35267 "-" "Mozilla/5.0 (compatible; ImagesiftBot; +imagesift.com)"
74.80.208.56 - - [28/Sep/2024:14:38:36 +0200] "GET /tag/%D8%AA%D9%88%D8%AA%D8%A9/ HTTP/2" 200 35620 "-" "Mozilla/5.0 (compatible; ImagesiftBot; +imagesift.com)"
74.80.208.56 - - [28/Sep/2024:14:39:05 +0200] "GET /%D8%B4%D8%A7%D9%87%D8%AF-%D9%81%D8%A7%D9%8A%D8%A7-%D9%8A%D9%88%D9%86%D8%A7%D9%86-%D8%B4%D9%83%D8%B1%D8%A7%D9%8B-%D9%85%D9%86-%D9%82%D9%84%D8%A8-%D8%A7%D9%84%D9%82%D9%84%D8%A8-%D9%8A%D8%A7-%D8%AA/ HTTP/2" 200 31800 "-" "Mozilla/5.0 (compatible; ImagesiftBot; +imagesift.com)"
74.80.208.56 - - [28/Sep/2024:14:39:08 +0200] "GET /wp-json/wp/v2/tags/3228 HTTP/2" 200 309 "-" "Mozilla/5.0 (compatible; ImagesiftBot; +imagesift.com)"
74.80.208.56 - - [28/Sep/2024:14:39:09 +0200] "GET /ausjq/i1296092.html HTTP/2" 404 22076 "-" "Mozilla/5.0 (compatible; ImagesiftBot; +imagesift.com)"
74.80.208.56 - - [28/Sep/2024:14:39:11 +0200] "GET /%D8%B9%D9%82%D8%A7%D8%B1-%D9%8A%D9%84%D8%AA%D9%82%D9%8A-%D8%A7%D9%84%D9%85%D8%AF%D9%8A%D8%B1-%D8%A7%D9%84%D9%82%D8%B7%D8%B1%D9%8A-%D9%84%D9%85%D9%86%D8%B8%D9%85%D8%A9-%D8%A3%D8%B7%D8%A8%D8%A7%D8%A1/ HTTP/2" 200 62739 "-" "Mozilla/5.0 (compatible; ImagesiftBot; +imagesift.com)"
74.80.208.56 - - [28/Sep/2024:14:39:32 +0200] "GET /%D8%A7%D9%84%D9%87%D9%84%D8%A7%D9%84-%D8%A7%D9%84%D8%B3%D8%B9%D9%88%D8%AF%D9%8A-%D9%8A%D8%B9%D9%84%D9%86-%D8%AA%D8%B9%D8%A7%D9%82%D8%AF%D9%87-%D8%B1%D8%B3%D9%85%D9%8A%D8%A7-%D9%85%D8%B9-%D8%A7%D9%84/ HTTP/2" 200 0 "-" "Mozilla/5.0 (compatible; ImagesiftBot; +imagesift.com)"
74.80.208.56 - - [28/Sep/2024:14:39:33 +0200] "GET /tag/%D9%88%D9%81%D8%A7%D8%B1%D9%88%D9%82/ HTTP/2" 200 23667 "-" "Mozilla/5.0 (compatible; ImagesiftBot; +imagesift.com)"
77.75.78.161 - - [28/Sep/2024:14:39:34 +0200] "GET /gicsn/a1341922.html HTTP/1.1" 404 20321 "-" "Mozilla/5.0 (compatible; SeznamBot/4.0; +http://napoveda.seznam.cz/seznambot-intro/)"
74.80.208.56 - - [28/Sep/2024:14:39:34 +0200] "GET /tag/%D9%88%D8%A7%D9%84%D8%AF%D9%81%D8%A7%D8%B9/ HTTP/2" 200 38914 "-" "Mozilla/5.0 (compatible; ImagesiftBot; +imagesift.com)"
74.80.208.56 - - [28/Sep/2024:14:39:35 +0200] "GET /%D8%B4%D8%A7%D9%87%D8%AF-%D8%A8%D8%A7%D9%84%D8%B5%D9%88%D8%B1%D8%A9-%D8%A7%D9%84%D8%AE%D9%86%D8%AF%D9%82%D8%A7%D9%88%D9%8A-%D9%8A%D8%AD%D8%AA%D9%81%D9%8A-%D8%A8%D8%B4%D9%8A%D8%AE-%D8%A7%D9%84%D8%A3/ HTTP/2" 200 44892 "-" "Mozilla/5.0 (compatible; ImagesiftBot; +imagesift.com)"
77.75.78.161 - - [28/Sep/2024:14:39:36 +0200] "GET /gsord/q964054.html HTTP/1.1" 404 20321 "-" "Mozilla/5.0 (compatible; SeznamBot/4.0; +http://napoveda.seznam.cz/seznambot-intro/)"
74.80.208.56 - - [28/Sep/2024:14:39:37 +0200] "GET /fnclz/n313427.html HTTP/2" 404 22081 "-" "Mozilla/5.0 (compatible; ImagesiftBot; +imagesift.com)"
74.80.208.56 - - [28/Sep/2024:14:39:38 +0200] "GET /%D8%B4%D8%A7%D9%87%D8%AF-%D8%A8%D8%A7%D9%84%D9%81%D9%8A%D8%AF%D9%8A%D9%88-%D8%A7%D9%84%D9%81%D9%86%D8%A7%D9%86-%D8%A3%D8%AD%D9%85%D8%AF-%D9%81%D8%AA%D8%AD-%D8%A7%D9%84%D9%84%D9%87-%D9%88%D8%A7%D9%84/ HTTP/2" 200 32528 "-" "Mozilla/5.0 (compatible; ImagesiftBot; +imagesift.com)"
77.75.78.161 - - [28/Sep/2024:14:39:38 +0200] "GET /yzroi/z908137.html HTTP/1.1" 404 20322 "-" "Mozilla/5.0 (compatible; SeznamBot/4.0; +http://napoveda.seznam.cz/seznambot-intro/)"
74.80.208.56 - - [28/Sep/2024:14:39:39 +0200] "GET /wp-content/uploads/2023/03/%D8%B9%D8%A8%D8%AF-%D8%A7%D9%84%D8%B9%D8%B2%D9%8A%D8%B2.jpg HTTP/2" 200 42780 "-" "Mozilla/5.0 (compatible; ImagesiftBot; +imagesift.com)"
74.80.208.56 - - [28/Sep/2024:14:39:39 +0200] "GET /%D8%A7%D9%84%D8%B1%D9%8A%D8%A7%D9%84-%D8%B3%D9%8A%D8%AC%D8%AF%D8%AF-%D9%85%D9%81%D8%A7%D9%88%D8%B6%D8%A7%D8%AA%D9%87-%D9%85%D8%B9-%D9%85%D8%A8%D8%A7%D8%A8%D9%8A-%D9%81%D9%8A-%D8%AD%D8%A7%D9%84%D8%A9/ HTTP/2" 200 31646 "-" "Mozilla/5.0 (compatible; ImagesiftBot; +imagesift.com)"
74.80.208.56 - - [28/Sep/2024:14:39:40 +0200] "GET /wp-json/wp/v2/tags/25191 HTTP/2" 200 323 "-" "Mozilla/5.0 (compatible; ImagesiftBot; +imagesift.com)"
77.75.78.161 - - [28/Sep/2024:14:39:40 +0200] "GET /snhvg/q400478.html HTTP/1.1" 404 20322 "-" "Mozilla/5.0 (compatible; SeznamBot/4.0; +http://napoveda.seznam.cz/seznambot-intro/)"
74.80.208.56 - - [28/Sep/2024:14:39:41 +0200] "GET /npvjk/t432929.html HTTP/2" 404 22079 "-" "Mozilla/5.0 (compatible; ImagesiftBot; +imagesift.com)"
74.80.208.56 - - [28/Sep/2024:14:39:42 +0200] "GET /tag/%D9%84%D9%84%D9%85%D8%AD%D8%A7%D9%83%D9%85%D8%A9/feed/ HTTP/2" 200 4094 "-" "Mozilla/5.0 (compatible; ImagesiftBot; +imagesift.com)"
135.181.9.38 - - [28/Sep/2024:14:39:43 +0200] "POST /wp-cron.php?doing_wp_cron=1727527183.0424580574035644531250 HTTP/1.1" 200 0 "-" "WordPress/6.6.2; https://www.sudancam.net"
77.75.78.161 - - [28/Sep/2024:14:39:42 +0200] "GET /egyhx/p500291.html HTTP/1.1" 404 20321 "-" "Mozilla/5.0 (compatible; SeznamBot/4.0; +http://napoveda.seznam.cz/seznambot-intro/)"
74.80.208.56 - - [28/Sep/2024:14:39:42 +0200] "GET /%D9%82%D8%B7%D8%B1-%D8%A7%D9%84%D8%AE%D9%8A%D8%B1%D9%8A%D8%A9-%D8%AA%D8%AA%D8%A8%D9%86%D9%89-%D8%AA%D9%86%D9%81%D9%8A%D8%B0-%D9%85%D8%B1%D9%83%D8%B2-%D8%A7%D9%84%D8%A5%D9%85%D8%AA%D8%AD%D8%A7%D9%86/ HTTP/2" 200 34138 "-" "Mozilla/5.0 (compatible; ImagesiftBot; +imagesift.com)"
74.80.208.56 - - [28/Sep/2024:14:39:43 +0200] "GET /wp-json/wp/v2/posts/15737 HTTP/2" 200 3896 "-" "Mozilla/5.0 (compatible; ImagesiftBot; +imagesift.com)"
74.80.208.56 - - [28/Sep/2024:14:39:44 +0200] "GET /tag/%D8%A8%D8%A7%D8%B9%D8%AA%D9%8A%D8%A7%D8%AF%D9%8A%D8%A9/ HTTP/2" 200 35277 "-" "Mozilla/5.0 (compatible; ImagesiftBot; +imagesift.com)"
77.75.78.161 - - [28/Sep/2024:14:39:44 +0200] "GET /ocvqd/s2812396.html HTTP/1.1" 404 20322 "-" "Mozilla/5.0 (compatible; SeznamBot/4.0; +http://napoveda.seznam.cz/seznambot-intro/)"
74.80.208.56 - - [28/Sep/2024:14:39:45 +0200] "GET /wp-json/wp/v2/posts/7301 HTTP/2" 200 2972 "-" "Mozilla/5.0 (compatible; ImagesiftBot; +imagesift.com)"
74.80.208.56 - - [28/Sep/2024:14:39:46 +0200] "GET /tag/%D9%88%D8%A7%D9%86%D8%B9%D8%AA%D8%A7%D9%82/ HTTP/2" 200 23423 "-" "Mozilla/5.0 (compatible; ImagesiftBot; +imagesift.com)"
77.75.78.161 - - [28/Sep/2024:14:39:46 +0200] "GET /riilu/w1555560.html HTTP/1.1" 404 20328 "-" "Mozilla/5.0 (compatible; SeznamBot/4.0; +http://napoveda.seznam.cz/seznambot-intro/)"
74.80.208.56 - - [28/Sep/2024:14:39:47 +0200] "GET /%D8%A7%D9%84%D8%B7%D8%A7%D9%82%D8%A9-%D8%AA%D9%8F%D8%AC%D8%B1%D9%8A-%D8%AA%D8%B9%D8%AF%D9%8A%D9%84%D8%A7%D9%8B-%D8%AC%D8%AF%D9%8A%D8%AF%D8%A7%D9%8B-%D9%81%D9%8A-%D8%A3%D8%B3%D8%B9%D8%A7%D8%B1-%D8%A7/ HTTP/2" 200 30515 "-" "Mozilla/5.0 (compatible; ImagesiftBot; +imagesift.com)"
77.75.78.161 - - [28/Sep/2024:14:39:48 +0200] "GET /gtpxt/f1421357.html HTTP/1.1" 404 20322 "-" "Mozilla/5.0 (compatible; SeznamBot/4.0; +http://napoveda.seznam.cz/seznambot-intro/)"
74.80.208.56 - - [28/Sep/2024:14:39:48 +0200] "GET /%D8%B2%D9%8A%D9%84%D9%8A%D9%86%D8%B3%D9%83%D9%8A-%D9%8A%D8%B9%D8%AA%D8%A8%D8%B1-%D9%85%D8%B4%D8%A7%D8%B1%D9%83%D8%A9-%D8%A7%D9%84%D8%B1%D9%8A%D8%A7%D8%B6%D9%8A%D9%8A%D9%86-%D8%A7%D9%84%D8%B1%D9%88/ HTTP/2" 200 64191 "-" "Mozilla/5.0 (compatible; ImagesiftBot; +imagesift.com)"
74.80.208.56 - - [28/Sep/2024:14:39:50 +0200] "GET /tag/%D9%88%D9%85%D8%AD%D9%84%D9%8A%D8%A9/ HTTP/2" 200 23907 "-" "Mozilla/5.0 (compatible; ImagesiftBot; +imagesift.com)"
74.80.208.56 - - [28/Sep/2024:14:39:51 +0200] "GET /wp-content/uploads/2023/02/AP23040534999678-780x470.jpg HTTP/2" 200 35429 "-" "Mozilla/5.0 (compatible; ImagesiftBot; +imagesift.com)"
77.75.78.161 - - [28/Sep/2024:14:39:50 +0200] "GET /zncvf/p2011905.html HTTP/1.1" 404 20323 "-" "Mozilla/5.0 (compatible; SeznamBot/4.0; +http://napoveda.seznam.cz/seznambot-intro/)"
74.80.208.56 - - [28/Sep/2024:14:39:51 +0200] "GET /wp-content/uploads/2023/02/AP23040534999678.jpg HTTP/2" 200 161708 "-" "Mozilla/5.0 (compatible; ImagesiftBot; +imagesift.com)"
74.80.208.56 - - [28/Sep/2024:14:39:51 +0200] "GET /%D8%B7%D9%8A%D8%B1%D8%A7%D9%86-%D8%A7%D9%84%D8%AC%D9%8A%D8%B4-%D8%A7%D9%84%D8%B3%D9%88%D8%AF%D8%A7%D9%86%D9%8A-%D9%8A%D9%82%D8%B5%D9%81-%D9%85%D9%86%D8%B2%D9%84-%D8%B9%D8%B6%D9%88-%D8%A8%D9%85%D8%AC/feed/ HTTP/2" 200 740 "-" "Mozilla/5.0 (compatible; ImagesiftBot; +imagesift.com)"
74.80.208.56 - - [28/Sep/2024:14:39:52 +0200] "GET /%D9%88%D9%84%D8%A7%D9%8A%D8%A9-%D8%B3%D9%88%D8%AF%D8%A7%D9%86%D9%8A%D8%A9-%D8%AA%D8%B3%D8%AA%D9%86%D8%AC%D8%AF-%D8%A8%D9%85%D9%86%D8%B8%D9%85%D8%A7%D8%AA-%D8%A3%D9%85%D9%85%D9%8A%D8%A9-%D9%84%D8%B3/ HTTP/2" 200 34645 "-" "Mozilla/5.0 (compatible; ImagesiftBot; +imagesift.com)"
77.75.78.161 - - [28/Sep/2024:14:39:52 +0200] "GET /lgtyn/f1248535.html HTTP/1.1" 404 20322 "-" "Mozilla/5.0 (compatible; SeznamBot/4.0; +http://napoveda.seznam.cz/seznambot-intro/)"
74.80.208.56 - - [28/Sep/2024:14:39:53 +0200] "GET /%D8%A8%D8%B9%D8%AF-%D9%85%D9%81%D8%A7%D8%AC%D8%A3%D8%A9-%D8%AA%D8%B4%D9%8A%D9%84%D8%B3%D9%8A-%D9%85%D9%86-%D9%87%D9%85-%D8%A3%D8%B9%D9%84%D9%89-%D8%A7%D9%84%D9%85%D8%AF%D8%B1%D8%A8%D9%8A%D9%86/ HTTP/2" 200 47497 "-" "Mozilla/5.0 (compatible; ImagesiftBot; +imagesift.com)"
74.80.208.56 - - [28/Sep/2024:14:39:54 +0200] "GET /wp-content/uploads/2022/05/882.jpg HTTP/2" 200 40631 "-" "Mozilla/5.0 (compatible; ImagesiftBot; +imagesift.com)"
74.80.208.56 - - [28/Sep/2024:14:39:55 +0200] "GET /wp-content/uploads/2022/08/150-700x470.jpg HTTP/2" 200 46845 "-" "Mozilla/5.0 (compatible; ImagesiftBot; +imagesift.com)"
77.75.78.161 - - [28/Sep/2024:14:39:55 +0200] "GET /wkucx/d1604629.html HTTP/1.1" 404 20323 "-" "Mozilla/5.0 (compatible; SeznamBot/4.0; +http://napoveda.seznam.cz/seznambot-intro/)"
74.80.208.56 - - [28/Sep/2024:14:39:56 +0200] "GET /wp-content/uploads/2022/08/150.jpg HTTP/2" 200 47156 "-" "Mozilla/5.0 (compatible; ImagesiftBot; +imagesift.com)"
74.80.208.56 - - [28/Sep/2024:14:39:55 +0200] "GET /%D8%A8%D8%A7%D8%B1%D9%8A%D8%B3-%D8%B3%D8%A7%D9%86-%D8%AC%D9%8A%D8%B1%D9%85%D8%A7%D9%86-%D9%8A%D8%AA%D9%84%D9%82%D9%89-%D9%87%D8%B2%D9%8A%D9%85%D8%A9-%D8%AB%D9%82%D9%8A%D9%84%D8%A9-%D8%A3%D9%85%D8%A7/ HTTP/2" 200 68032 "-" "Mozilla/5.0 (compatible; ImagesiftBot; +imagesift.com)"
74.80.208.56 - - [28/Sep/2024:14:39:56 +0200] "GET /wp-json/wp/v2/posts/8141 HTTP/2" 200 2886 "-" "Mozilla/5.0 (compatible; ImagesiftBot; +imagesift.com)"
74.80.208.56 - - [28/Sep/2024:14:39:57 +0200] "GET /%D8%B4%D8%A7%D9%87%D8%AF-%D8%A8%D8%A7%D9%84%D8%B5%D9%88%D8%B1%D8%A9-%D8%A7%D9%84%D9%81%D9%86%D8%A7%D9%86-%D8%A7%D9%84%D8%B3%D9%88%D8%AF%D8%A7%D9%86%D9%8A-%D8%A7%D9%84%D8%B4%D9%87%D9%8A%D8%B1-%D8%A3/ HTTP/2" 200 32984 "-" "Mozilla/5.0 (compatible; ImagesiftBot; +imagesift.com)"
77.75.78.161 - - [28/Sep/2024:14:39:57 +0200] "GET /sxldj/d1634633.html HTTP/1.1" 404 20323 "-" "Mozilla/5.0 (compatible; SeznamBot/4.0; +http://napoveda.seznam.cz/seznambot-intro/)"
74.80.208.56 - - [28/Sep/2024:14:39:58 +0200] "GET /wp-content/uploads/2023/08/13444163_1232276480145880_1726348610_n-640x470.jpg HTTP/2" 200 60511 "-" "Mozilla/5.0 (compatible; ImagesiftBot; +imagesift.com)"
74.80.208.56 - - [28/Sep/2024:14:39:58 +0200] "GET /tag/%D8%AA%D8%B3%D8%AA%D8%AC%D9%8A%D8%A8/ HTTP/2" 200 36892 "-" "Mozilla/5.0 (compatible; ImagesiftBot; +imagesift.com)"
74.80.208.56 - - [28/Sep/2024:14:39:59 +0200] "GET /wp-content/uploads/2023/08/13444163_1232276480145880_1726348610_n.jpg HTTP/2" 200 71435 "-" "Mozilla/5.0 (compatible; ImagesiftBot; +imagesift.com)"
77.75.78.161 - - [28/Sep/2024:14:39:59 +0200] "GET /croiq/o2829552.html HTTP/1.1" 404 20327 "-" "Mozilla/5.0 (compatible; SeznamBot/4.0; +http://napoveda.seznam.cz/seznambot-intro/)"
74.80.208.56 - - [28/Sep/2024:14:39:59 +0200] "GET /%D9%85%D8%AF%D9%8A%D8%B1%D8%A9-%D8%B5%D9%86%D8%AF%D9%88%D9%82-%D8%A7%D9%84%D9%86%D9%82%D8%AF-%D8%A7%D9%84%D8%AF%D9%88%D9%84%D9%8A-%D8%AA%D8%B9%D8%B1%D8%A8-%D8%B9%D9%86-%D9%82%D9%84%D9%82%D9%87%D8%A7/ HTTP/2" 200 0 "-" "Mozilla/5.0 (compatible; ImagesiftBot; +imagesift.com)"
74.80.208.56 - - [28/Sep/2024:14:40:00 +0200] "GET /tag/%D9%84%D9%82%D8%B7%D8%A9/ HTTP/2" 200 37362 "-" "Mozilla/5.0 (compatible; ImagesiftBot; +imagesift.com)"
74.80.208.56 - - [28/Sep/2024:14:40:02 +0200] "GET /tag/%D9%84%D9%8A%D8%A8%D9%8A%D8%A9/ HTTP/2" 200 0 "-" "Mozilla/5.0 (compatible; ImagesiftBot; +imagesift.com)"
77.75.78.161 - - [28/Sep/2024:14:40:02 +0200] "GET /mtouz/u2702600.html HTTP/1.1" 404 20322 "-" "Mozilla/5.0 (compatible; SeznamBot/4.0; +http://napoveda.seznam.cz/seznambot-intro/)"
74.80.208.56 - - [28/Sep/2024:14:40:03 +0200] "GET /%D9%81%D8%B5%D9%84-%D9%85%D9%87%D9%86%D8%AF%D8%B3%D9%8A%D9%86-%D9%88%D9%81%D9%86%D9%8A%D9%8A%D9%86-%D8%A8%D8%B3%D8%AF-%D9%85%D8%B1%D9%88%D9%8A-%D9%88%D8%A7%D9%84%D8%B1%D9%8A-%D8%AA%D9%88%D8%B6%D8%AD/ HTTP/2" 200 32878 "-" "Mozilla/5.0 (compatible; ImagesiftBot; +imagesift.com)"
74.80.208.56 - - [28/Sep/2024:14:40:04 +0200] "GET /%D9%87%D9%84-%D8%A8%D8%AF%D8%A3%D8%AA-%D9%86%D9%88%D8%A7%D8%A9-%D8%A7%D9%84%D8%A3%D8%B1%D8%B6-%D8%AA%D8%AA%D8%AD%D8%B1%D9%83-%D9%81%D9%8A-%D8%A7%D9%84%D8%A7%D8%AA%D8%AC%D8%A7%D9%87-%D8%A7%D9%84%D9%85/ HTTP/2" 200 52779 "-" "Mozilla/5.0 (compatible; ImagesiftBot; +imagesift.com)"
77.75.78.161 - - [28/Sep/2024:14:40:04 +0200] "GET /fptvm/n2112367.html HTTP/1.1" 404 20322 "-" "Mozilla/5.0 (compatible; SeznamBot/4.0; +http://napoveda.seznam.cz/seznambot-intro/)"
74.80.208.56 - - [28/Sep/2024:14:40:05 +0200] "GET /tag/%D9%8A%D8%A7%D8%B3%D9%85%D9%8A%D9%86/ HTTP/2" 200 54833 "-" "Mozilla/5.0 (compatible; ImagesiftBot; +imagesift.com)"
74.80.208.56 - - [28/Sep/2024:14:40:06 +0200] "GET /wp-content/uploads/2022/09/1664002577_unnamed-file-780x470.jpg HTTP/2" 200 78135 "-" "Mozilla/5.0 (compatible; ImagesiftBot; +imagesift.com)"
74.80.208.56 - - [28/Sep/2024:14:40:07 +0200] "GET /wp-content/uploads/2022/09/1664002577_unnamed-file.jpg HTTP/2" 200 102583 "-" "Mozilla/5.0 (compatible; ImagesiftBot; +imagesift.com)"
77.75.78.161 - - [28/Sep/2024:14:40:06 +0200] "GET /zmmbu/m2629922.html HTTP/1.1" 404 20323 "-" "Mozilla/5.0 (compatible; SeznamBot/4.0; +http://napoveda.seznam.cz/seznambot-intro/)"
74.80.208.56 - - [28/Sep/2024:14:40:06 +0200] "GET /tag/%D8%AA%D8%B3%D9%84%D8%A8/ HTTP/2" 200 23574 "-" "Mozilla/5.0 (compatible; ImagesiftBot; +imagesift.com)"
74.80.208.56 - - [28/Sep/2024:14:40:08 +0200] "GET /tag/%D9%85%D8%B4%D8%A7%D8%B1%D9%83%D8%A9/ HTTP/2" 200 39081 "-" "Mozilla/5.0 (compatible; ImagesiftBot; +imagesift.com)"
77.75.78.161 - - [28/Sep/2024:14:40:09 +0200] "GET /trges/n1219891.html HTTP/1.1" 404 20326 "-" "Mozilla/5.0 (compatible; SeznamBot/4.0; +http://napoveda.seznam.cz/seznambot-intro/)"
74.80.208.56 - - [28/Sep/2024:14:40:09 +0200] "GET /%D9%84%D8%AC%D9%86%D8%A9-%D9%85%D8%AA%D8%B6%D8%B1%D8%B1%D9%8A-%D8%AA%D8%B9%D9%8A%D9%86%D8%A7%D8%AA-%D9%88%D8%B2%D8%A7%D8%B1%D8%A9-%D8%A7%D9%84%D8%AE%D8%A7%D8%B1%D8%AC%D9%8A%D8%A9-%D8%AA%D8%AA%D8%B7/ HTTP/2" 200 31673 "-" "Mozilla/5.0 (compatible; ImagesiftBot; +imagesift.com)"
74.80.208.56 - - [28/Sep/2024:14:40:10 +0200] "GET /wp-json/wp/v2/pages/255 HTTP/2" 200 603 "-" "Mozilla/5.0 (compatible; ImagesiftBot; +imagesift.com)"
74.80.208.56 - - [28/Sep/2024:14:40:11 +0200] "GET /tag/%D8%A7%D9%84%D9%85%D9%84%D9%83/ HTTP/2" 200 53266 "-" "Mozilla/5.0 (compatible; ImagesiftBot; +imagesift.com)"
77.75.78.161 - - [28/Sep/2024:14:40:11 +0200] "GET /drlse/v489793.html HTTP/1.1" 404 20320 "-" "Mozilla/5.0 (compatible; SeznamBot/4.0; +http://napoveda.seznam.cz/seznambot-intro/)"
74.80.208.56 - - [28/Sep/2024:14:40:13 +0200] "GET /tag/%D8%B3%D9%8A%D8%A7%D8%AD%D9%8A%D8%A9/ HTTP/2" 200 36832 "-" "Mozilla/5.0 (compatible; ImagesiftBot; +imagesift.com)"
77.75.78.161 - - [28/Sep/2024:14:40:13 +0200] "GET /nuhrc/o741362.html HTTP/1.1" 404 20327 "-" "Mozilla/5.0 (compatible; SeznamBot/4.0; +http://napoveda.seznam.cz/seznambot-intro/)"
74.80.208.56 - - [28/Sep/2024:14:40:14 +0200] "GET /%D9%82%D8%AA%D9%84%D9%89-%D9%88%D8%AC%D8%B1%D8%AD%D9%89-%D9%81%D9%8A-%D9%82%D8%B5%D9%81-%D8%A8%D8%A7%D9%84%D9%85%D8%B3%D9%8A%D8%B1%D8%A7%D8%AA-%D8%B9%D9%84%D9%89-%D8%A3%D8%AD%D9%8A%D8%A7%D8%A1-%D8%A8/feed/ HTTP/2" 200 761 "-" "Mozilla/5.0 (compatible; ImagesiftBot; +imagesift.com)"
74.80.208.56 - - [28/Sep/2024:14:40:15 +0200] "GET /wp-json/wp/v2/tags/1249 HTTP/2" 200 318 "-" "Mozilla/5.0 (compatible; ImagesiftBot; +imagesift.com)"
74.80.208.56 - - [28/Sep/2024:14:40:15 +0200] "GET /tag/%D8%AA%D8%B1%D8%B3%D9%88/ HTTP/2" 200 33653 "-" "Mozilla/5.0 (compatible; ImagesiftBot; +imagesift.com)"
77.75.78.161 - - [28/Sep/2024:14:40:16 +0200] "GET /lnwos/w865884.html HTTP/1.1" 404 20327 "-" "Mozilla/5.0 (compatible; SeznamBot/4.0; +http://napoveda.seznam.cz/seznambot-intro/)"
74.80.208.56 - - [28/Sep/2024:14:40:17 +0200] "GET /tag/%D9%88%D8%A7%D8%A8%D9%86%D8%A7%D8%A1%D9%87%D8%A7/ HTTP/2" 200 23507 "-" "Mozilla/5.0 (compatible; ImagesiftBot; +imagesift.com)"
77.75.78.161 - - [28/Sep/2024:14:40:17 +0200] "GET /tqrha/s280074.html HTTP/1.1" 404 20320 "-" "Mozilla/5.0 (compatible; SeznamBot/4.0; +http://napoveda.seznam.cz/seznambot-intro/)"
74.80.208.56 - - [28/Sep/2024:14:40:18 +0200] "GET /tag/%D9%85%D8%B9%D8%A7%D9%87/ HTTP/2" 200 24513 "-" "Mozilla/5.0 (compatible; ImagesiftBot; +imagesift.com)"
74.80.208.56 - - [28/Sep/2024:14:40:19 +0200] "GET /%D8%AD%D9%83%D8%A7%D9%8A%D8%A9-%D9%85%D9%88%D8%A7%D8%B7%D9%86-%D8%B3%D9%88%D8%AF%D8%A7%D9%86%D9%8A-%D9%82%D8%B6%D9%89-%D8%B3%D8%AA%D8%A9-%D8%A3%D9%8A%D8%A7%D9%85-%D9%81%D9%8A-%D8%AC%D9%86%D9%88%D8%A8/ HTTP/2" 200 69530 "-" "Mozilla/5.0 (compatible; ImagesiftBot; +imagesift.com)"
77.75.78.161 - - [28/Sep/2024:14:40:20 +0200] "GET /zzlqo/j675811.html HTTP/1.1" 404 20323 "-" "Mozilla/5.0 (compatible; SeznamBot/4.0; +http://napoveda.seznam.cz/seznambot-intro/)"
74.80.208.56 - - [28/Sep/2024:14:40:20 +0200] "GET /tag/%D8%AA%D8%B6%D8%A7%D8%B9%D9%81/ HTTP/2" 200 37024 "-" "Mozilla/5.0 (compatible; ImagesiftBot; +imagesift.com)"
74.80.208.56 - - [28/Sep/2024:14:40:22 +0200] "GET /tag/%D9%85%D8%B1%D8%AA/ HTTP/2" 200 25356 "-" "Mozilla/5.0 (compatible; ImagesiftBot; +imagesift.com)"
77.75.78.161 - - [28/Sep/2024:14:40:22 +0200] "GET /fvvbe/o2402840.html HTTP/1.1" 404 20328 "-" "Mozilla/5.0 (compatible; SeznamBot/4.0; +http://napoveda.seznam.cz/seznambot-intro/)"
74.80.208.56 - - [28/Sep/2024:14:40:23 +0200] "GET /%D9%85%D9%86-%D9%8A%D8%B2%D8%B1%D8%B9-%D8%A7%D9%84%D9%83%D8%B1%D8%A7%D9%87%D9%8A%D8%A9-%D9%84%D9%86-%D9%8A%D8%AD%D8%B5%D8%AF-%D8%A7%D9%84%D8%AD%D8%A8/ HTTP/2" 200 43317 "-" "Mozilla/5.0 (compatible; ImagesiftBot; +imagesift.com)"
77.75.78.161 - - [28/Sep/2024:14:40:24 +0200] "GET /hwkuk/i2153520.html HTTP/1.1" 404 20323 "-" "Mozilla/5.0 (compatible; SeznamBot/4.0; +http://napoveda.seznam.cz/seznambot-intro/)"
74.80.208.56 - - [28/Sep/2024:14:40:25 +0200] "GET /tag/%D8%A7%D8%B3%D8%AA%D8%AE%D8%AF%D8%A7%D9%85/page/2/ HTTP/2" 200 38695 "-" "Mozilla/5.0 (compatible; ImagesiftBot; +imagesift.com)"
74.80.208.56 - - [28/Sep/2024:14:40:26 +0200] "GET /tag/%D9%88%D9%82%D8%B7%D8%B9%D8%AA%D9%85/feed/ HTTP/2" 200 2817 "-" "Mozilla/5.0 (compatible; ImagesiftBot; +imagesift.com)"
40.77.167.19 - - [28/Sep/2024:14:40:26 +0200] "GET /ozgtn/a2446818.html HTTP/2" 200 41832 "-" "Mozilla/5.0 AppleWebKit/537.36 (KHTML, like Gecko; compatible; bingbot/2.0; +http://www.bing.com/bingbot.htm) Chrome/116.0.1938.76 Safari/537.36"
77.75.78.161 - - [28/Sep/2024:14:40:27 +0200] "GET /lilay/h2068447.html HTTP/1.1" 404 20321 "-" "Mozilla/5.0 (compatible; SeznamBot/4.0; +http://napoveda.seznam.cz/seznambot-intro/)"
74.80.208.56 - - [28/Sep/2024:14:40:27 +0200] "GET /%D9%85%D9%86%D8%B0-%D8%B4%D9%87%D8%B1%D9%8A%D9%86-%D8%B4%D8%B9%D8%A8%D8%A9-%D8%A7%D9%84%D9%84%D8%AD%D9%88%D9%85-%D8%AA%D9%88%D9%82%D9%81-%D8%B5%D8%A7%D8%AF%D8%B1-%D8%A7%D9%84%D9%84%D8%AD%D9%88%D9%85/ HTTP/2" 200 62312 "-" "Mozilla/5.0 (compatible; ImagesiftBot; +imagesift.com)"
77.75.78.161 - - [28/Sep/2024:14:40:34 +0200] "GET /sdxgl/m2453356.html HTTP/1.1" 404 20322 "-" "Mozilla/5.0 (compatible; SeznamBot/4.0; +http://napoveda.seznam.cz/seznambot-intro/)"
74.80.208.56 - - [28/Sep/2024:14:40:36 +0200] "GET /%D9%81%D9%8A%D8%B5%D9%84-%D9%85%D8%AD%D9%85%D8%AF-%D8%B5%D8%A7%D9%84%D8%AD-%D8%AC%D8%B1%D8%A7%D8%A6%D9%85-%D8%AD%D8%B1%D8%A8-%D8%A7%D9%84%D8%B3%D9%88%D8%AF%D8%A7%D9%86-%D8%A3%D9%85%D8%A7%D9%85/ HTTP/2" 200 50949 "-" "Mozilla/5.0 (compatible; ImagesiftBot; +imagesift.com)"
74.80.208.56 - - [28/Sep/2024:14:40:38 +0200] "GET /tag/%D9%81%D8%B9%D9%84%D9%8A/ HTTP/2" 200 35262 "-" "Mozilla/5.0 (compatible; ImagesiftBot; +imagesift.com)"
74.80.208.56 - - [28/Sep/2024:14:40:39 +0200] "GET /tag/%D8%AA%D9%85%D8%A7%D8%B1%D8%B3/ HTTP/2" 200 53466 "-" "Mozilla/5.0 (compatible; ImagesiftBot; +imagesift.com)"
74.80.208.56 - - [28/Sep/2024:14:40:41 +0200] "GET /wp-json/wp/v2/tags/18343 HTTP/2" 200 314 "-" "Mozilla/5.0 (compatible; ImagesiftBot; +imagesift.com)"
74.80.208.56 - - [28/Sep/2024:14:40:41 +0200] "GET /%D8%A7%D8%B5%D8%AF%D8%B1-%D8%A8%D9%8A%D8%A7%D9%86%D8%A7-%D8%AA%D9%86%D8%A7%D9%82%D8%B6%D8%A7%D8%AA-%D8%A7%D9%84%D8%A7%D8%AA%D8%AD%D8%A7%D8%AF%D9%8A-%D8%A7%D9%84%D8%A7%D8%B5%D9%84-%D8%A7%D9%84/ HTTP/2" 200 47949 "-" "Mozilla/5.0 (compatible; ImagesiftBot; +imagesift.com)"
135.181.9.38 - - [28/Sep/2024:14:40:44 +0200] "POST /wp-cron.php?doing_wp_cron=1727527244.8769528865814208984375 HTTP/1.1" 200 0 "-" "WordPress/6.6.2; https://www.sudancam.net"
74.80.208.56 - - [28/Sep/2024:14:38:06 +0200] "GET /%D8%A3%D9%86%D8%B3-%D8%AC%D8%A7%D8%A8%D8%B1-%D8%AA%D8%AA%D8%A3%D9%87%D9%84-%D9%84%D8%A3%D9%88%D9%84-%D9%85%D8%B1%D8%A9-%D9%81%D9%8A-%D9%85%D8%B3%D9%8A%D8%B1%D8%AA%D9%87%D8%A7-%D8%A5%D9%84%D9%89-%D8%B1/feed/ HTTP/2" 200 790 "-" "Mozilla/5.0 (compatible; ImagesiftBot; +imagesift.com)"
74.80.208.56 - - [28/Sep/2024:14:38:07 +0200] "GET /%D8%A7%D9%84%D8%AA%D8%B1%D8%A8%D9%8A%D8%A9-%D9%88%D8%A7%D9%84%D8%AA%D8%B9%D9%84%D9%8A%D9%85-%D8%AA%D8%B3%D8%B9%D9%89-%D9%84%D8%A5%D9%8A%D8%AC%D8%A7%D8%AF%D8%AD%D9%84%D9%88%D9%84-%D8%A7%D8%B3%D8%AA/feed/ HTTP/2" 200 757 "-" "Mozilla/5.0 (compatible; ImagesiftBot; +imagesift.com)"
74.80.208.56 - - [28/Sep/2024:14:38:08 +0200] "GET /tag/%D8%A2%D9%84%D8%A7%D8%A1/ HTTP/2" 200 36517 "-" "Mozilla/5.0 (compatible; ImagesiftBot; +imagesift.com)"
74.80.208.56 - - [28/Sep/2024:14:38:09 +0200] "GET /tag/%D8%A8%D8%AB%D9%86%D8%A7%D8%A6%D9%8A%D8%A9/page/3/ HTTP/2" 200 24337 "-" "Mozilla/5.0 (compatible; ImagesiftBot; +imagesift.com)"
74.80.208.56 - - [28/Sep/2024:14:38:10 +0200] "GET /wp-json/wp/v2/tags/17991 HTTP/2" 200 324 "-" "Mozilla/5.0 (compatible; ImagesiftBot; +imagesift.com)"
74.80.208.56 - - [28/Sep/2024:14:38:11 +0200] "GET /tag/%D8%AE%D9%84%D8%A7%D9%84%D9%87%D8%A7/ HTTP/2" 200 37490 "-" "Mozilla/5.0 (compatible; ImagesiftBot; +imagesift.com)"
74.80.208.56 - - [28/Sep/2024:14:38:13 +0200] "GET /tag/%D9%84%D9%85%D8%B3%D8%A4%D9%88%D9%84%D9%8A/feed/ HTTP/2" 200 4221 "-" "Mozilla/5.0 (compatible; ImagesiftBot; +imagesift.com)"
74.80.208.56 - - [28/Sep/2024:14:38:19 +0200] "GET /tag/%D8%AD%D9%82%D8%A7/ HTTP/2" 200 26601 "-" "Mozilla/5.0 (compatible; ImagesiftBot; +imagesift.com)"
77.75.78.161 - - [28/Sep/2024:14:38:33 +0200] "GET /sdrou/u878466.html HTTP/1.1" 404 20321 "-" "Mozilla/5.0 (compatible; SeznamBot/4.0; +http://napoveda.seznam.cz/seznambot-intro/)"
77.75.78.161 - - [28/Sep/2024:14:38:37 +0200] "GET /lswkn/t727925.html HTTP/1.1" 404 20326 "-" "Mozilla/5.0 (compatible; SeznamBot/4.0; +http://napoveda.seznam.cz/seznambot-intro/)"
77.75.78.161 - - [28/Sep/2024:14:38:50 +0200] "GET /ckdvn/e1517478.html HTTP/1.1" 404 20328 "-" "Mozilla/5.0 (compatible; SeznamBot/4.0; +http://napoveda.seznam.cz/seznambot-intro/)"
77.75.78.161 - - [28/Sep/2024:14:38:52 +0200] "GET /spife/l1894277.html HTTP/1.1" 404 20327 "-" "Mozilla/5.0 (compatible; SeznamBot/4.0; +http://napoveda.seznam.cz/seznambot-intro/)"
77.75.78.161 - - [28/Sep/2024:14:38:55 +0200] "GET /uihpz/y82220.html HTTP/1.1" 404 20322 "-" "Mozilla/5.0 (compatible; SeznamBot/4.0; +http://napoveda.seznam.cz/seznambot-intro/)"
77.75.78.161 - - [28/Sep/2024:14:38:57 +0200] "GET /xffpt/o3018572.html HTTP/1.1" 404 20322 "-" "Mozilla/5.0 (compatible; SeznamBot/4.0; +http://napoveda.seznam.cz/seznambot-intro/)"
77.75.78.161 - - [28/Sep/2024:14:39:02 +0200] "GET /cezae/g328604.html HTTP/1.1" 404 20326 "-" "Mozilla/5.0 (compatible; SeznamBot/4.0; +http://napoveda.seznam.cz/seznambot-intro/)"
74.80.208.56 - - [28/Sep/2024:14:39:02 +0200] "GET /tag/%D9%88%D9%81%D9%8A%D9%84%D9%85/ HTTP/2" 200 0 "-" "Mozilla/5.0 (compatible; ImagesiftBot; +imagesift.com)"
135.181.9.38 - - [28/Sep/2024:14:39:35 +0200] "POST /wp-cron.php?doing_wp_cron=1727527175.0885319709777832031250 HTTP/1.1" 200 0 "-" "WordPress/6.6.2; https://www.sudancam.net"
178.236.247.6 - - [28/Sep/2024:14:40:04 +0200] "POST /74a7c9952328.php HTTP/1.1" 200 9 "-" "curl/7.86.0"
135.181.9.38 - - [28/Sep/2024:14:40:34 +0200] "POST /wp-cron.php?doing_wp_cron=1727527234.5106918811798095703125 HTTP/1.1" 200 0 "-" "WordPress/6.6.2; https://www.sudancam.net"
74.80.208.56 - - [28/Sep/2024:14:41:02 +0200] "GET /%F0%9F%94%B4-%D8%A7%D9%84%D8%AA%D9%88%D8%AC%D9%8A%D9%87%D8%A7%D8%AA-%D8%A7%D9%84%D8%AA%D9%8A-%D8%B5%D8%AF%D8%B1%D8%AA-%D9%84%D9%84%D9%82%D8%A7%D8%AF%D8%A9-%D8%A7%D9%84%D9%85%D9%8A%D8%AF%D8%A7%D9%86/ HTTP/2" 200 0 "-" "Mozilla/5.0 (compatible; ImagesiftBot; +imagesift.com)"
