77.75.78.161 - - [28/Sep/2024:14:49:47 +0200] "GET /rlkdz/h342125.html HTTP/1.1" 404 20322 "-" "Mozilla/5.0 (compatible; SeznamBot/4.0; +http://napoveda.seznam.cz/seznambot-intro/)"
74.80.208.56 - - [28/Sep/2024:14:49:47 +0200] "GET /%D9%85%D8%B1%D9%88%D8%A9-%D8%A8%D8%A7%D8%A8%D9%83%D8%B1-%D8%A7%D9%8A-%D8%B0%D8%B1%D8%A9-%D9%81%D9%8A-%D8%AC%D8%B3%D8%AF%D9%8A-%D9%87%D9%8A-%D8%B6%D8%AF-%D9%88%D8%AC%D9%88%D8%AF-%D9%87%D8%B0%D8%A7/ HTTP/2" 200 47166 "-" "Mozilla/5.0 (compatible; ImagesiftBot; +imagesift.com)"
77.75.78.161 - - [28/Sep/2024:14:49:49 +0200] "GET /iquqc/x2385741.html HTTP/1.1" 404 20324 "-" "Mozilla/5.0 (compatible; SeznamBot/4.0; +http://napoveda.seznam.cz/seznambot-intro/)"
74.80.208.56 - - [28/Sep/2024:14:49:49 +0200] "GET /%D8%A7%D8%B4%D8%AA%D8%A8%D8%A7%D9%83%D8%A7%D8%AA-%D9%88%D9%86%D8%B2%D9%88%D8%AD-%D9%85%D9%86-%D8%A7%D9%84%D8%AE%D8%B1%D8%B7%D9%88%D9%85-%D9%87%D9%84-%D8%A3%D8%BA%D9%84%D9%82-%D8%AC%D9%86%D9%88%D8%A8/ HTTP/2" 200 43856 "-" "Mozilla/5.0 (compatible; ImagesiftBot; +imagesift.com)"
74.80.208.56 - - [28/Sep/2024:14:49:51 +0200] "GET /tag/%D9%84%D8%AA%D9%88%D9%8A%D8%AA%D8%B1/feed/ HTTP/2" 200 8405 "-" "Mozilla/5.0 (compatible; ImagesiftBot; +imagesift.com)"
77.75.78.161 - - [28/Sep/2024:14:48:52 +0200] "GET /hexvc/o957812.html HTTP/1.1" 404 20321 "-" "Mozilla/5.0 (compatible; SeznamBot/4.0; +http://napoveda.seznam.cz/seznambot-intro/)"
77.75.78.161 - - [28/Sep/2024:14:48:54 +0200] "GET /hpsli/w940608.html HTTP/1.1" 404 20323 "-" "Mozilla/5.0 (compatible; SeznamBot/4.0; +http://napoveda.seznam.cz/seznambot-intro/)"
77.75.78.161 - - [28/Sep/2024:14:48:57 +0200] "GET /qhjsz/o2511104.html HTTP/1.1" 404 20323 "-" "Mozilla/5.0 (compatible; SeznamBot/4.0; +http://napoveda.seznam.cz/seznambot-intro/)"
77.75.78.161 - - [28/Sep/2024:14:49:00 +0200] "GET /zalph/q1670292.html HTTP/1.1" 404 20323 "-" "Mozilla/5.0 (compatible; SeznamBot/4.0; +http://napoveda.seznam.cz/seznambot-intro/)"
77.75.78.161 - - [28/Sep/2024:14:49:05 +0200] "GET /ocutg/m946916.html HTTP/1.1" 404 20320 "-" "Mozilla/5.0 (compatible; SeznamBot/4.0; +http://napoveda.seznam.cz/seznambot-intro/)"
77.75.78.161 - - [28/Sep/2024:14:49:11 +0200] "GET /uiiuw/l859555.html HTTP/1.1" 404 20321 "-" "Mozilla/5.0 (compatible; SeznamBot/4.0; +http://napoveda.seznam.cz/seznambot-intro/)"
135.181.9.38 - - [28/Sep/2024:14:49:34 +0200] "POST /wp-admin/admin-ajax.php?action=async_litespeed&nonce=17XaajnwqEV1gQymw35S3Z1hsc9Oelmh&litespeed_type=imgoptm HTTP/1.1" 200 21 "-" "WordPress/6.6.2; https://www.sudancam.net"
85.208.96.212 - - [28/Sep/2024:14:50:13 +0200] "GET /%D8%A5%D8%BA%D9%84%D8%A7%D9%82-%D8%B7%D8%B1%D9%8A%D9%82-%D8%A7%D9%84%D8%AE%D8%B1%D8%B7%D9%88%D9%85-%D8%B4%D9%85%D8%A7%D9%84-%D9%83%D8%B1%D8%AF%D9%81%D8%A7%D9%86-%D9%88%D8%A7%D9%84%D8%AC%D9%8A%D8%B4/ HTTP/1.1" 403 0 "-" "Mozilla/5.0 (compatible; SemrushBot/7~bl; +http://www.semrush.com/bot.html)"
66.249.64.14 - - [28/Sep/2024:14:50:13 +0200] "GET /hzjqt/z738383.html HTTP/1.1" 200 41695 "-" "Mozilla/5.0 (Linux; Android 6.0.1; Nexus 5X Build/MMB29P) AppleWebKit/537.36 (KHTML, like Gecko) Chrome/128.0.6613.137 Mobile Safari/537.36 (compatible; Googlebot/2.1; +http://www.google.com/bot.html)"
74.80.208.56 - - [28/Sep/2024:14:50:14 +0200] "GET /%D8%A7%D8%AA%D9%81%D8%A7%D9%82-%D8%B3%D9%84%D8%A7%D9%85-%D8%AC%D9%88%D8%A8%D8%A7-%D9%81%D9%8A-%D8%B0%D9%83%D8%B1%D8%A7%D9%87-%D8%A7%D9%84%D8%AB%D8%A7%D9%86%D9%8A%D8%A9-%D8%A8%D9%8A%D9%86-%D8%A7%D9%84/feed/ HTTP/2" 200 753 "-" "Mozilla/5.0 (compatible; ImagesiftBot; +imagesift.com)"
74.80.208.56 - - [28/Sep/2024:14:50:15 +0200] "GET /wp-json/wp/v2/tags/3140 HTTP/2" 200 298 "-" "Mozilla/5.0 (compatible; ImagesiftBot; +imagesift.com)"
74.80.208.56 - - [28/Sep/2024:14:50:15 +0200] "GET /tag/%D8%A7%D9%84%D9%82%D9%85%D8%A9/ HTTP/2" 200 27002 "-" "Mozilla/5.0 (compatible; ImagesiftBot; +imagesift.com)"
74.80.208.56 - - [28/Sep/2024:14:50:17 +0200] "GET /tag/%D9%88%D9%85%D8%B1%D9%82%D8%AA/ HTTP/2" 200 23533 "-" "Mozilla/5.0 (compatible; ImagesiftBot; +imagesift.com)"
74.80.208.56 - - [28/Sep/2024:14:50:18 +0200] "GET /%D8%BA%D9%86%D8%AF%D9%88%D8%B1-%D9%81%D9%8A-%D8%AD%D9%85%D9%84%D8%A9-%D8%A7%D9%84%D8%AD%D8%B1%D9%8A%D8%A9-%D9%84%D8%AF%D9%83%D8%AA%D9%88%D8%B1-%D8%B9%D8%A8%D8%AF%D8%A7%D9%84%D8%B1%D8%AD%D9%85%D9%86/ HTTP/2" 200 45554 "-" "Mozilla/5.0 (compatible; ImagesiftBot; +imagesift.com)"
74.80.208.56 - - [28/Sep/2024:14:50:19 +0200] "GET /%D8%A7%D9%84%D8%AD%D8%B1%D9%8A%D8%A9-%D9%88%D8%A7%D9%84%D8%AA%D8%BA%D9%8A%D9%8A%D8%B1-%D8%AA%D8%AA%D8%AD%D9%81%D8%B8-%D8%B9%D9%84%D9%89-%D9%85%D8%A8%D8%A7%D8%AF%D8%B1%D8%A9-%D9%85%D8%B5/ HTTP/2" 200 46619 "-" "Mozilla/5.0 (compatible; ImagesiftBot; +imagesift.com)"
40.77.167.55 - - [28/Sep/2024:14:50:20 +0200] "GET /wxlcx/d1603563.html HTTP/2" 200 41454 "-" "Mozilla/5.0 AppleWebKit/537.36 (KHTML, like Gecko; compatible; bingbot/2.0; +http://www.bing.com/bingbot.htm) Chrome/116.0.1938.76 Safari/537.36"
74.80.208.56 - - [28/Sep/2024:14:50:21 +0200] "GET /wp-json/wp/v2/posts/27754 HTTP/2" 200 3314 "-" "Mozilla/5.0 (compatible; ImagesiftBot; +imagesift.com)"
74.80.208.56 - - [28/Sep/2024:14:50:22 +0200] "GET /tag/%D9%84%D9%88%D8%AC%D8%A8%D8%A9/ HTTP/2" 200 24037 "-" "Mozilla/5.0 (compatible; ImagesiftBot; +imagesift.com)"
74.80.208.56 - - [28/Sep/2024:14:49:52 +0200] "GET /%D8%B9%D8%A8%D8%AF-%D8%A7%D9%84%D9%84%D9%87-%D9%85%D8%B3%D8%A7%D8%B1-%D9%8A%D9%83%D8%AA%D8%A8-%D9%85%D9%88%D8%AA-%D8%A7%D9%84%D8%A7%D8%AA%D9%91%D9%81%D8%A7%D9%82-%D8%A7%D9%84%D8%A5%D8%B7%D8%A7%D8%B1/ HTTP/2" 200 34698 "-" "Mozilla/5.0 (compatible; ImagesiftBot; +imagesift.com)"
77.75.78.161 - - [28/Sep/2024:14:49:54 +0200] "GET /gzmxg/v2884497.html HTTP/1.1" 404 20325 "-" "Mozilla/5.0 (compatible; SeznamBot/4.0; +http://napoveda.seznam.cz/seznambot-intro/)"
74.80.208.56 - - [28/Sep/2024:14:49:54 +0200] "GET /tag/%D8%A8%D8%B1%D8%A7%D8%A1%D8%AA%D9%87/ HTTP/2" 200 23580 "-" "Mozilla/5.0 (compatible; ImagesiftBot; +imagesift.com)"
74.80.208.56 - - [28/Sep/2024:14:49:56 +0200] "GET /wp-json/wp/v2/posts/1281 HTTP/2" 404 125 "-" "Mozilla/5.0 (compatible; ImagesiftBot; +imagesift.com)"
74.80.208.56 - - [28/Sep/2024:14:49:56 +0200] "GET /wp-json/wp/v2/posts/13686 HTTP/2" 200 2621 "-" "Mozilla/5.0 (compatible; ImagesiftBot; +imagesift.com)"
74.80.208.56 - - [28/Sep/2024:14:49:57 +0200] "GET /wp-json/wp/v2/posts/12546 HTTP/2" 200 3680 "-" "Mozilla/5.0 (compatible; ImagesiftBot; +imagesift.com)"
74.80.208.56 - - [28/Sep/2024:14:49:58 +0200] "GET /wp-json/wp/v2/tags/9866 HTTP/2" 200 299 "-" "Mozilla/5.0 (compatible; ImagesiftBot; +imagesift.com)"
74.80.208.56 - - [28/Sep/2024:14:49:58 +0200] "GET /tag/%D9%88%D8%A7%D9%84%D8%AA%D8%B1%D9%88%D9%8A%D9%83%D8%A7/ HTTP/2" 200 33797 "-" "Mozilla/5.0 (compatible; ImagesiftBot; +imagesift.com)"
77.75.78.161 - - [28/Sep/2024:14:49:59 +0200] "GET /oskey/k1243574.html HTTP/1.1" 404 20323 "-" "Mozilla/5.0 (compatible; SeznamBot/4.0; +http://napoveda.seznam.cz/seznambot-intro/)"
74.80.208.56 - - [28/Sep/2024:14:50:01 +0200] "GET /tag/%D8%A7%D9%84%D8%B1%D8%A7%D8%A6%D8%B9%D8%A9/ HTTP/2" 200 0 "-" "Mozilla/5.0 (compatible; ImagesiftBot; +imagesift.com)"
74.80.208.56 - - [28/Sep/2024:14:50:02 +0200] "GET /%D8%A7%D9%84%D8%B3%D9%88%D8%AF%D8%A7%D9%86-%D9%8A%D8%AD%D8%AC%D8%A8-%D8%A7%D9%84%D8%A5%D9%86%D8%AA%D8%B1%D9%86%D8%AA-3-%D8%B3%D8%A7%D8%B9%D8%A7%D8%AA-%D9%8A%D9%88%D9%85%D9%8A%D8%A7-%D9%84%D9%85%D9%86/ HTTP/2" 200 45289 "-" "Mozilla/5.0 (compatible; ImagesiftBot; +imagesift.com)"
74.80.208.56 - - [28/Sep/2024:14:50:03 +0200] "GET /tag/%D8%A7%D9%84%D8%A3%D9%85%D8%B1%D8%A7%D8%A1%D9%88%D9%87%D9%88/ HTTP/2" 200 23691 "-" "Mozilla/5.0 (compatible; ImagesiftBot; +imagesift.com)"
74.80.208.56 - - [28/Sep/2024:14:50:05 +0200] "GET /tag/%D8%AA%D9%81%D8%A7%D8%B9%D9%84%D9%87/ HTTP/2" 200 0 "-" "Mozilla/5.0 (compatible; ImagesiftBot; +imagesift.com)"
74.80.208.56 - - [28/Sep/2024:14:50:06 +0200] "GET /%D8%A7%D9%84%D8%AA%D8%A3%D9%85%D9%8A%D9%86-%D8%A7%D9%84%D8%B5%D8%AD%D9%8A-%D8%A8%D8%A7%D9%84%D8%AC%D8%B2%D9%8A%D8%B1%D8%A9-%D9%8A%D8%B9%D9%84%D9%86-%D8%AA%D8%B3%D9%84%D9%8A%D9%85-%D9%85%D8%B1%D9%83/feed/ HTTP/2" 200 741 "-" "Mozilla/5.0 (compatible; ImagesiftBot; +imagesift.com)"
77.75.78.161 - - [28/Sep/2024:14:50:06 +0200] "GET /naiqm/l1189573.html HTTP/1.1" 404 20322 "-" "Mozilla/5.0 (compatible; SeznamBot/4.0; +http://napoveda.seznam.cz/seznambot-intro/)"
74.80.208.56 - - [28/Sep/2024:14:50:07 +0200] "GET /tag/%D9%88%D8%A7%D9%84%D8%A7%D9%86%D8%AA%D8%B1%D9%86%D8%AA/ HTTP/2" 200 25087 "-" "Mozilla/5.0 (compatible; ImagesiftBot; +imagesift.com)"
77.75.78.161 - - [28/Sep/2024:14:50:13 +0200] "GET /vissp/l2639749.html HTTP/1.1" 404 20322 "-" "Mozilla/5.0 (compatible; SeznamBot/4.0; +http://napoveda.seznam.cz/seznambot-intro/)"
207.46.13.14 - - [28/Sep/2024:14:50:13 +0200] "GET /rttab/r2114607.html HTTP/2" 200 43236 "-" "Mozilla/5.0 AppleWebKit/537.36 (KHTML, like Gecko; compatible; bingbot/2.0; +http://www.bing.com/bingbot.htm) Chrome/116.0.1938.76 Safari/537.36"
66.249.64.13 - - [28/Sep/2024:14:50:29 +0200] "GET /aqdok/g801440.html HTTP/1.1" 200 41266 "-" "Mozilla/5.0 (Linux; Android 6.0.1; Nexus 5X Build/MMB29P) AppleWebKit/537.36 (KHTML, like Gecko) Chrome/128.0.6613.137 Mobile Safari/537.36 (compatible; GoogleOther)"
74.80.208.56 - - [28/Sep/2024:14:50:23 +0200] "GET /tag/%D8%A7%D9%84%D8%B9%D8%AF%D8%A9/ HTTP/2" 200 24335 "-" "Mozilla/5.0 (compatible; ImagesiftBot; +imagesift.com)"
74.80.208.56 - - [28/Sep/2024:14:50:24 +0200] "GET /%D9%84%D8%AC%D9%86%D8%A9-%D8%A7%D9%84%D9%85%D8%B9%D9%84%D9%85%D9%8A%D9%86-%D8%AA%D9%82%D8%B1%D8%B1-%D8%A7%D9%84%D8%AA%D9%88%D9%82%D9%81-%D8%B9%D9%86-%D8%A7%D9%84%D8%B9%D9%85%D9%84-%D8%AD%D8%A7%D9%84/feed/ HTTP/2" 200 736 "-" "Mozilla/5.0 (compatible; ImagesiftBot; +imagesift.com)"
77.75.78.161 - - [28/Sep/2024:14:50:26 +0200] "GET /prnhm/u2473384.html HTTP/1.1" 404 20323 "-" "Mozilla/5.0 (compatible; SeznamBot/4.0; +http://napoveda.seznam.cz/seznambot-intro/)"
74.80.208.56 - - [28/Sep/2024:14:50:26 +0200] "GET /tag/%D9%85%D8%B8%D8%A7%D9%87%D8%B1%D9%87%D8%A7/ HTTP/2" 200 33044 "-" "Mozilla/5.0 (compatible; ImagesiftBot; +imagesift.com)"
74.80.208.56 - - [28/Sep/2024:14:50:29 +0200] "GET /tag/%D9%86%D8%B2%D9%88%D9%84%D9%87/feed/ HTTP/2" 200 3956 "-" "Mozilla/5.0 (compatible; ImagesiftBot; +imagesift.com)"
74.80.208.56 - - [28/Sep/2024:14:50:30 +0200] "GET /dhchw/i1482512.html HTTP/2" 404 22076 "-" "Mozilla/5.0 (compatible; ImagesiftBot; +imagesift.com)"
74.80.208.56 - - [28/Sep/2024:14:50:32 +0200] "GET /tag/%D8%A7%D9%84%D8%B3%D9%88%D8%AF%D8%A7%D9%86%D8%A8%D8%B3%D8%A8%D8%A8/ HTTP/2" 200 0 "-" "Mozilla/5.0 (compatible; ImagesiftBot; +imagesift.com)"
74.80.208.56 - - [28/Sep/2024:14:50:32 +0200] "GET /%D8%AF-%D8%BA%D8%A7%D8%B2%D9%8A-%D8%B5%D9%84%D8%A7%D8%AD-%D8%A7%D9%84%D8%AF%D9%8A%D9%86-%D9%8A%D9%86%D9%81%D9%8A-%D9%88%D9%8A%D9%88%D8%B6%D8%AD/ HTTP/2" 200 0 "-" "Mozilla/5.0 (compatible; ImagesiftBot; +imagesift.com)"
74.80.208.56 - - [28/Sep/2024:14:50:34 +0200] "GET /tag/%D8%BA%D8%B7%D8%A7%D8%A1/ HTTP/2" 200 0 "-" "Mozilla/5.0 (compatible; ImagesiftBot; +imagesift.com)"
74.80.208.56 - - [28/Sep/2024:14:50:35 +0200] "GET /tag/%D9%85%D8%B7%D8%B1%D8%A8%D8%A7%D8%AA/feed/ HTTP/2" 200 2322 "-" "Mozilla/5.0 (compatible; ImagesiftBot; +imagesift.com)"
74.80.208.56 - - [28/Sep/2024:14:50:36 +0200] "GET /wp-json/wp/v2/posts/29419 HTTP/2" 200 5307 "-" "Mozilla/5.0 (compatible; ImagesiftBot; +imagesift.com)"
74.80.208.56 - - [28/Sep/2024:14:50:36 +0200] "GET /tag/%D9%8A%D8%AA%D9%88%D8%B5%D9%84/ HTTP/2" 200 38539 "-" "Mozilla/5.0 (compatible; ImagesiftBot; +imagesift.com)"
74.80.208.56 - - [28/Sep/2024:14:50:38 +0200] "GET /tag/%D9%88%D9%84%D9%84%D9%8A%D8%B1%D8%B6%D9%89/ HTTP/2" 200 35360 "-" "Mozilla/5.0 (compatible; ImagesiftBot; +imagesift.com)"
74.80.208.56 - - [28/Sep/2024:14:50:39 +0200] "GET /tag/%D8%A7%D9%85%D8%B1%D9%8A%D9%83%D8%A7/ HTTP/2" 200 0 "-" "Mozilla/5.0 (compatible; ImagesiftBot; +imagesift.com)"
74.80.208.56 - - [28/Sep/2024:14:50:40 +0200] "GET /%D9%87%D9%84-%D9%8A%D8%AA%D8%BA%D9%84%D8%A8-%D8%A3%D8%B4%D8%B1%D9%81-%D8%AD%D9%83%D9%8A%D9%85%D9%8A-%D8%B9%D9%84%D9%89-%D9%85%D8%AD%D9%85%D8%AF-%D8%B5%D9%84%D8%A7%D8%AD%D8%9F/ HTTP/2" 200 0 "-" "Mozilla/5.0 (compatible; ImagesiftBot; +imagesift.com)"
74.80.208.56 - - [28/Sep/2024:14:50:41 +0200] "GET /wp-json/wp/v2/tags/25265 HTTP/2" 200 328 "-" "Mozilla/5.0 (compatible; ImagesiftBot; +imagesift.com)"
74.80.208.56 - - [28/Sep/2024:14:50:42 +0200] "GET /tlcxl/l1013163.html HTTP/2" 404 22077 "-" "Mozilla/5.0 (compatible; ImagesiftBot; +imagesift.com)"
74.80.208.56 - - [28/Sep/2024:14:50:43 +0200] "GET /wp-json/wp/v2/tags/3308 HTTP/2" 200 297 "-" "Mozilla/5.0 (compatible; ImagesiftBot; +imagesift.com)"
74.80.208.56 - - [28/Sep/2024:14:50:44 +0200] "GET /%D8%A7%D9%84%D9%85%D8%BA%D8%B1%D8%A8-%D8%A3%D9%88%D9%84-%D8%A8%D9%84%D8%AF-%D8%B9%D8%B1%D8%A8%D9%8A-%D9%8A%D8%A8%D9%84%D8%BA-%D8%A7%D9%84%D8%AF%D9%88%D8%B1-%D8%B1%D8%A8%D8%B9-%D8%A7%D9%84%D9%86%D9%87/feed/ HTTP/2" 200 779 "-" "Mozilla/5.0 (compatible; ImagesiftBot; +imagesift.com)"
74.80.208.56 - - [28/Sep/2024:14:50:45 +0200] "GET /tag/%D8%A5%D9%8A%D8%AA%D9%88/ HTTP/2" 200 37028 "-" "Mozilla/5.0 (compatible; ImagesiftBot; +imagesift.com)"
74.80.208.56 - - [28/Sep/2024:14:50:46 +0200] "GET /%D8%A7%D9%84%D8%A5%D9%81%D8%B1%D8%A7%D8%AC-%D8%B9%D9%86-29-%D9%86%D8%B2%D9%8A%D9%84%D8%A7%D9%8B-%D8%A7%D9%84%D9%86%D9%8A%D9%84%D9%8A%D9%86/ HTTP/2" 200 43415 "-" "Mozilla/5.0 (compatible; ImagesiftBot; +imagesift.com)"
74.80.208.56 - - [28/Sep/2024:14:50:48 +0200] "GET /tag/%D8%B3%D8%A7%D9%85/ HTTP/2" 200 23992 "-" "Mozilla/5.0 (compatible; ImagesiftBot; +imagesift.com)"
74.80.208.56 - - [28/Sep/2024:14:50:50 +0200] "GET /%D8%AA%D8%B9%D9%88%D9%8A%D8%B6%D8%A7%D8%AA-%D8%A7%D9%84%D9%85%D9%88%D8%A7%D8%B7%D9%86%D9%8A%D9%86-%D9%84%D9%84%D9%86%D9%87%D8%A8-%D9%88%D8%A7%D9%84%D8%AF%D9%85%D8%A7%D8%B1-%D9%88%D8%A7%D9%84%D8%A7/ HTTP/2" 200 0 "-" "Mozilla/5.0 (compatible; ImagesiftBot; +imagesift.com)"
74.80.208.56 - - [28/Sep/2024:14:50:50 +0200] "GET /sitemap759.xml HTTP/2" 200 14330 "-" "Mozilla/5.0 (compatible; ImagesiftBot; +imagesift.com)"
74.80.208.56 - - [28/Sep/2024:14:50:51 +0200] "GET /tag/%D9%85%D8%A7%D8%B6%D9%8A%D9%87/feed/ HTTP/2" 200 12624 "-" "Mozilla/5.0 (compatible; ImagesiftBot; +imagesift.com)"
74.80.208.56 - - [28/Sep/2024:14:50:53 +0200] "GET /tag/%D8%B7%D9%84%D8%A9/ HTTP/2" 200 33593 "-" "Mozilla/5.0 (compatible; ImagesiftBot; +imagesift.com)"
74.80.208.56 - - [28/Sep/2024:14:50:55 +0200] "GET /wp-json/wp/v2/posts/12532 HTTP/2" 200 4187 "-" "Mozilla/5.0 (compatible; ImagesiftBot; +imagesift.com)"
74.80.208.56 - - [28/Sep/2024:14:50:56 +0200] "GET /%D8%A7%D9%84%D9%82%D9%85%D8%AD-%D8%A7%D9%84%D9%83%D9%86%D8%AF%D9%8A-%D9%8A%D8%B3%D8%AC%D9%84-%D8%A5%D8%B1%D8%AA%D9%81%D8%A7%D8%B9%D9%8B%D8%A7-%D8%AC%D8%AF%D9%8A%D8%AF%D9%8B%D8%A7-%D9%81%D9%8A-%D8%A7/feed/ HTTP/2" 200 736 "-" "Mozilla/5.0 (compatible; ImagesiftBot; +imagesift.com)"
74.80.208.56 - - [28/Sep/2024:14:50:57 +0200] "GET /wp-json/wp/v2/tags/9099 HTTP/2" 200 311 "-" "Mozilla/5.0 (compatible; ImagesiftBot; +imagesift.com)"
74.80.208.56 - - [28/Sep/2024:14:50:58 +0200] "GET /bsgfn/b2083469.html HTTP/2" 404 22076 "-" "Mozilla/5.0 (compatible; ImagesiftBot; +imagesift.com)"
74.80.208.56 - - [28/Sep/2024:14:50:59 +0200] "GET /tag/%D9%85%D8%A7%D9%8A%D9%83%D9%84/feed/ HTTP/2" 200 6846 "-" "Mozilla/5.0 (compatible; ImagesiftBot; +imagesift.com)"
74.80.208.56 - - [28/Sep/2024:14:51:00 +0200] "GET /wp-json/wp/v2/posts/15337 HTTP/2" 200 4793 "-" "Mozilla/5.0 (compatible; ImagesiftBot; +imagesift.com)"
74.80.208.56 - - [28/Sep/2024:14:51:01 +0200] "GET /wp-json/wp/v2/tags/21020 HTTP/2" 200 319 "-" "Mozilla/5.0 (compatible; ImagesiftBot; +imagesift.com)"
74.80.208.56 - - [28/Sep/2024:14:51:02 +0200] "GET /pvylb/p1362529.html HTTP/2" 404 22076 "-" "Mozilla/5.0 (compatible; ImagesiftBot; +imagesift.com)"
74.80.208.56 - - [28/Sep/2024:14:51:03 +0200] "GET /otgkc/a1506164.html HTTP/2" 404 22076 "-" "Mozilla/5.0 (compatible; ImagesiftBot; +imagesift.com)"
74.80.208.56 - - [28/Sep/2024:14:51:04 +0200] "GET /%D9%85%D8%B5%D8%B7%D9%81%D9%89-%D9%85%D9%8A%D8%B1%D8%BA%D9%86%D9%8A-%D9%85%D8%A7-%D9%81%D8%B9%D9%84%D9%87-%D8%A7%D9%84%D8%AC%D9%8A%D8%B4-%D8%A7%D9%84%D8%B3%D9%88%D8%AF%D8%A7%D9%86%D9%8A-%D9%88%D8%A7/ HTTP/2" 200 32614 "-" "Mozilla/5.0 (compatible; ImagesiftBot; +imagesift.com)"
74.80.208.56 - - [28/Sep/2024:14:51:06 +0200] "GET /wp-json/wp/v2/tags/22088 HTTP/2" 200 352 "-" "Mozilla/5.0 (compatible; ImagesiftBot; +imagesift.com)"
74.80.208.56 - - [28/Sep/2024:14:51:07 +0200] "GET /%D8%A3%D9%86-%D9%8A%D8%AA%D9%83%D9%84%D9%85-%D8%AD%D9%85%D9%8A%D8%AF%D8%AA%D9%8A-%D9%82%D8%A7%D8%A6%D8%AF-%D9%85%D9%84%D9%8A%D8%B4%D9%8A%D8%A7-%D9%82%D8%A8%D9%84%D9%8A%D8%A9-%D8%AA%D9%85-%D8%AA/ HTTP/2" 200 45105 "-" "Mozilla/5.0 (compatible; ImagesiftBot; +imagesift.com)"
74.80.208.56 - - [28/Sep/2024:14:51:08 +0200] "GET /tag/%D8%B9%D8%AC%D8%A7%D8%AC/ HTTP/2" 200 23838 "-" "Mozilla/5.0 (compatible; ImagesiftBot; +imagesift.com)"
135.181.9.38 - - [28/Sep/2024:14:49:34 +0200] "POST /wp-cron.php?doing_wp_cron=1727527774.2828719615936279296875 HTTP/1.1" 200 0 "-" "WordPress/6.6.2; https://www.sudancam.net"
135.181.9.38 - - [28/Sep/2024:14:49:44 +0200] "POST /wp-cron.php?doing_wp_cron=1727527784.2280709743499755859375 HTTP/1.1" 200 0 "-" "WordPress/6.6.2; https://www.sudancam.net"
178.236.247.6 - - [28/Sep/2024:14:50:04 +0200] "POST /74a7c9952328.php HTTP/1.1" 200 9 "-" "curl/7.86.0"
66.249.64.14 - - [28/Sep/2024:14:50:14 +0200] "GET /jpvtx/a807544.html HTTP/1.1" 200 41309 "-" "Mozilla/5.0 (Linux; Android 6.0.1; Nexus 5X Build/MMB29P) AppleWebKit/537.36 (KHTML, like Gecko) Chrome/128.0.6613.137 Mobile Safari/537.36 (compatible; Googlebot/2.1; +http://www.google.com/bot.html)"
66.249.64.14 - - [28/Sep/2024:14:50:15 +0200] "GET /elhpd/x1587151.html HTTP/1.1" 200 42078 "-" "Mozilla/5.0 (Linux; Android 6.0.1; Nexus 5X Build/MMB29P) AppleWebKit/537.36 (KHTML, like Gecko) Chrome/128.0.6613.137 Mobile Safari/537.36 (compatible; Googlebot/2.1; +http://www.google.com/bot.html)"
66.249.64.14 - - [28/Sep/2024:14:50:18 +0200] "GET /lxcbk/q633022.html HTTP/1.1" 200 41566 "-" "Mozilla/5.0 (Linux; Android 6.0.1; Nexus 5X Build/MMB29P) AppleWebKit/537.36 (KHTML, like Gecko) Chrome/128.0.6613.137 Mobile Safari/537.36 (compatible; Googlebot/2.1; +http://www.google.com/bot.html)"
135.181.9.38 - - [28/Sep/2024:14:50:35 +0200] "POST /wp-admin/admin-ajax.php?action=async_litespeed&nonce=I8OKvtzx4U8HcxnK38Qd7Y4xht66VLu5&litespeed_type=imgoptm HTTP/1.1" 200 21 "-" "WordPress/6.6.2; https://www.sudancam.net"
52.167.144.136 - - [28/Sep/2024:14:50:36 +0200] "GET /ajpji/l465005.html HTTP/2" 200 41825 "-" "Mozilla/5.0 AppleWebKit/537.36 (KHTML, like Gecko; compatible; bingbot/2.0; +http://www.bing.com/bingbot.htm) Chrome/116.0.1938.76 Safari/537.36"
135.181.9.38 - - [28/Sep/2024:14:50:43 +0200] "POST /wp-cron.php?doing_wp_cron=1727527843.0262780189514160156250 HTTP/1.1" 200 0 "-" "WordPress/6.6.2; https://www.sudancam.net"
74.80.208.56 - - [28/Sep/2024:14:51:18 +0200] "GET /tag/%D8%AF%D8%A7%D9%84/ HTTP/2" 200 24462 "-" "Mozilla/5.0 (compatible; ImagesiftBot; +imagesift.com)"
74.80.208.56 - - [28/Sep/2024:14:51:19 +0200] "GET /wp-json/wp/v2/tags/957 HTTP/2" 200 319 "-" "Mozilla/5.0 (compatible; ImagesiftBot; +imagesift.com)"
74.80.208.56 - - [28/Sep/2024:14:51:20 +0200] "GET /tag/%D8%B5%D9%8A%D8%A7%D8%BA%D8%A9/ HTTP/2" 200 37649 "-" "Mozilla/5.0 (compatible; ImagesiftBot; +imagesift.com)"
74.80.208.56 - - [28/Sep/2024:14:51:21 +0200] "GET /%D8%A7%D9%84%D9%87%D9%84%D8%A7%D9%84-%D9%86%D9%8A%D8%A7%D9%84%D8%A7-%D9%81%D9%8A-%D9%85%D9%87%D9%85%D8%A9-%D8%AE%D8%A7%D8%B5%D8%A9-%D8%A7%D9%85%D8%A7%D9%85-%D8%A7%D9%84%D8%B2%D9%88%D9%85%D8%A9-%D8%A7/ HTTP/2" 200 30217 "-" "Mozilla/5.0 (compatible; ImagesiftBot; +imagesift.com)"
74.80.208.56 - - [28/Sep/2024:14:51:23 +0200] "GET /wp-content/uploads/2022/05/BD010196-D080-4312-A6A7-6B859EF6D4C0-780x470.jpeg HTTP/2" 200 94391 "-" "Mozilla/5.0 (compatible; ImagesiftBot; +imagesift.com)"
74.80.208.56 - - [28/Sep/2024:14:51:23 +0200] "GET /%D8%B5%D8%A8%D8%B1%D9%8A-%D9%85%D8%AD%D9%85%D8%AF-%D8%B9%D9%84%D9%8A-%D8%A7%D9%84%D8%B9%D9%8A%D9%83%D9%88%D8%B1%D8%A9-%D9%8A%D9%83%D8%AA%D8%A8-%D9%87%D9%84-%D8%B3%D9%8A%D9%85%D9%88%D8%AA-%D8%A7/ HTTP/2" 200 36182 "-" "Mozilla/5.0 (compatible; ImagesiftBot; +imagesift.com)"
74.80.208.56 - - [28/Sep/2024:14:51:24 +0200] "GET /wp-content/uploads/2022/05/BD010196-D080-4312-A6A7-6B859EF6D4C0.jpeg HTTP/2" 200 125614 "-" "Mozilla/5.0 (compatible; ImagesiftBot; +imagesift.com)"
74.80.208.56 - - [28/Sep/2024:14:51:24 +0200] "GET /tag/%D9%8823/ HTTP/2" 200 23465 "-" "Mozilla/5.0 (compatible; ImagesiftBot; +imagesift.com)"
74.80.208.56 - - [28/Sep/2024:14:51:25 +0200] "GET /wp-json/wp/v2/posts/23737 HTTP/2" 200 2315 "-" "Mozilla/5.0 (compatible; ImagesiftBot; +imagesift.com)"
135.181.9.38 - - [28/Sep/2024:14:50:34 +0200] "POST /wp-cron.php?doing_wp_cron=1727527834.7413370609283447265625 HTTP/1.1" 200 0 "-" "WordPress/6.6.2; https://www.sudancam.net"
77.75.78.161 - - [28/Sep/2024:14:50:34 +0200] "GET /psdpe/c1532452.html HTTP/1.1" 404 20321 "-" "Mozilla/5.0 (compatible; SeznamBot/4.0; +http://napoveda.seznam.cz/seznambot-intro/)"
77.75.78.161 - - [28/Sep/2024:14:50:40 +0200] "GET /gjygn/d795353.html HTTP/1.1" 404 20324 "-" "Mozilla/5.0 (compatible; SeznamBot/4.0; +http://napoveda.seznam.cz/seznambot-intro/)"
77.75.78.161 - - [28/Sep/2024:14:50:42 +0200] "GET /gvooo/r2084239.html HTTP/1.1" 404 20322 "-" "Mozilla/5.0 (compatible; SeznamBot/4.0; +http://napoveda.seznam.cz/seznambot-intro/)"
77.75.78.161 - - [28/Sep/2024:14:50:46 +0200] "GET /yupyn/f1872509.html HTTP/1.1" 404 20322 "-" "Mozilla/5.0 (compatible; SeznamBot/4.0; +http://napoveda.seznam.cz/seznambot-intro/)"
77.75.78.161 - - [28/Sep/2024:14:50:51 +0200] "GET /wntnn/n602885.html HTTP/1.1" 404 20319 "-" "Mozilla/5.0 (compatible; SeznamBot/4.0; +http://napoveda.seznam.cz/seznambot-intro/)"
77.75.78.161 - - [28/Sep/2024:14:50:56 +0200] "GET /xtvry/t799919.html HTTP/1.1" 404 20320 "-" "Mozilla/5.0 (compatible; SeznamBot/4.0; +http://napoveda.seznam.cz/seznambot-intro/)"
77.75.78.161 - - [28/Sep/2024:14:50:59 +0200] "GET /gajbt/i2371842.html HTTP/1.1" 404 20322 "-" "Mozilla/5.0 (compatible; SeznamBot/4.0; +http://napoveda.seznam.cz/seznambot-intro/)"
77.75.78.161 - - [28/Sep/2024:14:51:02 +0200] "GET /nxhrf/w1117590.html HTTP/1.1" 404 20325 "-" "Mozilla/5.0 (compatible; SeznamBot/4.0; +http://napoveda.seznam.cz/seznambot-intro/)"
77.75.78.161 - - [28/Sep/2024:14:51:06 +0200] "GET /szanh/e569622.html HTTP/1.1" 404 20320 "-" "Mozilla/5.0 (compatible; SeznamBot/4.0; +http://napoveda.seznam.cz/seznambot-intro/)"
77.75.78.161 - - [28/Sep/2024:14:51:08 +0200] "GET /azxdl/m503746.html HTTP/1.1" 404 20321 "-" "Mozilla/5.0 (compatible; SeznamBot/4.0; +http://napoveda.seznam.cz/seznambot-intro/)"
85.208.96.209 - - [28/Sep/2024:14:51:16 +0200] "GET /%D8%A7%D9%84%D8%A8%D8%B9%D8%AB-%D9%84%D8%A7-%D9%85%D9%83%D8%A7%D9%86-%D9%84%D9%84%D8%A7%D9%86%D9%82%D9%84%D8%A7%D8%A8%D9%8A%D9%8A%D9%86-%D9%81%D9%8A-%D8%A7%D9%84%D8%AA%D8%B1%D8%AA%D9%8A/ HTTP/1.1" 200 43830 "-" "Mozilla/5.0 (compatible; SemrushBot/7~bl; +http://www.semrush.com/bot.html)"
74.80.208.56 - - [28/Sep/2024:14:51:43 +0200] "GET /tag/%D9%84%D9%82%D9%8A%D8%A7%D9%85%D9%87/ HTTP/2" 200 0 "-" "Mozilla/5.0 (compatible; ImagesiftBot; +imagesift.com)"
74.80.208.56 - - [28/Sep/2024:14:51:44 +0200] "GET /wp-json/wp/v2/tags/33714 HTTP/2" 200 317 "-" "Mozilla/5.0 (compatible; ImagesiftBot; +imagesift.com)"
74.80.208.56 - - [28/Sep/2024:14:51:45 +0200] "GET /tag/%D8%AA%D9%86%D8%AE%D9%81%D8%B6/ HTTP/2" 200 53149 "-" "Mozilla/5.0 (compatible; ImagesiftBot; +imagesift.com)"
185.191.171.6 - - [28/Sep/2024:14:51:47 +0200] "GET /quran/translate-ug-32.html HTTP/1.1" 403 0 "-" "Mozilla/5.0 (compatible; SemrushBot/7~bl; +http://www.semrush.com/bot.html)"
74.80.208.56 - - [28/Sep/2024:14:51:47 +0200] "GET /%D8%B9%D8%A7%D9%84%D9%82%D9%88%D9%86-%D8%B9%D9%84%D9%89-%D8%A7%D9%84%D8%AD%D8%AF%D9%88%D8%AF-%D8%A7%D9%84%D8%B3%D9%88%D8%AF%D8%A7%D9%86%D9%8A%D8%A9-%D8%A7%D9%84%D9%85%D8%B5%D8%B1%D9%8A%D8%A9-%D9%8A/ HTTP/2" 200 0 "-" "Mozilla/5.0 (compatible; ImagesiftBot; +imagesift.com)"
74.80.208.56 - - [28/Sep/2024:14:51:48 +0200] "GET /tag/%D9%88%D8%A7%D9%84%D8%B2%D9%88%D9%85%D8%A9/feed/ HTTP/2" 200 1560 "-" "Mozilla/5.0 (compatible; ImagesiftBot; +imagesift.com)"
74.80.208.56 - - [28/Sep/2024:14:51:49 +0200] "GET /tag/%D8%A7%D9%84%D9%82%D8%A8%D9%8A%D9%84%D8%A9/ HTTP/2" 200 52139 "-" "Mozilla/5.0 (compatible; ImagesiftBot; +imagesift.com)"
74.80.208.56 - - [28/Sep/2024:14:51:50 +0200] "GET /tag/%D8%A8%D9%85%D8%AD%D8%B7%D8%A7%D8%AA/feed/ HTTP/2" 200 2347 "-" "Mozilla/5.0 (compatible; ImagesiftBot; +imagesift.com)"
74.80.208.56 - - [28/Sep/2024:14:51:51 +0200] "GET /%D8%B4%D8%A7%D9%87%D8%AF-%D8%A8%D8%A7%D9%84%D9%81%D9%8A%D8%AF%D9%8A%D9%88-%D8%A7%D9%84%D9%81%D9%86%D8%A7%D9%86-%D8%A7%D9%84%D9%85%D8%B5%D8%B1%D9%8A-%D8%AD%D9%85%D9%88-%D8%A7%D8%B3%D9%85%D8%A7%D8%B9/ HTTP/2" 200 0 "-" "Mozilla/5.0 (compatible; ImagesiftBot; +imagesift.com)"
74.80.208.56 - - [28/Sep/2024:14:51:52 +0200] "GET /wp-json/wp/v2/tags/1245 HTTP/2" 200 313 "-" "Mozilla/5.0 (compatible; ImagesiftBot; +imagesift.com)"
74.80.208.56 - - [28/Sep/2024:14:51:53 +0200] "GET /%D8%A3%D8%B3%D9%88%D8%A3-%D9%85%D8%B1%D8%AD%D9%84%D8%A9-%D9%85%D9%85%D9%83%D9%86-%D8%AA%D8%B5%D9%84-%D9%84%D9%8A%D9%87%D8%A7-%D8%A8%D8%A5%D9%86%D9%83-%D8%AA%D8%A8%D9%82%D9%89-%D9%82%D8%AD%D8%A7%D8%B7/ HTTP/2" 200 31448 "-" "Mozilla/5.0 (compatible; ImagesiftBot; +imagesift.com)"
74.80.208.56 - - [28/Sep/2024:14:51:55 +0200] "GET /tag/%D8%A8%D9%80%D9%80%D8%A7%D9%84%D8%AA%D8%B1%D8%B7%D9%8A%D8%A8%D8%A9/ HTTP/2" 200 23668 "-" "Mozilla/5.0 (compatible; ImagesiftBot; +imagesift.com)"
74.80.208.56 - - [28/Sep/2024:14:51:56 +0200] "GET /wp-content/uploads/2022/08/1661060700_unnamed-file-480x470.jpg HTTP/2" 200 58882 "-" "Mozilla/5.0 (compatible; ImagesiftBot; +imagesift.com)"
74.80.208.56 - - [28/Sep/2024:14:51:57 +0200] "GET /tag/%D9%88%D8%A8%D8%A7%D9%84%D8%A3%D8%A8/ HTTP/2" 200 24787 "-" "Mozilla/5.0 (compatible; ImagesiftBot; +imagesift.com)"
74.80.208.56 - - [28/Sep/2024:14:51:58 +0200] "GET /wp-content/uploads/2022/08/1661060700_unnamed-file.jpg HTTP/2" 200 59798 "-" "Mozilla/5.0 (compatible; ImagesiftBot; +imagesift.com)"
74.80.208.56 - - [28/Sep/2024:14:51:58 +0200] "GET /%D8%A7%D9%84%D8%B9%D9%85%D9%88%D9%84%D8%A7%D8%AA-%D9%88%D8%B1%D9%88%D9%86%D8%A7%D9%84%D8%AF%D9%88-%D9%8A%D9%82%D8%AA%D8%AD%D9%85%D8%A7%D9%86-%D9%85%D9%81%D8%A7%D9%88%D8%B6%D8%A7%D8%AA-%D8%AA%D8%AC/ HTTP/2" 200 0 "-" "Mozilla/5.0 (compatible; ImagesiftBot; +imagesift.com)"
74.80.208.56 - - [28/Sep/2024:14:51:59 +0200] "GET /wp-json/wp/v2/tags/38571 HTTP/2" 200 317 "-" "Mozilla/5.0 (compatible; ImagesiftBot; +imagesift.com)"
66.249.64.13 - - [28/Sep/2024:14:52:02 +0200] "GET /hcwci/h671493.html HTTP/1.1" 200 41937 "-" "Mozilla/5.0 (Linux; Android 6.0.1; Nexus 5X Build/MMB29P) AppleWebKit/537.36 (KHTML, like Gecko) Chrome/128.0.6613.137 Mobile Safari/537.36 (compatible; GoogleOther)"
74.80.208.56 - - [28/Sep/2024:14:52:02 +0200] "GET /tag/%D8%A8%D9%8A%D9%86/page/2/ HTTP/2" 200 0 "-" "Mozilla/5.0 (compatible; ImagesiftBot; +imagesift.com)"
74.80.208.56 - - [28/Sep/2024:14:52:03 +0200] "GET /wp-json/wp/v2/posts/30148 HTTP/2" 200 3259 "-" "Mozilla/5.0 (compatible; ImagesiftBot; +imagesift.com)"
74.80.208.56 - - [28/Sep/2024:14:52:04 +0200] "GET /%D9%81%D9%86%D8%A7%D9%86-%D9%85%D8%B5%D8%B1%D9%8A-%D8%B4%D9%87%D9%8A%D8%B1-%D9%8A%D9%83%D8%B4%D9%81-%D8%B9%D9%86-%D8%AA%D8%B3%D9%85%D9%8A%D8%A9-%D8%A7%D8%A8%D9%86%D8%AA%D9%87-%D8%AA%D9%8A%D9%85%D9%86/feed/ HTTP/2" 200 779 "-" "Mozilla/5.0 (compatible; ImagesiftBot; +imagesift.com)"
74.80.208.56 - - [28/Sep/2024:14:52:05 +0200] "GET /%D9%85%D9%86%D9%89-%D8%B2%D9%83%D9%8A-%D8%AA%D9%81%D9%88%D8%B2-%D8%A8%D9%83%D8%A3%D8%B3-%D8%A5%D9%86%D8%B1%D8%AC%D9%8A-%D9%84%D9%84%D8%AF%D8%B1%D8%A7%D9%85%D8%A7-%D9%88%D8%AE%D8%B7%D8%A3-%D9%81%D8%A7/ HTTP/2" 200 0 "-" "Mozilla/5.0 (compatible; ImagesiftBot; +imagesift.com)"
74.80.208.56 - - [28/Sep/2024:14:52:07 +0200] "GET /wp-json/wp/v2/posts/16463 HTTP/2" 200 3415 "-" "Mozilla/5.0 (compatible; ImagesiftBot; +imagesift.com)"
74.80.208.56 - - [28/Sep/2024:14:52:08 +0200] "GET /wp-json/wp/v2/posts/3722 HTTP/2" 200 2389 "-" "Mozilla/5.0 (compatible; ImagesiftBot; +imagesift.com)"
74.80.208.56 - - [28/Sep/2024:14:52:08 +0200] "GET /wp-json/wp/v2/tags/30423 HTTP/2" 200 323 "-" "Mozilla/5.0 (compatible; ImagesiftBot; +imagesift.com)"
74.80.208.56 - - [28/Sep/2024:14:52:09 +0200] "GET /tag/%D9%81%D9%83%D9%8A/ HTTP/2" 200 0 "-" "Mozilla/5.0 (compatible; ImagesiftBot; +imagesift.com)"
74.80.208.56 - - [28/Sep/2024:14:51:26 +0200] "GET /%D8%A7%D9%84%D8%B4%D9%8A%D9%88%D8%B9%D9%8A-%D8%A7%D9%84%D8%B9%D9%85%D9%84%D9%8A%D8%A9-%D8%A7%D9%84%D8%B3%D9%8A%D8%A7%D8%B3%D9%8A%D8%A9-%D9%85%D8%A4%D8%A7%D9%85%D8%B1%D8%A9-%D9%88%D8%B9%D9%84%D9%89/feed/ HTTP/2" 200 714 "-" "Mozilla/5.0 (compatible; ImagesiftBot; +imagesift.com)"
74.80.208.56 - - [28/Sep/2024:14:51:27 +0200] "GET /tag/%D8%A3%D8%AD%D8%AF%D8%AF%D9%83%D8%AA%D9%88%D8%B1%D8%A9/ HTTP/2" 200 23676 "-" "Mozilla/5.0 (compatible; ImagesiftBot; +imagesift.com)"
74.80.208.56 - - [28/Sep/2024:14:51:29 +0200] "GET /%D8%A7%D9%84%D8%B3%D9%88%D8%AF%D8%A7%D9%86-%D9%8A%D8%B5%D8%AF%D8%B1-%D8%B0%D9%87%D8%A8-%D8%A8%D9%82%D9%8A%D9%85%D8%A9-1-6-%D9%85%D9%84%D9%8A%D8%A7%D8%B1-%D8%AF%D9%88%D9%84%D8%A7%D8%B1-%D8%AE%D9%84/ HTTP/2" 200 45502 "-" "Mozilla/5.0 (compatible; ImagesiftBot; +imagesift.com)"
74.80.208.56 - - [28/Sep/2024:14:51:30 +0200] "GET /%D9%86%D9%87%D8%AA%D9%85-%D8%A8%D8%AA%D9%88%D9%81%D9%8A%D8%B1-%D8%A7%D9%84%D8%AE%D8%AF%D9%85%D8%A7%D8%AA-%D8%A7%D9%84%D8%A3%D8%B3%D8%A7%D8%B3%D9%8A%D8%A9-%D9%81%D9%8A-%D9%83%D8%A7%D9%81%D8%A9-%D8%A7/ HTTP/2" 200 34942 "-" "Mozilla/5.0 (compatible; ImagesiftBot; +imagesift.com)"
74.80.208.56 - - [28/Sep/2024:14:51:32 +0200] "GET /tag/%D9%8A%D9%87%D8%B2%D9%85%D9%87/ HTTP/2" 200 23523 "-" "Mozilla/5.0 (compatible; ImagesiftBot; +imagesift.com)"
74.80.208.56 - - [28/Sep/2024:14:51:33 +0200] "GET /wp-json/wp/v2/tags/33828 HTTP/2" 200 330 "-" "Mozilla/5.0 (compatible; ImagesiftBot; +imagesift.com)"
135.181.9.38 - - [28/Sep/2024:14:51:34 +0200] "POST /wp-cron.php?doing_wp_cron=1727527894.7370500564575195312500 HTTP/1.1" 200 0 "-" "WordPress/6.6.2; https://www.sudancam.net"
74.80.208.56 - - [28/Sep/2024:14:51:34 +0200] "GET /tag/%D8%A7%D9%84%D9%86%D8%B8%D8%A7%D9%85/page/2/ HTTP/2" 200 26808 "-" "Mozilla/5.0 (compatible; ImagesiftBot; +imagesift.com)"
74.80.208.56 - - [28/Sep/2024:14:51:36 +0200] "GET /%D9%84%D9%8A%D9%81%D8%A7%D9%86%D8%AF%D9%88%D9%81%D8%B3%D9%83%D9%8A-%D9%87%D8%B0%D8%A7-%D8%B3%D8%A8%D8%A8-%D8%AE%D8%B1%D9%88%D8%AC-%D8%A8%D8%B1%D8%B4%D9%84%D9%88%D9%86%D8%A9-%D9%85%D9%86-%D8%AF%D9%88/ HTTP/2" 200 0 "-" "Mozilla/5.0 (compatible; ImagesiftBot; +imagesift.com)"
74.80.208.56 - - [28/Sep/2024:14:51:36 +0200] "GET /%D9%81%D9%8A%D8%AF%D9%8A%D9%88-%D9%87%D9%84-%D8%AA%D8%B9%D9%84%D9%85-%D8%A3%D9%86-%D8%A7%D9%84%D8%AF%D8%B9%D9%85-%D8%A7%D9%84%D8%B3%D8%B1%D9%8A%D8%B9-%D9%8A%D9%88%D9%85-15-%D8%A7%D8%A8%D8%B1%D9%8A/ HTTP/2" 200 0 "-" "Mozilla/5.0 (compatible; ImagesiftBot; +imagesift.com)"
74.80.208.56 - - [28/Sep/2024:14:51:37 +0200] "GET /wp-json/wp/v2/posts/27740 HTTP/2" 200 3101 "-" "Mozilla/5.0 (compatible; ImagesiftBot; +imagesift.com)"
74.80.208.56 - - [28/Sep/2024:14:51:38 +0200] "GET /%D9%88%D8%B2%D9%8A%D8%B1%D8%A9-%D8%A7%D9%84%D8%AA%D8%AC%D8%A7%D8%B1%D8%A9-%D8%B6%D9%88%D8%A7%D8%A8%D8%B7-%D8%AC%D8%AF%D9%8A%D8%AF%D8%A9-%D9%84%D8%A7%D8%B3%D8%AA%D9%8A%D8%B1%D8%A7%D8%AF-%D8%A7%D9%84/ HTTP/2" 200 31826 "-" "Mozilla/5.0 (compatible; ImagesiftBot; +imagesift.com)"
74.80.208.56 - - [28/Sep/2024:14:51:39 +0200] "GET /tag/%D9%8A%D8%B1%D9%82%D8%B5%D9%88%D9%86/feed/ HTTP/2" 200 0 "-" "Mozilla/5.0 (compatible; ImagesiftBot; +imagesift.com)"
74.80.208.56 - - [28/Sep/2024:14:51:40 +0200] "GET /tag/%D8%AA%D9%86%D8%B8%D9%85/page/2/ HTTP/2" 200 26247 "-" "Mozilla/5.0 (compatible; ImagesiftBot; +imagesift.com)"
74.80.208.56 - - [28/Sep/2024:14:52:15 +0200] "GET /%D9%83%D9%84-%D8%A7%D9%84%D8%AC%D9%87%D8%A7%D8%AA-%D8%AA%D8%B9%D9%84%D9%85-%D8%A3%D9%86-%D8%A7%D9%82%D9%88%D9%89-%D8%AC%D9%87%D8%A7%D8%B2-%D9%85%D8%AE%D8%A7%D8%A8%D8%B1%D8%A7%D8%AA-%D9%85%D8%AA%D9%85/feed/ HTTP/2" 200 753 "-" "Mozilla/5.0 (compatible; ImagesiftBot; +imagesift.com)"
74.80.208.56 - - [28/Sep/2024:14:52:17 +0200] "GET /wp-json/wp/v2/tags/18303 HTTP/2" 200 0 "-" "Mozilla/5.0 (compatible; ImagesiftBot; +imagesift.com)"
74.80.208.56 - - [28/Sep/2024:14:52:18 +0200] "GET /tag/%D9%88%D9%85%D9%81%D8%A7%D8%AA%D9%86%D9%87%D8%A7/ HTTP/2" 200 34478 "-" "Mozilla/5.0 (compatible; ImagesiftBot; +imagesift.com)"
216.244.66.232 - - [28/Sep/2024:14:51:13 +0200] "GET /%D9%84%D8%A7%D9%85%D9%8A%D9%86-%D8%AC%D9%85%D8%A7%D9%84%D8%8C-%D8%A3%D8%B1%D8%AF%D8%A7-%D8%BA%D9%88%D9%84%D8%B1%D8%8C-%D8%AC%D9%85%D8%A7%D9%84-%D9%85%D9%88%D8%B3%D9%8A%D8%A7%D9%84%D8%A7-%D9%86%D8%AC/ HTTP/1.1" 200 221905 "-" "Mozilla/5.0 (compatible; DotBot/1.2; +https://opensiteexplorer.org/dotbot; help@moz.com)"
66.249.64.14 - - [28/Sep/2024:14:51:14 +0200] "GET /gcwqm/a1523740.html HTTP/1.1" 200 42841 "-" "Mozilla/5.0 (Linux; Android 6.0.1; Nexus 5X Build/MMB29P) AppleWebKit/537.36 (KHTML, like Gecko) Chrome/128.0.6613.137 Mobile Safari/537.36 (compatible; GoogleOther)"
77.75.78.161 - - [28/Sep/2024:14:51:24 +0200] "GET /myayu/v2632739.html HTTP/1.1" 404 20330 "-" "Mozilla/5.0 (compatible; SeznamBot/4.0; +http://napoveda.seznam.cz/seznambot-intro/)"
77.75.78.161 - - [28/Sep/2024:14:51:29 +0200] "GET /quwfy/f1510147.html HTTP/1.1" 404 20323 "-" "Mozilla/5.0 (compatible; SeznamBot/4.0; +http://napoveda.seznam.cz/seznambot-intro/)"
77.75.78.161 - - [28/Sep/2024:14:51:31 +0200] "GET /utnmm/g251800.html HTTP/1.1" 404 20326 "-" "Mozilla/5.0 (compatible; SeznamBot/4.0; +http://napoveda.seznam.cz/seznambot-intro/)"
216.244.66.232 - - [28/Sep/2024:14:51:34 +0200] "GET /%D9%88%D9%83%D9%8A%D9%84-%D8%B9%D9%85%D8%AF%D8%A9-%D8%A7%D9%84%D8%A8%D8%B4%D8%A7%D8%B1%D9%8A%D9%8A%D9%86-%D8%B4%D8%B1%D9%83%D8%A9-%D8%AA%D8%B9%D8%AF%D9%8A%D9%86-%D8%B3%D9%88%D8%AF%D8%A7%D9%86%D9%8A/ HTTP/1.1" 200 183286 "-" "Mozilla/5.0 (compatible; DotBot/1.2; +https://opensiteexplorer.org/dotbot; help@moz.com)"
135.181.9.38 - - [28/Sep/2024:14:51:35 +0200] "POST /wp-admin/admin-ajax.php?action=async_litespeed&nonce=khBqG08YGjYQHqalqbJS29emZuB5tZfe&litespeed_type=imgoptm HTTP/1.1" 200 21 "-" "WordPress/6.6.2; https://www.sudancam.net"
77.75.78.161 - - [28/Sep/2024:14:51:36 +0200] "GET /grgxa/k1674576.html HTTP/1.1" 404 20322 "-" "Mozilla/5.0 (compatible; SeznamBot/4.0; +http://napoveda.seznam.cz/seznambot-intro/)"
77.75.78.161 - - [28/Sep/2024:14:51:42 +0200] "GET /dvqvh/v101327.html HTTP/1.1" 404 20322 "-" "Mozilla/5.0 (compatible; SeznamBot/4.0; +http://napoveda.seznam.cz/seznambot-intro/)"
77.75.78.161 - - [28/Sep/2024:14:51:49 +0200] "GET /jbzbm/f2104247.html HTTP/1.1" 404 20330 "-" "Mozilla/5.0 (compatible; SeznamBot/4.0; +http://napoveda.seznam.cz/seznambot-intro/)"
77.75.78.161 - - [28/Sep/2024:14:51:54 +0200] "GET /itdan/q183924.html HTTP/1.1" 404 20320 "-" "Mozilla/5.0 (compatible; SeznamBot/4.0; +http://napoveda.seznam.cz/seznambot-intro/)"
77.75.78.161 - - [28/Sep/2024:14:51:57 +0200] "GET /drhud/b2467749.html HTTP/1.1" 404 20322 "-" "Mozilla/5.0 (compatible; SeznamBot/4.0; +http://napoveda.seznam.cz/seznambot-intro/)"
77.75.78.161 - - [28/Sep/2024:14:52:00 +0200] "GET /ibwvb/m1221918.html HTTP/1.1" 404 20322 "-" "Mozilla/5.0 (compatible; SeznamBot/4.0; +http://napoveda.seznam.cz/seznambot-intro/)"
178.236.247.6 - - [28/Sep/2024:14:52:05 +0200] "POST /74a7c9952328.php HTTP/1.1" 200 9 "-" "curl/7.86.0"
77.75.78.161 - - [28/Sep/2024:14:52:07 +0200] "GET /otpif/w403916.html HTTP/1.1" 404 20320 "-" "Mozilla/5.0 (compatible; SeznamBot/4.0; +http://napoveda.seznam.cz/seznambot-intro/)"
77.75.78.161 - - [28/Sep/2024:14:52:14 +0200] "GET /ciobc/n1290351.html HTTP/1.1" 404 20321 "-" "Mozilla/5.0 (compatible; SeznamBot/4.0; +http://napoveda.seznam.cz/seznambot-intro/)"
77.75.78.161 - - [28/Sep/2024:14:52:27 +0200] "GET /pygzt/l1872411.html HTTP/1.1" 404 20323 "-" "Mozilla/5.0 (compatible; SeznamBot/4.0; +http://napoveda.seznam.cz/seznambot-intro/)"
77.75.78.161 - - [28/Sep/2024:14:52:32 +0200] "GET /nqpqg/e2203904.html HTTP/1.1" 404 20323 "-" "Mozilla/5.0 (compatible; SeznamBot/4.0; +http://napoveda.seznam.cz/seznambot-intro/)"
77.75.78.161 - - [28/Sep/2024:14:52:36 +0200] "GET /qycax/q2424240.html HTTP/1.1" 404 20320 "-" "Mozilla/5.0 (compatible; SeznamBot/4.0; +http://napoveda.seznam.cz/seznambot-intro/)"
74.80.208.56 - - [28/Sep/2024:14:52:37 +0200] "GET /xykwh/m386044.html HTTP/2" 404 22080 "-" "Mozilla/5.0 (compatible; ImagesiftBot; +imagesift.com)"
74.80.208.56 - - [28/Sep/2024:14:52:38 +0200] "GET /%D8%AA%D9%88%D8%A7%D8%B5%D9%84%D8%A7-%D9%84%D8%AF%D9%88%D8%B1%D9%87%D8%A7-%D8%A7%D9%84%D9%88%D8%B7%D9%86%D9%8A-%D9%88%D8%A7%D9%84%D8%A7%D9%82%D8%AA%D8%B5%D8%A7%D8%AF%D9%8A-%D8%B2%D8%A7%D8%AF%D9%86/ HTTP/2" 200 30782 "-" "Mozilla/5.0 (compatible; ImagesiftBot; +imagesift.com)"
77.75.78.161 - - [28/Sep/2024:14:52:38 +0200] "GET /rkgfe/f767665.html HTTP/1.1" 404 20321 "-" "Mozilla/5.0 (compatible; SeznamBot/4.0; +http://napoveda.seznam.cz/seznambot-intro/)"
74.80.208.56 - - [28/Sep/2024:14:52:40 +0200] "GET /tag/%D9%A3%D9%A5/ HTTP/2" 200 0 "-" "Mozilla/5.0 (compatible; ImagesiftBot; +imagesift.com)"
74.80.208.56 - - [28/Sep/2024:14:52:40 +0200] "GET /tag/%D8%AA%D9%86%D8%A7%D9%88%D9%84/ HTTP/2" 200 0 "-" "Mozilla/5.0 (compatible; ImagesiftBot; +imagesift.com)"
74.80.208.56 - - [28/Sep/2024:14:52:41 +0200] "GET /qxagl/g1150828.html HTTP/2" 404 22076 "-" "Mozilla/5.0 (compatible; ImagesiftBot; +imagesift.com)"
74.80.208.56 - - [28/Sep/2024:14:52:42 +0200] "GET /ywrvf/v1291841.html HTTP/2" 404 22077 "-" "Mozilla/5.0 (compatible; ImagesiftBot; +imagesift.com)"
77.75.78.161 - - [28/Sep/2024:14:52:43 +0200] "GET /odbvz/f1819443.html HTTP/1.1" 404 20323 "-" "Mozilla/5.0 (compatible; SeznamBot/4.0; +http://napoveda.seznam.cz/seznambot-intro/)"
74.80.208.56 - - [28/Sep/2024:14:52:44 +0200] "GET /tag/%D9%88%D8%A7%D9%84%D9%85%D9%81%D9%82%D9%88%D8%AF%D9%8A%D9%86/ HTTP/2" 200 23585 "-" "Mozilla/5.0 (compatible; ImagesiftBot; +imagesift.com)"
74.80.208.56 - - [28/Sep/2024:14:52:45 +0200] "GET /tag/%D9%88%D8%AE%D8%A7%D9%84%D8%AF/feed/ HTTP/2" 200 9593 "-" "Mozilla/5.0 (compatible; ImagesiftBot; +imagesift.com)"
74.80.208.56 - - [28/Sep/2024:14:52:46 +0200] "GET /dbzpu/t2749997.html HTTP/2" 404 22076 "-" "Mozilla/5.0 (compatible; ImagesiftBot; +imagesift.com)"
77.75.78.161 - - [28/Sep/2024:14:52:47 +0200] "GET /ssebt/h2546015.html HTTP/1.1" 404 20323 "-" "Mozilla/5.0 (compatible; SeznamBot/4.0; +http://napoveda.seznam.cz/seznambot-intro/)"
74.80.208.56 - - [28/Sep/2024:14:52:48 +0200] "GET /tag/%D8%A8%D8%A7%D8%B3%D8%AA%D8%B1%D8%A7%D9%84%D9%8A%D8%A7/ HTTP/2" 200 34272 "-" "Mozilla/5.0 (compatible; ImagesiftBot; +imagesift.com)"
74.80.208.56 - - [28/Sep/2024:14:52:49 +0200] "GET /%D8%A8%D8%B9%D8%AF-%D8%B7%D9%84%D8%A8-%D8%A7%D9%84%D8%A8%D8%B1%D9%87%D8%A7%D9%86-%D8%AA%D8%BA%D9%8A%D9%8A%D8%B1%D9%87-%D8%A7%D9%84%D8%A3%D9%85%D9%85-%D8%A7%D9%84%D9%85%D8%AA%D8%AD%D8%AF%D8%A9-%D8%AA/ HTTP/2" 200 52433 "-" "Mozilla/5.0 (compatible; ImagesiftBot; +imagesift.com)"
77.75.78.161 - - [28/Sep/2024:14:52:51 +0200] "GET /hqqci/g496746.html HTTP/1.1" 404 20323 "-" "Mozilla/5.0 (compatible; SeznamBot/4.0; +http://napoveda.seznam.cz/seznambot-intro/)"
74.80.208.56 - - [28/Sep/2024:14:52:51 +0200] "GET /%D8%A3%D8%B3%D8%B9%D8%A7%D8%B1-%D8%A7%D9%84%D9%86%D9%81%D8%B7-%D8%AA%D9%87%D8%A8%D8%B7-%D8%A8%D9%81%D8%B9%D9%84-%D8%B2%D9%8A%D8%A7%D8%AF%D8%A9-%D8%A7%D9%84%D8%AF%D9%88%D9%84%D8%A7%D8%B1-%D9%88%D9%85/ HTTP/2" 200 0 "-" "Mozilla/5.0 (compatible; ImagesiftBot; +imagesift.com)"
74.80.208.56 - - [28/Sep/2024:14:52:52 +0200] "GET /wp-content/uploads/2023/05/%D9%A1%D9%A7%D9%A0%D9%A2%D9%A0%D9%A52_auto_x2.webp-770x470.webp HTTP/2" 200 37350 "-" "Mozilla/5.0 (compatible; ImagesiftBot; +imagesift.com)"
74.80.208.56 - - [28/Sep/2024:14:52:53 +0200] "GET /wp-content/uploads/2023/05/%D9%A1%D9%A7%D9%A0%D9%A2%D9%A0%D9%A52_auto_x2.webp.webp HTTP/2" 200 36176 "-" "Mozilla/5.0 (compatible; ImagesiftBot; +imagesift.com)"
74.80.208.56 - - [28/Sep/2024:14:52:52 +0200] "GET /tag/%D8%B7%D8%B1%D9%8A%D9%81%D8%A9/ HTTP/2" 200 20736 "-" "Mozilla/5.0 (compatible; ImagesiftBot; +imagesift.com)"
74.80.208.56 - - [28/Sep/2024:14:52:54 +0200] "GET /tag/%D8%AA%D9%82%D8%AF%D9%8A%D9%85%D9%87/ HTTP/2" 200 0 "-" "Mozilla/5.0 (compatible; ImagesiftBot; +imagesift.com)"
74.80.208.56 - - [28/Sep/2024:14:52:54 +0200] "GET /wp-json/wp/v2/tags/2587 HTTP/2" 200 326 "-" "Mozilla/5.0 (compatible; ImagesiftBot; +imagesift.com)"
74.80.208.56 - - [28/Sep/2024:14:52:19 +0200] "GET /wp-json/wp/v2/posts/8693 HTTP/2" 200 3683 "-" "Mozilla/5.0 (compatible; ImagesiftBot; +imagesift.com)"
74.80.208.56 - - [28/Sep/2024:14:52:20 +0200] "GET /wp-json/wp/v2/tags/35394 HTTP/2" 200 317 "-" "Mozilla/5.0 (compatible; ImagesiftBot; +imagesift.com)"
74.80.208.56 - - [28/Sep/2024:14:52:21 +0200] "GET /tag/%D9%88%D8%A7%D9%84%D8%B5%D9%88%D8%B1/feed/ HTTP/2" 200 4515 "-" "Mozilla/5.0 (compatible; ImagesiftBot; +imagesift.com)"
74.80.208.56 - - [28/Sep/2024:14:52:22 +0200] "GET /tag/%D9%84%D9%84%D9%88%D8%B5%D9%88%D9%84/feed/ HTTP/2" 200 12587 "-" "Mozilla/5.0 (compatible; ImagesiftBot; +imagesift.com)"
74.80.208.56 - - [28/Sep/2024:14:52:23 +0200] "GET /tag/%D8%A7%D9%84%D9%86%D9%81%D9%88%D8%B0/ HTTP/2" 200 23965 "-" "Mozilla/5.0 (compatible; ImagesiftBot; +imagesift.com)"
74.80.208.56 - - [28/Sep/2024:14:52:24 +0200] "GET /%D9%84%D9%85-%D9%8A%D8%AD%D8%AF%D8%AB-%D9%81%D9%8A-%D8%AA%D8%A7%D8%B1%D9%8A%D8%AE-%D8%A7%D9%84%D8%B3%D9%88%D8%AF%D8%A7%D9%86-%D8%A3%D9%86-%D9%83%D8%A7%D9%86%D8%AA-%D9%87%D9%86%D8%A7%D9%83-%D8%AD%D8%B1/ HTTP/2" 200 46579 "-" "Mozilla/5.0 (compatible; ImagesiftBot; +imagesift.com)"
74.80.208.56 - - [28/Sep/2024:14:52:26 +0200] "GET /%D8%A7%D9%84%D8%AA%D9%8A%D8%A7%D8%B1-%D8%A7%D9%84%D9%83%D9%87%D8%B1%D8%A8%D8%A7%D8%A1-%D9%8A%D8%A4%D8%AC%D9%84-%D9%84%D9%82%D8%A7%D8%A1-%D8%AA%D9%88%D8%AA%D9%8A-%D9%88%D8%A7%D9%87%D9%84%D9%8A-%D8%B4/ HTTP/2" 200 44498 "-" "Mozilla/5.0 (compatible; ImagesiftBot; +imagesift.com)"
74.80.208.56 - - [28/Sep/2024:14:52:28 +0200] "GET /tag/%D8%A7%D9%84%D8%AC%D9%86%D9%8A%D9%87/ HTTP/2" 200 53568 "-" "Mozilla/5.0 (compatible; ImagesiftBot; +imagesift.com)"
74.80.208.56 - - [28/Sep/2024:14:52:29 +0200] "GET /%D8%AD%D9%83%D8%A7%D9%8A%D8%A9-%D8%A7%D9%84%D8%B7%D8%A8%D9%8A%D8%A8%D8%A9-%D8%B5%D8%A8%D8%A7%D8%AD-%D8%B9%D9%84%D9%89-%D9%84%D8%B3%D8%A7%D9%86-%D9%85%D8%B9%D9%84%D9%85%D9%87%D8%A7-%D9%85%D9%86-%D9%87/feed/ HTTP/2" 200 760 "-" "Mozilla/5.0 (compatible; ImagesiftBot; +imagesift.com)"
74.80.208.56 - - [28/Sep/2024:14:52:30 +0200] "GET /wp-json/wp/v2/tags/180 HTTP/2" 200 308 "-" "Mozilla/5.0 (compatible; ImagesiftBot; +imagesift.com)"
74.80.208.56 - - [28/Sep/2024:14:52:31 +0200] "GET /wp-json/wp/v2/tags/8607 HTTP/2" 200 319 "-" "Mozilla/5.0 (compatible; ImagesiftBot; +imagesift.com)"
74.80.208.56 - - [28/Sep/2024:14:52:32 +0200] "GET /tag/%D8%A7%D9%84%D8%BA%D8%A7%D9%85%D8%B6/feed/ HTTP/2" 200 10495 "-" "Mozilla/5.0 (compatible; ImagesiftBot; +imagesift.com)"
74.80.208.56 - - [28/Sep/2024:14:52:33 +0200] "GET /%D8%AF%D8%A8%D8%A7%D8%A8%D9%8A%D8%B3-%D9%88%D8%AF%D8%A7%D9%84%D8%B4%D8%B1%D9%8A%D9%81-20/ HTTP/2" 200 44447 "-" "Mozilla/5.0 (compatible; ImagesiftBot; +imagesift.com)"
74.80.208.56 - - [28/Sep/2024:14:52:36 +0200] "GET /wp-json/wp/v2/posts/4562 HTTP/2" 200 1937 "-" "Mozilla/5.0 (compatible; ImagesiftBot; +imagesift.com)"
135.181.9.38 - - [28/Sep/2024:14:52:44 +0200] "POST /wp-cron.php?doing_wp_cron=1727527964.3050038814544677734375 HTTP/1.1" 200 0 "-" "WordPress/6.6.2; https://www.sudancam.net"
185.191.171.19 - - [28/Sep/2024:14:52:48 +0200] "GET /%D8%A7%D9%84%D8%AD%D8%A7%D8%AC%D8%A9-%D8%AF%D9%8A-%D9%83%D8%A7%D9%86-%D9%86%D9%81%D8%B3%D9%8A-%D9%85%D9%86-%D8%B2%D9%85%D8%A7%D9%86-%D8%A3%D8%B9%D9%85%D9%84%D9%87%D8%A7-%D8%A7%D9%84%D9%86/ HTTP/1.1" 403 0 "-" "Mozilla/5.0 (compatible; SemrushBot/7~bl; +http://www.semrush.com/bot.html)"
74.80.208.56 - - [28/Sep/2024:14:53:02 +0200] "GET /wp-json/wp/v2/tags/17941 HTTP/2" 200 334 "-" "Mozilla/5.0 (compatible; ImagesiftBot; +imagesift.com)"
74.80.208.56 - - [28/Sep/2024:14:53:03 +0200] "GET /wp-json/wp/v2/tags/427 HTTP/2" 200 307 "-" "Mozilla/5.0 (compatible; ImagesiftBot; +imagesift.com)"
74.80.208.56 - - [28/Sep/2024:14:53:05 +0200] "GET /wp-json/wp/v2/tags/13924 HTTP/2" 200 325 "-" "Mozilla/5.0 (compatible; ImagesiftBot; +imagesift.com)"
74.80.208.56 - - [28/Sep/2024:14:53:05 +0200] "GET /tag/%D9%84%D9%84%D8%AD%D9%82%D8%A7%D8%A6%D9%82/ HTTP/2" 200 24016 "-" "Mozilla/5.0 (compatible; ImagesiftBot; +imagesift.com)"
74.80.208.56 - - [28/Sep/2024:14:53:07 +0200] "GET /tag/%D9%88%D9%8A%D8%AA%D8%BA%D9%86%D9%89/feed/ HTTP/2" 200 3011 "-" "Mozilla/5.0 (compatible; ImagesiftBot; +imagesift.com)"
74.80.208.56 - - [28/Sep/2024:14:53:09 +0200] "GET /%D8%A7%D9%84%D8%B3%D8%B9%D9%88%D8%AF%D9%8A%D8%A9-%D9%86%D9%82%D9%84-%D8%A3%D8%B9%D8%B6%D8%A7%D8%A1-%D9%85%D9%86-%D9%85%D8%AA%D9%88%D9%81%D9%89-%D8%AF%D9%85%D8%A7%D8%BA%D9%8A%D8%A7%D9%8B-%D9%8A/ HTTP/2" 200 0 "-" "Mozilla/5.0 (compatible; ImagesiftBot; +imagesift.com)"
74.80.208.56 - - [28/Sep/2024:14:53:10 +0200] "GET /%D9%83%D8%A3%D8%B3-%D8%A7%D9%84%D8%B9%D8%A7%D9%84%D9%85-%D9%81%D9%8A-%D8%AE%D8%B7%D8%B1-%D9%84%D9%85-%D9%8A%D8%A8%D9%82-%D8%B3%D9%88%D9%89-25-%D8%AF%D9%88%D8%B1%D8%A9-%D8%AB%D9%85-%D8%AA%D9%82%D9%88/feed/ HTTP/2" 200 759 "-" "Mozilla/5.0 (compatible; ImagesiftBot; +imagesift.com)"
74.80.208.56 - - [28/Sep/2024:14:53:11 +0200] "GET /wp-json/wp/v2/tags/9865 HTTP/2" 200 314 "-" "Mozilla/5.0 (compatible; ImagesiftBot; +imagesift.com)"
74.80.208.56 - - [28/Sep/2024:14:53:12 +0200] "GET /%D8%A7%D9%84%D8%AF%D8%B9%D9%85-%D8%A7%D9%84%D8%B3%D8%B1%D9%8A%D8%B9-%D8%B9%D8%A8%D8%A7%D8%B1%D8%A9-%D8%B9%D9%86-%D9%85%D8%B4%D9%83%D9%84%D8%A9-%D8%B9%D8%B3%D9%83%D8%B1%D9%8A%D8%A9-%D9%88%D9%84%D9%8A/ HTTP/2" 200 33078 "-" "Mozilla/5.0 (compatible; ImagesiftBot; +imagesift.com)"
74.80.208.56 - - [28/Sep/2024:14:53:13 +0200] "GET /tag/%D9%88%D9%8A%D8%AD%D9%83%D9%8A/feed/ HTTP/2" 200 0 "-" "Mozilla/5.0 (compatible; ImagesiftBot; +imagesift.com)"
74.80.208.56 - - [28/Sep/2024:14:53:15 +0200] "GET /wp-json/wp/v2/posts/11306 HTTP/2" 200 0 "-" "Mozilla/5.0 (compatible; ImagesiftBot; +imagesift.com)"
74.80.208.56 - - [28/Sep/2024:14:53:15 +0200] "GET /wp-json/wp/v2/tags/18781 HTTP/2" 200 329 "-" "Mozilla/5.0 (compatible; ImagesiftBot; +imagesift.com)"
74.80.208.56 - - [28/Sep/2024:14:53:16 +0200] "GET /tag/%D8%A7%D8%B1%D8%B6/ HTTP/2" 200 24774 "-" "Mozilla/5.0 (compatible; ImagesiftBot; +imagesift.com)"
74.80.208.56 - - [28/Sep/2024:14:53:18 +0200] "GET /wp-json/wp/v2/tags/27706 HTTP/2" 200 324 "-" "Mozilla/5.0 (compatible; ImagesiftBot; +imagesift.com)"
74.80.208.56 - - [28/Sep/2024:14:53:19 +0200] "GET /wp-json/wp/v2/tags/14764 HTTP/2" 200 317 "-" "Mozilla/5.0 (compatible; ImagesiftBot; +imagesift.com)"
74.80.208.56 - - [28/Sep/2024:14:53:20 +0200] "GET /%D8%A3%D8%A8%D8%B1%D8%B2-13-%D8%AA%D8%AD%D8%AF%D9%8A%D8%A7%D9%8B-%D8%AA%D9%88%D8%A7%D8%AC%D9%87-%D8%A7%D9%84%D9%85%D8%B3%D8%AA%D9%87%D9%84%D9%83%D9%8A%D9%86-%D8%B9%D9%86%D8%AF-%D8%B4%D8%B1%D8%A7%D8%A1/ HTTP/2" 200 49641 "-" "Mozilla/5.0 (compatible; ImagesiftBot; +imagesift.com)"
74.80.208.56 - - [28/Sep/2024:14:53:22 +0200] "GET /%D8%A3%D9%85%D9%8A%D9%86-%D8%AD%D8%B3%D9%86-%D8%B9%D9%85%D8%B1-%D8%AB%D9%85-%D9%85%D8%A7%D8%B0%D8%A7-%D8%A8%D8%B9%D8%AF-%D8%A7%D9%84%D8%A8%D9%84%D8%9F/ HTTP/2" 200 47524 "-" "Mozilla/5.0 (compatible; ImagesiftBot; +imagesift.com)"
74.80.208.56 - - [28/Sep/2024:14:53:23 +0200] "GET /%D9%85%D9%86%D9%89-%D8%A3%D8%A8%D9%88-%D8%B2%D9%8A%D8%AF-%D8%AA%D9%83%D8%AA%D8%A8-%D8%A5%D9%84%D9%89-%D9%85%D8%AA%D9%89%D8%9F/ HTTP/2" 200 48431 "-" "Mozilla/5.0 (compatible; ImagesiftBot; +imagesift.com)"
74.80.208.56 - - [28/Sep/2024:14:53:24 +0200] "GET /tag/%D8%A8%D9%82%D8%B1%D8%AA%D9%8A%D9%86/feed/ HTTP/2" 200 2584 "-" "Mozilla/5.0 (compatible; ImagesiftBot; +imagesift.com)"
74.80.208.56 - - [28/Sep/2024:14:53:26 +0200] "GET /%D8%A7%D9%84%D8%B4%D8%B1%D8%B7%D8%A9-%D8%A7%D9%84%D9%85%D8%BA%D8%B1%D8%A8%D9%8A%D8%A9-%D8%AA%D8%B9%D8%AA%D9%82%D9%84-170-%D9%85%D8%B4%D8%AC%D8%B9%D8%A7-%D9%84%D9%81%D8%B1%D9%8A%D9%82-%D9%83%D8%B1/ HTTP/2" 200 49254 "-" "Mozilla/5.0 (compatible; ImagesiftBot; +imagesift.com)"
74.80.208.56 - - [28/Sep/2024:14:53:27 +0200] "GET /%D9%85%D8%AC%D9%84%D8%B3-%D8%A7%D9%84%D8%AF%D9%88%D9%84%D8%A9-%D9%8A%D8%A8%D9%82%D9%8A-%D8%B9%D9%84%D9%89-%D9%82%D8%B1%D8%A7%D8%B1-%D8%AD%D8%B8%D8%B1-%D8%A7%D8%B1%D8%AA%D8%AF%D8%A7%D8%A1-%D8%A7%D9%84/ HTTP/2" 200 0 "-" "Mozilla/5.0 (compatible; ImagesiftBot; +imagesift.com)"
74.80.208.56 - - [28/Sep/2024:14:52:56 +0200] "GET /tag/%D9%85%D8%A8%D8%A7%D8%B4%D8%B1%D9%85%D9%88%D9%86%D8%AF%D9%8A%D8%A7%D9%84/ HTTP/2" 200 24113 "-" "Mozilla/5.0 (compatible; ImagesiftBot; +imagesift.com)"
74.80.208.56 - - [28/Sep/2024:14:52:57 +0200] "GET /tag/%D9%88%D9%8A%D9%88%D8%A7%D8%B5%D9%84%D8%A7%D9%86/ HTTP/2" 200 23597 "-" "Mozilla/5.0 (compatible; ImagesiftBot; +imagesift.com)"
77.75.78.161 - - [28/Sep/2024:14:52:57 +0200] "GET /miqts/m2958718.html HTTP/1.1" 404 20323 "-" "Mozilla/5.0 (compatible; SeznamBot/4.0; +http://napoveda.seznam.cz/seznambot-intro/)"
74.80.208.56 - - [28/Sep/2024:14:52:58 +0200] "GET /tag/%D8%AF%D9%8A%D8%A7%D8%B1/ HTTP/2" 200 23901 "-" "Mozilla/5.0 (compatible; ImagesiftBot; +imagesift.com)"
77.75.78.161 - - [28/Sep/2024:14:52:59 +0200] "GET /ryuls/f1054211.html HTTP/1.1" 404 20321 "-" "Mozilla/5.0 (compatible; SeznamBot/4.0; +http://napoveda.seznam.cz/seznambot-intro/)"
74.80.208.56 - - [28/Sep/2024:14:52:59 +0200] "GET /tag/%D8%B3%D8%B9%D9%88%D8%AF%D9%8A%D8%A9/page/2/ HTTP/2" 200 22132 "-" "Mozilla/5.0 (compatible; ImagesiftBot; +imagesift.com)"
77.75.78.161 - - [28/Sep/2024:14:53:05 +0200] "GET /jdfxb/r2555697.html HTTP/1.1" 404 20324 "-" "Mozilla/5.0 (compatible; SeznamBot/4.0; +http://napoveda.seznam.cz/seznambot-intro/)"
77.75.78.161 - - [28/Sep/2024:14:53:07 +0200] "GET /uqllv/l308589.html HTTP/1.1" 404 20328 "-" "Mozilla/5.0 (compatible; SeznamBot/4.0; +http://napoveda.seznam.cz/seznambot-intro/)"
