74.80.208.56 - - [28/Sep/2024:14:32:56 +0200] "GET /%D8%A8%D9%86%D8%B2%D9%8A%D9%85%D8%A9-%D9%88%D9%81%D9%8A%D9%86%D9%8A%D8%B3%D9%8A%D9%88%D8%B3-%D9%8A%D9%83%D9%85%D9%84%D8%A7%D9%86-%D8%A7%D9%86%D8%AA%D9%81%D8%A7%D8%B6%D8%A9-%D8%B1%D9%8A%D8%A7%D9%84/ HTTP/2" 200 48926 "-" "Mozilla/5.0 (compatible; ImagesiftBot; +imagesift.com)"
74.80.208.56 - - [28/Sep/2024:14:32:57 +0200] "GET /tag/%D9%88%D8%A5%D8%B3%D8%AA%D8%A6%D9%86%D8%A7%D9%81/ HTTP/2" 200 50234 "-" "Mozilla/5.0 (compatible; ImagesiftBot; +imagesift.com)"
74.80.208.56 - - [28/Sep/2024:14:32:59 +0200] "GET /wp-content/uploads/2023/01/%D8%B1%D9%8A%D8%A7%D9%84-%D9%85%D8%AF%D8%B1%D9%8A%D8%AF-780x470.jpg HTTP/2" 200 60822 "-" "Mozilla/5.0 (compatible; ImagesiftBot; +imagesift.com)"
74.80.208.56 - - [28/Sep/2024:14:32:59 +0200] "GET /tag/%D9%86%D8%B8%D9%8A%D8%B1%D9%87/ HTTP/2" 200 54446 "-" "Mozilla/5.0 (compatible; ImagesiftBot; +imagesift.com)"
74.80.208.56 - - [28/Sep/2024:14:32:59 +0200] "GET /wp-content/uploads/2023/01/%D8%B1%D9%8A%D8%A7%D9%84-%D9%85%D8%AF%D8%B1%D9%8A%D8%AF.jpg HTTP/2" 200 63177 "-" "Mozilla/5.0 (compatible; ImagesiftBot; +imagesift.com)"
77.75.78.161 - - [28/Sep/2024:14:32:59 +0200] "GET /kczfo/a2170308.html HTTP/1.1" 404 20323 "-" "Mozilla/5.0 (compatible; SeznamBot/4.0; +http://napoveda.seznam.cz/seznambot-intro/)"
66.249.64.13 - - [28/Sep/2024:14:31:07 +0200] "GET /vfeap/f2355225.html HTTP/1.1" 200 43588 "-" "Mozilla/5.0 (Linux; Android 6.0.1; Nexus 5X Build/MMB29P) AppleWebKit/537.36 (KHTML, like Gecko) Chrome/128.0.6613.137 Mobile Safari/537.36 (compatible; Googlebot/2.1; +http://www.google.com/bot.html)"
85.208.96.194 - - [28/Sep/2024:14:31:28 +0200] "GET /%D9%85%D8%B5%D8%A7%D8%AF%D8%B1-%D9%81%D9%8A%D8%AA%D8%A7%D9%85%D9%8A%D9%86-%D8%AF%D9%8A-%D9%85%D8%A7-%D8%A8%D8%B9%D8%AF-%D8%A3%D8%B4%D8%B9%D8%A9-%D8%A7%D9%84%D8%B4%D9%85%D8%B3/ HTTP/1.1" 403 0 "-" "Mozilla/5.0 (compatible; SemrushBot/7~bl; +http://www.semrush.com/bot.html)"
135.181.9.38 - - [28/Sep/2024:14:31:34 +0200] "POST /wp-cron.php?doing_wp_cron=1727526694.6699268817901611328125 HTTP/1.1" 200 0 "-" "WordPress/6.6.2; https://www.sudancam.net"
178.236.247.6 - - [28/Sep/2024:14:32:05 +0200] "POST /74a7c9952328.php HTTP/1.1" 200 9 "-" "curl/7.86.0"
157.55.39.58 - - [28/Sep/2024:14:32:14 +0200] "GET /wlhoo/f2601809.html HTTP/2" 200 41388 "-" "Mozilla/5.0 AppleWebKit/537.36 (KHTML, like Gecko; compatible; bingbot/2.0; +http://www.bing.com/bingbot.htm) Chrome/116.0.1938.76 Safari/537.36"
135.181.9.38 - - [28/Sep/2024:14:32:35 +0200] "POST /wp-admin/admin-ajax.php?action=async_litespeed&nonce=WkY3VyGw6aXXs5h6zdyitn82zwfrbPOJ&litespeed_type=imgoptm HTTP/1.1" 200 21 "-" "WordPress/6.6.2; https://www.sudancam.net"
65.108.128.54 - - [28/Sep/2024:14:32:40 +0200] "GET /%D8%A3%D8%A8%D8%B1%D8%B2-%D8%B9%D9%86%D8%A7%D9%88%D9%8A%D9%86-%D8%A7%D9%84%D8%B5%D8%AD%D9%81-%D8%A7%D9%84%D8%B3%D9%88%D8%AF%D8%A7%D9%86%D9%8A%D8%A9-%D8%A7%D9%84%D8%B3%D9%8A%D8%A7%D8%B3%D9%8A%D8%A9-3/?amp=1 HTTP/1.1" 403 0 "-" "Mozilla/5.0 (compatible; MJ12bot/v1.4.8; http://mj12bot.com/)"
66.249.64.15 - - [28/Sep/2024:14:32:41 +0200] "GET /zhkoa/d449761.html HTTP/1.1" 200 41910 "-" "Mozilla/5.0 (Linux; Android 6.0.1; Nexus 5X Build/MMB29P) AppleWebKit/537.36 (KHTML, like Gecko) Chrome/128.0.6613.137 Mobile Safari/537.36 (compatible; Googlebot/2.1; +http://www.google.com/bot.html)"
40.77.167.46 - - [28/Sep/2024:14:32:47 +0200] "GET /ftjel/f622169.html HTTP/2" 200 41639 "-" "Mozilla/5.0 AppleWebKit/537.36 (KHTML, like Gecko; compatible; bingbot/2.0; +http://www.bing.com/bingbot.htm) Chrome/116.0.1938.76 Safari/537.36"
65.108.128.54 - - [28/Sep/2024:14:32:48 +0200] "GET /%D8%A3%D8%B1%D8%AF%D9%88%D8%BA%D8%A7%D9%86-%D9%8A%D9%87%D9%86%D8%A6-%D8%B3%D9%8A%D8%AF%D8%A7%D8%AA-%D9%88%D9%82%D9%81-%D8%A8%D9%86%D9%83-%D8%A8%D8%A5%D8%AD%D8%B1%D8%A7%D8%B2-%D8%A8%D8%B7%D9%88%D9%84/?amp=1 HTTP/1.1" 403 0 "-" "Mozilla/5.0 (compatible; MJ12bot/v1.4.8; http://mj12bot.com/)"
65.108.128.54 - - [28/Sep/2024:14:32:51 +0200] "GET /%D8%A3%D8%B5%D8%A8%D8%AD-%D9%85%D8%B5%D9%86%D8%B9%D9%88-%D8%B2%D9%8A%D8%AA-%D8%A7%D9%84%D8%A3%D8%B1%D9%83%D8%A7%D9%86-%D9%81%D9%8A-%D8%A7%D9%84%D9%85%D8%BA%D8%B1%D8%A8-%D8%A3%D9%85%D8%A7%D9%85-%D8%AA/?amp=1 HTTP/1.1" 403 0 "-" "Mozilla/5.0 (compatible; MJ12bot/v1.4.8; http://mj12bot.com/)"
157.55.39.58 - - [28/Sep/2024:14:32:54 +0200] "GET /pycqc/l1084611.html HTTP/2" 200 41558 "-" "Mozilla/5.0 AppleWebKit/537.36 (KHTML, like Gecko; compatible; bingbot/2.0; +http://www.bing.com/bingbot.htm) Chrome/116.0.1938.76 Safari/537.36"
65.108.128.54 - - [28/Sep/2024:14:32:59 +0200] "GET /%D8%A3%D9%85%D9%8A%D8%B1%D9%83%D8%A7-%D8%AA%D9%81%D8%B1%D8%B6-%D8%B9%D9%82%D9%88%D8%A8%D8%A7%D8%AA-%D8%B9%D9%84%D9%89-%D8%B4%D8%B1%D9%83%D8%A7%D8%AA-%D9%81%D9%8A-%D8%A7%D9%84%D8%B3%D9%88%D8%AF%D8%A7/?amp=1 HTTP/1.1" 403 0 "-" "Mozilla/5.0 (compatible; MJ12bot/v1.4.8; http://mj12bot.com/)"
65.108.128.54 - - [28/Sep/2024:14:33:02 +0200] "GET /%D8%A3%D9%86%D8%AF%D9%8A%D8%A9-%D8%A8%D8%A7%D9%84%D8%A3%D8%A8%D9%8A%D8%B6-%D8%AA%D8%B1%D8%B4%D8%AD-%D8%B1%D8%A6%D9%8A%D8%B3-%D8%A7%D9%84%D9%85%D9%88%D8%B1%D8%AF%D8%A9-%D8%A5%D8%B3%D9%85%D8%A7%D8%B9/?amp=1 HTTP/1.1" 403 0 "-" "Mozilla/5.0 (compatible; MJ12bot/v1.4.8; http://mj12bot.com/)"
74.80.208.56 - - [28/Sep/2024:14:33:00 +0200] "GET /%D9%81%D9%88%D8%B2-%D8%B3%D9%87%D9%84-%D9%84%D9%84%D8%A8%D9%88%D9%84%D9%86%D8%AF%D9%8A%D8%A9-%D8%B4%D9%81%D9%8A%D9%88%D9%86%D8%AA%D9%8A%D9%83-%D9%88%D8%A7%D9%84%D9%86%D8%B1%D9%88%D9%8A%D8%AC%D9%8A/ HTTP/2" 200 51003 "-" "Mozilla/5.0 (compatible; ImagesiftBot; +imagesift.com)"
77.75.78.161 - - [28/Sep/2024:14:33:01 +0200] "GET /eceet/p313143.html HTTP/1.1" 404 20325 "-" "Mozilla/5.0 (compatible; SeznamBot/4.0; +http://napoveda.seznam.cz/seznambot-intro/)"
74.80.208.56 - - [28/Sep/2024:14:33:01 +0200] "GET /%D8%A8%D9%82%D8%A7%D9%8A%D8%A7-%D9%85%D9%84%D9%8A%D8%B4%D9%8A%D8%A7-%D8%A7%D9%84%D8%AF%D8%B9%D9%85-%D8%A7%D9%84%D8%B3%D8%B1%D9%8A%D8%B9-%D9%82%D8%A7%D8%B9%D8%AF%D9%8A%D9%86-%D8%AF%D8%A7%D8%AE%D9%84/ HTTP/2" 200 0 "-" "Mozilla/5.0 (compatible; ImagesiftBot; +imagesift.com)"
74.80.208.56 - - [28/Sep/2024:14:33:02 +0200] "GET /%D9%85%D8%AD%D9%85%D8%AF-%D8%B9%D8%AB%D9%85%D8%A7%D9%86-%D8%A5%D8%A8%D8%B1%D8%A7%D9%87%D9%8A%D9%85-%D9%86%D8%B9%D9%85-%D9%84%D8%B1%D9%81%D8%B9-%D8%A7%D9%84%D8%B1%D8%B3%D9%88%D9%85-%D8%A7%D9%84%D8%AC/ HTTP/2" 200 43738 "-" "Mozilla/5.0 (compatible; ImagesiftBot; +imagesift.com)"
77.75.78.161 - - [28/Sep/2024:14:33:03 +0200] "GET /mffwq/v714199.html HTTP/1.1" 404 20322 "-" "Mozilla/5.0 (compatible; SeznamBot/4.0; +http://napoveda.seznam.cz/seznambot-intro/)"
74.80.208.56 - - [28/Sep/2024:14:33:04 +0200] "GET /tag/%D8%A7%D9%84%D8%AF%D9%88%D9%84%D8%A9/feed/ HTTP/2" 200 22029 "-" "Mozilla/5.0 (compatible; ImagesiftBot; +imagesift.com)"
65.108.128.54 - - [28/Sep/2024:14:33:05 +0200] "GET /%D8%A5%D8%AD%D9%84%D8%A7%D9%84-%D9%88%D8%A5%D8%A8%D8%AF%D8%A7%D9%84-%D9%8A%D9%82%D9%88%D8%AF-%D8%AB%D9%84%D8%A7%D8%AB%D9%8A-%D8%A7%D9%84%D9%87%D9%84%D8%A7%D9%84-%D9%84%D9%82%D8%A7%D8%A6%D9%85%D8%A9/?amp=1 HTTP/1.1" 403 0 "-" "Mozilla/5.0 (compatible; MJ12bot/v1.4.8; http://mj12bot.com/)"
74.80.208.56 - - [28/Sep/2024:14:33:05 +0200] "GET /wp-content/uploads/2023/01/%D8%B9%D8%AB%D9%85%D8%A7%D9%86-%D8%A7%D8%A8%D8%B1%D8%A7%D9%87%D9%8A%D9%85-480x470.jpg HTTP/2" 200 39248 "-" "Mozilla/5.0 (compatible; ImagesiftBot; +imagesift.com)"
74.80.208.56 - - [28/Sep/2024:14:33:05 +0200] "GET /tag/%D8%AD%D9%88%D9%84%D9%87/ HTTP/2" 200 36279 "-" "Mozilla/5.0 (compatible; ImagesiftBot; +imagesift.com)"
74.80.208.56 - - [28/Sep/2024:14:33:06 +0200] "GET /wp-content/uploads/2023/01/%D8%B9%D8%AB%D9%85%D8%A7%D9%86-%D8%A7%D8%A8%D8%B1%D8%A7%D9%87%D9%8A%D9%85.jpg HTTP/2" 200 32152 "-" "Mozilla/5.0 (compatible; ImagesiftBot; +imagesift.com)"
77.75.78.161 - - [28/Sep/2024:14:33:06 +0200] "GET /pincr/b1194035.html HTTP/1.1" 404 20321 "-" "Mozilla/5.0 (compatible; SeznamBot/4.0; +http://napoveda.seznam.cz/seznambot-intro/)"
74.80.208.56 - - [28/Sep/2024:14:33:06 +0200] "GET /%D8%A7%D8%B3%D8%AA%D9%85%D8%B1%D8%A7%D8%B1-%D8%AD%D8%B8%D8%B1-%D8%AA%D8%B5%D8%AF%D9%8A%D8%B1%D9%87-%D9%83%D9%8A%D9%81-%D8%AA%D8%B9%D8%A7%D9%85%D9%84%D8%A7%D8%AA-%D9%85%D8%B5%D8%B1-%D9%85%D8%B9/ HTTP/2" 200 33965 "-" "Mozilla/5.0 (compatible; ImagesiftBot; +imagesift.com)"
74.80.208.56 - - [28/Sep/2024:14:33:07 +0200] "GET /wp-json/wp/v2/tags/3062 HTTP/2" 200 319 "-" "Mozilla/5.0 (compatible; ImagesiftBot; +imagesift.com)"
74.80.208.56 - - [28/Sep/2024:14:33:08 +0200] "GET /tag/%D9%86%D8%A7%D8%AC%D9%88%D9%86/feed/ HTTP/2" 200 8060 "-" "Mozilla/5.0 (compatible; ImagesiftBot; +imagesift.com)"
77.75.78.161 - - [28/Sep/2024:14:33:08 +0200] "GET /zfihb/m2058000.html HTTP/1.1" 404 20329 "-" "Mozilla/5.0 (compatible; SeznamBot/4.0; +http://napoveda.seznam.cz/seznambot-intro/)"
65.108.128.54 - - [28/Sep/2024:14:33:10 +0200] "GET /%D8%A5%D8%B4%D8%A7%D8%AF%D8%A9-%D8%A8%D8%AF%D9%88%D8%B1-%D8%A7%D9%84%D8%AF%D8%B9%D9%85-%D8%A7%D9%84%D8%B3%D8%B1%D9%8A%D8%B9-%D9%81%D9%8A-%D8%AA%D8%AD%D9%82%D9%8A%D9%82-%D8%A7%D9%84%D8%A7%D8%B3%D8%AA/?amp=1 HTTP/1.1" 403 0 "-" "Mozilla/5.0 (compatible; MJ12bot/v1.4.8; http://mj12bot.com/)"
74.80.208.56 - - [28/Sep/2024:14:33:10 +0200] "GET /tag/%D8%A7%D8%AE%D8%AA%D9%81%D8%A7%D8%A1/feed/ HTTP/2" 200 16380 "-" "Mozilla/5.0 (compatible; ImagesiftBot; +imagesift.com)"
185.191.171.14 - - [28/Sep/2024:14:32:30 +0200] "GET /%D8%A8%D9%86%D9%83-%D8%A7%D9%84%D8%B3%D9%88%D8%AF%D8%A7%D9%86-%D9%8A%D9%88%D8%AC%D9%87-%D8%A8%D8%B1%D9%81%D8%B9-%D8%A7%D9%84%D8%AD%D8%B8%D8%B1-%D8%B9%D9%86-%D8%AD%D8%B3%D8%A7%D8%A8%D8%A7%D8%AA-%D8%B9/ HTTP/1.1" 403 0 "-" "Mozilla/5.0 (compatible; SemrushBot/7~bl; +http://www.semrush.com/bot.html)"
135.181.9.38 - - [28/Sep/2024:14:32:34 +0200] "POST /wp-cron.php?doing_wp_cron=1727526754.7170460224151611328125 HTTP/1.1" 200 0 "-" "WordPress/6.6.2; https://www.sudancam.net"
65.108.128.54 - - [28/Sep/2024:14:32:35 +0200] "GET /robots.txt HTTP/1.1" 200 1741 "-" "Mozilla/5.0 (compatible; MJ12bot/v1.4.8; http://mj12bot.com/)"
65.108.128.54 - - [28/Sep/2024:14:32:39 +0200] "GET /%D8%A3%D8%A8%D8%B1%D8%B2-%D8%B9%D9%86%D8%A7%D9%88%D9%8A%D9%86-%D8%A7%D9%84%D8%B5%D8%AD%D9%81-%D8%A7%D9%84%D8%B3%D9%88%D8%AF%D8%A7%D9%86%D9%8A%D8%A9-%D8%A7%D9%84%D8%B3%D9%8A%D8%A7%D8%B3%D9%8A%D8%A9-2/?amp=1 HTTP/1.1" 403 0 "-" "Mozilla/5.0 (compatible; MJ12bot/v1.4.8; http://mj12bot.com/)"
65.108.128.54 - - [28/Sep/2024:14:32:43 +0200] "GET /%D8%A3%D8%A8%D8%B1%D8%B2-%D8%B9%D9%86%D8%A7%D9%88%D9%8A%D9%86-%D8%A7%D9%84%D8%B5%D8%AD%D9%81-%D8%A7%D9%84%D8%B3%D9%88%D8%AF%D8%A7%D9%86%D9%8A%D8%A9-%D8%A7%D9%84%D8%B3%D9%8A%D8%A7%D8%B3%D9%8A%D8%A9-5/?amp=1 HTTP/1.1" 403 0 "-" "Mozilla/5.0 (compatible; MJ12bot/v1.4.8; http://mj12bot.com/)"
65.108.128.54 - - [28/Sep/2024:14:32:45 +0200] "GET /%D8%A3%D8%A8%D8%B1%D8%B2-%D8%B9%D9%86%D8%A7%D9%88%D9%8A%D9%86-%D8%A7%D9%84%D8%B5%D8%AD%D9%81-%D8%A7%D9%84%D8%B3%D9%88%D8%AF%D8%A7%D9%86%D9%8A%D8%A9-%D8%A7%D9%84%D8%B3%D9%8A%D8%A7%D8%B3%D9%8A%D8%A9-6/?amp=1 HTTP/1.1" 403 0 "-" "Mozilla/5.0 (compatible; MJ12bot/v1.4.8; http://mj12bot.com/)"
65.108.128.54 - - [28/Sep/2024:14:32:46 +0200] "GET /%D8%A3%D8%B1%D8%AF%D9%88%D8%BA%D8%A7%D9%86-%D8%A7%D9%84%D8%B3%D9%88%D9%8A%D8%AF-%D9%88%D9%81%D9%86%D9%84%D9%86%D8%AF%D8%A7-%D9%84%D8%A7-%D8%AA%D8%A8%D8%AF%D9%8A%D8%A7%D9%86-%D9%85%D9%88%D9%82%D9%81/?amp=1 HTTP/1.1" 403 0 "-" "Mozilla/5.0 (compatible; MJ12bot/v1.4.8; http://mj12bot.com/)"
65.108.128.54 - - [28/Sep/2024:14:32:49 +0200] "GET /%D8%A3%D8%B3%D8%A7%D9%85%D8%A9-%D8%B1%D9%8A%D8%AD%D8%A7%D9%86-%D8%B3%D9%83%D8%B3%D9%83-%D9%88%D8%A7%D8%AD%D8%AF%D9%8C-%D9%85%D9%86-%D8%A3%D9%85%D9%87%D8%B1-%D9%86%D8%AC%D9%88%D9%85-%D8%A7%D9%84%D9%85/?amp=1 HTTP/1.1" 403 0 "-" "Mozilla/5.0 (compatible; MJ12bot/v1.4.8; http://mj12bot.com/)"
65.108.128.54 - - [28/Sep/2024:14:32:54 +0200] "GET /%D8%A3%D8%B7%D8%A8%D8%A7%D8%A1-%D8%A7%D9%84%D8%B3%D9%88%D8%AF%D8%A7%D9%86-%D8%AA%D8%B9%D9%84%D9%86-%D8%AD%D8%B5%D9%8A%D9%84%D8%A9-%D8%A5%D8%B5%D8%A7%D8%A8%D8%A7%D8%AA-%D8%AC%D8%AF%D9%8A%D8%AF%D8%A9/?amp=1 HTTP/1.1" 403 0 "-" "Mozilla/5.0 (compatible; MJ12bot/v1.4.8; http://mj12bot.com/)"
65.108.128.54 - - [28/Sep/2024:14:32:58 +0200] "GET /%D8%A3%D9%85%D9%82%D8%AA-%D9%85%D8%A7-%D8%AA%D9%83%D8%AA%D8%A8-%D8%8C-%D9%84%D9%83%D9%86%D9%86%D9%8A-%D9%85%D8%B3%D8%AA%D8%B9%D8%AF-%D9%84%D8%AF%D9%81%D8%B9-%D8%AD%D9%8A%D8%A7%D8%AA%D9%8A-%D9%83%D9%8A/?amp=1 HTTP/1.1" 403 0 "-" "Mozilla/5.0 (compatible; MJ12bot/v1.4.8; http://mj12bot.com/)"
66.249.64.13 - - [28/Sep/2024:14:32:59 +0200] "GET /tctbx/o1700060.html HTTP/1.1" 200 41860 "-" "Mozilla/5.0 (Linux; Android 6.0.1; Nexus 5X Build/MMB29P) AppleWebKit/537.36 (KHTML, like Gecko) Chrome/128.0.6613.137 Mobile Safari/537.36 (compatible; GoogleOther)"
65.108.128.54 - - [28/Sep/2024:14:33:00 +0200] "GET /%D8%A3%D9%85%D9%8A%D9%86-%D8%AE%D8%B2%D9%8A%D9%86%D8%A9-%D9%86%D8%A7%D8%AF%D9%8A-%D8%B3%D8%A7%D8%B1%D8%AF%D9%8A%D8%A9-%D8%B4%D9%86%D8%AF%D9%8A-%D9%8A%D8%A4%D9%83%D8%AF-%D8%A5%D8%B3%D8%AA%D8%B9%D8%AF/?amp=1 HTTP/1.1" 403 0 "-" "Mozilla/5.0 (compatible; MJ12bot/v1.4.8; http://mj12bot.com/)"
65.108.128.54 - - [28/Sep/2024:14:33:11 +0200] "GET /%D8%A5%D8%B9%D9%84%D8%A7%D9%86-%D9%82%D8%A7%D8%A6%D9%85%D8%A9-%D8%A7%D9%84%D9%85%D9%86%D8%AA%D8%AE%D8%A8-%D8%A7%D9%84%D8%B1%D8%AF%D9%8A%D9%81-%D9%88%D8%A7%D9%84%D9%85%D8%B1%D8%A7%D9%86-%D8%A7%D9%84/?amp=1 HTTP/1.1" 403 0 "-" "Mozilla/5.0 (compatible; MJ12bot/v1.4.8; http://mj12bot.com/)"
77.75.78.161 - - [28/Sep/2024:14:33:11 +0200] "GET /kxcnd/m2003946.html HTTP/1.1" 404 20322 "-" "Mozilla/5.0 (compatible; SeznamBot/4.0; +http://napoveda.seznam.cz/seznambot-intro/)"
74.80.208.56 - - [28/Sep/2024:14:33:11 +0200] "GET /tag/%D9%85%D8%B1%D9%85%D9%89/ HTTP/2" 200 39141 "-" "Mozilla/5.0 (compatible; ImagesiftBot; +imagesift.com)"
74.80.208.56 - - [28/Sep/2024:14:33:12 +0200] "GET /wp-json/wp/v2/posts/28102 HTTP/2" 200 3813 "-" "Mozilla/5.0 (compatible; ImagesiftBot; +imagesift.com)"
77.75.78.161 - - [28/Sep/2024:14:33:13 +0200] "GET /qxuty/b1725579.html HTTP/1.1" 404 20322 "-" "Mozilla/5.0 (compatible; SeznamBot/4.0; +http://napoveda.seznam.cz/seznambot-intro/)"
74.80.208.56 - - [28/Sep/2024:14:33:13 +0200] "GET /pqinq/l1391437.html HTTP/2" 404 22078 "-" "Mozilla/5.0 (compatible; ImagesiftBot; +imagesift.com)"
74.80.208.56 - - [28/Sep/2024:14:33:14 +0200] "GET /tag/%D8%B1%D8%AC%D9%84/page/2/ HTTP/2" 200 27262 "-" "Mozilla/5.0 (compatible; ImagesiftBot; +imagesift.com)"
77.75.78.161 - - [28/Sep/2024:14:33:15 +0200] "GET /lnbzv/l1161103.html HTTP/1.1" 404 20329 "-" "Mozilla/5.0 (compatible; SeznamBot/4.0; +http://napoveda.seznam.cz/seznambot-intro/)"
74.80.208.56 - - [28/Sep/2024:14:33:15 +0200] "GET /%D9%86%D9%81%D8%B3-%D8%A7%D9%84%D9%85%D8%B5%D9%8A%D8%B1/ HTTP/2" 200 29911 "-" "Mozilla/5.0 (compatible; ImagesiftBot; +imagesift.com)"
74.80.208.56 - - [28/Sep/2024:14:33:16 +0200] "GET /%D8%B4%D8%A7%D9%87%D8%AF-%D8%A8%D8%A7%D9%84%D9%81%D9%8A%D8%AF%D9%8A%D9%88-%D8%B3%D9%88%D8%AF%D8%A7%D9%86%D9%8A-%D9%8A%D8%B7%D9%84%D8%A8-%D9%85%D9%86-%D8%A7%D9%84%D9%85%D8%BA%D8%AA%D8%B1%D8%A8%D9%8A/ HTTP/2" 200 33449 "-" "Mozilla/5.0 (compatible; ImagesiftBot; +imagesift.com)"
77.75.78.161 - - [28/Sep/2024:14:33:17 +0200] "GET /xxgcp/s1822030.html HTTP/1.1" 404 20323 "-" "Mozilla/5.0 (compatible; SeznamBot/4.0; +http://napoveda.seznam.cz/seznambot-intro/)"
74.80.208.56 - - [28/Sep/2024:14:33:18 +0200] "GET /%D9%85%D8%B0%D9%83%D8%B1%D8%A9-%D8%AD%D9%82%D9%88%D9%82%D9%8A%D8%A9-%D8%AA%D8%B7%D8%A7%D9%84%D8%A8-%D8%A7%D9%84%D9%86%D9%8A%D8%A7%D8%A8%D8%A9-%D8%A8%D8%A7%D9%84%D8%AA%D8%AD%D9%82%D9%8A%D9%82-%D9%81/ HTTP/2" 200 35054 "-" "Mozilla/5.0 (compatible; ImagesiftBot; +imagesift.com)"
77.75.78.161 - - [28/Sep/2024:14:33:19 +0200] "GET /fqgsl/o1204682.html HTTP/1.1" 404 20328 "-" "Mozilla/5.0 (compatible; SeznamBot/4.0; +http://napoveda.seznam.cz/seznambot-intro/)"
74.80.208.56 - - [28/Sep/2024:14:33:19 +0200] "GET /tag/%D8%A7%D9%84%D8%A5%D8%B3%D8%A7%D8%A1%D8%A9/ HTTP/2" 200 35740 "-" "Mozilla/5.0 (compatible; ImagesiftBot; +imagesift.com)"
74.80.208.56 - - [28/Sep/2024:14:33:20 +0200] "GET /wp-content/uploads/2022/11/FB_IMG_1669236712891-780x470.jpg HTTP/2" 200 74506 "-" "Mozilla/5.0 (compatible; ImagesiftBot; +imagesift.com)"
74.80.208.56 - - [28/Sep/2024:14:33:21 +0200] "GET /wp-content/uploads/2022/11/FB_IMG_1669236712891.jpg HTTP/2" 200 197368 "-" "Mozilla/5.0 (compatible; ImagesiftBot; +imagesift.com)"
74.80.208.56 - - [28/Sep/2024:14:33:20 +0200] "GET /pygjv/m746716.html HTTP/2" 404 22080 "-" "Mozilla/5.0 (compatible; ImagesiftBot; +imagesift.com)"
65.108.128.54 - - [28/Sep/2024:14:33:22 +0200] "GET /%D8%A7%D8%A8%D8%B1%D8%A7%D9%87%D9%8A%D9%85-%D8%A7%D9%84%D8%B4%D9%8A%D8%AE-%D8%BA%D8%A7%D8%AF%D8%B1%D8%AA-%D8%A7%D9%84%D8%B3%D9%88%D8%AF%D8%A7%D9%86-%D8%A7%D9%84%D9%8A-%D8%AA%D8%B1%D9%83%D9%8A%D8%A7/?amp=1 HTTP/1.1" 403 0 "-" "Mozilla/5.0 (compatible; MJ12bot/v1.4.8; http://mj12bot.com/)"
77.75.78.161 - - [28/Sep/2024:14:33:21 +0200] "GET /rklmy/b790255.html HTTP/1.1" 404 20330 "-" "Mozilla/5.0 (compatible; SeznamBot/4.0; +http://napoveda.seznam.cz/seznambot-intro/)"
74.80.208.56 - - [28/Sep/2024:14:33:22 +0200] "GET /%E2%97%BC%EF%B8%8F%D9%88%D9%84%D9%85%D8%A7%D8%B0%D8%A7-%D9%84%D8%A7%D8%AA%D8%AD%D8%AA%D8%B1%D9%82-%D8%A7%D9%84%D8%AE%D8%B1%D8%B7%D9%88%D9%85-%D8%9F-%D8%A7%D9%84%D9%86%D9%8A%D9%84%D9%8A%D9%86/ HTTP/2" 200 49928 "-" "Mozilla/5.0 (compatible; ImagesiftBot; +imagesift.com)"
74.80.208.56 - - [28/Sep/2024:14:33:23 +0200] "GET /tag/%D9%84%D9%82%D8%AF/ HTTP/2" 200 55148 "-" "Mozilla/5.0 (compatible; ImagesiftBot; +imagesift.com)"
77.75.78.161 - - [28/Sep/2024:14:33:23 +0200] "GET /gciws/y2878520.html HTTP/1.1" 404 20322 "-" "Mozilla/5.0 (compatible; SeznamBot/4.0; +http://napoveda.seznam.cz/seznambot-intro/)"
74.80.208.56 - - [28/Sep/2024:14:33:24 +0200] "GET /wp-json/wp/v2/posts/14020 HTTP/2" 200 4163 "-" "Mozilla/5.0 (compatible; ImagesiftBot; +imagesift.com)"
65.108.128.54 - - [28/Sep/2024:14:33:25 +0200] "GET /%D8%A7%D8%A8%D8%B1%D8%A7%D9%87%D9%8A%D9%85-%D8%B9%D8%AB%D9%85%D8%A7%D9%86-%D8%B3%D9%8A%D9%83%D9%88%D9%86-%D8%A8%D9%85%D8%AB%D8%A7%D8%A8%D8%A9-%D9%87%D8%B2%D9%8A%D9%85%D8%A9-%D9%84%D9%83%D9%84/?amp=1 HTTP/1.1" 403 0 "-" "Mozilla/5.0 (compatible; MJ12bot/v1.4.8; http://mj12bot.com/)"
74.80.208.56 - - [28/Sep/2024:14:33:25 +0200] "GET /%D8%A7%D9%84%D9%85%D9%88%D8%B1%D8%AF%D8%A9-%D9%88%D8%A7%D9%84%D8%AC%D9%86%D9%8A%D9%86%D8%A9-%D8%AD%D8%A8%D8%A7%D9%8A%D8%A8-%D8%A8%D8%AF%D9%88%D8%B1%D9%8A-%D8%B3%D9%86%D8%A7%D8%B1/ HTTP/2" 200 46130 "-" "Mozilla/5.0 (compatible; ImagesiftBot; +imagesift.com)"
65.108.128.54 - - [28/Sep/2024:14:33:26 +0200] "GET /%D8%A7%D8%AA%D8%AC%D8%A7%D9%87-%D9%81%D9%8A-%D8%A7%D9%84%D8%B3%D9%88%D9%83%D8%B1%D8%AA%D8%A7-%D9%84%D9%84%D8%A7%D8%B3%D8%AA%D8%BA%D9%86%D8%A7%D8%A1-%D8%B9%D9%86-%D8%A7%D9%84%D8%AC%D9%87%D8%A7%D8%B2/?amp=1 HTTP/1.1" 403 0 "-" "Mozilla/5.0 (compatible; MJ12bot/v1.4.8; http://mj12bot.com/)"
77.75.78.161 - - [28/Sep/2024:14:33:26 +0200] "GET /hwocu/o1873584.html HTTP/1.1" 404 20329 "-" "Mozilla/5.0 (compatible; SeznamBot/4.0; +http://napoveda.seznam.cz/seznambot-intro/)"
74.80.208.56 - - [28/Sep/2024:14:33:26 +0200] "GET /tag/%D9%88%D8%AA%D8%A8%D9%87%D8%B1/feed/ HTTP/2" 200 7355 "-" "Mozilla/5.0 (compatible; ImagesiftBot; +imagesift.com)"
74.80.208.56 - - [28/Sep/2024:14:33:27 +0200] "GET /tag/%D9%88%D9%8A%D8%AA%D8%AC%D8%A7%D9%87%D9%84%D9%88%D9%86/feed/ HTTP/2" 200 2693 "-" "Mozilla/5.0 (compatible; ImagesiftBot; +imagesift.com)"
74.80.208.56 - - [28/Sep/2024:14:33:28 +0200] "GET /wp-content/uploads/2022/06/58FAD945-77B8-4E64-9B86-A5164BEA37CC-780x470.jpeg HTTP/2" 200 54424 "-" "Mozilla/5.0 (compatible; ImagesiftBot; +imagesift.com)"
77.75.78.161 - - [28/Sep/2024:14:33:28 +0200] "GET /dphrf/r1254241.html HTTP/1.1" 404 20322 "-" "Mozilla/5.0 (compatible; SeznamBot/4.0; +http://napoveda.seznam.cz/seznambot-intro/)"
74.80.208.56 - - [28/Sep/2024:14:33:29 +0200] "GET /wp-content/uploads/2022/06/58FAD945-77B8-4E64-9B86-A5164BEA37CC.jpeg HTTP/2" 200 39701 "-" "Mozilla/5.0 (compatible; ImagesiftBot; +imagesift.com)"
74.80.208.56 - - [28/Sep/2024:14:33:28 +0200] "GET /%D8%A5%D8%A8%D8%B1%D8%A7%D9%87%D9%88%D9%85%D8%A9-%D8%A7%D9%84%D9%85%D8%B1%D9%8A%D8%AE-%D9%8A%D8%AA%D8%B5%D8%AF%D8%B1-%D8%A7%D9%84%D8%AF%D9%88%D8%B1%D9%8A-%D9%88-%D9%85%D8%B9-%D8%B0%D9%84%D9%83-%D9%8A/ HTTP/2" 200 45646 "-" "Mozilla/5.0 (compatible; ImagesiftBot; +imagesift.com)"
65.108.128.54 - - [28/Sep/2024:14:33:29 +0200] "GET /%D8%A7%D8%AA%D8%B5%D9%84-%D8%A8%D9%86%D8%A7/?amp=1 HTTP/1.1" 403 0 "-" "Mozilla/5.0 (compatible; MJ12bot/v1.4.8; http://mj12bot.com/)"
74.80.208.56 - - [28/Sep/2024:14:33:29 +0200] "GET /tag/%D9%88%D8%A3%D8%B9%D8%AA%D8%B0%D8%B1/feed/ HTTP/2" 200 3415 "-" "Mozilla/5.0 (compatible; ImagesiftBot; +imagesift.com)"
74.80.208.56 - - [28/Sep/2024:14:33:30 +0200] "GET /wp-content/uploads/2022/05/1652606494_unnamed-file-333x470.jpg HTTP/2" 200 28779 "-" "Mozilla/5.0 (compatible; ImagesiftBot; +imagesift.com)"
77.75.78.161 - - [28/Sep/2024:14:33:30 +0200] "GET /lddmj/y2052838.html HTTP/1.1" 404 20323 "-" "Mozilla/5.0 (compatible; SeznamBot/4.0; +http://napoveda.seznam.cz/seznambot-intro/)"
74.80.208.56 - - [28/Sep/2024:14:33:30 +0200] "GET /%D8%B5%D8%A8%D8%B1%D9%8A-%D9%85%D8%AD%D9%85%D8%AF-%D8%B9%D9%84%D9%8A-%D8%A7%D9%84%D8%B9%D9%8A%D9%83%D9%88%D8%B1%D8%A9-%D9%8A%D9%83%D8%AA%D8%A8-%D8%B1%D8%AC%D8%A7%D9%84-%D8%A7%D9%84%D8%A8%D8%B1-%D9%88/ HTTP/2" 200 32524 "-" "Mozilla/5.0 (compatible; ImagesiftBot; +imagesift.com)"
74.80.208.56 - - [28/Sep/2024:14:33:31 +0200] "GET /wp-content/uploads/2022/05/1652606494_unnamed-file.jpg HTTP/2" 200 71061 "-" "Mozilla/5.0 (compatible; ImagesiftBot; +imagesift.com)"
65.108.128.54 - - [28/Sep/2024:14:33:31 +0200] "GET /%D8%A7%D8%AE%D8%AC%D9%84%D9%88%D8%A7-%D9%8A%D8%A7-%D9%85%D8%B1%D9%8A%D8%AE%D8%A7%D8%A8/?amp=1 HTTP/1.1" 403 0 "-" "Mozilla/5.0 (compatible; MJ12bot/v1.4.8; http://mj12bot.com/)"
74.80.208.56 - - [28/Sep/2024:14:33:31 +0200] "GET /%D8%A3%D8%AA%D9%84%D8%AA%D9%8A%D9%83%D9%88-%D9%85%D8%AF%D8%B1%D9%8A%D8%AF-%D9%8A%D8%B6%D9%85-%D8%BA%D8%B1%D9%8A%D8%B2%D9%85%D8%A7%D9%86-%D8%A8%D8%A7%D9%84%D8%A7%D8%AA%D9%81%D8%A7%D9%82-%D9%85%D8%B9/ HTTP/2" 200 46192 "-" "Mozilla/5.0 (compatible; ImagesiftBot; +imagesift.com)"
77.75.78.161 - - [28/Sep/2024:14:33:32 +0200] "GET /ffbwa/z2530667.html HTTP/1.1" 404 20330 "-" "Mozilla/5.0 (compatible; SeznamBot/4.0; +http://napoveda.seznam.cz/seznambot-intro/)"
74.80.208.56 - - [28/Sep/2024:14:33:33 +0200] "GET /%D9%86%D9%82%D8%B7%D8%A9-%D8%B6%D8%B9%D9%81-%D8%B1%D9%8A%D8%A7%D9%84-%D9%85%D8%AF%D8%B1%D9%8A%D8%AF-%D9%88%D8%A7%D8%B6%D8%AD%D8%A9-%D8%A7%D9%84%D9%86%D9%8A%D9%84%D9%8A%D9%86/ HTTP/2" 200 34237 "-" "Mozilla/5.0 (compatible; ImagesiftBot; +imagesift.com)"
74.80.208.56 - - [28/Sep/2024:14:33:34 +0200] "GET /wp-json/wp/v2/tags/24371 HTTP/2" 200 298 "-" "Mozilla/5.0 (compatible; ImagesiftBot; +imagesift.com)"
77.75.78.161 - - [28/Sep/2024:14:33:34 +0200] "GET /qawhb/s3007864.html HTTP/1.1" 404 20329 "-" "Mozilla/5.0 (compatible; SeznamBot/4.0; +http://napoveda.seznam.cz/seznambot-intro/)"
65.108.128.54 - - [28/Sep/2024:14:33:35 +0200] "GET /%D8%A7%D8%B3%D8%AA%D8%A7%D8%AF-%D8%A7%D9%84%D9%87%D9%84%D8%A7%D9%84-%D9%88-%D8%A7%D9%84%D8%AC%D9%88%D9%84%D8%A9-%D8%A7%D9%84%D8%AB%D8%A7%D9%84%D8%AB%D8%A9/?amp=1 HTTP/1.1" 403 0 "-" "Mozilla/5.0 (compatible; MJ12bot/v1.4.8; http://mj12bot.com/)"
74.80.208.56 - - [28/Sep/2024:14:33:35 +0200] "GET /tag/%D9%85%D9%82%D8%B1%D9%87%D8%A7/feed/ HTTP/2" 200 3982 "-" "Mozilla/5.0 (compatible; ImagesiftBot; +imagesift.com)"
74.80.208.56 - - [28/Sep/2024:14:33:36 +0200] "GET /%D9%82%D9%8A%D8%A7%D8%AF%D9%8A-%D8%AD%D9%85%D9%8A%D8%AF%D8%AA%D9%8A-%D8%A3%D8%A8%D9%84%D8%BA-%D9%88%D9%81%D8%AF-%D8%AA%D9%82%D8%AF%D9%85-%D8%A8%D8%A3%D9%86-%D8%A7%D9%84%D8%AD%D8%B1%D8%A8/ HTTP/2" 200 48857 "-" "Mozilla/5.0 (compatible; ImagesiftBot; +imagesift.com)"
65.108.128.54 - - [28/Sep/2024:14:33:37 +0200] "GET /%D8%A7%D8%B3%D8%AA%D8%B9%D8%AF%D8%A7%D8%AF%D8%A7-%D9%84%D9%85%D9%88%D8%A7%D8%AC%D9%87%D8%A9-%D8%A7%D9%84%D9%87%D9%84%D8%A7%D9%84-%D8%A7%D9%84%D9%81%D8%A7%D8%B4%D8%B1-%D8%A7%D9%84%D8%A7%D9%87%D9%84/?amp=1 HTTP/1.1" 403 0 "-" "Mozilla/5.0 (compatible; MJ12bot/v1.4.8; http://mj12bot.com/)"
77.75.78.161 - - [28/Sep/2024:14:33:36 +0200] "GET /wgqba/b1382483.html HTTP/1.1" 404 20323 "-" "Mozilla/5.0 (compatible; SeznamBot/4.0; +http://napoveda.seznam.cz/seznambot-intro/)"
74.80.208.56 - - [28/Sep/2024:14:33:37 +0200] "GET /tag/%D8%AA%D8%B2%D9%88%D8%AC/ HTTP/2" 200 26768 "-" "Mozilla/5.0 (compatible; ImagesiftBot; +imagesift.com)"
65.108.128.54 - - [28/Sep/2024:14:33:38 +0200] "GET /%D8%A7%D8%B3%D8%AA%D9%82%D8%A7%D9%84%D8%A9-%D8%AC%D8%AF%D9%8A%D8%AF%D8%A9-%D9%81%D9%8A-%D8%A7%D9%86%D8%AF%D9%8A%D8%A9-%D8%A7%D9%84%D9%88%D8%B3%D9%8A%D8%B7/?amp=1 HTTP/1.1" 403 0 "-" "Mozilla/5.0 (compatible; MJ12bot/v1.4.8; http://mj12bot.com/)"
74.80.208.56 - - [28/Sep/2024:14:33:38 +0200] "GET /%D8%A7%D8%B4%D8%AA%D8%A8%D8%A7%D9%83%D8%A7%D8%AA-%D8%B9%D9%86%D9%8A%D9%81%D8%A9-%D8%A8%D8%A7%D9%84%D8%AE%D8%B1%D8%B7%D9%88%D9%85-%D9%88%D8%A7%D8%B4%D9%86%D8%B7%D9%86-%D8%AA%D8%AA%D8%AD%D8%AF%D8%AB/ HTTP/2" 200 50095 "-" "Mozilla/5.0 (compatible; ImagesiftBot; +imagesift.com)"
77.75.78.161 - - [28/Sep/2024:14:33:38 +0200] "GET /lsuff/w1630050.html HTTP/1.1" 404 20322 "-" "Mozilla/5.0 (compatible; SeznamBot/4.0; +http://napoveda.seznam.cz/seznambot-intro/)"
74.80.208.56 - - [28/Sep/2024:14:33:39 +0200] "GET /wp-json/wp/v2/posts/22420 HTTP/2" 200 1920 "-" "Mozilla/5.0 (compatible; ImagesiftBot; +imagesift.com)"
66.249.64.14 - - [28/Sep/2024:14:33:02 +0200] "GET /jezpb/p1830477.html HTTP/1.1" 200 41271 "-" "Mozilla/5.0 (Linux; Android 6.0.1; Nexus 5X Build/MMB29P) AppleWebKit/537.36 (KHTML, like Gecko) Chrome/128.0.6613.137 Mobile Safari/537.36 (compatible; Googlebot/2.1; +http://www.google.com/bot.html)"
65.108.128.54 - - [28/Sep/2024:14:33:04 +0200] "GET /%D8%A3%D9%87%D8%A7%D9%84%D9%8A-%D8%BA%D8%A7%D8%B6%D8%A8%D9%88%D9%86-%D9%8A%D8%B9%D8%AA%D8%B1%D8%B6%D9%88%D9%86-%D8%B4%D8%A7%D8%AD%D9%86%D8%A7%D8%AA-%D8%A5%D8%AB%D9%8A%D9%88%D8%A8%D9%8A%D8%A9-%D8%B9/?amp=1 HTTP/1.1" 403 0 "-" "Mozilla/5.0 (compatible; MJ12bot/v1.4.8; http://mj12bot.com/)"
65.108.128.54 - - [28/Sep/2024:14:33:07 +0200] "GET /%D8%A5%D8%B0%D8%A7-%D8%AA%D9%83%D9%84%D9%85%D8%AA-%D8%A8%D8%A7%D9%84%D9%83%D9%84%D9%85%D8%A9-%D9%85%D9%84%D9%83%D8%AA%D9%83-%D9%88%D8%A5%D8%B0%D8%A7-%D9%84%D9%85-%D8%AA%D8%AA%D9%83%D9%84%D9%85-%D8%A8/?amp=1 HTTP/1.1" 403 0 "-" "Mozilla/5.0 (compatible; MJ12bot/v1.4.8; http://mj12bot.com/)"
65.108.128.54 - - [28/Sep/2024:14:33:08 +0200] "GET /%D8%A5%D8%B3%D8%AD%D9%82-%D8%A3%D8%AD%D9%85%D8%AF-%D9%81%D8%B6%D9%84-%D8%A7%D9%84%D9%84%D9%87-%D8%A7%D9%84%D8%B3%D9%8A%D9%81-%D9%8A%D9%82%D8%B7%D8%B9%D9%86%D8%A7-%D8%A8%D8%A7%D9%84%D9%81%D8%B9%D9%84/?amp=1 HTTP/1.1" 403 0 "-" "Mozilla/5.0 (compatible; MJ12bot/v1.4.8; http://mj12bot.com/)"
65.108.128.54 - - [28/Sep/2024:14:33:12 +0200] "GET /%D8%A5%D8%BA%D9%84%D8%A7%D9%82-%D9%85%D8%B4%D8%B1%D8%AD%D8%A9-%D8%A8%D8%B4%D8%A7%D8%A6%D8%B1-%D8%A7%D9%84%D9%86%D9%8A%D9%84%D9%8A%D9%86/?amp=1 HTTP/1.1" 403 0 "-" "Mozilla/5.0 (compatible; MJ12bot/v1.4.8; http://mj12bot.com/)"
65.108.128.54 - - [28/Sep/2024:14:33:17 +0200] "GET /%D8%A5%D9%86-%D8%A7%D9%84%D9%84%D8%BA%D8%A9-%D9%85%D8%B8%D9%87%D8%B1-%D9%85%D9%86-%D9%85%D8%B8%D8%A7%D9%87%D8%B1-%D8%A7%D9%84%D8%A7%D8%A8%D8%AA%D9%83%D8%A7%D8%B1-%D9%81%D9%8A-%D8%A7%D9%84%D8%A3-2/?amp=1 HTTP/1.1" 403 0 "-" "Mozilla/5.0 (compatible; MJ12bot/v1.4.8; http://mj12bot.com/)"
65.108.128.54 - - [28/Sep/2024:14:33:19 +0200] "GET /%D8%A5%D9%8A%D8%AC%D8%A7%D8%A8%D9%8A%D8%A7%D8%AA-%D9%85%D9%86-%D9%84%D9%82%D8%A7%D8%A1-%D8%A7%D9%84%D8%AE%D8%B1%D8%B7%D9%88%D9%85/?amp=1 HTTP/1.1" 403 0 "-" "Mozilla/5.0 (compatible; MJ12bot/v1.4.8; http://mj12bot.com/)"
65.108.128.54 - - [28/Sep/2024:14:33:20 +0200] "GET /%D8%A7%D8%A8%D8%B1%D8%A7%D9%87%D9%88%D9%85%D8%A9-%D8%AA%D9%88%D9%82%D9%8A%D8%AA-%D8%A7%D9%84%D9%85%D8%A8%D8%A7%D8%B1%D8%A7%D8%A9-%D8%A7%D8%AB%D8%B1-%D8%B9%D9%84%D9%8A-%D8%A7%D8%AF%D8%A7%D8%A1-%D8%A7/?amp=1 HTTP/1.1" 403 0 "-" "Mozilla/5.0 (compatible; MJ12bot/v1.4.8; http://mj12bot.com/)"
65.108.128.54 - - [28/Sep/2024:14:33:23 +0200] "GET /%D8%A7%D8%A8%D8%B1%D8%A7%D9%87%D9%8A%D9%85-%D8%AD%D9%85%D9%8A%D8%AF%D8%AA%D9%8A-%D9%84%D9%8A%D8%AA%D9%83-%D8%A7%D9%83%D8%AA%D9%81%D9%8A%D8%AA-%D8%A8%D8%B9%D8%B2%D8%A7%D8%A1-%D8%B9%D8%A8%D8%B1-%D8%A7/?amp=1 HTTP/1.1" 403 0 "-" "Mozilla/5.0 (compatible; MJ12bot/v1.4.8; http://mj12bot.com/)"
85.208.96.206 - - [28/Sep/2024:14:33:30 +0200] "GET /%D8%AA%D8%B2%D8%A7%D9%85%D9%86%D8%A7%D9%8B-%D9%85%D8%B9-%D8%A7%D9%84%D8%B9%D9%8A%D8%AF-%D8%B2%D9%8A%D8%A7%D8%AF%D8%A7%D8%AA-25-%D9%84%D8%A3%D8%B3%D8%B9%D8%A7%D8%B1-%D8%AA%D8%B0%D8%A7%D9%83%D8%B1/ HTTP/1.1" 403 0 "-" "Mozilla/5.0 (compatible; SemrushBot/7~bl; +http://www.semrush.com/bot.html)"
65.108.128.54 - - [28/Sep/2024:14:33:34 +0200] "GET /%D8%A7%D8%B1%D8%AA%D9%81%D8%A7%D8%B9-%D8%A7%D9%84%D9%85%D8%AF%D8%AE%D9%84%D8%A7%D8%AA-%D9%8A%D9%87%D8%AF%D8%AF-%D8%A8%D8%AE%D8%B1%D9%88%D8%AC-%D8%A7%D9%84%D9%85%D8%B2%D8%A7%D8%B1%D8%B9%D9%8A%D9%86/?amp=1 HTTP/1.1" 403 0 "-" "Mozilla/5.0 (compatible; MJ12bot/v1.4.8; http://mj12bot.com/)"
135.181.9.38 - - [28/Sep/2024:14:33:35 +0200] "POST /wp-admin/admin-ajax.php?action=async_litespeed&nonce=dTQUsX4AMBUhNCkpQN2I9NwSi5cntIsk&litespeed_type=imgoptm HTTP/1.1" 200 21 "-" "WordPress/6.6.2; https://www.sudancam.net"
20.15.133.184 - - [28/Sep/2024:14:33:48 +0200] "GET /jflea/n223363.html HTTP/2" 200 41481 "-" "Mozilla/5.0 AppleWebKit/537.36 (KHTML, like Gecko; compatible; bingbot/2.0; +http://www.bing.com/bingbot.htm) Chrome/116.0.1938.76 Safari/537.36"
74.80.208.56 - - [28/Sep/2024:14:33:40 +0200] "GET /%D8%AA%D8%B9%D9%82%D9%8A%D8%A8-%D9%85%D9%86-%D8%A7%D9%84%D9%85%D9%88%D8%A7%D9%86%D8%A6-%D8%A7%D9%84%D8%A8%D8%AD%D8%B1%D9%8A%D8%A9-%D8%B9%D9%84%D9%89-%D9%85%D9%82%D8%A7%D9%84-%D8%A7%D9%84/ HTTP/2" 200 63977 "-" "Mozilla/5.0 (compatible; ImagesiftBot; +imagesift.com)"
77.75.78.161 - - [28/Sep/2024:14:33:41 +0200] "GET /apabm/q946270.html HTTP/1.1" 404 20320 "-" "Mozilla/5.0 (compatible; SeznamBot/4.0; +http://napoveda.seznam.cz/seznambot-intro/)"
74.80.208.56 - - [28/Sep/2024:14:33:41 +0200] "GET /tag/%D8%A8%D8%A8%D8%B7%D9%88%D9%84%D8%A9/ HTTP/2" 200 38764 "-" "Mozilla/5.0 (compatible; ImagesiftBot; +imagesift.com)"
135.181.9.38 - - [28/Sep/2024:14:33:43 +0200] "POST /wp-cron.php?doing_wp_cron=1727526823.5124599933624267578125 HTTP/1.1" 200 0 "-" "WordPress/6.6.2; https://www.sudancam.net"
74.80.208.56 - - [28/Sep/2024:14:33:42 +0200] "GET /wp-json/wp/v2/tags/20240 HTTP/2" 200 353 "-" "Mozilla/5.0 (compatible; ImagesiftBot; +imagesift.com)"
77.75.78.161 - - [28/Sep/2024:14:33:43 +0200] "GET /fyixb/q1440166.html HTTP/1.1" 404 20330 "-" "Mozilla/5.0 (compatible; SeznamBot/4.0; +http://napoveda.seznam.cz/seznambot-intro/)"
74.80.208.56 - - [28/Sep/2024:14:33:43 +0200] "GET /%D8%A7%D8%AA%D9%87%D8%A7%D9%85%D8%A7%D8%AA-%D9%84%D8%A3%D8%B4%D8%AE%D8%A7%D8%B5-%D9%85%D8%B1%D8%AA%D8%A8%D8%B7%D9%8A%D9%86-%D8%A8%D8%A3%D8%B0%D8%B1%D8%A8%D9%8A%D8%AC%D8%A7%D9%86-%D8%A8%D8%A7%D9%84/ HTTP/2" 200 34468 "-" "Mozilla/5.0 (compatible; ImagesiftBot; +imagesift.com)"
74.80.208.56 - - [28/Sep/2024:14:33:45 +0200] "GET /wp-json/wp/v2/posts/7549 HTTP/2" 200 3468 "-" "Mozilla/5.0 (compatible; ImagesiftBot; +imagesift.com)"
77.75.78.161 - - [28/Sep/2024:14:33:45 +0200] "GET /ijzjo/t1082617.html HTTP/1.1" 404 20323 "-" "Mozilla/5.0 (compatible; SeznamBot/4.0; +http://napoveda.seznam.cz/seznambot-intro/)"
74.80.208.56 - - [28/Sep/2024:14:33:46 +0200] "GET /wp-json/wp/v2/posts/25225 HTTP/2" 200 2070 "-" "Mozilla/5.0 (compatible; ImagesiftBot; +imagesift.com)"
74.80.208.56 - - [28/Sep/2024:14:33:46 +0200] "GET /%D9%87%D9%84-%D8%B3%D9%8A%D8%AA%D9%85-%D8%A7%D9%84%D8%A7%D8%B9%D8%AA%D8%B1%D8%A7%D9%81/ HTTP/2" 200 30046 "-" "Mozilla/5.0 (compatible; ImagesiftBot; +imagesift.com)"
77.75.78.161 - - [28/Sep/2024:14:33:47 +0200] "GET /owrzf/g3022750.html HTTP/1.1" 404 20323 "-" "Mozilla/5.0 (compatible; SeznamBot/4.0; +http://napoveda.seznam.cz/seznambot-intro/)"
74.80.208.56 - - [28/Sep/2024:14:33:47 +0200] "GET /tag/%D9%85%D8%AE%D8%B2%D9%8A%D8%A9/feed/ HTTP/2" 200 2916 "-" "Mozilla/5.0 (compatible; ImagesiftBot; +imagesift.com)"
74.80.208.56 - - [28/Sep/2024:14:33:48 +0200] "GET /%D8%A7%D9%84%D8%AE%D8%B7%D9%88%D8%B7-%D8%A7%D9%84%D9%85%D8%B5%D8%B1%D9%8A%D8%A9-%D9%88%D8%B7%D9%8A%D8%B1%D8%A7%D9%86-%D9%8A%D8%B9%D9%84%D9%86%D8%A7%D9%86-%D8%B9%D9%86-%D8%A8%D8%AF%D8%A7%D9%8A%D8%A9/ HTTP/2" 200 45726 "-" "Mozilla/5.0 (compatible; ImagesiftBot; +imagesift.com)"
77.75.78.161 - - [28/Sep/2024:14:33:49 +0200] "GET /iyfey/t2602213.html HTTP/1.1" 404 20328 "-" "Mozilla/5.0 (compatible; SeznamBot/4.0; +http://napoveda.seznam.cz/seznambot-intro/)"
74.80.208.56 - - [28/Sep/2024:14:33:50 +0200] "GET /%D8%AE%D8%A8%D8%B1%D8%A7%D8%A1-%D9%8A%D8%AD%D8%B0%D8%B1%D9%88%D9%86-%D9%85%D9%86-%D8%A7%D9%86%D9%87%D9%8A%D8%A7%D8%B1-%D8%A7%D8%B3%D8%B9%D8%A7%D8%B1-%D8%A7%D9%84%D8%B9%D9%82%D8%A7%D8%B1%D8%A7%D8%AA/ HTTP/2" 200 33357 "-" "Mozilla/5.0 (compatible; ImagesiftBot; +imagesift.com)"
74.80.208.56 - - [28/Sep/2024:14:33:51 +0200] "GET /wp-json/wp/v2/posts/7435 HTTP/2" 200 1778 "-" "Mozilla/5.0 (compatible; ImagesiftBot; +imagesift.com)"
77.75.78.161 - - [28/Sep/2024:14:33:51 +0200] "GET /fywrk/i1228440.html HTTP/1.1" 404 20329 "-" "Mozilla/5.0 (compatible; SeznamBot/4.0; +http://napoveda.seznam.cz/seznambot-intro/)"
74.80.208.56 - - [28/Sep/2024:14:33:52 +0200] "GET /tag/%D9%8A%D9%88%D8%AA%D9%8A%D9%88%D8%A8/feed/ HTTP/2" 200 8169 "-" "Mozilla/5.0 (compatible; ImagesiftBot; +imagesift.com)"
65.108.128.54 - - [28/Sep/2024:14:33:14 +0200] "GET /%D8%A5%D9%86-%D8%A7%D9%84%D9%84%D8%BA%D8%A9-%D9%85%D8%B8%D9%87%D8%B1-%D9%85%D9%86-%D9%85%D8%B8%D8%A7%D9%87%D8%B1-%D8%A7%D9%84%D8%A7%D8%A8%D8%AA%D9%83%D8%A7%D8%B1-%D9%81%D9%8A-%D8%A7%D9%84%D8%A3%D9%85/?amp=1 HTTP/1.1" 403 0 "-" "Mozilla/5.0 (compatible; MJ12bot/v1.4.8; http://mj12bot.com/)"
65.108.128.54 - - [28/Sep/2024:14:33:28 +0200] "GET /%D8%A7%D8%AA%D8%AD%D8%A7%D8%AF-%D9%86%D9%8A%D8%A7%D9%84%D8%A7-%D9%8A%D8%AE%D8%B7%D8%B7-%D9%84%D8%A7%D9%86%D8%B4%D8%A7%D8%A1-%D9%85%D9%84%D8%B9%D8%A8-%D8%B1%D8%AF%D9%8A%D9%81/?amp=1 HTTP/1.1" 403 0 "-" "Mozilla/5.0 (compatible; MJ12bot/v1.4.8; http://mj12bot.com/)"
65.108.128.54 - - [28/Sep/2024:14:33:32 +0200] "GET /%D8%A7%D8%B1%D8%AA%D9%81%D8%A7%D8%B9-%D8%A3%D8%B3%D8%B9%D8%A7%D8%B1-%D8%A7%D9%84%D8%B7%D9%85%D8%A7%D8%B7%D9%85-%D9%88%D8%A7%D9%84%D8%AC%D8%B1%D8%AC%D9%8A%D8%B1-%D9%88%D8%A7%D9%84%D8%A8%D8%B7%D8%A7/?amp=1 HTTP/1.1" 403 0 "-" "Mozilla/5.0 (compatible; MJ12bot/v1.4.8; http://mj12bot.com/)"
135.181.9.38 - - [28/Sep/2024:14:33:35 +0200] "POST /wp-cron.php?doing_wp_cron=1727526815.2482140064239501953125 HTTP/1.1" 200 0 "-" "WordPress/6.6.2; https://www.sudancam.net"
65.108.128.54 - - [28/Sep/2024:14:33:40 +0200] "GET /%D8%A7%D8%B3%D8%AD%D9%82-%D8%A3%D8%AD%D9%85%D8%AF-%D9%81%D8%B6%D9%84-%D8%A7%D9%84%D9%84%D9%87-%D8%A2%D8%A8%D9%8A-%D8%A3%D8%AD%D9%85%D8%AF-%D8%A7%D9%84%D9%85%D9%86%D9%87%D9%83-%D9%8A%D8%B1%D9%8A%D8%AF/?amp=1 HTTP/1.1" 403 0 "-" "Mozilla/5.0 (compatible; MJ12bot/v1.4.8; http://mj12bot.com/)"
65.108.128.54 - - [28/Sep/2024:14:33:42 +0200] "GET /%D8%A7%D8%B5%D8%A7%D8%A8%D8%A7%D8%AA-%D8%A8%D8%B6%D8%B9%D9%81-%D8%A7%D9%84%D9%86%D8%B8%D8%B1-%D9%84%D8%AF%D9%89-95-%D9%85%D9%86-%D8%A7%D9%84%D8%B7%D9%84%D8%A7%D8%A8-%D8%A7%D9%84%D9%85%D9%82%D8%A8/?amp=1 HTTP/1.1" 403 0 "-" "Mozilla/5.0 (compatible; MJ12bot/v1.4.8; http://mj12bot.com/)"
65.108.128.54 - - [28/Sep/2024:14:33:43 +0200] "GET /%D8%A7%D8%B5%D8%B1%D8%AE-%D9%84%D8%AA%D8%B9%D9%84%D9%85-%D8%A3%D9%86%D9%83-%D9%85%D8%A7-%D8%B2%D9%84%D8%AA%D9%8E-%D8%AD%D9%8A%D9%91%D8%A7%D9%8B-%D9%88%D8%A3%D9%86-%D8%A7%D9%84%D8%AD%D9%8A/?amp=1 HTTP/1.1" 403 0 "-" "Mozilla/5.0 (compatible; MJ12bot/v1.4.8; http://mj12bot.com/)"
65.108.128.54 - - [28/Sep/2024:14:33:44 +0200] "GET /%D8%A7%D8%B9%D8%AA%D9%82%D8%A7%D9%84-%D9%82%D9%8A%D8%A7%D8%AF%D8%A7%D8%AA-%D8%A7%D9%84%D8%AD%D8%B2%D8%A8-%D8%A7%D9%84%D8%B4%D9%8A%D9%88%D8%B9%D9%8A-%D9%81%D9%88%D8%B1-%D9%88%D8%B5%D9%88%D9%84%D9%87/?amp=1 HTTP/1.1" 403 0 "-" "Mozilla/5.0 (compatible; MJ12bot/v1.4.8; http://mj12bot.com/)"
65.108.128.54 - - [28/Sep/2024:14:33:46 +0200] "GET /%D8%A7%D8%B9%D8%AA%D9%85%D8%A7%D8%AF-%D8%AA%D8%B9%D8%B1%D9%81%D8%A9-%D8%AC%D8%AF%D9%8A%D8%AF%D8%A9-%D9%84%D9%83%D9%87%D8%B1%D8%A8%D8%A7%D8%A1-%D8%A7%D9%84%D8%B2%D8%B1%D8%A7%D8%B9%D8%A9/?amp=1 HTTP/1.1" 403 0 "-" "Mozilla/5.0 (compatible; MJ12bot/v1.4.8; http://mj12bot.com/)"
65.108.128.54 - - [28/Sep/2024:14:33:47 +0200] "GET /%D8%A7%D8%B9%D8%B1%D8%B6%D9%8A-%D8%B9%D9%86-%D9%87%D8%B0%D8%A7-%D9%8A%D8%A7-%D8%AA%D8%B7%D8%A8%D9%8A%D8%B9/?amp=1 HTTP/1.1" 403 0 "-" "Mozilla/5.0 (compatible; MJ12bot/v1.4.8; http://mj12bot.com/)"
148.163.83.178 - - [28/Sep/2024:14:33:49 +0200] "GET /wp-content/uploads/2023/04/2023-04-19T204408Z_427123438_UP1EJ4J1LLJFH_RTRMADP_3_TENNIS-STUTTGART-780x470.jpg HTTP/1.1" 200 35977 "-" "Opera/8.57.(Windows 98; ky-KG) Presto/2.9.162 Version/11.00"
65.108.128.54 - - [28/Sep/2024:14:33:50 +0200] "GET /%D8%A7%D9%82%D9%8A%D9%84%D9%88%D8%A7-%D8%A7%D8%A8%D8%B1%D8%A7%D9%87%D9%88%D9%85%D8%A9-%D9%82%D8%A8%D9%84-%D8%A3%D9%86-%D9%8A%D8%AA%D8%AF%D8%AD%D8%B1%D8%AC-%D8%A7%D9%84%D9%85%D8%B1%D9%8A%D8%AE/?amp=1 HTTP/1.1" 403 0 "-" "Mozilla/5.0 (compatible; MJ12bot/v1.4.8; http://mj12bot.com/)"
65.108.128.54 - - [28/Sep/2024:14:33:53 +0200] "GET /%D8%A7%D9%84%D8%A3%D8%B1%D8%B5%D8%A7%D8%AF-%D8%AA%D8%AA%D9%87%D9%8A%D8%A3-%D9%81%D8%B1%D8%B5%D8%A9-%D9%84%D8%AA%D9%83%D9%88%D9%91%D9%86-%D8%B3%D8%AD%D8%A8-%D8%B1%D8%B9%D8%AF%D9%8A%D8%A9-%D9%85%D9%85/?amp=1 HTTP/1.1" 403 0 "-" "Mozilla/5.0 (compatible; MJ12bot/v1.4.8; http://mj12bot.com/)"
74.80.208.56 - - [28/Sep/2024:14:33:53 +0200] "GET /wp-json/wp/v2/tags/21194 HTTP/2" 200 316 "-" "Mozilla/5.0 (compatible; ImagesiftBot; +imagesift.com)"
77.75.78.161 - - [28/Sep/2024:14:33:54 +0200] "GET /kspuu/w3041174.html HTTP/1.1" 404 20323 "-" "Mozilla/5.0 (compatible; SeznamBot/4.0; +http://napoveda.seznam.cz/seznambot-intro/)"
74.80.208.56 - - [28/Sep/2024:14:33:54 +0200] "GET /tag/%D8%A7%D9%84%D8%B7%D9%8A%D9%86/feed/ HTTP/2" 200 34209 "-" "Mozilla/5.0 (compatible; ImagesiftBot; +imagesift.com)"
74.80.208.56 - - [28/Sep/2024:14:33:56 +0200] "GET /wp-json/wp/v2/posts/15937 HTTP/2" 200 3371 "-" "Mozilla/5.0 (compatible; ImagesiftBot; +imagesift.com)"
77.75.78.161 - - [28/Sep/2024:14:33:56 +0200] "GET /kbzdo/m2424002.html HTTP/1.1" 404 20329 "-" "Mozilla/5.0 (compatible; SeznamBot/4.0; +http://napoveda.seznam.cz/seznambot-intro/)"
74.80.208.56 - - [28/Sep/2024:14:33:57 +0200] "GET /tag/%D9%84%D8%B4%D8%B1%D9%82/ HTTP/2" 200 24340 "-" "Mozilla/5.0 (compatible; ImagesiftBot; +imagesift.com)"
65.108.128.54 - - [28/Sep/2024:14:33:58 +0200] "GET /%D8%A7%D9%84%D8%A3%D8%B1%D8%B5%D8%A7%D8%AF-%D9%87%D8%B0%D9%87-%D8%A3%D8%B3%D8%A8%D8%A7%D8%A8-%D8%A7%D9%84%D8%B9%D8%A7%D8%B5%D9%81%D8%A9-%D8%A7%D9%84%D8%BA%D8%A8%D8%A7%D8%B1%D9%8A%D8%A9-%D9%88%D9%8A/?amp=1 HTTP/1.1" 403 0 "-" "Mozilla/5.0 (compatible; MJ12bot/v1.4.8; http://mj12bot.com/)"
74.80.208.56 - - [28/Sep/2024:14:33:58 +0200] "GET /%D8%B4%D8%A7%D9%87%D8%AF-%D8%A8%D8%A7%D9%84%D9%81%D9%8A%D8%AF%D9%8A%D9%88-%D9%87%D9%84-%D8%AA%D9%88%D9%82%D8%B9%D9%88%D8%A7-%D8%AD%D8%AF%D9%88%D8%AB-%D9%87%D8%B0%D9%87-%D8%A7%D9%84%D8%AD%D8%B1%D8%A8/ HTTP/2" 200 33263 "-" "Mozilla/5.0 (compatible; ImagesiftBot; +imagesift.com)"
77.75.78.161 - - [28/Sep/2024:14:33:58 +0200] "GET /tvsru/z1981053.html HTTP/1.1" 404 20322 "-" "Mozilla/5.0 (compatible; SeznamBot/4.0; +http://napoveda.seznam.cz/seznambot-intro/)"
74.80.208.56 - - [28/Sep/2024:14:33:59 +0200] "GET /%D9%85%D8%B5%D8%B1%D8%B9-3-%D8%A3%D8%B7%D9%81%D8%A7%D9%84-%D8%A3%D8%B4%D9%82%D8%A7%D8%A1-%D8%A8%D8%A7%D9%86%D9%81%D8%AC%D8%A7%D8%B1-%D8%AC%D8%B3%D9%85-%D8%BA%D8%B1%D9%8A%D8%A8-%D9%81%D9%8A-%D8%B4/ HTTP/2" 200 61819 "-" "Mozilla/5.0 (compatible; ImagesiftBot; +imagesift.com)"
77.75.78.161 - - [28/Sep/2024:14:34:00 +0200] "GET /miejg/c2688880.html HTTP/1.1" 404 20322 "-" "Mozilla/5.0 (compatible; SeznamBot/4.0; +http://napoveda.seznam.cz/seznambot-intro/)"
74.80.208.56 - - [28/Sep/2024:14:34:01 +0200] "GET /tag/%D8%A7%D9%84%D9%86%D8%A7%D8%B4%D8%A6%D9%8A%D9%86/page/2/ HTTP/2" 200 0 "-" "Mozilla/5.0 (compatible; ImagesiftBot; +imagesift.com)"
74.80.208.56 - - [28/Sep/2024:14:34:02 +0200] "GET /%D8%A7%D9%84%D8%AA%D9%88%D8%A7%D9%81%D9%82-%D8%A7%D9%84%D9%88%D8%B7%D9%86%D9%8A-%D8%A7%D9%84%D8%AD%D8%B1%D9%8A%D8%A9-%D9%88%D8%A7%D9%84%D8%AA%D8%BA%D9%8A%D9%8A%D8%B1-%D8%AA%D8%B3%D8%B9%D9%89-%D9%84/ HTTP/2" 200 47899 "-" "Mozilla/5.0 (compatible; ImagesiftBot; +imagesift.com)"
77.75.78.161 - - [28/Sep/2024:14:34:03 +0200] "GET /mtfov/k1805668.html HTTP/1.1" 404 20323 "-" "Mozilla/5.0 (compatible; SeznamBot/4.0; +http://napoveda.seznam.cz/seznambot-intro/)"
74.80.208.56 - - [28/Sep/2024:14:34:03 +0200] "GET /wp-json/wp/v2/tags/30005 HTTP/2" 200 331 "-" "Mozilla/5.0 (compatible; ImagesiftBot; +imagesift.com)"
74.80.208.56 - - [28/Sep/2024:14:34:05 +0200] "GET /wp-content/uploads/2022/06/IMG-20220612-WA0014.jpg HTTP/2" 200 59116 "-" "Mozilla/5.0 (compatible; ImagesiftBot; +imagesift.com)"
74.80.208.56 - - [28/Sep/2024:14:34:04 +0200] "GET /%D8%A8%D8%A7%D8%B1%D9%8A%D8%B3%D8%8C-%D9%85%D8%B1%D8%B3%D9%8A%D9%84%D9%8A%D8%A7%D8%8C-%D8%AA%D8%A7%D9%87%D9%8A%D8%AA%D9%8A-%D8%AA%D8%B9%D8%B1%D9%81%D9%88%D8%A7-%D8%B9%D9%84%D9%89-%D9%85%D9%88%D8%A7/ HTTP/2" 200 50049 "-" "Mozilla/5.0 (compatible; ImagesiftBot; +imagesift.com)"
77.75.78.161 - - [28/Sep/2024:14:34:05 +0200] "GET /pwvnu/l1122493.html HTTP/1.1" 404 20331 "-" "Mozilla/5.0 (compatible; SeznamBot/4.0; +http://napoveda.seznam.cz/seznambot-intro/)"
74.80.208.56 - - [28/Sep/2024:14:34:05 +0200] "GET /tag/%D9%88%D8%AA%D8%AD%D9%88%D9%84%D9%87/ HTTP/2" 200 23999 "-" "Mozilla/5.0 (compatible; ImagesiftBot; +imagesift.com)"
74.80.208.56 - - [28/Sep/2024:14:34:06 +0200] "GET /wp-content/uploads/2023/07/main-infog-infographie-sites-780x470.png HTTP/2" 200 142584 "-" "Mozilla/5.0 (compatible; ImagesiftBot; +imagesift.com)"
74.80.208.56 - - [28/Sep/2024:14:34:07 +0200] "GET /wp-content/uploads/2023/07/main-infog-infographie-sites.png HTTP/2" 200 268023 "-" "Mozilla/5.0 (compatible; ImagesiftBot; +imagesift.com)"
74.80.208.56 - - [28/Sep/2024:14:34:06 +0200] "GET /tag/%D8%A7%D9%84%D8%A3%D9%83%D9%84/ HTTP/2" 200 26998 "-" "Mozilla/5.0 (compatible; ImagesiftBot; +imagesift.com)"
77.75.78.161 - - [28/Sep/2024:14:34:07 +0200] "GET /sprbd/t2587159.html HTTP/1.1" 404 20327 "-" "Mozilla/5.0 (compatible; SeznamBot/4.0; +http://napoveda.seznam.cz/seznambot-intro/)"
74.80.208.56 - - [28/Sep/2024:14:34:07 +0200] "GET /%D9%82%D8%B1%D8%B9%D8%A9-%D9%83%D8%A3%D8%B3-%D8%A7%D9%84%D8%B9%D8%A7%D9%84%D9%85-2026-%D8%A7%D9%84%D8%B3%D9%88%D8%AF%D8%A7%D9%86-%D9%81%D9%8A-%D9%85%D8%AC%D9%85%D9%88%D8%B9%D8%A9-%D8%A7%D9%84%D8%B3/ HTTP/2" 200 32616 "-" "Mozilla/5.0 (compatible; ImagesiftBot; +imagesift.com)"
77.75.78.161 - - [28/Sep/2024:14:34:09 +0200] "GET /mmnhj/f2386191.html HTTP/1.1" 404 20329 "-" "Mozilla/5.0 (compatible; SeznamBot/4.0; +http://napoveda.seznam.cz/seznambot-intro/)"
74.80.208.56 - - [28/Sep/2024:14:34:09 +0200] "GET /%D8%B3%D8%A7%D8%B9%D8%A9-%D8%A7%D9%84%D9%86%D8%B5%D8%B1-%D9%88%D8%A7%D9%86%D8%B9%D8%AA%D8%A7%D9%82-%D8%A7%D9%84%D9%87%D9%84%D8%A7%D9%84/ HTTP/2" 200 30292 "-" "Mozilla/5.0 (compatible; ImagesiftBot; +imagesift.com)"
74.80.208.56 - - [28/Sep/2024:14:34:10 +0200] "GET /%D8%B3%D8%B9%D8%B1-%D8%A7%D9%84%D8%AF%D9%88%D9%84%D8%A7%D8%B1-%D9%88%D8%A7%D9%84%D8%B9%D9%85%D9%84%D8%A7%D8%AA-%D9%81%D9%8A-%D8%A7%D9%84%D8%B3%D9%88%D8%AF%D8%A7%D9%86-%D8%A7%D9%84%D9%8A%D9%88%D9%85-61/ HTTP/2" 200 31777 "-" "Mozilla/5.0 (compatible; ImagesiftBot; +imagesift.com)"
77.75.78.161 - - [28/Sep/2024:14:34:11 +0200] "GET /eitzc/q1624610.html HTTP/1.1" 404 20329 "-" "Mozilla/5.0 (compatible; SeznamBot/4.0; +http://napoveda.seznam.cz/seznambot-intro/)"
65.108.128.54 - - [28/Sep/2024:14:34:12 +0200] "GET /%D8%A7%D9%84%D8%A3%D9%87%D9%84%D9%8A-%D9%85%D8%B1%D9%88%D9%8A-%D9%8A%D8%AE%D8%B3%D8%B1-%D8%A3%D9%85%D8%A7%D9%85-%D8%A7%D9%84%D8%AA%D8%AD%D8%B1%D9%8A%D8%B1-%D9%88%D8%AF%D9%8A%D9%91%D8%A7%D9%8B-%D9%88/?amp=1 HTTP/1.1" 403 0 "-" "Mozilla/5.0 (compatible; MJ12bot/v1.4.8; http://mj12bot.com/)"
74.80.208.56 - - [28/Sep/2024:14:34:11 +0200] "GET /tag/%D9%86%D9%83%D9%86/feed/ HTTP/2" 200 4976 "-" "Mozilla/5.0 (compatible; ImagesiftBot; +imagesift.com)"
74.80.208.56 - - [28/Sep/2024:14:34:12 +0200] "GET /%D8%AA%D8%AC%D9%85%D8%B9-%D8%A7%D9%86%D8%AF%D9%8A%D8%A9-%D8%A7%D9%84%D9%85%D9%85%D8%AA%D8%A7%D8%B2-%D9%8A%D8%B9%D9%82%D8%AF-%D8%A7%D8%AC%D8%AA%D9%85%D8%A7%D8%B9%D9%87-%D8%A7%D9%84%D8%A3%D9%88%D9%84/ HTTP/2" 200 30615 "-" "Mozilla/5.0 (compatible; ImagesiftBot; +imagesift.com)"
65.108.128.54 - - [28/Sep/2024:14:34:13 +0200] "GET /%D8%A7%D9%84%D8%A3%D9%87%D9%84%D9%8A-%D9%85%D8%B1%D9%88%D9%8A-%D9%8A%D9%81%D9%88%D8%B2-%D8%B9%D9%84%D9%89-%D8%A7%D9%84%D9%85%D8%B2%D8%A7%D8%AF-%D8%A8%D8%AD%D8%B1%D9%8A-%D9%88%D8%AF%D9%8A%D8%A7%D9%8B/?amp=1 HTTP/1.1" 403 0 "-" "Mozilla/5.0 (compatible; MJ12bot/v1.4.8; http://mj12bot.com/)"
77.75.78.161 - - [28/Sep/2024:14:34:13 +0200] "GET /sjaro/x1985081.html HTTP/1.1" 404 20322 "-" "Mozilla/5.0 (compatible; SeznamBot/4.0; +http://napoveda.seznam.cz/seznambot-intro/)"
74.80.208.56 - - [28/Sep/2024:14:34:13 +0200] "GET /tag/%D8%B4%D9%83%D8%B1%D8%A7/ HTTP/2" 200 54637 "-" "Mozilla/5.0 (compatible; ImagesiftBot; +imagesift.com)"
74.80.208.56 - - [28/Sep/2024:14:34:14 +0200] "GET /wp-content/uploads/2022/08/%D8%A7%D9%86%D8%AF%D9%8A%D8%A9-%D8%A7%D9%84%D9%85%D9%85%D8%AA%D8%A7%D8%B2-720x470.png HTTP/2" 200 426437 "-" "Mozilla/5.0 (compatible; ImagesiftBot; +imagesift.com)"
74.80.208.56 - - [28/Sep/2024:14:34:14 +0200] "GET /wp-json/wp/v2/tags/32934 HTTP/2" 200 324 "-" "Mozilla/5.0 (compatible; ImagesiftBot; +imagesift.com)"
74.80.208.56 - - [28/Sep/2024:14:34:15 +0200] "GET /wp-content/uploads/2022/08/%D8%A7%D9%86%D8%AF%D9%8A%D8%A9-%D8%A7%D9%84%D9%85%D9%85%D8%AA%D8%A7%D8%B2.png HTTP/2" 200 660450 "-" "Mozilla/5.0 (compatible; ImagesiftBot; +imagesift.com)"
77.75.78.161 - - [28/Sep/2024:14:34:15 +0200] "GET /edetb/z185571.html HTTP/1.1" 404 20327 "-" "Mozilla/5.0 (compatible; SeznamBot/4.0; +http://napoveda.seznam.cz/seznambot-intro/)"
74.80.208.56 - - [28/Sep/2024:14:34:15 +0200] "GET /tag/%D9%8A%D8%AA%D8%B8%D8%A7%D9%87%D8%B1%D9%88%D9%86/feed/ HTTP/2" 200 10996 "-" "Mozilla/5.0 (compatible; ImagesiftBot; +imagesift.com)"
74.80.208.56 - - [28/Sep/2024:14:34:16 +0200] "GET /tag/%D8%A7%D9%84%D9%88%D8%A7%D9%81%D8%AF%D9%8A%D9%86/ HTTP/2" 200 26461 "-" "Mozilla/5.0 (compatible; ImagesiftBot; +imagesift.com)"
77.75.78.161 - - [28/Sep/2024:14:34:17 +0200] "GET /otzey/u1825412.html HTTP/1.1" 404 20322 "-" "Mozilla/5.0 (compatible; SeznamBot/4.0; +http://napoveda.seznam.cz/seznambot-intro/)"
74.80.208.56 - - [28/Sep/2024:14:34:17 +0200] "GET /%D8%AA%D9%81%D8%A7%D8%B5%D9%8A%D9%84-%D8%AC%D8%AF%D9%8A%D8%AF%D8%A9-%D8%A8%D8%B4%D8%A3%D9%86-%D8%B4%D9%83%D9%88%D9%89-%D8%A7%D9%84%D8%A3%D9%87%D9%84%D9%8A-%D8%A7%D9%84%D9%85%D8%B5%D8%B1%D9%8A-%D8%B6/feed/ HTTP/2" 200 746 "-" "Mozilla/5.0 (compatible; ImagesiftBot; +imagesift.com)"
74.80.208.56 - - [28/Sep/2024:14:34:18 +0200] "GET /wp-json/wp/v2/posts/10003 HTTP/2" 200 1541 "-" "Mozilla/5.0 (compatible; ImagesiftBot; +imagesift.com)"
65.108.128.54 - - [28/Sep/2024:14:34:19 +0200] "GET /%D8%A7%D9%84%D8%A5%D9%86%D8%B3%D8%A7%D9%86-%D9%85%D8%AE%D9%8A%D8%B1-%D9%81%D9%8A%D9%85%D8%A7-%D9%8A%D8%B9%D9%84%D9%85%D8%8C-%D9%85%D8%B3%D9%8A%D9%91%D8%B1-%D9%81%D9%8A%D9%85%D8%A7-%D9%84%D8%A7-%D9%8A/?amp=1 HTTP/1.1" 403 0 "-" "Mozilla/5.0 (compatible; MJ12bot/v1.4.8; http://mj12bot.com/)"
77.75.78.161 - - [28/Sep/2024:14:34:19 +0200] "GET /jkkxa/r1774137.html HTTP/1.1" 404 20330 "-" "Mozilla/5.0 (compatible; SeznamBot/4.0; +http://napoveda.seznam.cz/seznambot-intro/)"
74.80.208.56 - - [28/Sep/2024:14:34:19 +0200] "GET /wp-json/wp/v2/posts/8161 HTTP/2" 200 2518 "-" "Mozilla/5.0 (compatible; ImagesiftBot; +imagesift.com)"
65.108.128.54 - - [28/Sep/2024:14:34:20 +0200] "GET /%D8%A7%D9%84%D8%A7%D8%AA%D8%AD%D8%A7%D8%AF-%D8%A7%D9%84%D9%85%D8%AD%D9%84%D9%8A-%D9%8A%D8%A4%D9%83%D8%AF-%D8%AC%D8%A7%D9%87%D8%B2%D9%8A%D8%A9-%D8%A7%D8%B3%D8%AA%D8%A7%D8%AF-%D8%AC%D8%A8%D9%84-%D8%A3/?amp=1 HTTP/1.1" 403 0 "-" "Mozilla/5.0 (compatible; MJ12bot/v1.4.8; http://mj12bot.com/)"
74.80.208.56 - - [28/Sep/2024:14:34:20 +0200] "GET /%D8%A7%D8%B3%D8%AA%D9%82%D8%B1%D8%A7%D8%B1%D8%A7%D9%84%D8%B3%D9%84%D8%B9-%D8%A7%D9%84%D8%A7%D8%B3%D8%AA%D9%87%D9%84%D8%A7%D9%83%D9%8A%D8%A9-%D8%A8%D8%A7%D9%84%D8%A3%D8%B3%D9%88%D8%A7%D9%82-%D8%A8/ HTTP/2" 200 33312 "-" "Mozilla/5.0 (compatible; ImagesiftBot; +imagesift.com)"
77.75.78.161 - - [28/Sep/2024:14:34:21 +0200] "GET /xhwne/x2529651.html HTTP/1.1" 404 20329 "-" "Mozilla/5.0 (compatible; SeznamBot/4.0; +http://napoveda.seznam.cz/seznambot-intro/)"
74.80.208.56 - - [28/Sep/2024:14:34:21 +0200] "GET /tag/%D8%AF%D9%88%D8%A7%D8%B9%D9%8A/ HTTP/2" 200 23527 "-" "Mozilla/5.0 (compatible; ImagesiftBot; +imagesift.com)"
77.75.78.161 - - [28/Sep/2024:14:34:23 +0200] "GET /hysbd/o616588.html HTTP/1.1" 404 20321 "-" "Mozilla/5.0 (compatible; SeznamBot/4.0; +http://napoveda.seznam.cz/seznambot-intro/)"
74.80.208.56 - - [28/Sep/2024:14:34:22 +0200] "GET /%D9%85%D8%A7-%D8%A8%D8%B9%D8%AF-%D9%83%D8%A7%D8%B1%D8%AB%D8%A9-%D8%A7%D9%84%D8%B3%D9%8A%D9%88%D9%84-%D8%A3%D9%88%D8%B6%D8%A7%D8%B9-%D8%B5%D8%B9%D8%A8%D8%A9-%D8%AA%D8%AA%D8%B7%D9%84%D8%A8-%D8%A7/ HTTP/2" 200 34688 "-" "Mozilla/5.0 (compatible; ImagesiftBot; +imagesift.com)"
65.108.128.54 - - [28/Sep/2024:14:33:49 +0200] "GET /%D8%A7%D8%BA%D8%AA%D9%8A%D8%A7%D9%84-%D9%81%D9%86%D8%A7%D9%86-%D9%83%D9%88%D9%85%D9%8A%D8%AF%D9%8A-%D8%B4%D9%87%D9%8A%D8%B1-%D8%A8%D9%88%D9%84%D8%A7%D9%8A%D8%A9-%D8%BA%D8%B1%D8%A8-%D8%AF%D8%A7%D8%B1/?amp=1 HTTP/1.1" 403 0 "-" "Mozilla/5.0 (compatible; MJ12bot/v1.4.8; http://mj12bot.com/)"
65.108.128.54 - - [28/Sep/2024:14:33:52 +0200] "GET /%D8%A7%D9%83%D8%AA%D8%B4%D9%81-%D8%A7%D9%84%D9%86%D8%B8%D8%A7%D9%85-%D9%81%D9%8A-%D8%A7%D9%84%D8%A7%D8%B4%D9%8A%D8%A7%D8%A1-%D8%A7%D9%84%D8%AA%D9%8A-%D9%84%D8%A7-%D8%AA%D8%AC%D8%AF-%D9%81%D9%8A%D9%87/?amp=1 HTTP/1.1" 403 0 "-" "Mozilla/5.0 (compatible; MJ12bot/v1.4.8; http://mj12bot.com/)"
