66.249.64.14 - - [28/Sep/2024:16:13:16 +0200] "GET /qyoap/l599503.html HTTP/1.1" 200 42117 "-" "Mozilla/5.0 (Linux; Android 6.0.1; Nexus 5X Build/MMB29P) AppleWebKit/537.36 (KHTML, like Gecko) Chrome/128.0.6613.137 Mobile Safari/537.36 (compatible; GoogleOther)"
20.15.133.174 - - [28/Sep/2024:16:13:26 +0200] "GET /dpltq/x836115.html HTTP/2" 200 42133 "-" "Mozilla/5.0 AppleWebKit/537.36 (KHTML, like Gecko; compatible; bingbot/2.0; +http://www.bing.com/bingbot.htm) Chrome/116.0.1938.76 Safari/537.36"
66.249.64.13 - - [28/Sep/2024:16:13:41 +0200] "GET /gmcxu/r2050153.html HTTP/1.1" 200 42065 "-" "Mozilla/5.0 (Linux; Android 6.0.1; Nexus 5X Build/MMB29P) AppleWebKit/537.36 (KHTML, like Gecko) Chrome/128.0.6613.137 Mobile Safari/537.36 (compatible; GoogleOther)"
74.80.208.56 - - [28/Sep/2024:16:14:32 +0200] "GET /tag/%D8%B9%D8%A8%D8%AF%D8%A7%D9%84%D8%B3%D9%84%D8%A7%D9%85/ HTTP/2" 200 34900 "-" "Mozilla/5.0 (compatible; ImagesiftBot; +imagesift.com)"
74.80.208.56 - - [28/Sep/2024:16:14:33 +0200] "GET /wp-json/wp/v2/posts/43 HTTP/2" 200 3852 "-" "Mozilla/5.0 (compatible; ImagesiftBot; +imagesift.com)"
74.80.208.56 - - [28/Sep/2024:16:14:34 +0200] "GET /wp-json/wp/v2/posts/9460 HTTP/2" 200 1563 "-" "Mozilla/5.0 (compatible; ImagesiftBot; +imagesift.com)"
52.167.144.185 - - [28/Sep/2024:16:14:35 +0200] "GET /tffdn/e2435174.html HTTP/2" 200 42346 "-" "Mozilla/5.0 AppleWebKit/537.36 (KHTML, like Gecko; compatible; bingbot/2.0; +http://www.bing.com/bingbot.htm) Chrome/116.0.1938.76 Safari/537.36"
74.80.208.56 - - [28/Sep/2024:16:14:35 +0200] "GET /wp-json/wp/v2/tags/16007 HTTP/2" 200 321 "-" "Mozilla/5.0 (compatible; ImagesiftBot; +imagesift.com)"
74.80.208.56 - - [28/Sep/2024:16:14:36 +0200] "GET /wp-json/wp/v2/posts/10051 HTTP/2" 200 1908 "-" "Mozilla/5.0 (compatible; ImagesiftBot; +imagesift.com)"
74.80.208.56 - - [28/Sep/2024:16:14:37 +0200] "GET /%D9%84%D8%B0%D9%84%D9%83-%D9%86%D9%82%D9%88%D9%84-%D9%84%D8%A7-%D9%84%D9%84%D8%AD%D8%B1%D8%A8/ HTTP/2" 200 38241 "-" "Mozilla/5.0 (compatible; ImagesiftBot; +imagesift.com)"
74.80.208.56 - - [28/Sep/2024:16:14:38 +0200] "GET /tag/%D9%88%D8%A7%D9%84%D8%A7%D9%86%D8%B6%D8%A8%D8%A7%D8%B7/ HTTP/2" 200 23618 "-" "Mozilla/5.0 (compatible; ImagesiftBot; +imagesift.com)"
52.167.144.185 - - [28/Sep/2024:16:14:45 +0200] "GET /woxrj/i2528284.html HTTP/2" 200 42412 "-" "Mozilla/5.0 AppleWebKit/537.36 (KHTML, like Gecko; compatible; bingbot/2.0; +http://www.bing.com/bingbot.htm) Chrome/116.0.1938.76 Safari/537.36"
52.167.144.185 - - [28/Sep/2024:16:14:46 +0200] "GET /dmtso/n3063603.html HTTP/2" 200 42309 "-" "Mozilla/5.0 AppleWebKit/537.36 (KHTML, like Gecko; compatible; bingbot/2.0; +http://www.bing.com/bingbot.htm) Chrome/116.0.1938.76 Safari/537.36"
3.144.113.163 - - [28/Sep/2024:16:15:01 +0200] "GET /tag/%d9%88%d8%aa%d8%b3%d9%84%d9%8a%d8%b7/feed/ HTTP/2" 200 2698 "https://sudancam.net/tag/%d9%88%d8%aa%d8%b3%d9%84%d9%8a%d8%b7/feed" "Mozilla/5.0 AppleWebKit/537.36 (KHTML, like Gecko; compatible; ClaudeBot/1.0; +claudebot@anthropic.com)"
74.80.208.56 - - [28/Sep/2024:16:15:09 +0200] "GET /xuube/c2362710.html HTTP/2" 404 22075 "-" "Mozilla/5.0 (compatible; ImagesiftBot; +imagesift.com)"
85.208.96.209 - - [28/Sep/2024:16:15:15 +0200] "GET /%D9%85%D8%A7%D8%B3%D9%83-%D9%8A%D8%B3%D8%AE%D8%B1-%D9%85%D9%86-%D8%AA%D9%85%D8%B1%D8%AF-%D9%81%D8%A7%D8%BA%D9%86%D8%B1%D9%89-%D9%84%D8%A7-%D8%AA%D8%AB%D9%82-%D8%AD%D8%AA%D9%89-%D8%A8%D9%86%D9%81/ HTTP/1.1" 403 0 "-" "Mozilla/5.0 (compatible; SemrushBot/7~bl; +http://www.semrush.com/bot.html)"
3.144.37.38 - - [28/Sep/2024:16:14:53 +0200] "GET /wp-json/oembed/1.0/embed?format=xml&url=https%3A%2F%2Fwww.sudancam.net%2F%25d8%25ad%25d8%25a7%25d9%2584%25d8%25a7%25d8%25aa-%25d8%25a5%25d8%25ac%25d9%2587%25d8%25a7%25d8%25b6-%25d9%2588%25d8%25a7%25d8%25ba%25d8%25aa%25d8%25b5%25d8%25a7%25d8%25a8-%25d9%2584%25d9%2581%25d8%25aa%25d9%258a%25d8%25a7%25d8%25aa-%25d8%25b3%25d9%2588%25d8%25af%25d8%25a7%25d9%2586%25d9%258a%25d8%25a7%25d8%25aa-%25d8%25a8%2F HTTP/2" 200 1487 "-" "Mozilla/5.0 AppleWebKit/537.36 (KHTML, like Gecko; compatible; ClaudeBot/1.0; +claudebot@anthropic.com)"
18.220.124.177 - - [28/Sep/2024:16:14:58 +0200] "GET /wp-json/wp/v2/tags/46372 HTTP/2" 200 314 "-" "Mozilla/5.0 AppleWebKit/537.36 (KHTML, like Gecko; compatible; ClaudeBot/1.0; +claudebot@anthropic.com)"
66.249.64.15 - - [28/Sep/2024:16:15:05 +0200] "GET /onfkd/g916594.html HTTP/1.1" 200 41574 "-" "Mozilla/5.0 (Linux; Android 6.0.1; Nexus 5X Build/MMB29P) AppleWebKit/537.36 (KHTML, like Gecko) Chrome/128.0.6613.137 Mobile Safari/537.36 (compatible; GoogleOther)"
74.80.208.56 - - [28/Sep/2024:16:15:12 +0200] "GET /%D8%AD%D8%A7%D8%AC-%D9%85%D8%A7%D8%AC%D8%AF-%D8%B3%D9%88%D8%A7%D8%B1-%D9%81%D9%83-%D8%A7%D9%84%D9%84%D8%AC%D8%A7%D9%85-%D8%A7%D9%84%D8%AD%D9%82%D9%8A%D9%82%D9%8A/ HTTP/2" 200 30834 "-" "Mozilla/5.0 (compatible; ImagesiftBot; +imagesift.com)"
74.80.208.56 - - [28/Sep/2024:16:15:14 +0200] "GET /wp-json/wp/v2/posts/21919 HTTP/2" 200 2532 "-" "Mozilla/5.0 (compatible; ImagesiftBot; +imagesift.com)"
74.80.208.56 - - [28/Sep/2024:16:15:15 +0200] "GET /tag/%D8%A3%D8%B1%D8%B6/ HTTP/2" 200 37218 "-" "Mozilla/5.0 (compatible; ImagesiftBot; +imagesift.com)"
74.80.208.56 - - [28/Sep/2024:16:15:16 +0200] "GET /wp-json/wp/v2/posts/12980 HTTP/2" 200 4611 "-" "Mozilla/5.0 (compatible; ImagesiftBot; +imagesift.com)"
74.80.208.56 - - [28/Sep/2024:16:15:17 +0200] "GET /%D8%B4%D8%A7%D9%87%D8%AF-%D8%A8%D8%A7%D9%84%D8%B5%D9%88%D8%B1%D8%A9-%D9%88%D8%A7%D9%84%D9%81%D9%8A%D8%AF%D9%8A%D9%88-%D8%B1%D8%AC%D9%84-%D8%A3%D8%B9%D9%85%D8%A7%D9%84-%D8%AC%D9%86%D9%88%D8%A8-%D8%B3/ HTTP/2" 200 33092 "-" "Mozilla/5.0 (compatible; ImagesiftBot; +imagesift.com)"
74.80.208.56 - - [28/Sep/2024:16:15:18 +0200] "GET /%D8%AC%D9%86%D9%88%D8%A8-%D8%A7%D9%84%D8%B3%D9%88%D8%AF%D8%A7%D9%86-%D8%B7%D8%B1%D9%81%D8%A7-%D8%A7%D9%84%D9%86%D8%B2%D8%A7%D8%B9-%D9%81%D9%8A-%D8%A7%D9%84%D8%AE%D8%B1%D8%B7%D9%88%D9%85-%D9%88%D8%A7/ HTTP/2" 200 0 "-" "Mozilla/5.0 (compatible; ImagesiftBot; +imagesift.com)"
74.80.208.56 - - [28/Sep/2024:16:15:19 +0200] "GET /tag/%D8%A7%D9%84%D9%85%D8%B1%D8%A3%D8%A9/page/3/ HTTP/2" 200 28825 "-" "Mozilla/5.0 (compatible; ImagesiftBot; +imagesift.com)"
74.80.208.56 - - [28/Sep/2024:16:15:21 +0200] "GET /tag/%D9%85%D8%B0%D9%8A%D8%B9/feed/ HTTP/2" 200 10579 "-" "Mozilla/5.0 (compatible; ImagesiftBot; +imagesift.com)"
74.80.208.56 - - [28/Sep/2024:16:15:21 +0200] "GET /%D8%A7%D9%84%D8%A5%D9%85%D8%A7%D8%B1%D8%A7%D8%AA-%D8%AA%D8%B9%D9%84%D9%86-%D8%A5%D9%82%D8%B1%D8%A7%D8%B1-%D8%A7%D8%AA%D9%81%D8%A7%D9%82%D9%8A%D8%A9-%D9%85%D8%B9-%D8%A5%D9%8A%D8%B1%D8%A7%D9%86/ HTTP/2" 200 46132 "-" "Mozilla/5.0 (compatible; ImagesiftBot; +imagesift.com)"
74.80.208.56 - - [28/Sep/2024:16:15:23 +0200] "GET /wp-content/uploads/2023/10/abudhabi_uae-780x470.jpg HTTP/2" 200 99224 "-" "Mozilla/5.0 (compatible; ImagesiftBot; +imagesift.com)"
74.80.208.56 - - [28/Sep/2024:16:15:23 +0200] "GET /tag/%D8%AA%D8%AC%D8%AA%D8%A7%D8%B2%D9%88%D9%86/ HTTP/2" 200 23459 "-" "Mozilla/5.0 (compatible; ImagesiftBot; +imagesift.com)"
74.80.208.56 - - [28/Sep/2024:16:15:24 +0200] "GET /tag/%D9%8A%D8%B9%D8%AA%D8%B1%D8%B6%D9%88%D9%86/feed/ HTTP/2" 200 2454 "-" "Mozilla/5.0 (compatible; ImagesiftBot; +imagesift.com)"
74.80.208.56 - - [28/Sep/2024:16:15:25 +0200] "GET /wp-json/wp/v2/tags/9622 HTTP/2" 200 322 "-" "Mozilla/5.0 (compatible; ImagesiftBot; +imagesift.com)"
77.75.78.161 - - [28/Sep/2024:16:15:25 +0200] "GET /ymhvg/t1014913.html HTTP/1.1" 404 20325 "-" "Mozilla/5.0 (compatible; SeznamBot/4.0; +http://napoveda.seznam.cz/seznambot-intro/)"
74.80.208.56 - - [28/Sep/2024:16:15:26 +0200] "GET /%D8%B4%D8%A7%D9%87%D8%AF-%D8%A8%D8%A7%D9%84%D9%81%D9%8A%D8%AF%D9%8A%D9%88-%D8%A8%D8%B9%D8%AF-%D8%A3%D9%86-%D9%87%D8%B1%D8%A8-%D9%85%D9%86-%D8%B3%D8%A7%D8%A6%D9%82-%D8%AD%D8%A7%D9%81%D9%84%D8%A9/ HTTP/2" 200 0 "-" "Mozilla/5.0 (compatible; ImagesiftBot; +imagesift.com)"
74.80.208.56 - - [28/Sep/2024:16:15:27 +0200] "GET /%D8%A7%D9%84%D9%85%D9%88%D8%A7%D8%B1%D8%AF-%D8%A7%D9%84%D9%85%D8%B9%D8%AF%D9%86%D9%8A%D8%A9-%D8%AA%D8%AD%D9%82%D9%82-%D8%A3%D8%B9%D9%84%D9%89-%D9%86%D8%B3%D8%A8%D8%A9-%D8%A5%D9%86%D8%AA%D8%A7%D8%AC/feed/ HTTP/2" 200 746 "-" "Mozilla/5.0 (compatible; ImagesiftBot; +imagesift.com)"
74.80.208.56 - - [28/Sep/2024:16:15:28 +0200] "GET /dzfxv/n528369.html HTTP/2" 404 22079 "-" "Mozilla/5.0 (compatible; ImagesiftBot; +imagesift.com)"
77.75.78.161 - - [28/Sep/2024:16:15:29 +0200] "GET /dpsdv/x2157305.html HTTP/1.1" 404 20329 "-" "Mozilla/5.0 (compatible; SeznamBot/4.0; +http://napoveda.seznam.cz/seznambot-intro/)"
74.80.208.56 - - [28/Sep/2024:16:15:29 +0200] "GET /%D9%82%D9%88%D9%89-%D8%A7%D9%84%D9%88%D9%81%D8%A7%D9%82-%D8%A7%D9%84%D8%AB%D9%88%D8%B1%D9%8A-%D8%A7%D9%84%D8%AF%D9%8A%D9%85%D9%82%D8%B1%D8%A7%D8%B7%D9%8A-%D8%AA%D9%88%D9%82%D8%B9-%D8%A5%D8%B9%D9%84/feed/ HTTP/2" 200 708 "-" "Mozilla/5.0 (compatible; ImagesiftBot; +imagesift.com)"
74.80.208.56 - - [28/Sep/2024:16:15:30 +0200] "GET /tag/%D8%A8%D8%AD%D9%82%D9%88%D9%82%D9%87%D9%85/ HTTP/2" 200 23529 "-" "Mozilla/5.0 (compatible; ImagesiftBot; +imagesift.com)"
77.75.78.161 - - [28/Sep/2024:16:15:31 +0200] "GET /mkgxn/v443357.html HTTP/1.1" 404 20329 "-" "Mozilla/5.0 (compatible; SeznamBot/4.0; +http://napoveda.seznam.cz/seznambot-intro/)"
74.80.208.56 - - [28/Sep/2024:16:15:31 +0200] "GET /tag/%D8%A7%D9%84%D9%85%D8%B7%D8%A7%D9%81/feed/ HTTP/2" 200 4770 "-" "Mozilla/5.0 (compatible; ImagesiftBot; +imagesift.com)"
74.80.208.56 - - [28/Sep/2024:16:15:32 +0200] "GET /wp-json/wp/v2/posts/8704 HTTP/2" 200 11298 "-" "Mozilla/5.0 (compatible; ImagesiftBot; +imagesift.com)"
74.80.208.56 - - [28/Sep/2024:16:15:33 +0200] "GET /tag/%D9%85%D9%88%D9%84%D8%A7%D9%8A/ HTTP/2" 200 35971 "-" "Mozilla/5.0 (compatible; ImagesiftBot; +imagesift.com)"
77.75.78.161 - - [28/Sep/2024:16:15:34 +0200] "GET /zhiai/a2981456.html HTTP/1.1" 404 20322 "-" "Mozilla/5.0 (compatible; SeznamBot/4.0; +http://napoveda.seznam.cz/seznambot-intro/)"
74.80.208.56 - - [28/Sep/2024:16:15:35 +0200] "GET /%D8%A2%D8%AF%D9%85-%D8%B3%D9%88%D8%AF%D8%A7%D9%83%D8%A7%D9%84-%D9%8A%D8%B9%D8%AA%D8%B0%D8%B1-%D8%B9%D9%86-%D9%85%D9%82%D8%A7%D8%A8%D9%84%D8%A9-%D9%88%D9%81%D8%AF-%D9%85%D8%A8%D8%A7%D8%AF%D8%B1%D8%A9/feed/ HTTP/2" 200 893 "-" "Mozilla/5.0 (compatible; ImagesiftBot; +imagesift.com)"
74.80.208.56 - - [28/Sep/2024:16:15:36 +0200] "GET /wp-json/wp/v2/posts/5413 HTTP/2" 200 1663 "-" "Mozilla/5.0 (compatible; ImagesiftBot; +imagesift.com)"
74.80.208.56 - - [28/Sep/2024:16:15:37 +0200] "GET /tag/%D9%88%D8%A3%D9%88%D9%84%D8%A7%D8%AF%D9%8A/ HTTP/2" 200 50310 "-" "Mozilla/5.0 (compatible; ImagesiftBot; +imagesift.com)"
74.80.208.56 - - [28/Sep/2024:16:15:39 +0200] "GET /%F0%9F%94%B4-%D9%87%D8%B4%D8%A7%D9%85-%D8%A7%D9%84%D8%B4%D9%88%D8%A7%D9%86%D9%8A-%D8%A7%D8%B3%D8%AA%D8%AC%D8%A7%D8%A8%D8%A9-%D9%82%D8%AD%D8%AA-%D9%84%D9%86%D8%AF%D8%A7%D8%A1-%D8%A7%D9%84%D8%B4/ HTTP/2" 200 33447 "-" "Mozilla/5.0 (compatible; ImagesiftBot; +imagesift.com)"
77.75.78.161 - - [28/Sep/2024:16:15:39 +0200] "GET /lqbbh/f399791.html HTTP/1.1" 404 20324 "-" "Mozilla/5.0 (compatible; SeznamBot/4.0; +http://napoveda.seznam.cz/seznambot-intro/)"
74.80.208.56 - - [28/Sep/2024:16:15:40 +0200] "GET /tag/%D8%A8%D9%85%D9%88%D8%A7%D8%AC%D9%87%D8%A7%D8%AA/ HTTP/2" 200 35275 "-" "Mozilla/5.0 (compatible; ImagesiftBot; +imagesift.com)"
74.80.208.56 - - [28/Sep/2024:16:15:41 +0200] "GET /hoydq/m1521932.html HTTP/2" 404 22077 "-" "Mozilla/5.0 (compatible; ImagesiftBot; +imagesift.com)"
77.75.78.161 - - [28/Sep/2024:16:15:47 +0200] "GET /fsdav/j2233757.html HTTP/1.1" 404 20322 "-" "Mozilla/5.0 (compatible; SeznamBot/4.0; +http://napoveda.seznam.cz/seznambot-intro/)"
74.80.208.56 - - [28/Sep/2024:16:14:59 +0200] "GET /%D8%A7%D9%86%D8%AA%D9%82%D8%A7%D9%85%D8%A7%D9%8B-%D9%84%D9%83%D9%84%D8%A8-%D9%85%D8%B5%D8%B1%D9%8A-%D9%8A%D9%86%D9%87%D9%8A-%D8%AD%D9%8A%D8%A7%D8%A9-%D8%B2%D9%88%D8%AC-%D8%A3%D8%AE%D8%AA%D9%87/feed/ HTTP/2" 200 752 "-" "Mozilla/5.0 (compatible; ImagesiftBot; +imagesift.com)"
3.144.113.163 - - [28/Sep/2024:16:14:59 +0200] "GET /tag/%d9%88%d8%aa%d8%b3%d9%84%d9%8a%d8%b7/feed HTTP/2" 301 0 "-" "Mozilla/5.0 AppleWebKit/537.36 (KHTML, like Gecko; compatible; ClaudeBot/1.0; +claudebot@anthropic.com)"
77.75.78.161 - - [28/Sep/2024:16:15:00 +0200] "GET /hddjb/q2905084.html HTTP/1.1" 404 20329 "-" "Mozilla/5.0 (compatible; SeznamBot/4.0; +http://napoveda.seznam.cz/seznambot-intro/)"
74.80.208.56 - - [28/Sep/2024:16:15:01 +0200] "GET /tag/%D9%8A%D8%B8%D9%84/ HTTP/2" 200 0 "-" "Mozilla/5.0 (compatible; ImagesiftBot; +imagesift.com)"
18.226.34.197 - - [28/Sep/2024:16:15:02 +0200] "GET /wp-content/uploads/2024/08/CARINI-780x470.jpg HTTP/2" 200 52527 "-" "Mozilla/5.0 AppleWebKit/537.36 (KHTML, like Gecko; compatible; ClaudeBot/1.0; +claudebot@anthropic.com)"
74.80.208.56 - - [28/Sep/2024:16:15:02 +0200] "GET /%D8%A7%D9%84%D9%85%D8%A7%D9%84-%D8%A7%D9%84%D8%B9%D8%A7%D9%85-%D9%81%D9%89-%D8%A7%D9%84%D8%B1%D9%8A%D8%A7%D8%B6%D8%A91/ HTTP/2" 200 42755 "-" "Mozilla/5.0 (compatible; ImagesiftBot; +imagesift.com)"
77.75.78.161 - - [28/Sep/2024:16:15:03 +0200] "GET /fsbbm/u2641942.html HTTP/1.1" 404 20328 "-" "Mozilla/5.0 (compatible; SeznamBot/4.0; +http://napoveda.seznam.cz/seznambot-intro/)"
74.80.208.56 - - [28/Sep/2024:16:15:03 +0200] "GET /%D8%A7%D9%84%D8%A3%D9%87%D9%84%D9%8A-%D8%A7%D9%84%D9%85%D8%B5%D8%B1%D9%8A-%D9%8A%D9%83%D8%AA%D8%B3%D8%AD-%D8%A7%D9%84%D8%AA%D8%B1%D8%AC%D9%8A-%D8%A7%D9%84%D8%AA%D9%88%D9%86%D8%B3%D9%8A-%D8%A8%D8%AB/feed/ HTTP/2" 200 749 "-" "Mozilla/5.0 (compatible; ImagesiftBot; +imagesift.com)"
74.80.208.56 - - [28/Sep/2024:16:15:04 +0200] "GET /%D8%B4%D8%A7%D9%87%D8%AF-%D9%85%D8%AD%D9%85%D8%AF-%D8%B1%D9%85%D8%B6%D8%A7%D9%86-%D9%8A%D8%B3%D8%AA%D8%B9%D8%B1%D8%B6-%D9%85%D9%87%D8%A7%D8%B1%D8%A7%D8%AA%D9%87-%D9%81%D9%8A-%D9%83%D8%B1%D8%A9-%D8%A7/ HTTP/2" 200 0 "-" "Mozilla/5.0 (compatible; ImagesiftBot; +imagesift.com)"
74.80.208.56 - - [28/Sep/2024:16:15:05 +0200] "GET /tag/%D8%AA%D8%B3%D8%A3%D9%84/ HTTP/2" 200 37419 "-" "Mozilla/5.0 (compatible; ImagesiftBot; +imagesift.com)"
74.80.208.56 - - [28/Sep/2024:16:15:06 +0200] "GET /rcnyt/l1538935.html HTTP/2" 404 22077 "-" "Mozilla/5.0 (compatible; ImagesiftBot; +imagesift.com)"
77.75.78.161 - - [28/Sep/2024:16:15:06 +0200] "GET /kmxup/s1931854.html HTTP/1.1" 404 20323 "-" "Mozilla/5.0 (compatible; SeznamBot/4.0; +http://napoveda.seznam.cz/seznambot-intro/)"
18.119.253.31 - - [28/Sep/2024:16:15:32 +0200] "GET /%d8%a7%d9%84%d8%a8%d8%b1%d9%87%d8%a7%d9%86-%d9%8a%d8%b7%d9%84%d8%a8-%d9%85%d9%86-%d8%a8%d9%84%d9%8a%d9%86%d9%83%d9%86-%d9%85%d8%b9%d8%a7%d9%84%d8%ac%d8%a9-%d8%b4%d9%88%d8%a7%d8%ba%d9%84-%d8%a7%d9%84/ HTTP/2" 200 32627 "https://sudancam.net/?p=41187" "Mozilla/5.0 AppleWebKit/537.36 (KHTML, like Gecko; compatible; ClaudeBot/1.0; +claudebot@anthropic.com)"
18.188.227.4 - - [28/Sep/2024:16:15:38 +0200] "GET /wp-json/oembed/1.0/embed?url=https%3A%2F%2Fwww.sudancam.net%2F%25d8%25a7%25d9%2584%25d8%25a8%25d8%25b1%25d9%2587%25d8%25a7%25d9%2586-%25d9%258a%25d8%25b7%25d9%2584%25d8%25a8-%25d9%2585%25d9%2586-%25d8%25a8%25d9%2584%25d9%258a%25d9%2586%25d9%2583%25d9%2586-%25d9%2585%25d8%25b9%25d8%25a7%25d9%2584%25d8%25ac%25d8%25a9-%25d8%25b4%25d9%2588%25d8%25a7%25d8%25ba%25d9%2584-%25d8%25a7%25d9%2584%2F HTTP/2" 200 1454 "-" "Mozilla/5.0 AppleWebKit/537.36 (KHTML, like Gecko; compatible; ClaudeBot/1.0; +claudebot@anthropic.com)"
135.181.9.38 - - [28/Sep/2024:16:15:44 +0200] "POST /wp-cron.php?doing_wp_cron=1727532944.6996610164642333984375 HTTP/1.1" 200 0 "-" "WordPress/6.6.2; https://www.sudancam.net"
135.181.9.38 - - [28/Sep/2024:16:15:45 +0200] "POST /wp-admin/admin-ajax.php?action=async_litespeed&nonce=SLuyGdxJ2AeCe0c9YMzXEiIkwo5YlfwE&litespeed_type=imgoptm HTTP/1.1" 200 21 "-" "WordPress/6.6.2; https://www.sudancam.net"
74.80.208.56 - - [28/Sep/2024:16:15:48 +0200] "GET /%D9%85%D8%AE%D8%A7%D8%B7%D8%B1-%D8%B5%D9%86%D8%A7%D8%B9%D8%A9-%D8%A7%D9%84%D8%B7%D8%A7%D8%A6%D8%B1%D8%A7%D8%AA-%D8%A7%D9%84%D9%85%D8%B3%D9%8A%D8%B1%D8%A9-%D8%AA%D9%88%D8%B5%D9%8A%D8%A7%D8%AA-%D8%A7/ HTTP/2" 200 0 "-" "Mozilla/5.0 (compatible; ImagesiftBot; +imagesift.com)"
66.249.64.13 - - [28/Sep/2024:16:15:48 +0200] "GET /xitvq/c2174262.html HTTP/1.1" 200 42852 "-" "Mozilla/5.0 (Linux; Android 6.0.1; Nexus 5X Build/MMB29P) AppleWebKit/537.36 (KHTML, like Gecko) Chrome/128.0.6613.137 Mobile Safari/537.36 (compatible; GoogleOther)"
74.80.208.56 - - [28/Sep/2024:16:15:49 +0200] "GET /wp-json/wp/v2/posts/10514 HTTP/2" 200 4228 "-" "Mozilla/5.0 (compatible; ImagesiftBot; +imagesift.com)"
74.80.208.56 - - [28/Sep/2024:16:15:50 +0200] "GET /wp-json/wp/v2/posts/23999 HTTP/2" 200 2118 "-" "Mozilla/5.0 (compatible; ImagesiftBot; +imagesift.com)"
74.80.208.56 - - [28/Sep/2024:16:15:50 +0200] "GET /tag/%D9%85%D9%8A%D9%84%D8%A7%D9%86/ HTTP/2" 200 27225 "-" "Mozilla/5.0 (compatible; ImagesiftBot; +imagesift.com)"
74.80.208.56 - - [28/Sep/2024:16:15:52 +0200] "GET /tag/%D9%88%D8%A3%D8%B9%D8%AA%D8%B0%D8%B1/ HTTP/2" 200 23625 "-" "Mozilla/5.0 (compatible; ImagesiftBot; +imagesift.com)"
74.80.208.56 - - [28/Sep/2024:16:15:53 +0200] "GET /%D9%84%D8%B3%D8%A8%D8%A8-%D9%81%D8%B1%D9%8A%D8%AF-%D8%B4%D8%B1%D9%83%D8%A9-%D8%B5%D9%8A%D9%86%D9%8A%D8%A9-%D8%AA%D8%B4%D8%AA%D8%B1%D8%B7-%D8%A7%D8%B1%D8%AA%D8%AF%D8%A7%D8%A1-%D9%82%D9%86%D8%A7%D8%B9/feed/ HTTP/2" 200 763 "-" "Mozilla/5.0 (compatible; ImagesiftBot; +imagesift.com)"
74.80.208.56 - - [28/Sep/2024:16:15:54 +0200] "GET /wp-json/wp/v2/tags/23293 HTTP/2" 200 324 "-" "Mozilla/5.0 (compatible; ImagesiftBot; +imagesift.com)"
74.80.208.56 - - [28/Sep/2024:16:15:54 +0200] "GET /tag/%D9%84%D9%85%D9%88%D8%AC%D8%A9/feed/ HTTP/2" 200 2297 "-" "Mozilla/5.0 (compatible; ImagesiftBot; +imagesift.com)"
74.80.208.56 - - [28/Sep/2024:16:15:55 +0200] "GET /%D8%A8%D8%A7%D9%84%D9%81%D9%8A%D8%AF%D9%8A%D9%88-%D9%85%D8%AF%D8%B1%D8%A8-%D8%A3%D8%AC%D9%86%D8%A8%D9%8A-%D9%84%D9%86%D8%A7%D8%AF%D9%8A-%D8%B3%D8%B9%D9%88%D8%AF%D9%8A-%D9%8A%D8%B9%D9%84%D9%86-%D8%A5/ HTTP/2" 200 31199 "-" "Mozilla/5.0 (compatible; ImagesiftBot; +imagesift.com)"
74.80.208.56 - - [28/Sep/2024:16:15:56 +0200] "GET /tag/%D9%81%D9%82%D8%AF%D9%86%D8%A7/ HTTP/2" 200 23884 "-" "Mozilla/5.0 (compatible; ImagesiftBot; +imagesift.com)"
74.80.208.56 - - [28/Sep/2024:16:15:57 +0200] "GET /tag/%D8%AE%D8%B3%D8%B1%D8%A7%D9%86/ HTTP/2" 200 23466 "-" "Mozilla/5.0 (compatible; ImagesiftBot; +imagesift.com)"
74.80.208.56 - - [28/Sep/2024:16:15:59 +0200] "GET /%D8%B1%D9%88%D9%81%D8%A7-%D9%88%D9%81%D9%8A%D8%B1%D9%8A-%D9%88%D8%A7%D8%AC%D8%A7%D8%AC%D9%88%D9%86-%D9%85%D8%AB%D9%84%D8%AB-%D9%85%D8%AE%D9%8A%D9%81/ HTTP/2" 200 30477 "-" "Mozilla/5.0 (compatible; ImagesiftBot; +imagesift.com)"
74.80.208.56 - - [28/Sep/2024:16:16:00 +0200] "GET /wp-content/uploads/2022/05/%D9%82%D8%B2%D8%A7%D8%B2-%D9%88%D8%B1%D8%B2%D8%A7%D8%B2-%D9%85%D8%AD%D9%85%D8%AF-%D8%A7%D9%84%D8%B7%D9%8A%D8%A8-%D8%A7%D9%84%D8%A7%D9%85%D9%8A%D9%86-780x470.png HTTP/2" 200 303753 "-" "Mozilla/5.0 (compatible; ImagesiftBot; +imagesift.com)"
74.80.208.56 - - [28/Sep/2024:16:16:00 +0200] "GET /tag/%D9%8A%D8%B3%D8%A7%D8%B9%D8%AF%D9%87%D8%A7/ HTTP/2" 200 23603 "-" "Mozilla/5.0 (compatible; ImagesiftBot; +imagesift.com)"
74.80.208.56 - - [28/Sep/2024:16:16:01 +0200] "GET /wp-content/uploads/2022/05/%D9%82%D8%B2%D8%A7%D8%B2-%D9%88%D8%B1%D8%B2%D8%A7%D8%B2-%D9%85%D8%AD%D9%85%D8%AF-%D8%A7%D9%84%D8%B7%D9%8A%D8%A8-%D8%A7%D9%84%D8%A7%D9%85%D9%8A%D9%86.png HTTP/2" 200 347998 "-" "Mozilla/5.0 (compatible; ImagesiftBot; +imagesift.com)"
74.80.208.56 - - [28/Sep/2024:16:16:01 +0200] "GET /wp-json/wp/v2/tags/12428 HTTP/2" 200 340 "-" "Mozilla/5.0 (compatible; ImagesiftBot; +imagesift.com)"
74.80.208.56 - - [28/Sep/2024:16:16:02 +0200] "GET /qcqyw/z389567.html HTTP/2" 404 22080 "-" "Mozilla/5.0 (compatible; ImagesiftBot; +imagesift.com)"
74.80.208.56 - - [28/Sep/2024:16:16:03 +0200] "GET /wp-json/wp/v2/tags/9704 HTTP/2" 200 322 "-" "Mozilla/5.0 (compatible; ImagesiftBot; +imagesift.com)"
74.80.208.56 - - [28/Sep/2024:16:16:04 +0200] "GET /%D9%82%D9%8A%D8%A7%D8%AF%D9%8A-%D8%A8%D8%A7%D9%84%D8%AD%D8%B1%D9%8A%D8%A9-%D9%88%D8%A7%D9%84%D8%AA%D8%BA%D9%8A%D9%8A%D8%B1-%D9%84%D8%A7%D8%A6%D8%AD%D8%A9-%D8%A7%D9%84%D8%AA%D9%85%D9%88%D9%8A%D9%84/feed/ HTTP/2" 200 775 "-" "Mozilla/5.0 (compatible; ImagesiftBot; +imagesift.com)"
74.80.208.56 - - [28/Sep/2024:16:16:05 +0200] "GET /wp-json/wp/v2/tags/3684 HTTP/2" 200 309 "-" "Mozilla/5.0 (compatible; ImagesiftBot; +imagesift.com)"
74.80.208.56 - - [28/Sep/2024:16:16:06 +0200] "GET /tag/%D8%AA%D9%85%D8%A7%D8%B1%D9%8A%D9%86/ HTTP/2" 200 25034 "-" "Mozilla/5.0 (compatible; ImagesiftBot; +imagesift.com)"
74.80.208.56 - - [28/Sep/2024:16:16:07 +0200] "GET /%D9%85%D8%B0%D9%83%D8%B1%D8%A9-%D9%86%D8%B3%D9%88%D9%8A%D8%A9-%D9%84%D8%A5%D9%8A%D9%82%D8%A7%D8%AF-%D8%AA%D8%B4%D9%83%D9%88-%D8%AA%D9%87%D9%85%D9%8A%D8%B4-%D8%A7%D9%84%D9%85%D8%B1%D8%A3%D8%A9-%D9%81/ HTTP/2" 200 49633 "-" "Mozilla/5.0 (compatible; ImagesiftBot; +imagesift.com)"
74.80.208.56 - - [28/Sep/2024:16:16:08 +0200] "GET /tag/%D9%8A%D9%82%D8%B3%D9%88/ HTTP/2" 200 25576 "-" "Mozilla/5.0 (compatible; ImagesiftBot; +imagesift.com)"
74.80.208.56 - - [28/Sep/2024:16:16:09 +0200] "GET /%D8%B4%D8%A7%D9%87%D8%AF-%D8%A8%D8%A7%D9%84%D8%B5%D9%88%D8%B1-%D8%A8%D8%B3%D8%A8%D8%A8-%D8%B6%D9%8A%D9%82-%D8%A7%D9%84%D9%88%D9%82%D8%AA-%D8%B4%D8%B1%D9%83%D8%A9-%D9%85%D8%AC%D9%88%D9%87%D8%B1%D8%A7/feed/ HTTP/2" 200 847 "-" "Mozilla/5.0 (compatible; ImagesiftBot; +imagesift.com)"
74.80.208.56 - - [28/Sep/2024:16:16:10 +0200] "GET /tag/%D8%A8%D8%AC%D8%A7%D9%86%D8%A8%D9%87%D9%85/ HTTP/2" 200 23566 "-" "Mozilla/5.0 (compatible; ImagesiftBot; +imagesift.com)"
74.80.208.56 - - [28/Sep/2024:16:16:11 +0200] "GET /wp-json/wp/v2/tags/21603 HTTP/2" 200 329 "-" "Mozilla/5.0 (compatible; ImagesiftBot; +imagesift.com)"
74.80.208.56 - - [28/Sep/2024:16:16:12 +0200] "GET /wp-json/wp/v2/tags/213 HTTP/2" 200 309 "-" "Mozilla/5.0 (compatible; ImagesiftBot; +imagesift.com)"
74.80.208.56 - - [28/Sep/2024:16:16:13 +0200] "GET /tag/%D9%8A%D9%82%D8%B8/ HTTP/2" 200 35247 "-" "Mozilla/5.0 (compatible; ImagesiftBot; +imagesift.com)"
74.80.208.56 - - [28/Sep/2024:16:16:14 +0200] "GET /tag/%D8%A7%D8%B1%D8%AA%D9%81%D8%B9/ HTTP/2" 200 51175 "-" "Mozilla/5.0 (compatible; ImagesiftBot; +imagesift.com)"
85.208.96.195 - - [28/Sep/2024:16:16:15 +0200] "GET /tag/%D8%B3%D8%B1%D8%A7%D8%AC/ HTTP/1.1" 403 0 "-" "Mozilla/5.0 (compatible; SemrushBot/7~bl; +http://www.semrush.com/bot.html)"
74.80.208.56 - - [28/Sep/2024:16:16:15 +0200] "GET /iyppa/u887384.html HTTP/2" 404 22077 "-" "Mozilla/5.0 (compatible; ImagesiftBot; +imagesift.com)"
74.80.208.56 - - [28/Sep/2024:16:16:16 +0200] "GET /tag/%D9%82%D8%B7%D8%B12022/ HTTP/2" 200 23999 "-" "Mozilla/5.0 (compatible; ImagesiftBot; +imagesift.com)"
74.80.208.56 - - [28/Sep/2024:16:16:17 +0200] "GET /tag/%D8%A7%D8%B3%D9%82%D8%A7%D8%B7%D9%87/feed/ HTTP/2" 200 2517 "-" "Mozilla/5.0 (compatible; ImagesiftBot; +imagesift.com)"
74.80.208.56 - - [28/Sep/2024:16:16:18 +0200] "GET /%D8%A3%D9%85%D9%8A%D8%B1%D8%A9-%D9%88%D8%A7%D8%AD%D8%AF%D8%A9-%D9%85%D9%86-%D8%A3%D9%83%D8%AB%D8%B1-%D9%85%D9%86-%D9%85%D9%84%D9%8A%D9%88%D9%86-%D8%B7%D8%A7%D9%84%D8%A8-%D9%81%D9%8A-%D8%A7%D9%84%D8%AC/feed/ HTTP/2" 200 772 "-" "Mozilla/5.0 (compatible; ImagesiftBot; +imagesift.com)"
74.80.208.56 - - [28/Sep/2024:16:16:19 +0200] "GET /tag/%D8%B1%D8%B6%D9%88%D8%A7%D9%86/ HTTP/2" 200 38328 "-" "Mozilla/5.0 (compatible; ImagesiftBot; +imagesift.com)"
74.80.208.56 - - [28/Sep/2024:16:16:20 +0200] "GET /%D9%84%D8%A7-%D8%AA%D8%B4%D8%B1%D8%A8-%D8%A7%D9%84%D9%82%D9%87%D9%88%D8%A9-%D9%86%D9%87%D8%A7%D8%A6%D9%8A%D8%A7-%D8%A8%D8%B9%D8%AF-%D8%A7%D8%B3%D8%AA%D9%8A%D9%82%D8%A7%D8%B8%D9%83-%D9%85%D8%A8%D8%A7/ HTTP/2" 200 31811 "-" "Mozilla/5.0 (compatible; ImagesiftBot; +imagesift.com)"
3.145.91.254 - - [28/Sep/2024:16:15:24 +0200] "GET /wp-json/wp/v2/posts/41187 HTTP/2" 200 2874 "-" "Mozilla/5.0 AppleWebKit/537.36 (KHTML, like Gecko; compatible; ClaudeBot/1.0; +claudebot@anthropic.com)"
52.167.144.185 - - [28/Sep/2024:16:15:26 +0200] "GET /etncn/i2824242.html HTTP/2" 200 42600 "-" "Mozilla/5.0 AppleWebKit/537.36 (KHTML, like Gecko; compatible; bingbot/2.0; +http://www.bing.com/bingbot.htm) Chrome/116.0.1938.76 Safari/537.36"
18.119.253.31 - - [28/Sep/2024:16:15:31 +0200] "GET /?p=41187 HTTP/2" 301 0 "-" "Mozilla/5.0 AppleWebKit/537.36 (KHTML, like Gecko; compatible; ClaudeBot/1.0; +claudebot@anthropic.com)"
74.80.208.56 - - [28/Sep/2024:16:15:44 +0200] "GET /tag/%D8%A8%D8%AA%D9%82%D8%AF%D8%B1%D9%88%D8%A7/ HTTP/2" 200 23639 "-" "Mozilla/5.0 (compatible; ImagesiftBot; +imagesift.com)"
3.139.83.96 - - [28/Sep/2024:16:15:52 +0200] "GET /wp-json/wp/v2/tags/46368 HTTP/2" 200 352 "-" "Mozilla/5.0 AppleWebKit/537.36 (KHTML, like Gecko; compatible; ClaudeBot/1.0; +claudebot@anthropic.com)"
18.226.164.75 - - [28/Sep/2024:16:15:57 +0200] "GET /wp-content/uploads/2024/05/%D8%A7%D8%A8%D8%B1%D9%87%D8%A9-%D9%81%D9%8A-%D8%A7%D9%84%D9%82%D8%B1%D8%A8%D8%A9-780x470.jpg HTTP/2" 200 48272 "-" "Mozilla/5.0 AppleWebKit/537.36 (KHTML, like Gecko; compatible; ClaudeBot/1.0; +claudebot@anthropic.com)"
77.75.78.161 - - [28/Sep/2024:16:15:59 +0200] "GET /bicfi/j146477.html HTTP/1.1" 404 20327 "-" "Mozilla/5.0 (compatible; SeznamBot/4.0; +http://napoveda.seznam.cz/seznambot-intro/)"
77.75.78.161 - - [28/Sep/2024:16:16:03 +0200] "GET /hacey/b2432311.html HTTP/1.1" 404 20328 "-" "Mozilla/5.0 (compatible; SeznamBot/4.0; +http://napoveda.seznam.cz/seznambot-intro/)"
207.46.13.54 - - [28/Sep/2024:16:16:03 +0200] "GET /hivio/n2104021.html HTTP/2" 200 41908 "-" "Mozilla/5.0 AppleWebKit/537.36 (KHTML, like Gecko; compatible; bingbot/2.0; +http://www.bing.com/bingbot.htm) Chrome/116.0.1938.76 Safari/537.36"
77.75.78.161 - - [28/Sep/2024:16:16:05 +0200] "GET /xnszz/z1585177.html HTTP/1.1" 404 20330 "-" "Mozilla/5.0 (compatible; SeznamBot/4.0; +http://napoveda.seznam.cz/seznambot-intro/)"
77.75.78.161 - - [28/Sep/2024:16:16:08 +0200] "GET /wjvoq/x2664851.html HTTP/1.1" 404 20324 "-" "Mozilla/5.0 (compatible; SeznamBot/4.0; +http://napoveda.seznam.cz/seznambot-intro/)"
66.249.64.13 - - [28/Sep/2024:16:16:09 +0200] "GET /uqrcl/n711773.html HTTP/1.1" 200 40964 "-" "Mozilla/5.0 (Linux; Android 6.0.1; Nexus 5X Build/MMB29P) AppleWebKit/537.36 (KHTML, like Gecko) Chrome/128.0.6613.137 Mobile Safari/537.36 (compatible; GoogleOther)"
77.75.78.161 - - [28/Sep/2024:16:16:11 +0200] "GET /zpkzc/v1764521.html HTTP/1.1" 404 20323 "-" "Mozilla/5.0 (compatible; SeznamBot/4.0; +http://napoveda.seznam.cz/seznambot-intro/)"
77.75.78.161 - - [28/Sep/2024:16:16:15 +0200] "GET /eckpr/e2889368.html HTTP/1.1" 404 20320 "-" "Mozilla/5.0 (compatible; SeznamBot/4.0; +http://napoveda.seznam.cz/seznambot-intro/)"
77.75.78.161 - - [28/Sep/2024:16:16:17 +0200] "GET /pdhvx/q2143986.html HTTP/1.1" 404 20322 "-" "Mozilla/5.0 (compatible; SeznamBot/4.0; +http://napoveda.seznam.cz/seznambot-intro/)"
3.15.206.25 - - [28/Sep/2024:16:16:19 +0200] "GET /wp-json/oembed/1.0/embed?format=xml&url=https%3A%2F%2Fwww.sudancam.net%2F%25d8%25a8%25d8%25b9%25d8%25af-%25d8%25a7%25d9%2586%25d8%25b3%25d8%25ad%25d8%25a7%25d8%25a8%25d9%2587%25d8%25a7-%25d8%25a3%25d9%2585%25d8%25a7%25d9%2585-%25d8%25a7%25d9%2584%25d8%25ac%25d8%25b2%25d8%25a7%25d8%25a6%25d8%25b1%25d9%258a%25d8%25a9-%25d8%25ae%25d9%2584%25d9%258a%25d9%2581-%25d8%25a7%25d9%2584%25d8%25a7%25d8%25aa%2F HTTP/2" 200 1540 "-" "Mozilla/5.0 AppleWebKit/537.36 (KHTML, like Gecko; compatible; ClaudeBot/1.0; +claudebot@anthropic.com)"
77.75.78.161 - - [28/Sep/2024:16:16:20 +0200] "GET /rfvnc/t812113.html HTTP/1.1" 404 20326 "-" "Mozilla/5.0 (compatible; SeznamBot/4.0; +http://napoveda.seznam.cz/seznambot-intro/)"
77.75.78.161 - - [28/Sep/2024:16:16:22 +0200] "GET /vowau/u2124880.html HTTP/1.1" 404 20328 "-" "Mozilla/5.0 (compatible; SeznamBot/4.0; +http://napoveda.seznam.cz/seznambot-intro/)"
74.80.208.56 - - [28/Sep/2024:16:16:22 +0200] "GET /wp-content/uploads/2023/02/image_search_1602767610313.jpg HTTP/2" 200 57430 "-" "Mozilla/5.0 (compatible; ImagesiftBot; +imagesift.com)"
74.80.208.56 - - [28/Sep/2024:16:16:21 +0200] "GET /%D8%A3%D9%85%D9%8A%D8%B1%D9%83%D8%A7-%D8%AA%D8%B3%D8%AA%D8%A3%D9%86%D9%81-%D8%A7%D9%84%D9%85%D8%B3%D8%A7%D8%B9%D8%AF%D8%A7%D8%AA-%D8%A7%D9%84%D8%A7%D9%86%D8%B3%D8%A7%D9%86%D9%8A%D8%A9-%D8%A7%D9%84/ HTTP/2" 200 44864 "-" "Mozilla/5.0 (compatible; ImagesiftBot; +imagesift.com)"
74.80.208.56 - - [28/Sep/2024:16:16:22 +0200] "GET /%D8%B4%D8%A7%D9%87%D8%AF-%D8%A8%D8%A7%D9%84%D9%81%D9%8A%D8%AF%D9%8A%D9%88-%D8%A8%D9%87%D8%AA%D8%A7%D9%81%D8%A7%D8%AA-%D8%A7%D9%84%D9%84%D9%87-%D8%A3%D9%83%D8%A8%D8%B1-%D9%88%D8%A7%D9%84%D8%B9%D8%B2/feed/ HTTP/2" 200 868 "-" "Mozilla/5.0 (compatible; ImagesiftBot; +imagesift.com)"
74.80.208.56 - - [28/Sep/2024:16:16:23 +0200] "GET /%D9%88%D8%B2%D8%A7%D8%B1%D8%A9-%D8%A7%D9%84%D8%AF%D8%AE%D9%84%D9%8A%D8%A9-%D8%AA%D9%8F%D8%B4%D9%83%D9%84-%D8%A2%D9%84%D9%8A%D8%A9-%D9%84%D8%AC%D9%85%D8%B9-%D8%A7%D9%84%D8%AC%D8%AB%D8%AB-%D9%85%D9%86/ HTTP/2" 200 46905 "-" "Mozilla/5.0 (compatible; ImagesiftBot; +imagesift.com)"
74.80.208.56 - - [28/Sep/2024:16:16:25 +0200] "GET /tag/%D8%A7%D9%84%D9%83%D8%B0%D9%88%D8%A8%D8%A9/ HTTP/2" 200 23553 "-" "Mozilla/5.0 (compatible; ImagesiftBot; +imagesift.com)"
3.138.172.130 - - [28/Sep/2024:16:16:26 +0200] "GET /wp-json/oembed/1.0/embed?format=xml&url=https%3A%2F%2Fwww.sudancam.net%2F%25d8%25a7%25d9%2584%25d8%25a8%25d8%25b1%25d9%2587%25d8%25a7%25d9%2586-%25d9%258a%25d8%25b7%25d9%2584%25d8%25a8-%25d9%2585%25d9%2586-%25d8%25a8%25d9%2584%25d9%258a%25d9%2586%25d9%2583%25d9%2586-%25d9%2585%25d8%25b9%25d8%25a7%25d9%2584%25d8%25ac%25d8%25a9-%25d8%25b4%25d9%2588%25d8%25a7%25d8%25ba%25d9%2584-%25d8%25a7%25d9%2584%2F HTTP/2" 200 1515 "-" "Mozilla/5.0 AppleWebKit/537.36 (KHTML, like Gecko; compatible; ClaudeBot/1.0; +claudebot@anthropic.com)"
74.80.208.56 - - [28/Sep/2024:16:16:26 +0200] "GET /xacys/t2818325.html HTTP/2" 404 22075 "-" "Mozilla/5.0 (compatible; ImagesiftBot; +imagesift.com)"
74.80.208.56 - - [28/Sep/2024:16:16:27 +0200] "GET /%D8%A8%D8%A7%D9%84%D9%81%D9%8A%D8%AF%D9%8A%D9%88-%D8%AF%D8%AE%D8%A7%D9%86-%D8%A3%D8%B3%D9%88%D8%AF-%D9%83%D8%AB%D9%8A%D9%81-%D9%8A%D8%BA%D8%B7%D9%8A-%D8%B3%D9%85%D8%A7%D8%A1-%D8%A7%D9%84%D8%AE%D8%B1/feed/ HTTP/2" 200 805 "-" "Mozilla/5.0 (compatible; ImagesiftBot; +imagesift.com)"
74.80.208.56 - - [28/Sep/2024:16:16:28 +0200] "GET /tag/%D9%85%D8%B1%D8%A8%D9%89/ HTTP/2" 200 23496 "-" "Mozilla/5.0 (compatible; ImagesiftBot; +imagesift.com)"
74.80.208.56 - - [28/Sep/2024:16:16:29 +0200] "GET /tag/%D9%84%D9%84%D8%A5%D8%AF%D8%A7%D8%B1%D8%A9/ HTTP/2" 200 53446 "-" "Mozilla/5.0 (compatible; ImagesiftBot; +imagesift.com)"
74.80.208.56 - - [28/Sep/2024:16:16:31 +0200] "GET /%D8%B7%D8%A7%D9%87%D8%B1-%D8%A3%D8%A8%D9%88-%D8%B2%D9%8A%D8%AF-%D8%A7%D9%84%D8%A3%D9%87%D9%84%D9%8A-%D9%84%D9%8A%D8%B3-%D8%A3%D9%81%D8%B6%D9%84-%D9%86%D8%A7%D8%AF-%D9%81%D9%8A-%D8%A3%D9%81%D8%B1/feed/ HTTP/2" 200 757 "-" "Mozilla/5.0 (compatible; ImagesiftBot; +imagesift.com)"
74.80.208.56 - - [28/Sep/2024:16:16:32 +0200] "GET /%D8%A5%D9%84%D9%8A-%D9%82%D9%8A%D8%A7%D8%AF%D8%A9-%D8%A7%D9%84%D9%85%D8%A4%D8%AA%D9%85%D8%B1-%D8%A7%D9%84%D8%B4%D8%B9%D8%A8%D9%8A-%D8%B5%D9%88%D8%B1%D8%A9-%D8%A5%D9%84%D9%8A-%D8%A3%D8%A8%D9%88%D8%A8/ HTTP/2" 200 36259 "-" "Mozilla/5.0 (compatible; ImagesiftBot; +imagesift.com)"
74.80.208.56 - - [28/Sep/2024:16:16:33 +0200] "GET /wp-json/wp/v2/posts/28327 HTTP/2" 200 2900 "-" "Mozilla/5.0 (compatible; ImagesiftBot; +imagesift.com)"
135.181.9.38 - - [28/Sep/2024:16:16:34 +0200] "POST /wp-cron.php?doing_wp_cron=1727532994.5695068836212158203125 HTTP/1.1" 200 0 "-" "WordPress/6.6.2; https://www.sudancam.net"
74.80.208.56 - - [28/Sep/2024:16:16:34 +0200] "GET /wp-json/wp/v2/posts/9400 HTTP/2" 200 2994 "-" "Mozilla/5.0 (compatible; ImagesiftBot; +imagesift.com)"
135.181.9.38 - - [28/Sep/2024:16:16:35 +0200] "POST /wp-admin/admin-ajax.php?action=async_litespeed&nonce=Twq3RNgBoqeuZerXcyZoLHAb5pHdCv6Y&litespeed_type=imgoptm HTTP/1.1" 200 21 "-" "WordPress/6.6.2; https://www.sudancam.net"
74.80.208.56 - - [28/Sep/2024:16:16:34 +0200] "GET /%D9%81%D9%8A-%D8%AC%D8%B1%D9%8A%D9%85%D8%A9-%D8%A8%D9%8F%D8%B1%D9%8A-%D9%86%D9%82%D9%84-%D8%B1%D8%A8-%D8%A7%D9%84%D8%A3%D8%B3%D8%B1%D8%A9-%D8%A5%D9%84%D9%89-%D9%85%D9%82%D8%B1-%D8%A7%D9%84/ HTTP/2" 200 47105 "-" "Mozilla/5.0 (compatible; ImagesiftBot; +imagesift.com)"
74.80.208.56 - - [28/Sep/2024:16:16:36 +0200] "GET /wp-json/wp/v2/posts/7177 HTTP/2" 200 2248 "-" "Mozilla/5.0 (compatible; ImagesiftBot; +imagesift.com)"
74.80.208.56 - - [28/Sep/2024:16:16:37 +0200] "GET /tag/%D8%A7%D9%84%D9%85%D8%B1%D8%A7%D8%AA/ HTTP/2" 200 23749 "-" "Mozilla/5.0 (compatible; ImagesiftBot; +imagesift.com)"
74.80.208.56 - - [28/Sep/2024:16:16:38 +0200] "GET /tag/%D9%88%D9%82%D8%B7%D8%B9%D8%AA%D9%85/ HTTP/2" 200 23548 "-" "Mozilla/5.0 (compatible; ImagesiftBot; +imagesift.com)"
74.80.208.56 - - [28/Sep/2024:16:16:39 +0200] "GET /wp-json/wp/v2/tags/2424 HTTP/2" 200 323 "-" "Mozilla/5.0 (compatible; ImagesiftBot; +imagesift.com)"
74.80.208.56 - - [28/Sep/2024:16:16:40 +0200] "GET /tag/%D9%84%D9%8A%D8%B3%D8%AA%D9%85%D8%B9/ HTTP/2" 200 23617 "-" "Mozilla/5.0 (compatible; ImagesiftBot; +imagesift.com)"
18.118.7.102 - - [28/Sep/2024:16:16:42 +0200] "GET /tag/%d9%84%d9%88%d8%b3%d9%8a%d8%a7/ HTTP/2" 200 23451 "https://sudancam.net/tag/%d9%84%d9%88%d8%b3%d9%8a%d8%a7" "Mozilla/5.0 AppleWebKit/537.36 (KHTML, like Gecko; compatible; ClaudeBot/1.0; +claudebot@anthropic.com)"
74.80.208.56 - - [28/Sep/2024:16:16:42 +0200] "GET /%D8%A8%D9%8A%D9%86%D9%87%D9%85-%D8%A7%D9%84%D8%B3%D9%88%D8%AF%D8%A7%D9%86-%D8%A3%D9%85%D8%B1%D9%8A%D9%83%D8%A7-%D8%AA%D9%85%D9%86%D8%B9-%D8%AA%D8%B1%D8%AD%D9%8A%D9%84-6-%D8%AC%D9%86%D8%B3%D9%8A/ HTTP/2" 200 46863 "-" "Mozilla/5.0 (compatible; ImagesiftBot; +imagesift.com)"
74.80.208.56 - - [28/Sep/2024:16:16:43 +0200] "GET /tag/%D8%A7%D9%84%D8%B1%D8%A4%D9%88%D9%81/ HTTP/2" 200 49365 "-" "Mozilla/5.0 (compatible; ImagesiftBot; +imagesift.com)"
74.80.208.56 - - [28/Sep/2024:16:16:46 +0200] "GET /%D9%85%D8%AF%D9%8A%D8%B1-%D8%A7%D9%84%D8%A7%D9%85%D8%AF%D8%A7%D8%AF%D8%A7%D8%AA-%D8%A7%D9%84%D8%B7%D8%A8%D9%8A%D8%A9-%D8%A8%D8%B4%D9%85%D8%A7%D9%84-%D9%83%D8%B1%D8%AF%D9%81%D8%A7%D9%86-%D9%8A%D9%82/feed/ HTTP/2" 200 725 "-" "Mozilla/5.0 (compatible; ImagesiftBot; +imagesift.com)"
74.80.208.56 - - [28/Sep/2024:16:16:47 +0200] "GET /%D8%A7%D9%84%D8%B9%D9%82%D9%88%D8%A8%D8%A9-%D8%A7%D9%84%D8%A3%D8%AE%D9%81-%D9%87%D9%84-%D8%AA%D9%85%D8%AA-%D9%85%D8%AC%D8%A7%D9%85%D9%84%D8%A9-%D8%B1%D8%A6%D9%8A%D8%B3-%D8%A8%D8%B1%D8%B4%D9%84%D9%88/ HTTP/2" 200 0 "-" "Mozilla/5.0 (compatible; ImagesiftBot; +imagesift.com)"
74.80.208.56 - - [28/Sep/2024:16:16:48 +0200] "GET /cjifk/t1487359.html HTTP/2" 404 22076 "-" "Mozilla/5.0 (compatible; ImagesiftBot; +imagesift.com)"
74.80.208.56 - - [28/Sep/2024:16:16:50 +0200] "GET /wp-json/wp/v2/posts/29367 HTTP/2" 200 3982 "-" "Mozilla/5.0 (compatible; ImagesiftBot; +imagesift.com)"
74.80.208.56 - - [28/Sep/2024:16:16:50 +0200] "GET /tag/%D8%A8%D9%88%D8%AA%D9%8A%D9%86/ HTTP/2" 200 26895 "-" "Mozilla/5.0 (compatible; ImagesiftBot; +imagesift.com)"
13.59.107.152 - - [28/Sep/2024:16:16:52 +0200] "GET /wp-content/uploads/2024/09/%D9%82%D9%88%D8%B1%D9%85-780x470.jpg HTTP/2" 200 77311 "-" "Mozilla/5.0 AppleWebKit/537.36 (KHTML, like Gecko; compatible; ClaudeBot/1.0; +claudebot@anthropic.com)"
74.80.208.56 - - [28/Sep/2024:16:16:51 +0200] "GET /tag/%D8%A7%D9%84%D8%A7%D8%B1%D8%AC%D9%86%D8%AA%D9%8A%D9%86/ HTTP/2" 200 23541 "-" "Mozilla/5.0 (compatible; ImagesiftBot; +imagesift.com)"
74.80.208.56 - - [28/Sep/2024:16:16:53 +0200] "GET /wp-json/wp/v2/tags/37045 HTTP/2" 200 353 "-" "Mozilla/5.0 (compatible; ImagesiftBot; +imagesift.com)"
18.117.74.231 - - [28/Sep/2024:16:16:03 +0200] "GET /23-%d9%82%d8%aa%d9%8a%d9%84%d8%a7%d9%8b-%d9%81%d9%8a-%d9%82%d8%b5%d9%81-%d9%84%d9%84%d8%af%d8%b9%d9%85-%d8%a7%d9%84%d8%b3%d8%b1%d9%8a%d8%b9-%d8%b9%d9%84%d9%89-%d8%a7%d9%84%d9%81%d8%a7%d8%b4%d8%b1 HTTP/2" 301 0 "-" "Mozilla/5.0 AppleWebKit/537.36 (KHTML, like Gecko; compatible; ClaudeBot/1.0; +claudebot@anthropic.com)"
18.117.74.231 - - [28/Sep/2024:16:16:04 +0200] "GET /23-%d9%82%d8%aa%d9%8a%d9%84%d8%a7%d9%8b-%d9%81%d9%8a-%d9%82%d8%b5%d9%81-%d9%84%d9%84%d8%af%d8%b9%d9%85-%d8%a7%d9%84%d8%b3%d8%b1%d9%8a%d8%b9-%d8%b9%d9%84%d9%89-%d8%a7%d9%84%d9%81%d8%a7%d8%b4%d8%b1/ HTTP/2" 200 34936 "https://sudancam.net/23-%d9%82%d8%aa%d9%8a%d9%84%d8%a7%d9%8b-%d9%81%d9%8a-%d9%82%d8%b5%d9%81-%d9%84%d9%84%d8%af%d8%b9%d9%85-%d8%a7%d9%84%d8%b3%d8%b1%d9%8a%d8%b9-%d8%b9%d9%84%d9%89-%d8%a7%d9%84%d9%81%d8%a7%d8%b4%d8%b1" "Mozilla/5.0 AppleWebKit/537.36 (KHTML, like Gecko; compatible; ClaudeBot/1.0; +claudebot@anthropic.com)"
178.236.247.6 - - [28/Sep/2024:16:16:05 +0200] "POST /74a7c9952328.php HTTP/1.1" 200 9 "-" "curl/7.86.0"
52.167.144.185 - - [28/Sep/2024:16:16:08 +0200] "GET /ttcvt/w2271366.html HTTP/2" 200 41883 "-" "Mozilla/5.0 AppleWebKit/537.36 (KHTML, like Gecko; compatible; bingbot/2.0; +http://www.bing.com/bingbot.htm) Chrome/116.0.1938.76 Safari/537.36"
52.167.144.185 - - [28/Sep/2024:16:16:10 +0200] "GET /dsbej/l575479.html HTTP/2" 200 41466 "-" "Mozilla/5.0 AppleWebKit/537.36 (KHTML, like Gecko; compatible; bingbot/2.0; +http://www.bing.com/bingbot.htm) Chrome/116.0.1938.76 Safari/537.36"
66.249.64.14 - - [28/Sep/2024:16:16:33 +0200] "GET /atbfd/s2344500.html HTTP/1.1" 200 41690 "-" "Mozilla/5.0 (Linux; Android 6.0.1; Nexus 5X Build/MMB29P) AppleWebKit/537.36 (KHTML, like Gecko) Chrome/128.0.6613.137 Mobile Safari/537.36 (compatible; GoogleOther)"
40.77.167.70 - - [28/Sep/2024:16:16:41 +0200] "GET /wxlcx/d1603563.html HTTP/2" 200 41456 "-" "Mozilla/5.0 AppleWebKit/537.36 (KHTML, like Gecko; compatible; bingbot/2.0; +http://www.bing.com/bingbot.htm) Chrome/116.0.1938.76 Safari/537.36"
135.181.9.38 - - [28/Sep/2024:16:16:43 +0200] "POST /wp-cron.php?doing_wp_cron=1727533003.7773680686950683593750 HTTP/1.1" 200 0 "-" "WordPress/6.6.2; https://www.sudancam.net"
3.146.37.250 - - [28/Sep/2024:16:16:46 +0200] "GET /%d8%a7%d9%84%d9%81%d8%a7%d8%b4%d8%b1-%d8%a7%d9%84%d8%ad%d8%b5%d8%a7%d8%b1-%d9%88%d8%a7%d9%84%d9%85%d8%ac%d8%a7%d8%b9%d8%a9-%d8%b3%d9%88%d8%af%d8%a7%d9%86-%d8%aa%d8%b1%d8%a8%d9%8a%d9%88%d9%86 HTTP/2" 301 0 "-" "Mozilla/5.0 AppleWebKit/537.36 (KHTML, like Gecko; compatible; ClaudeBot/1.0; +claudebot@anthropic.com)"
18.226.88.110 - - [28/Sep/2024:16:16:48 +0200] "GET /tag/%d9%88%d9%84%d8%a7%d9%8a%d9%84%d8%b2/feed/ HTTP/2" 200 4473 "https://sudancam.net/tag/%d9%88%d9%84%d8%a7%d9%8a%d9%84%d8%b2/feed" "Mozilla/5.0 AppleWebKit/537.36 (KHTML, like Gecko; compatible; ClaudeBot/1.0; +claudebot@anthropic.com)"
3.147.67.16 - - [28/Sep/2024:16:16:50 +0200] "GET /wp-content/uploads/2024/08/000_369T3C6-780x470.jpg HTTP/2" 200 49904 "-" "Mozilla/5.0 AppleWebKit/537.36 (KHTML, like Gecko; compatible; ClaudeBot/1.0; +claudebot@anthropic.com)"
77.75.78.161 - - [28/Sep/2024:16:16:52 +0200] "GET /ldbsz/k1843082.html HTTP/1.1" 404 20329 "-" "Mozilla/5.0 (compatible; SeznamBot/4.0; +http://napoveda.seznam.cz/seznambot-intro/)"
77.75.78.161 - - [28/Sep/2024:16:16:56 +0200] "GET /xjlvk/s1113062.html HTTP/1.1" 404 20323 "-" "Mozilla/5.0 (compatible; SeznamBot/4.0; +http://napoveda.seznam.cz/seznambot-intro/)"
77.75.78.161 - - [28/Sep/2024:16:16:59 +0200] "GET /nlwuq/l1652191.html HTTP/1.1" 404 20322 "-" "Mozilla/5.0 (compatible; SeznamBot/4.0; +http://napoveda.seznam.cz/seznambot-intro/)"
77.75.78.161 - - [28/Sep/2024:16:17:01 +0200] "GET /qmjat/h1996063.html HTTP/1.1" 404 20323 "-" "Mozilla/5.0 (compatible; SeznamBot/4.0; +http://napoveda.seznam.cz/seznambot-intro/)"
77.75.78.161 - - [28/Sep/2024:16:17:05 +0200] "GET /dkqvv/n1497155.html HTTP/1.1" 404 20330 "-" "Mozilla/5.0 (compatible; SeznamBot/4.0; +http://napoveda.seznam.cz/seznambot-intro/)"
74.80.208.56 - - [28/Sep/2024:16:16:54 +0200] "GET /%D8%A3%D8%B5%D8%AD%D8%A7%D8%A8-%D9%85%D8%B5%D8%A7%D9%86%D8%B9-%D8%A7%D9%84%D8%A7%D8%B3%D9%85%D9%86%D8%AA-%D9%8A%D9%85%D8%AA%D9%86%D8%B9%D9%88%D9%86-%D8%B9%D9%86-%D8%AF%D9%81%D8%B9-%D8%A7%D9%84%D8%B1/ HTTP/2" 200 47975 "-" "Mozilla/5.0 (compatible; ImagesiftBot; +imagesift.com)"
74.80.208.56 - - [28/Sep/2024:16:16:55 +0200] "GET /tag/%D8%AA%D9%86%D8%B4%D8%B1/ HTTP/2" 200 27340 "-" "Mozilla/5.0 (compatible; ImagesiftBot; +imagesift.com)"
74.80.208.56 - - [28/Sep/2024:16:16:56 +0200] "GET /%D8%A8%D8%AF%D8%A1-%D8%AA%D8%AF%D8%B1%D9%8A%D8%A8-%D8%A7%D9%84%D8%AF%D9%81%D8%B9%D8%A9-%D8%A7%D9%84%D8%AB%D8%A7%D9%86%D9%8A%D8%A9-%D9%85%D9%86-%D9%85%D9%82%D8%A7%D8%AA%D9%84%D9%8A-%D8%A7%D9%84%D8%AD/ HTTP/2" 200 33631 "-" "Mozilla/5.0 (compatible; ImagesiftBot; +imagesift.com)"
74.80.208.56 - - [28/Sep/2024:16:16:57 +0200] "GET /tag/%D9%88%D8%A7%D9%84%D8%AB%D8%B9%D8%A7%D8%A8%D9%8A%D9%86/ HTTP/2" 200 23619 "-" "Mozilla/5.0 (compatible; ImagesiftBot; +imagesift.com)"
66.249.64.13 - - [28/Sep/2024:16:16:58 +0200] "GET /yuisj/g2325924.html HTTP/1.1" 200 42981 "-" "Mozilla/5.0 (Linux; Android 6.0.1; Nexus 5X Build/MMB29P) AppleWebKit/537.36 (KHTML, like Gecko) Chrome/128.0.6613.137 Mobile Safari/537.36 (compatible; GoogleOther)"
74.80.208.56 - - [28/Sep/2024:16:16:59 +0200] "GET /qfzmt/u1532444.html HTTP/2" 404 22076 "-" "Mozilla/5.0 (compatible; ImagesiftBot; +imagesift.com)"
74.80.208.56 - - [28/Sep/2024:16:17:00 +0200] "GET /tag/%D8%A7%D9%84%D8%AA%D8%A7%D9%84%D9%8A/ HTTP/2" 200 24423 "-" "Mozilla/5.0 (compatible; ImagesiftBot; +imagesift.com)"
74.80.208.56 - - [28/Sep/2024:16:17:01 +0200] "GET /tag/%D8%A7%D8%AA%D8%B1%D9%83%D9%88%D8%A7/ HTTP/2" 200 0 "-" "Mozilla/5.0 (compatible; ImagesiftBot; +imagesift.com)"
74.80.208.56 - - [28/Sep/2024:16:17:02 +0200] "GET /nudgx/d891839.html HTTP/2" 404 22078 "-" "Mozilla/5.0 (compatible; ImagesiftBot; +imagesift.com)"
74.80.208.56 - - [28/Sep/2024:16:17:03 +0200] "GET /%D8%A7%D9%84%D8%AD%D8%B1%D9%8A%D8%A9-%D9%88%D8%A7%D9%84%D8%AA%D8%BA%D9%8A%D9%8A%D8%B1-%D8%AA%D9%84%D8%AA%D9%82%D9%8A-%D8%A7%D9%84%D8%B4%D9%8A%D8%AE-%D9%85%D8%AD%D9%85%D8%AF-%D8%A8%D9%86-%D8%B9%D8%A8/ HTTP/2" 200 45541 "-" "Mozilla/5.0 (compatible; ImagesiftBot; +imagesift.com)"
74.80.208.56 - - [28/Sep/2024:16:17:04 +0200] "GET /tag/%D9%8A%D8%B1%D8%AA%D9%83%D8%A8%D9%87%D8%A7/ HTTP/2" 200 23549 "-" "Mozilla/5.0 (compatible; ImagesiftBot; +imagesift.com)"
74.80.208.56 - - [28/Sep/2024:16:17:05 +0200] "GET /tag/%D9%84%D8%BA%D8%A9/ HTTP/2" 200 25048 "-" "Mozilla/5.0 (compatible; ImagesiftBot; +imagesift.com)"
74.80.208.56 - - [28/Sep/2024:16:17:07 +0200] "GET /tag/%D8%AF%D8%B9%D8%A7%D9%85%D8%B1/ HTTP/2" 200 35241 "-" "Mozilla/5.0 (compatible; ImagesiftBot; +imagesift.com)"
74.80.208.56 - - [28/Sep/2024:16:17:08 +0200] "GET /seclt/x318611.html HTTP/2" 404 22080 "-" "Mozilla/5.0 (compatible; ImagesiftBot; +imagesift.com)"
74.80.208.56 - - [28/Sep/2024:16:17:09 +0200] "GET /%D8%A5%D8%B0%D8%A7%D8%B9%D8%A9-%D9%86%D9%88%D8%B1-%D9%83%D9%85%D8%AB%D8%A7%D9%84-%D9%81%D9%88%D8%AC%D8%A6%D8%AA-%D8%A8%D8%A3%D9%86-%D8%B1%D8%B3%D9%88%D9%85%D9%87%D8%A7-%D8%A7%D9%84%D8%AA%D9%8A/ HTTP/2" 200 48713 "-" "Mozilla/5.0 (compatible; ImagesiftBot; +imagesift.com)"
74.80.208.56 - - [28/Sep/2024:16:17:10 +0200] "GET /tag/%D9%86%D8%AA%D8%B7%D9%84%D8%B9/feed/ HTTP/2" 200 4144 "-" "Mozilla/5.0 (compatible; ImagesiftBot; +imagesift.com)"
74.80.208.56 - - [28/Sep/2024:16:17:11 +0200] "GET /tag/%D8%B3%D8%A7%D8%A8%D9%82/page/3/ HTTP/2" 200 25837 "-" "Mozilla/5.0 (compatible; ImagesiftBot; +imagesift.com)"
74.80.208.56 - - [28/Sep/2024:16:17:12 +0200] "GET /tag/%D8%A8%D8%A7%D9%8A%D9%83/ HTTP/2" 200 23514 "-" "Mozilla/5.0 (compatible; ImagesiftBot; +imagesift.com)"
18.188.152.136 - - [28/Sep/2024:16:17:13 +0200] "GET /%d8%a7%d9%84%d9%85%d8%ba%d8%b1%d8%a8-%d9%88%d9%85%d8%b5%d8%b1-%d8%b9%d9%84%d9%89-%d8%a3%d8%a8%d9%88%d8%a7%d8%a8-%d9%85%d9%8a%d8%af%d8%a7%d9%84%d9%8a%d8%a9-%d8%b9%d8%b1%d8%a8%d9%8a%d8%a9-%d8%ba%d9%8a/ HTTP/2" 200 38665 "https://sudancam.net/%d8%a7%d9%84%d9%85%d8%ba%d8%b1%d8%a8-%d9%88%d9%85%d8%b5%d8%b1-%d8%b9%d9%84%d9%89-%d8%a3%d8%a8%d9%88%d8%a7%d8%a8-%d9%85%d9%8a%d8%af%d8%a7%d9%84%d9%8a%d8%a9-%d8%b9%d8%b1%d8%a8%d9%8a%d8%a9-%d8%ba%d9%8a" "Mozilla/5.0 AppleWebKit/537.36 (KHTML, like Gecko; compatible; ClaudeBot/1.0; +claudebot@anthropic.com)"
74.80.208.56 - - [28/Sep/2024:16:17:13 +0200] "GET /tag/%D8%A7%D9%84%D8%B4%D9%85%D8%A7%D8%B1%D8%A7%D8%AA/ HTTP/2" 200 23476 "-" "Mozilla/5.0 (compatible; ImagesiftBot; +imagesift.com)"
74.80.208.56 - - [28/Sep/2024:16:17:15 +0200] "GET /wp-json/wp/v2/posts/22445 HTTP/2" 200 4361 "-" "Mozilla/5.0 (compatible; ImagesiftBot; +imagesift.com)"
74.80.208.56 - - [28/Sep/2024:16:17:16 +0200] "GET /tag/%D8%A7%D9%84%D9%85%D8%B9%D9%84%D9%82%D8%A9/ HTTP/2" 200 23594 "-" "Mozilla/5.0 (compatible; ImagesiftBot; +imagesift.com)"
74.80.208.56 - - [28/Sep/2024:16:17:17 +0200] "GET /tag/%D8%B3%D9%8A%D8%AD%D8%AF%D8%AB/ HTTP/2" 200 38198 "-" "Mozilla/5.0 (compatible; ImagesiftBot; +imagesift.com)"
74.80.208.56 - - [28/Sep/2024:16:17:18 +0200] "GET /tag/%D8%AC%D8%AF%D8%AA%D9%87%D8%A7/ HTTP/2" 200 35349 "-" "Mozilla/5.0 (compatible; ImagesiftBot; +imagesift.com)"
74.80.208.56 - - [28/Sep/2024:16:17:19 +0200] "GET /wp-json/wp/v2/posts/14031 HTTP/2" 200 4277 "-" "Mozilla/5.0 (compatible; ImagesiftBot; +imagesift.com)"
74.80.208.56 - - [28/Sep/2024:16:17:20 +0200] "GET /wp-json/wp/v2/posts/23571 HTTP/2" 200 2576 "-" "Mozilla/5.0 (compatible; ImagesiftBot; +imagesift.com)"
74.80.208.56 - - [28/Sep/2024:16:17:21 +0200] "GET /tag/%D8%AD%D8%B3%D8%A7%D8%A8%D8%A7/ HTTP/2" 200 23494 "-" "Mozilla/5.0 (compatible; ImagesiftBot; +imagesift.com)"
74.80.208.56 - - [28/Sep/2024:16:17:22 +0200] "GET /%D8%A7%D9%84%D8%A8%D9%86%D8%AA%D8%A7%D8%BA%D9%88%D9%86-%D9%8A%D8%AE%D8%B5%D8%B5-100-%D9%85%D9%84%D9%8A%D8%A7%D8%B1-%D8%AF%D9%88%D9%84%D8%A7%D8%B1-%D9%84%D9%85%D9%88%D8%A7%D8%AC%D9%87%D8%A9-%D8%AE/ HTTP/2" 200 47071 "-" "Mozilla/5.0 (compatible; ImagesiftBot; +imagesift.com)"
74.80.208.56 - - [28/Sep/2024:16:17:23 +0200] "GET /%D8%A7%D8%AD%D9%85%D8%AF-%D9%8A%D9%88%D8%B3%D9%81-%D8%A7%D9%84%D8%AA%D8%A7%D9%8A-%D9%8A%D9%83%D8%AA%D8%A8-%D8%A7%D9%84%D8%AD%D9%84%D9%88-%D8%AD%D9%84%D9%88-%D8%AD%D9%84%D8%A7%D9%87-%D8%B6%D8%A7/ HTTP/2" 200 47209 "-" "Mozilla/5.0 (compatible; ImagesiftBot; +imagesift.com)"
74.80.208.56 - - [28/Sep/2024:16:17:25 +0200] "GET /sdsxq/p1563483.html HTTP/2" 404 22076 "-" "Mozilla/5.0 (compatible; ImagesiftBot; +imagesift.com)"
74.80.208.56 - - [28/Sep/2024:16:17:26 +0200] "GET /tag/%D8%A3%D9%81%D8%B6%D9%84/ HTTP/2" 200 37804 "-" "Mozilla/5.0 (compatible; ImagesiftBot; +imagesift.com)"
74.80.208.56 - - [28/Sep/2024:16:17:27 +0200] "GET /tag/%D8%A7%D8%AA%D9%87%D8%A7%D9%85/page/2/ HTTP/2" 200 26850 "-" "Mozilla/5.0 (compatible; ImagesiftBot; +imagesift.com)"
74.80.208.56 - - [28/Sep/2024:16:17:28 +0200] "GET /%D8%B4%D8%A7%D9%87%D8%AF-%D8%A8%D8%A7%D9%84%D8%B5%D9%88%D8%B1%D8%A9-%D9%88%D8%A7%D9%84%D9%81%D9%8A%D8%AF%D9%8A%D9%88-%D9%88%D8%AF%D8%A7%D8%B9-%D9%85%D9%87%D9%8A%D8%A8-%D9%84%D9%84%D9%85%D9%82%D8%B1/ HTTP/2" 200 45640 "-" "Mozilla/5.0 (compatible; ImagesiftBot; +imagesift.com)"
74.80.208.56 - - [28/Sep/2024:16:17:30 +0200] "GET /wp-json/wp/v2/posts/25222 HTTP/2" 200 6015 "-" "Mozilla/5.0 (compatible; ImagesiftBot; +imagesift.com)"
74.80.208.56 - - [28/Sep/2024:16:17:30 +0200] "GET /wp-content/uploads/2023/03/337731546_719861656592133_8007170028955819679_n-780x470.jpg HTTP/2" 200 46940 "-" "Mozilla/5.0 (compatible; ImagesiftBot; +imagesift.com)"
74.80.208.56 - - [28/Sep/2024:16:17:31 +0200] "GET /wp-content/uploads/2023/03/337731546_719861656592133_8007170028955819679_n.jpg HTTP/2" 200 53940 "-" "Mozilla/5.0 (compatible; ImagesiftBot; +imagesift.com)"
77.75.78.161 - - [28/Sep/2024:16:17:07 +0200] "GET /zoibo/n961633.html HTTP/1.1" 404 20321 "-" "Mozilla/5.0 (compatible; SeznamBot/4.0; +http://napoveda.seznam.cz/seznambot-intro/)"
77.75.78.161 - - [28/Sep/2024:16:17:10 +0200] "GET /rguka/i1395490.html HTTP/1.1" 404 20321 "-" "Mozilla/5.0 (compatible; SeznamBot/4.0; +http://napoveda.seznam.cz/seznambot-intro/)"
77.75.78.161 - - [28/Sep/2024:16:17:13 +0200] "GET /iqzyo/r1035009.html HTTP/1.1" 404 20330 "-" "Mozilla/5.0 (compatible; SeznamBot/4.0; +http://napoveda.seznam.cz/seznambot-intro/)"
77.75.78.161 - - [28/Sep/2024:16:17:15 +0200] "GET /kznpf/o1409874.html HTTP/1.1" 404 20323 "-" "Mozilla/5.0 (compatible; SeznamBot/4.0; +http://napoveda.seznam.cz/seznambot-intro/)"
77.75.78.161 - - [28/Sep/2024:16:17:18 +0200] "GET /dztgy/k970834.html HTTP/1.1" 404 20324 "-" "Mozilla/5.0 (compatible; SeznamBot/4.0; +http://napoveda.seznam.cz/seznambot-intro/)"
3.144.21.158 - - [28/Sep/2024:16:17:18 +0200] "GET /wp-json/oembed/1.0/embed?url=https%3A%2F%2Fwww.sudancam.net%2F%25d8%25a8%25d8%25b9%25d8%25af-%25d8%25a7%25d9%2586%25d8%25b3%25d8%25ad%25d8%25a7%25d8%25a8%25d9%2587%25d8%25a7-%25d8%25a3%25d9%2585%25d8%25a7%25d9%2585-%25d8%25a7%25d9%2584%25d8%25ac%25d8%25b2%25d8%25a7%25d8%25a6%25d8%25b1%25d9%258a%25d8%25a9-%25d8%25ae%25d9%2584%25d9%258a%25d9%2581-%25d8%25a7%25d9%2584%25d8%25a7%25d8%25aa%2F HTTP/2" 200 1489 "-" "Mozilla/5.0 AppleWebKit/537.36 (KHTML, like Gecko; compatible; ClaudeBot/1.0; +claudebot@anthropic.com)"
77.75.78.161 - - [28/Sep/2024:16:17:21 +0200] "GET /leuvd/n1142281.html HTTP/1.1" 404 20327 "-" "Mozilla/5.0 (compatible; SeznamBot/4.0; +http://napoveda.seznam.cz/seznambot-intro/)"
77.75.78.161 - - [28/Sep/2024:16:17:23 +0200] "GET /zzxxs/w558772.html HTTP/1.1" 404 20322 "-" "Mozilla/5.0 (compatible; SeznamBot/4.0; +http://napoveda.seznam.cz/seznambot-intro/)"
77.75.78.161 - - [28/Sep/2024:16:17:26 +0200] "GET /ouwrv/n2833919.html HTTP/1.1" 404 20322 "-" "Mozilla/5.0 (compatible; SeznamBot/4.0; +http://napoveda.seznam.cz/seznambot-intro/)"
77.75.78.161 - - [28/Sep/2024:16:17:28 +0200] "GET /xuzer/v2210057.html HTTP/1.1" 404 20328 "-" "Mozilla/5.0 (compatible; SeznamBot/4.0; +http://napoveda.seznam.cz/seznambot-intro/)"
77.75.78.161 - - [28/Sep/2024:16:17:30 +0200] "GET /ydetb/y403008.html HTTP/1.1" 404 20320 "-" "Mozilla/5.0 (compatible; SeznamBot/4.0; +http://napoveda.seznam.cz/seznambot-intro/)"
77.75.78.161 - - [28/Sep/2024:16:17:32 +0200] "GET /eelhs/k454162.html HTTP/1.1" 404 20326 "-" "Mozilla/5.0 (compatible; SeznamBot/4.0; +http://napoveda.seznam.cz/seznambot-intro/)"
77.75.78.161 - - [28/Sep/2024:16:17:34 +0200] "GET /yyruf/f2771823.html HTTP/1.1" 404 20329 "-" "Mozilla/5.0 (compatible; SeznamBot/4.0; +http://napoveda.seznam.cz/seznambot-intro/)"
