74.80.208.56 - - [28/Sep/2024:15:41:01 +0200] "GET /%D8%BA%D8%AF%D8%A7%D9%8B-%D8%A7%D9%84%D8%AB%D9%84%D8%A7%D8%AB%D8%A7%D8%A1-%D9%85%D9%88%D9%83%D8%A8-%D8%AC%D9%85%D8%A7%D9%87%D9%8A%D8%B1%D9%8A-%D9%84%D9%84%D8%AA%D8%B6%D8%A7%D9%85%D9%86-%D9%85%D8%B9/ HTTP/2" 200 0 "-" "Mozilla/5.0 (compatible; ImagesiftBot; +imagesift.com)"
74.80.208.56 - - [28/Sep/2024:15:41:02 +0200] "GET /%D8%B8%D9%84%D8%AA-%D9%81%D9%8A-%D8%AD%D8%A7%D9%84%D8%A9-%D8%A7%D8%AC%D8%AA%D9%85%D8%A7%D8%B9%D8%A7%D8%AA-%D9%85%D8%AA%D9%88%D8%A7%D8%B5%D9%84%D8%A9-%D9%84%D8%AC%D9%86%D8%A9-%D8%A7%D9%84%D9%85%D8%B3/ HTTP/2" 200 0 "-" "Mozilla/5.0 (compatible; ImagesiftBot; +imagesift.com)"
74.80.208.56 - - [28/Sep/2024:15:41:03 +0200] "GET /wp-json/wp/v2/tags/387 HTTP/2" 200 308 "-" "Mozilla/5.0 (compatible; ImagesiftBot; +imagesift.com)"
74.80.208.56 - - [28/Sep/2024:15:41:05 +0200] "GET /%D8%A7%D9%84%D8%AE%D8%A7%D8%B1%D8%AC%D9%8A%D8%A9-%D8%A7%D9%84%D8%B3%D9%88%D8%AF%D8%A7%D9%86%D9%8A%D8%A9-%D8%A7%D9%84%D8%A8%D9%86%D9%83-%D8%A7%D9%84%D8%AF%D9%88%D9%84%D9%8A-%D9%8A%D8%B3%D8%AA%D8%A3/ HTTP/2" 200 0 "-" "Mozilla/5.0 (compatible; ImagesiftBot; +imagesift.com)"
74.80.208.56 - - [28/Sep/2024:15:39:27 +0200] "GET /%D9%8A%D9%88%D8%B3%D9%81-%D8%B9%D8%B2%D8%AA-%D8%AE%D9%84%D9%8A%D9%81%D8%A9-%D9%87%D9%88%D9%84%D8%A7%D9%83%D9%88-%D8%B3%D8%A4%D8%A7%D9%84-%D8%AC%D9%88%D9%87%D8%B1%D9%8A-%D8%A3%D9%8A%D9%86-%D8%AD/feed/ HTTP/2" 200 750 "-" "Mozilla/5.0 (compatible; ImagesiftBot; +imagesift.com)"
74.80.208.56 - - [28/Sep/2024:15:39:28 +0200] "GET /%D8%A7%D9%84%D8%AC%D9%8A%D8%B4-%D8%A7%D9%84%D8%B3%D9%88%D8%AF%D8%A7%D9%86%D9%8A-%D9%8A%D8%B9%D9%84%D9%86-%D8%A7%D8%B3%D8%AA%D8%A6%D9%86%D8%A7%D9%81-%D8%A7%D9%84%D8%AA%D9%81%D8%A7%D9%88%D8%B6-%D8%A8/ HTTP/2" 200 0 "-" "Mozilla/5.0 (compatible; ImagesiftBot; +imagesift.com)"
77.75.78.161 - - [28/Sep/2024:15:39:29 +0200] "GET /roznq/y1633900.html HTTP/1.1" 404 20323 "-" "Mozilla/5.0 (compatible; SeznamBot/4.0; +http://napoveda.seznam.cz/seznambot-intro/)"
74.80.208.56 - - [28/Sep/2024:15:39:29 +0200] "GET /tag/%D9%82%D9%84%D9%82%D8%A9/ HTTP/2" 200 36536 "-" "Mozilla/5.0 (compatible; ImagesiftBot; +imagesift.com)"
77.75.78.161 - - [28/Sep/2024:15:39:32 +0200] "GET /kbfxc/m1676450.html HTTP/1.1" 404 20324 "-" "Mozilla/5.0 (compatible; SeznamBot/4.0; +http://napoveda.seznam.cz/seznambot-intro/)"
74.80.208.56 - - [28/Sep/2024:15:39:32 +0200] "GET /tag/%D8%A7%D9%84%D8%AC%D9%8A%D9%84/ HTTP/2" 200 25409 "-" "Mozilla/5.0 (compatible; ImagesiftBot; +imagesift.com)"
77.75.78.161 - - [28/Sep/2024:15:39:42 +0200] "GET /fswkp/f2864123.html HTTP/1.1" 404 20323 "-" "Mozilla/5.0 (compatible; SeznamBot/4.0; +http://napoveda.seznam.cz/seznambot-intro/)"
77.75.78.161 - - [28/Sep/2024:15:39:44 +0200] "GET /ckbiv/t1665407.html HTTP/1.1" 404 20325 "-" "Mozilla/5.0 (compatible; SeznamBot/4.0; +http://napoveda.seznam.cz/seznambot-intro/)"
77.75.78.161 - - [28/Sep/2024:15:39:48 +0200] "GET /fljle/p1301117.html HTTP/1.1" 404 20322 "-" "Mozilla/5.0 (compatible; SeznamBot/4.0; +http://napoveda.seznam.cz/seznambot-intro/)"
77.75.78.161 - - [28/Sep/2024:15:39:53 +0200] "GET /aqdxt/q2208414.html HTTP/1.1" 404 20325 "-" "Mozilla/5.0 (compatible; SeznamBot/4.0; +http://napoveda.seznam.cz/seznambot-intro/)"
77.75.78.161 - - [28/Sep/2024:15:39:56 +0200] "GET /metaz/g1252306.html HTTP/1.1" 404 20321 "-" "Mozilla/5.0 (compatible; SeznamBot/4.0; +http://napoveda.seznam.cz/seznambot-intro/)"
74.80.208.56 - - [28/Sep/2024:15:40:08 +0200] "GET /90-%D9%85%D9%84%D9%8A%D9%88%D9%86-%D9%8A%D9%88%D8%A7%D9%86-%D9%85%D9%86%D8%AD%D8%A9-%D9%85%D9%86-%D8%A7%D9%84%D8%B5%D9%8A%D9%86-%D9%84%D9%84%D8%B3%D9%88%D8%AF%D8%A7%D9%86/ HTTP/2" 200 0 "-" "Mozilla/5.0 (compatible; ImagesiftBot; +imagesift.com)"
74.80.208.56 - - [28/Sep/2024:15:40:09 +0200] "GET /tag/%D8%A7%D9%84%D8%B9%D8%AC%D9%88%D8%B2/ HTTP/2" 200 24027 "-" "Mozilla/5.0 (compatible; ImagesiftBot; +imagesift.com)"
74.80.208.56 - - [28/Sep/2024:15:40:11 +0200] "GET /tag/%D9%8A%D9%82%D9%88%D9%84%D9%83/ HTTP/2" 200 35175 "-" "Mozilla/5.0 (compatible; ImagesiftBot; +imagesift.com)"
74.80.208.56 - - [28/Sep/2024:15:40:13 +0200] "GET /%D9%85%D8%B4%D8%B1%D9%88%D8%A8-%D9%82%D8%A7%D8%AA%D9%84-%D8%AA%D9%86%D8%A7%D9%88%D9%84%D9%87-%D9%8A%D9%8F%D8%B9%D8%B1%D9%91%D8%B6%D9%83-%D9%84%D9%80-7-%D8%A3%D9%86%D9%88%D8%A7%D8%B9-%D9%85%D9%86/feed/ HTTP/2" 200 0 "-" "Mozilla/5.0 (compatible; ImagesiftBot; +imagesift.com)"
66.249.64.13 - - [28/Sep/2024:15:40:40 +0200] "GET /ixylb/s947390.html HTTP/1.1" 200 41789 "-" "Mozilla/5.0 (Linux; Android 6.0.1; Nexus 5X Build/MMB29P) AppleWebKit/537.36 (KHTML, like Gecko) Chrome/128.0.6613.137 Mobile Safari/537.36 (compatible; Googlebot/2.1; +http://www.google.com/bot.html)"
66.249.64.13 - - [28/Sep/2024:15:40:46 +0200] "GET /afecs/e495990.html HTTP/1.1" 200 42348 "-" "Mozilla/5.0 (Linux; Android 6.0.1; Nexus 5X Build/MMB29P) AppleWebKit/537.36 (KHTML, like Gecko) Chrome/128.0.6613.137 Mobile Safari/537.36 (compatible; Googlebot/2.1; +http://www.google.com/bot.html)"
40.77.167.235 - - [28/Sep/2024:15:41:27 +0200] "GET /dhree/t142171.html HTTP/1.1" 200 830 "-" "Mozilla/5.0 AppleWebKit/537.36 (KHTML, like Gecko; compatible; bingbot/2.0; +http://www.bing.com/bingbot.htm) Chrome/116.0.1938.76 Safari/537.36"
74.80.208.56 - - [28/Sep/2024:15:40:28 +0200] "GET /%D8%AD%D8%B1%D8%A7%D9%83-%D9%81%D9%8A-%D8%AF%D9%88%D9%84-%D8%AC%D9%88%D8%A7%D8%B1-%D8%A7%D9%84%D9%86%D9%8A%D8%AC%D8%B1-%D9%82%D8%A8%D9%8A%D9%84-%D8%A7%D8%AC%D8%AA%D9%85%D8%A7%D8%B9-%D9%88%D8%B4%D9%8A/ HTTP/2" 200 0 "-" "Mozilla/5.0 (compatible; ImagesiftBot; +imagesift.com)"
74.80.208.56 - - [28/Sep/2024:15:40:29 +0200] "GET /tag/%D8%A8%D9%84%D8%AC%D9%8A%D9%83%D8%A7/ HTTP/2" 200 25032 "-" "Mozilla/5.0 (compatible; ImagesiftBot; +imagesift.com)"
74.80.208.56 - - [28/Sep/2024:15:40:30 +0200] "GET /tag/%D9%88%D8%A7%D9%84%D8%AA%D8%B9%D9%84%D9%8A%D9%85/ HTTP/2" 200 19770 "-" "Mozilla/5.0 (compatible; ImagesiftBot; +imagesift.com)"
74.80.208.56 - - [28/Sep/2024:15:40:32 +0200] "GET /tag/%D8%A8%D8%A7%D9%84%D8%A3%D8%AF%D9%84%D8%A9/feed/ HTTP/2" 200 0 "-" "Mozilla/5.0 (compatible; ImagesiftBot; +imagesift.com)"
66.249.64.14 - - [28/Sep/2024:15:40:31 +0200] "GET /vcknp/i320286.html HTTP/1.1" 200 43105 "-" "Mozilla/5.0 (Linux; Android 6.0.1; Nexus 5X Build/MMB29P) AppleWebKit/537.36 (KHTML, like Gecko) Chrome/128.0.6613.137 Mobile Safari/537.36 (compatible; Googlebot/2.1; +http://www.google.com/bot.html)"
135.181.9.38 - - [28/Sep/2024:15:40:38 +0200] "POST /wp-cron.php?doing_wp_cron=1727530838.0712900161743164062500 HTTP/1.1" 200 0 "-" "WordPress/6.6.2; https://www.sudancam.net"
40.77.167.235 - - [28/Sep/2024:15:40:45 +0200] "GET /wxlcx/d1603563.html HTTP/1.1" 200 830 "-" "Mozilla/5.0 AppleWebKit/537.36 (KHTML, like Gecko; compatible; bingbot/2.0; +http://www.bing.com/bingbot.htm) Chrome/116.0.1938.76 Safari/537.36"
77.75.78.161 - - [28/Sep/2024:15:40:46 +0200] "GET /rnrzc/m2028204.html HTTP/1.1" 404 20322 "-" "Mozilla/5.0 (compatible; SeznamBot/4.0; +http://napoveda.seznam.cz/seznambot-intro/)"
77.75.78.161 - - [28/Sep/2024:15:40:59 +0200] "GET /gvyec/r2909375.html HTTP/1.1" 404 20327 "-" "Mozilla/5.0 (compatible; SeznamBot/4.0; +http://napoveda.seznam.cz/seznambot-intro/)"
77.75.78.161 - - [28/Sep/2024:15:41:03 +0200] "GET /mvopx/l1186947.html HTTP/1.1" 404 20323 "-" "Mozilla/5.0 (compatible; SeznamBot/4.0; +http://napoveda.seznam.cz/seznambot-intro/)"
77.75.78.161 - - [28/Sep/2024:15:41:08 +0200] "GET /gexia/d2345577.html HTTP/1.1" 404 20328 "-" "Mozilla/5.0 (compatible; SeznamBot/4.0; +http://napoveda.seznam.cz/seznambot-intro/)"
20.15.133.191 - - [28/Sep/2024:15:41:19 +0200] "GET /cvqmw/f1730679.html HTTP/2" 200 41771 "-" "Mozilla/5.0 AppleWebKit/537.36 (KHTML, like Gecko; compatible; bingbot/2.0; +http://www.bing.com/bingbot.htm) Chrome/116.0.1938.76 Safari/537.36"
74.80.208.56 - - [28/Sep/2024:15:41:23 +0200] "GET /tag/%D9%85%D8%AF%D8%AE%D9%84%D8%A7%D8%AA/ HTTP/2" 200 0 "-" "Mozilla/5.0 (compatible; ImagesiftBot; +imagesift.com)"
74.80.208.56 - - [28/Sep/2024:15:41:24 +0200] "GET /%D8%AA%D8%B7%D9%88%D8%B1%D8%A7%D8%AA-%D8%AC%D8%AF%D9%8A%D8%AF%D8%A9-%D8%AD%D9%88%D9%84-%D8%B9%D8%B1%D8%A8%D8%A7%D8%AA-%D8%A8%D9%88%D9%83%D9%88/feed/ HTTP/2" 200 674 "-" "Mozilla/5.0 (compatible; ImagesiftBot; +imagesift.com)"
74.80.208.56 - - [28/Sep/2024:15:41:33 +0200] "GET /wp-json/wp/v2/posts/5948 HTTP/2" 200 0 "-" "Mozilla/5.0 (compatible; ImagesiftBot; +imagesift.com)"
135.181.9.38 - - [28/Sep/2024:15:41:34 +0200] "POST /wp-cron.php?doing_wp_cron=1727530894.8890900611877441406250 HTTP/1.1" 200 0 "-" "WordPress/6.6.2; https://www.sudancam.net"
74.80.208.56 - - [28/Sep/2024:15:41:34 +0200] "GET /gyygp/t2090039.html HTTP/2" 404 22078 "-" "Mozilla/5.0 (compatible; ImagesiftBot; +imagesift.com)"
40.77.167.55 - - [28/Sep/2024:15:41:34 +0200] "GET /useln/g2332190.html HTTP/2" 200 41712 "-" "Mozilla/5.0 AppleWebKit/537.36 (KHTML, like Gecko; compatible; bingbot/2.0; +http://www.bing.com/bingbot.htm) Chrome/116.0.1938.76 Safari/537.36"
74.80.208.56 - - [28/Sep/2024:15:41:38 +0200] "GET /fnumm/f1073607.html HTTP/2" 404 22078 "-" "Mozilla/5.0 (compatible; ImagesiftBot; +imagesift.com)"
74.80.208.56 - - [28/Sep/2024:15:41:39 +0200] "GET /mslpm/h1671271.html HTTP/2" 404 22076 "-" "Mozilla/5.0 (compatible; ImagesiftBot; +imagesift.com)"
74.80.208.56 - - [28/Sep/2024:15:41:41 +0200] "GET /wp-json/wp/v2/posts/5834 HTTP/2" 200 1718 "-" "Mozilla/5.0 (compatible; ImagesiftBot; +imagesift.com)"
74.80.208.56 - - [28/Sep/2024:15:41:41 +0200] "GET /%D8%A8%D8%A7%D8%AE%D8%B1%D8%A9-%D9%85%D9%88%D8%A7%D8%AF-%D8%BA%D8%B0%D8%A7%D8%A6%D9%8A%D8%A9-%D9%85%D9%86-%D8%A7%D9%84%D8%B5%D9%8A%D9%86-%D8%AF%D8%B9%D9%85%D8%A7-%D9%84%D9%84%D8%B3%D9%88%D8%AF%D8%A7/ HTTP/2" 200 53711 "-" "Mozilla/5.0 (compatible; ImagesiftBot; +imagesift.com)"
135.181.9.38 - - [28/Sep/2024:15:41:43 +0200] "POST /wp-cron.php?doing_wp_cron=1727530903.7647099494934082031250 HTTP/1.1" 200 0 "-" "WordPress/6.6.2; https://www.sudancam.net"
74.80.208.56 - - [28/Sep/2024:15:41:43 +0200] "GET /tag/%D9%8A%D9%88%D9%82%D9%81%D9%88%D8%A7/feed/ HTTP/2" 200 2572 "-" "Mozilla/5.0 (compatible; ImagesiftBot; +imagesift.com)"
74.80.208.56 - - [28/Sep/2024:15:41:44 +0200] "GET /tag/%D8%A8%D9%85%D9%84%D8%A7%D8%A8%D8%B3/ HTTP/2" 200 0 "-" "Mozilla/5.0 (compatible; ImagesiftBot; +imagesift.com)"
74.80.208.56 - - [28/Sep/2024:15:41:45 +0200] "GET /wp-json/wp/v2/posts/5720 HTTP/2" 200 1791 "-" "Mozilla/5.0 (compatible; ImagesiftBot; +imagesift.com)"
74.80.208.56 - - [28/Sep/2024:15:41:45 +0200] "GET /wp-json/wp/v2/tags/32421 HTTP/2" 200 317 "-" "Mozilla/5.0 (compatible; ImagesiftBot; +imagesift.com)"
74.80.208.56 - - [28/Sep/2024:15:41:46 +0200] "GET /%D9%85%D8%B7%D8%A7%D9%84%D8%A8%D8%A7%D8%AA-%D8%A8%D8%A5%D8%B9%D9%84%D8%A7%D9%86-%D8%B3%D8%B9%D8%B1-%D8%AA%D8%B1%D9%83%D9%8A%D8%B2%D9%8A-50-%D8%A3%D9%84%D9%81-%D8%AC%D9%86%D9%8A%D9%87-%D9%84%D8%AC/feed/ HTTP/2" 200 758 "-" "Mozilla/5.0 (compatible; ImagesiftBot; +imagesift.com)"
74.80.208.56 - - [28/Sep/2024:15:41:48 +0200] "GET /%D8%A3%D9%88%D9%84-%D8%AA%D8%B9%D9%84%D9%8A%D9%82-%D9%85%D9%86-%D8%B4%D9%8A%D8%B1%D9%8A%D9%86-%D8%B9%D8%A8%D8%AF-%D8%A7%D9%84%D9%88%D9%87%D8%A7%D8%A8-%D8%B9%D9%84%D9%89-%D8%A3%D9%86%D8%A8%D8%A7%D8%A1/ HTTP/2" 200 0 "-" "Mozilla/5.0 (compatible; ImagesiftBot; +imagesift.com)"
74.80.208.56 - - [28/Sep/2024:15:41:49 +0200] "GET /%D8%AA%D8%B1%D8%AA%D9%8A%D8%A8-%D8%A7%D9%81%D8%B6%D9%84-%D8%A7%D9%84%D9%85%D9%86%D8%AA%D8%AE%D8%A8%D8%A7%D8%AA-%D8%A7%D9%84%D9%85%D8%B4%D8%A7%D8%B1%D9%83%D9%87-%D9%81%D9%8A-%D9%83%D8%A7%D8%B3-%D8%A7/ HTTP/2" 200 20430 "-" "Mozilla/5.0 (compatible; ImagesiftBot; +imagesift.com)"
3.147.72.74 - - [28/Sep/2024:15:41:58 +0200] "GET /wp-json/oembed/1.0//%22https:////www.sudancam.net//%d8%aa%d8%ad%d8%b0%d9%8a%d8%b1%d8%a7%d8%aa-%d9%85%d9%86-%d9%86%d9%81%d8%a7%d8%af-%d8%a7%d9%84%d8%a7%d9%85%d8%af%d8%a7%d8%af%d8%a7%d8%aa-%d8%a7%d9%84%d8%b7%d8%a8%d9%8a%d8%a9-%d8%a8%d8%a7%d9%84%d9%81///%22 HTTP/2" 404 188 "-" "Mozilla/5.0 AppleWebKit/537.36 (KHTML, like Gecko; compatible; ClaudeBot/1.0; +claudebot@anthropic.com)"
74.80.208.56 - - [28/Sep/2024:15:41:59 +0200] "GET /%D8%B4%D8%A7%D9%87%D8%AF-%D8%AD%D8%B3%D9%86-%D8%AA%D8%B3%D8%B1%D9%8A%D8%AD%D8%A9-%D9%8A%D9%86%D8%B4%D8%B1-%D8%B5%D9%88%D8%B1%D8%A9-%D9%84%D9%87-%D9%85%D8%B9-%D8%B4%D9%8A%D8%AE-%D8%A7%D9%84%D8%A3/ HTTP/2" 200 26263 "-" "Mozilla/5.0 (compatible; ImagesiftBot; +imagesift.com)"
66.249.64.14 - - [28/Sep/2024:15:42:00 +0200] "GET /xyksn/q1987206.html HTTP/1.1" 200 43368 "-" "Mozilla/5.0 (Linux; Android 6.0.1; Nexus 5X Build/MMB29P) AppleWebKit/537.36 (KHTML, like Gecko) Chrome/128.0.6613.137 Mobile Safari/537.36 (compatible; Googlebot/2.1; +http://www.google.com/bot.html)"
74.80.208.56 - - [28/Sep/2024:15:42:00 +0200] "GET /%D8%A7%D9%84%D8%B3%D8%B9%D9%88%D8%AF%D9%8A%D8%A9-%D8%AA%D9%81%D8%A7%D8%AC%D8%A6-%D8%A7%D9%84%D9%85%D9%82%D9%8A%D9%85%D9%8A%D9%86-%D9%88-%D8%AA%D9%88%D8%B7%D9%86-%D8%A8%D8%B9%D8%B6-%D8%A7%D9%84%D9%85/ HTTP/2" 200 44131 "-" "Mozilla/5.0 (compatible; ImagesiftBot; +imagesift.com)"
74.80.208.56 - - [28/Sep/2024:15:42:01 +0200] "GET /%D8%A7%D9%84%D8%AC%D8%B2%D8%A7%D8%A6%D8%B1%D9%8A-%D8%B1%D9%8A%D8%A7%D8%B6-%D9%85%D8%AD%D8%B1%D8%B2-%D9%8A%D9%86%D8%AA%D9%82%D9%84-%D8%B1%D8%B3%D9%85%D9%8A%D8%A7-%D8%A5%D9%84%D9%89-%D8%A3%D9%87%D9%84/ HTTP/2" 200 0 "-" "Mozilla/5.0 (compatible; ImagesiftBot; +imagesift.com)"
74.80.208.56 - - [28/Sep/2024:15:42:02 +0200] "GET /wp-json/wp/v2/tags/13107 HTTP/2" 200 320 "-" "Mozilla/5.0 (compatible; ImagesiftBot; +imagesift.com)"
74.80.208.56 - - [28/Sep/2024:15:42:03 +0200] "GET /wp-json/wp/v2/posts/25166 HTTP/2" 200 2321 "-" "Mozilla/5.0 (compatible; ImagesiftBot; +imagesift.com)"
74.80.208.56 - - [28/Sep/2024:15:42:04 +0200] "GET /wp-json/wp/v2/posts/3497 HTTP/2" 200 3644 "-" "Mozilla/5.0 (compatible; ImagesiftBot; +imagesift.com)"
74.80.208.56 - - [28/Sep/2024:15:42:04 +0200] "GET /%D8%B4%D8%A7%D9%87%D8%AF-%D8%A8%D8%A7%D9%84%D8%B5%D9%88%D8%B1%D8%A9-%D9%88%D8%A7%D9%84%D9%81%D9%8A%D8%AF%D9%8A%D9%88-%D8%B3%D9%8A%D8%AF%D8%A9-%D8%AF%D8%B9%D8%A7%D9%85%D9%8A%D8%A9/ HTTP/2" 200 33253 "-" "Mozilla/5.0 (compatible; ImagesiftBot; +imagesift.com)"
74.80.208.56 - - [28/Sep/2024:15:42:06 +0200] "GET /tag/%D8%AA%D9%83%D9%88%D9%86/page/2/ HTTP/2" 200 0 "-" "Mozilla/5.0 (compatible; ImagesiftBot; +imagesift.com)"
77.75.78.161 - - [28/Sep/2024:15:42:06 +0200] "GET /hetht/f1229399.html HTTP/1.1" 404 20321 "-" "Mozilla/5.0 (compatible; SeznamBot/4.0; +http://napoveda.seznam.cz/seznambot-intro/)"
74.80.208.56 - - [28/Sep/2024:15:42:07 +0200] "GET /wp-json/wp/v2/posts/21221 HTTP/2" 200 3735 "-" "Mozilla/5.0 (compatible; ImagesiftBot; +imagesift.com)"
74.80.208.56 - - [28/Sep/2024:15:42:08 +0200] "GET /tag/%D8%A7%D9%84%D9%85%D9%84%D8%A7%D9%8A%D9%8A%D9%86/ HTTP/2" 200 27056 "-" "Mozilla/5.0 (compatible; ImagesiftBot; +imagesift.com)"
74.80.208.56 - - [28/Sep/2024:15:42:09 +0200] "GET /%D8%A8%D8%B1%D9%8A%D8%B7%D8%A7%D9%86%D9%8A%D8%A7-%D8%AA%D8%AD%D8%AB-%D8%AC%D9%85%D9%8A%D8%B9-%D8%A7%D9%84%D8%A3%D8%B7%D8%B1%D8%A7%D9%81-%D8%B9%D9%84%D9%89-%D8%A7%D9%84%D9%85%D8%B4%D8%A7%D8%B1%D9%83/ HTTP/2" 200 30571 "-" "Mozilla/5.0 (compatible; ImagesiftBot; +imagesift.com)"
74.80.208.56 - - [28/Sep/2024:15:42:11 +0200] "GET /%D9%85%D8%B5%D8%B1-%D8%AA%D9%84%D8%BA%D9%8A-%D8%A7%D9%84%D8%AD%D8%AC-%D8%B9%D9%84%D9%89-%D9%86%D9%81%D9%82%D8%A9-%D8%A7%D9%84%D8%AF%D9%88%D9%84%D8%A9-%D8%A7%D9%84%D8%B9%D8%A7%D9%85-%D8%A7%D9%84%D8%AC/feed/ HTTP/2" 200 698 "-" "Mozilla/5.0 (compatible; ImagesiftBot; +imagesift.com)"
74.80.208.56 - - [28/Sep/2024:15:42:12 +0200] "GET /wp-json/wp/v2/posts/3383 HTTP/2" 200 0 "-" "Mozilla/5.0 (compatible; ImagesiftBot; +imagesift.com)"
74.80.208.56 - - [28/Sep/2024:15:42:13 +0200] "GET /wp-json/wp/v2/tags/30084 HTTP/2" 200 297 "-" "Mozilla/5.0 (compatible; ImagesiftBot; +imagesift.com)"
77.75.78.161 - - [28/Sep/2024:15:42:12 +0200] "GET /whywk/c2089138.html HTTP/1.1" 404 20332 "-" "Mozilla/5.0 (compatible; SeznamBot/4.0; +http://napoveda.seznam.cz/seznambot-intro/)"
74.80.208.56 - - [28/Sep/2024:15:42:14 +0200] "GET /tag/%D8%B5%D9%86%D8%A7%D8%B9%D8%A9/page/2/ HTTP/2" 200 0 "-" "Mozilla/5.0 (compatible; ImagesiftBot; +imagesift.com)"
74.80.208.56 - - [28/Sep/2024:15:42:15 +0200] "GET /%D8%A7%D9%84%D8%AA%D8%B9%D8%A7%D9%85%D9%84-%D9%85%D8%B9-%D8%A7%D9%84%D8%AF%D8%B9%D9%85-%D8%A7%D9%84%D8%B3%D8%B1%D9%8A%D8%B9-%D8%A8%D8%AC%D8%AF%D9%8A%D8%A9/feed/ HTTP/2" 200 665 "-" "Mozilla/5.0 (compatible; ImagesiftBot; +imagesift.com)"
74.80.208.56 - - [28/Sep/2024:15:42:16 +0200] "GET /tag/%D8%A7%D9%84%D8%A5%D8%AA%D8%AD%D8%A7%D8%AF%D9%8A%D8%A9%D9%A7%D9%A0%D9%A9%D8%AD%D8%A7%D9%84%D8%A9/ HTTP/2" 200 23595 "-" "Mozilla/5.0 (compatible; ImagesiftBot; +imagesift.com)"
74.80.208.56 - - [28/Sep/2024:15:42:17 +0200] "GET /tag/%D8%A7%D9%84%D8%A3%D9%86%D8%A8%D8%A7%D8%A1/ HTTP/2" 200 0 "-" "Mozilla/5.0 (compatible; ImagesiftBot; +imagesift.com)"
77.75.78.161 - - [28/Sep/2024:15:42:17 +0200] "GET /sdkcc/s2029172.html HTTP/1.1" 404 20320 "-" "Mozilla/5.0 (compatible; SeznamBot/4.0; +http://napoveda.seznam.cz/seznambot-intro/)"
74.80.208.56 - - [28/Sep/2024:15:42:19 +0200] "GET /%D8%AA%D9%82%D8%AF%D9%8A%D9%85-%D8%A8%D9%8A%D8%A7%D9%86-%D8%A7%D9%84%D8%B3%D9%88%D8%AF%D8%A7%D9%86-%D8%A3%D9%85%D8%A7%D9%85-%D8%A7%D9%84%D8%AF%D9%88%D8%B1%D8%A9-67-%D9%84%D9%84%D9%85%D8%A4%D8%AA%D9%85/ HTTP/2" 200 0 "-" "Mozilla/5.0 (compatible; ImagesiftBot; +imagesift.com)"
40.77.167.235 - - [28/Sep/2024:15:41:28 +0200] "GET /mspkk/p927081.html HTTP/1.1" 200 830 "-" "Mozilla/5.0 AppleWebKit/537.36 (KHTML, like Gecko; compatible; bingbot/2.0; +http://www.bing.com/bingbot.htm) Chrome/116.0.1938.76 Safari/537.36"
74.80.208.56 - - [28/Sep/2024:15:41:52 +0200] "GET /wp-json/wp/v2/tags/4119 HTTP/2" 200 320 "-" "Mozilla/5.0 (compatible; ImagesiftBot; +imagesift.com)"
74.80.208.56 - - [28/Sep/2024:15:41:53 +0200] "GET /%D8%A7%D9%84%D9%85%D8%A7%D9%84%D9%8A%D8%A9-%D8%AA%D9%88%D8%A7%D9%81%D9%82-%D8%B9%D9%84%D9%89-%D8%B2%D9%8A%D8%A7%D8%AF%D8%A9-%D8%B1%D8%B3%D9%88%D9%85-%D8%A7%D9%84%D8%B9%D8%A8%D9%88%D8%B1-%D8%A8%D8%A7/ HTTP/2" 200 30546 "-" "Mozilla/5.0 (compatible; ImagesiftBot; +imagesift.com)"
178.236.247.6 - - [28/Sep/2024:15:42:05 +0200] "POST /74a7c9952328.php HTTP/1.1" 200 9 "-" "curl/7.86.0"
157.55.39.50 - - [28/Sep/2024:15:42:14 +0200] "GET /jnpaa/x1283003.html HTTP/2" 200 41364 "-" "Mozilla/5.0 AppleWebKit/537.36 (KHTML, like Gecko; compatible; bingbot/2.0; +http://www.bing.com/bingbot.htm) Chrome/116.0.1938.76 Safari/537.36"
74.80.208.56 - - [28/Sep/2024:15:42:28 +0200] "GET /%D9%85%D9%88%D8%A7%D8%B7%D9%86%D9%88-%D8%A7%D8%A8%D9%88-%D8%AD%D9%85%D8%AF-%D9%85%D8%AE%D8%A7%D9%84%D9%81%D8%A7%D8%AA-%D8%A7%D9%84%D8%AA%D8%B9%D8%AF%D9%8A%D9%86-%D8%AA%D8%B3%D8%A8%D8%A8%D8%AA-%D9%81/ HTTP/2" 200 0 "-" "Mozilla/5.0 (compatible; ImagesiftBot; +imagesift.com)"
74.80.208.56 - - [28/Sep/2024:15:42:30 +0200] "GET /tag/%D9%84%D9%85%D9%86%D8%B8%D9%88%D9%85%D8%A9/feed/ HTTP/2" 200 1912 "-" "Mozilla/5.0 (compatible; ImagesiftBot; +imagesift.com)"
85.208.96.203 - - [28/Sep/2024:15:42:31 +0200] "GET /un6xee/jarred-harper-short-film.html HTTP/1.1" 403 0 "-" "Mozilla/5.0 (compatible; SemrushBot/7~bl; +http://www.semrush.com/bot.html)"
74.80.208.56 - - [28/Sep/2024:15:42:31 +0200] "GET /tag/%D8%A7%D9%87%D8%A7%D9%86%D8%AA/ HTTP/2" 200 23482 "-" "Mozilla/5.0 (compatible; ImagesiftBot; +imagesift.com)"
74.80.208.56 - - [28/Sep/2024:15:42:38 +0200] "GET /%D9%87%D9%8A%D8%A6%D8%A9-%D8%AD%D9%82%D9%88%D9%82%D9%8A%D8%A9-%D8%AA%D8%B6%D8%BA%D8%B7-%D9%84%D9%84%D8%A5%D9%81%D8%B1%D8%A7%D8%AC-%D8%B9%D9%86-%D8%B3%D9%8A%D8%AF%D8%A9-%D9%85%D8%AA%D9%87%D9%85%D8%A9/ HTTP/2" 200 0 "-" "Mozilla/5.0 (compatible; ImagesiftBot; +imagesift.com)"
77.75.78.161 - - [28/Sep/2024:15:42:38 +0200] "GET /bflci/b82119.html HTTP/1.1" 404 20318 "-" "Mozilla/5.0 (compatible; SeznamBot/4.0; +http://napoveda.seznam.cz/seznambot-intro/)"
74.80.208.56 - - [28/Sep/2024:15:42:39 +0200] "GET /tag/%D8%AA%D9%83%D9%84%D9%8A%D9%81%D9%87%D8%A7/ HTTP/2" 200 23536 "-" "Mozilla/5.0 (compatible; ImagesiftBot; +imagesift.com)"
66.249.64.13 - - [28/Sep/2024:15:42:39 +0200] "GET /tnezl/a535168.html HTTP/1.1" 200 41702 "-" "Mozilla/5.0 (Linux; Android 6.0.1; Nexus 5X Build/MMB29P) AppleWebKit/537.36 (KHTML, like Gecko) Chrome/128.0.6613.137 Mobile Safari/537.36 (compatible; GoogleOther)"
74.80.208.56 - - [28/Sep/2024:15:42:40 +0200] "GET /tag/%D8%A7%D9%84%D8%A7%D8%B3%D9%88%D8%AF/ HTTP/2" 200 24336 "-" "Mozilla/5.0 (compatible; ImagesiftBot; +imagesift.com)"
74.80.208.56 - - [28/Sep/2024:15:42:41 +0200] "GET /wp-json/wp/v2/tags/16762 HTTP/2" 200 323 "-" "Mozilla/5.0 (compatible; ImagesiftBot; +imagesift.com)"
77.75.78.161 - - [28/Sep/2024:15:42:42 +0200] "GET /wephb/j2670765.html HTTP/1.1" 404 20322 "-" "Mozilla/5.0 (compatible; SeznamBot/4.0; +http://napoveda.seznam.cz/seznambot-intro/)"
74.80.208.56 - - [28/Sep/2024:15:42:42 +0200] "GET /%D8%A7%D9%84%D8%B3%D8%B9%D9%88%D8%AF%D9%8A%D8%A9-%D8%B5%D8%A7%D8%B9%D9%82%D8%A9-%D8%B1%D8%B9%D8%AF%D9%8A%D8%A9-%D8%AA%D9%82%D8%AA%D9%84-%D8%B4%D8%A7%D8%A8%D8%A7-%D9%88%D8%AA%D8%B5%D9%8A%D8%A8-%D9%85/feed/ HTTP/2" 200 730 "-" "Mozilla/5.0 (compatible; ImagesiftBot; +imagesift.com)"
74.80.208.56 - - [28/Sep/2024:15:42:44 +0200] "GET /tag/%D8%A7%D9%84%D8%A7%D8%B1%D8%AA%D8%A8%D8%A7%D8%B7/feed/ HTTP/2" 200 8083 "-" "Mozilla/5.0 (compatible; ImagesiftBot; +imagesift.com)"
74.80.208.56 - - [28/Sep/2024:15:41:06 +0200] "GET /wp-json/wp/v2/tags/7272 HTTP/2" 200 332 "-" "Mozilla/5.0 (compatible; ImagesiftBot; +imagesift.com)"
74.80.208.56 - - [28/Sep/2024:15:41:06 +0200] "GET /%D8%A7%D9%84%D8%A7%D9%82%D8%AA%D8%B5%D8%A7%D8%AF-%D9%81%D9%8A-%D8%A7%D9%84%D8%A8%D9%84%D8%AF%D8%A7%D9%86-%D8%A7%D9%84%D8%B9%D8%B1%D8%A8%D9%8A%D8%A9-%D8%A7%D9%84%D8%AD%D9%84-%D9%84%D9%8A/ HTTP/2" 200 30518 "-" "Mozilla/5.0 (compatible; ImagesiftBot; +imagesift.com)"
74.80.208.56 - - [28/Sep/2024:15:41:08 +0200] "GET /tag/%D8%A7%D9%84%D8%B1%D8%B3%D8%A7%D8%A6%D9%84/ HTTP/2" 200 0 "-" "Mozilla/5.0 (compatible; ImagesiftBot; +imagesift.com)"
74.80.208.56 - - [28/Sep/2024:15:41:09 +0200] "GET /%D8%A7%D9%84%D8%B7%D8%A7%D9%87%D8%B1-%D8%B3%D8%A7%D8%AA%D9%8A-%D9%8A%D9%83%D8%AA%D8%A8-%D8%AA%D8%AD%D9%84%D9%8A%D9%84-%D8%AF%D9%88%D9%84%D9%8A/ HTTP/2" 200 23396 "-" "Mozilla/5.0 (compatible; ImagesiftBot; +imagesift.com)"
74.80.208.56 - - [28/Sep/2024:15:41:10 +0200] "GET /%D8%A7%D9%84%D9%81%D9%86%D8%A7%D9%86-%D8%A8%D9%84%D8%A9-%D9%88%D8%AF-%D8%A7%D9%84%D8%A3%D8%B4%D8%A8%D8%A9-%D9%8A%D9%83%D8%B4%D9%81-%D8%AA%D9%81%D8%A7%D8%B5%D9%8A%D9%84-%D8%AC%D8%AF%D9%8A%D8%AF%D8%A9/ HTTP/2" 200 0 "-" "Mozilla/5.0 (compatible; ImagesiftBot; +imagesift.com)"
74.80.208.56 - - [28/Sep/2024:15:41:12 +0200] "GET /%D8%A8%D8%A7%D9%84%D9%81%D9%8A%D8%AF%D9%8A%D9%88-%D9%85%D9%84%D8%AD%D9%86-%D9%85%D8%B5%D8%B1%D9%8A-%D9%8A%D9%83%D8%B4%D9%81-%D9%85%D9%81%D8%A7%D8%AC%D8%A3%D8%A9-%D8%A8%D8%B4%D8%A3%D9%86-%D8%AD/ HTTP/2" 200 26237 "-" "Mozilla/5.0 (compatible; ImagesiftBot; +imagesift.com)"
74.80.208.56 - - [28/Sep/2024:15:41:13 +0200] "GET /tag/%D9%82%D8%B7%D8%A7%D8%B9/ HTTP/2" 200 0 "-" "Mozilla/5.0 (compatible; ImagesiftBot; +imagesift.com)"
85.208.96.200 - - [28/Sep/2024:15:41:31 +0200] "GET /quran/translate-ru-82.html HTTP/1.1" 403 0 "-" "Mozilla/5.0 (compatible; SemrushBot/7~bl; +http://www.semrush.com/bot.html)"
77.75.78.161 - - [28/Sep/2024:15:41:26 +0200] "GET /bxcuz/n637049.html HTTP/1.1" 404 20322 "-" "Mozilla/5.0 (compatible; SeznamBot/4.0; +http://napoveda.seznam.cz/seznambot-intro/)"
135.181.9.38 - - [28/Sep/2024:15:41:35 +0200] "POST /wp-admin/admin-ajax.php?action=async_litespeed&nonce=QCsK8zAPKetwaZzfym2jIJptgN0RECTp&litespeed_type=imgoptm HTTP/1.1" 200 21 "-" "WordPress/6.6.2; https://www.sudancam.net"
77.75.78.161 - - [28/Sep/2024:15:41:43 +0200] "GET /qwbyt/g1676262.html HTTP/1.1" 404 20323 "-" "Mozilla/5.0 (compatible; SeznamBot/4.0; +http://napoveda.seznam.cz/seznambot-intro/)"
77.75.78.161 - - [28/Sep/2024:15:41:50 +0200] "GET /xejad/n2724719.html HTTP/1.1" 404 20321 "-" "Mozilla/5.0 (compatible; SeznamBot/4.0; +http://napoveda.seznam.cz/seznambot-intro/)"
66.249.64.14 - - [28/Sep/2024:15:42:08 +0200] "GET /qnvqz/m2708988.html HTTP/1.1" 200 42948 "-" "Mozilla/5.0 (Linux; Android 6.0.1; Nexus 5X Build/MMB29P) AppleWebKit/537.36 (KHTML, like Gecko) Chrome/128.0.6613.137 Mobile Safari/537.36 (compatible; GoogleOther)"
74.80.208.56 - - [28/Sep/2024:15:42:52 +0200] "GET /hfsvi/h2448333.html HTTP/2" 404 22076 "-" "Mozilla/5.0 (compatible; ImagesiftBot; +imagesift.com)"
74.80.208.56 - - [28/Sep/2024:15:42:53 +0200] "GET /%D9%88%D9%84%D8%A7%D9%8A%D8%A7%D8%AA-%D9%81%D9%8A-%D8%A7%D9%84%D8%B3%D9%88%D8%AF%D8%A7%D9%86-%D8%A7%D9%86%D8%AA%D9%82%D9%84%D8%AA-%D8%A5%D9%84%D9%8A%D9%87%D8%A7-%D8%B0%D8%A7%D8%AA-%D9%85%D8%B8/ HTTP/2" 200 0 "-" "Mozilla/5.0 (compatible; ImagesiftBot; +imagesift.com)"
157.55.39.50 - - [28/Sep/2024:15:42:54 +0200] "GET /kzpzs/j420543.html HTTP/2" 200 41892 "-" "Mozilla/5.0 AppleWebKit/537.36 (KHTML, like Gecko; compatible; bingbot/2.0; +http://www.bing.com/bingbot.htm) Chrome/116.0.1938.76 Safari/537.36"
74.80.208.56 - - [28/Sep/2024:15:42:54 +0200] "GET /%D8%A7%D9%84%D8%B3%D9%88%D8%AF%D8%A7%D9%86-%D8%A7%D9%84%D8%B3%D9%8A%D8%B7%D8%B1%D8%A9-%D8%B9%D9%84%D9%89-%D8%AD%D8%B1%D9%8A%D9%82-%D8%A8%D9%80%D8%A7%D9%84%D8%A5%D8%B3%D8%B7%D8%A8%D9%84/ HTTP/2" 200 0 "-" "Mozilla/5.0 (compatible; ImagesiftBot; +imagesift.com)"
74.80.208.56 - - [28/Sep/2024:15:42:55 +0200] "GET /%D8%A7%D9%84%D8%AA%D9%81%D8%A7%D9%88%D8%B6-%D8%A7%D9%84%D9%88%D8%AD%D9%8A%D8%AF-%D9%84%D8%AF%D9%89-%D8%B4%D8%B9%D8%A8%D9%86%D8%A7-%D8%A3%D9%86-%D9%8A%D9%83%D9%88%D9%86-%D8%B9%D9%84%D9%89-%D8%A5%D8%B3/ HTTP/2" 200 47445 "-" "Mozilla/5.0 (compatible; ImagesiftBot; +imagesift.com)"
74.80.208.56 - - [28/Sep/2024:15:42:57 +0200] "GET /%D9%84%D8%AC%D8%A7%D9%86-%D9%85%D9%82%D8%A7%D9%88%D9%85%D8%A9-%D8%A7%D9%84%D8%AF%D8%B9%D9%85-%D8%A7%D9%84%D8%B3%D8%B1%D9%8A%D8%B9-%D8%AA%D9%81%D8%B1%D8%B6-%D8%B6%D8%B1%D8%A7%D8%A6%D8%A8-%D9%88%D8%B1/ HTTP/2" 200 0 "-" "Mozilla/5.0 (compatible; ImagesiftBot; +imagesift.com)"
74.80.208.56 - - [28/Sep/2024:15:42:59 +0200] "GET /tag/esim/feed/ HTTP/2" 200 3786 "-" "Mozilla/5.0 (compatible; ImagesiftBot; +imagesift.com)"
74.80.208.56 - - [28/Sep/2024:15:43:01 +0200] "GET /tag/%D8%A7%D9%84%D8%AE%D8%B7%D9%8A%D8%B1/page/2/ HTTP/2" 200 0 "-" "Mozilla/5.0 (compatible; ImagesiftBot; +imagesift.com)"
74.80.208.56 - - [28/Sep/2024:15:43:01 +0200] "GET /tag/%D8%A2%D8%B0%D8%A7%D9%86%D8%A7/ HTTP/2" 200 51210 "-" "Mozilla/5.0 (compatible; ImagesiftBot; +imagesift.com)"
74.80.208.56 - - [28/Sep/2024:15:43:03 +0200] "GET /tag/%D8%A8%D8%A7%D9%84%D8%A7%D8%A8%D9%8A%D8%B6/ HTTP/2" 200 26541 "-" "Mozilla/5.0 (compatible; ImagesiftBot; +imagesift.com)"
74.80.208.56 - - [28/Sep/2024:15:43:04 +0200] "GET /tag/%D8%A7%D9%84%D9%88%D9%82%D9%8A%D8%B9%D8%A9/feed/ HTTP/2" 200 4152 "-" "Mozilla/5.0 (compatible; ImagesiftBot; +imagesift.com)"
74.80.208.56 - - [28/Sep/2024:15:43:05 +0200] "GET /%D8%A8%D8%A7%D9%84%D8%B5%D9%88%D8%B1%D8%A9-%D8%AA%D8%B9%D8%B1%D9%81-%D8%B9%D9%84%D9%89-%D8%A7%D9%84%D8%AA%D9%81%D8%A7%D8%B5%D9%8A%D9%84-%D9%88%D8%A7%D9%84%D8%A3%D8%B3%D9%85%D8%A7%D8%A1-%D8%A7/ HTTP/2" 200 26582 "-" "Mozilla/5.0 (compatible; ImagesiftBot; +imagesift.com)"
74.80.208.56 - - [28/Sep/2024:15:43:06 +0200] "GET /tag/%D8%AA%D8%AD%D8%B1%D9%83/ HTTP/2" 200 36667 "-" "Mozilla/5.0 (compatible; ImagesiftBot; +imagesift.com)"
74.80.208.56 - - [28/Sep/2024:15:43:08 +0200] "GET /%D9%85%D8%AD%D8%AC%D9%88%D8%A8-%D9%81%D8%B6%D9%84-%D8%A8%D8%AF%D8%B1%D9%89-%F0%9F%94%B4%D8%B1%D8%AD%D9%85-%D8%A7%D9%84%D9%84%D9%87-%D8%A3%D9%85%D8%B1%D8%A6-%D8%B9%D8%B1%D9%81-%D9%82%D8%AF%D8%B1/ HTTP/2" 200 0 "-" "Mozilla/5.0 (compatible; ImagesiftBot; +imagesift.com)"
74.80.208.56 - - [28/Sep/2024:15:43:09 +0200] "GET /%D8%A7%D8%B1%D8%AF%D9%88%D9%84-%D8%AA%D8%B9%D9%84%D9%8A%D9%82%D8%A7-%D8%B9%D9%84%D9%89-%D8%A7%D9%84%D8%AA%D8%A8%D8%B4%D9%8A%D8%B1-%D8%A8%D9%82%D8%B1%D8%A8-%D8%AD%D8%B3%D9%85-%D9%85%D8%B9%D8%B1%D9%83/ HTTP/2" 200 36959 "-" "Mozilla/5.0 (compatible; ImagesiftBot; +imagesift.com)"
74.80.208.56 - - [28/Sep/2024:15:43:11 +0200] "GET /%D9%85%D8%AD%D8%A7%D8%AF%D8%AB%D8%A7%D8%AA-%D8%B5%D8%B9%D8%A8%D8%A9-%D9%88%D8%B5%D8%B1%D9%8A%D8%AD%D8%A9-%D9%85%D8%B3%D8%A4%D9%88%D9%84%D8%A9-%D8%A3%D9%85%D9%8A%D8%B1%D9%83%D9%8A%D8%A9-%D8%AA/ HTTP/2" 200 38086 "-" "Mozilla/5.0 (compatible; ImagesiftBot; +imagesift.com)"
74.80.208.56 - - [28/Sep/2024:15:43:13 +0200] "GET /wp-json/wp/v2/tags/9418 HTTP/2" 200 316 "-" "Mozilla/5.0 (compatible; ImagesiftBot; +imagesift.com)"
74.80.208.56 - - [28/Sep/2024:15:43:13 +0200] "GET /tag/%D8%B9%D8%A8%D9%88%D8%A7%D8%AA/ HTTP/2" 200 23955 "-" "Mozilla/5.0 (compatible; ImagesiftBot; +imagesift.com)"
74.80.208.56 - - [28/Sep/2024:15:43:20 +0200] "GET /tag/%D9%88%D9%8A%D8%AD%D8%AA%D9%81%D9%84%D9%88%D9%86/feed/ HTTP/2" 200 6309 "-" "Mozilla/5.0 (compatible; ImagesiftBot; +imagesift.com)"
74.80.208.56 - - [28/Sep/2024:15:43:21 +0200] "GET /tag/%D9%88%D8%AA%D9%86%D8%B8%D9%8A%D9%85/ HTTP/2" 200 25145 "-" "Mozilla/5.0 (compatible; ImagesiftBot; +imagesift.com)"
74.80.208.56 - - [28/Sep/2024:15:43:22 +0200] "GET /tag/%D9%85%D8%B4%D8%A7%D8%B9%D8%B1/feed/ HTTP/2" 200 10020 "-" "Mozilla/5.0 (compatible; ImagesiftBot; +imagesift.com)"
74.80.208.56 - - [28/Sep/2024:15:42:21 +0200] "GET /tag/%D8%B9%D9%86%D8%A7%D9%82/ HTTP/2" 200 36119 "-" "Mozilla/5.0 (compatible; ImagesiftBot; +imagesift.com)"
74.80.208.56 - - [28/Sep/2024:15:42:23 +0200] "GET /tag/%D9%8A%D9%82%D9%88%D8%AF%D9%87%D8%A7/feed/ HTTP/2" 200 8684 "-" "Mozilla/5.0 (compatible; ImagesiftBot; +imagesift.com)"
77.75.78.161 - - [28/Sep/2024:15:42:24 +0200] "GET /izgke/a1716400.html HTTP/1.1" 404 20322 "-" "Mozilla/5.0 (compatible; SeznamBot/4.0; +http://napoveda.seznam.cz/seznambot-intro/)"
74.80.208.56 - - [28/Sep/2024:15:42:25 +0200] "GET /%D8%B4%D8%A7%D9%87%D8%AF-%D8%A8%D8%A7%D9%84%D9%81%D9%8A%D8%AF%D9%8A%D9%88-%D8%AC%D9%85%D9%8A%D9%84%D8%A9-%D8%A7%D9%84%D9%81%D9%86-%D8%A7%D9%84%D8%B3%D9%88%D8%AF%D8%A7%D9%86%D9%8A-%D8%AA%D8%B3%D8%AA/ HTTP/2" 200 32131 "-" "Mozilla/5.0 (compatible; ImagesiftBot; +imagesift.com)"
74.80.208.56 - - [28/Sep/2024:15:42:26 +0200] "GET /tag/%D8%A7%D9%84%D8%B1%D8%A6%D8%A7%D8%B3%D9%8A/page/2/ HTTP/2" 200 0 "-" "Mozilla/5.0 (compatible; ImagesiftBot; +imagesift.com)"
77.75.78.161 - - [28/Sep/2024:15:42:27 +0200] "GET /fhweo/u3007190.html HTTP/1.1" 404 20328 "-" "Mozilla/5.0 (compatible; SeznamBot/4.0; +http://napoveda.seznam.cz/seznambot-intro/)"
77.75.78.161 - - [28/Sep/2024:15:42:55 +0200] "GET /qpenn/z833569.html HTTP/1.1" 404 20322 "-" "Mozilla/5.0 (compatible; SeznamBot/4.0; +http://napoveda.seznam.cz/seznambot-intro/)"
77.75.78.161 - - [28/Sep/2024:15:43:02 +0200] "GET /vnefa/o152800.html HTTP/1.1" 404 20319 "-" "Mozilla/5.0 (compatible; SeznamBot/4.0; +http://napoveda.seznam.cz/seznambot-intro/)"
77.75.78.161 - - [28/Sep/2024:15:43:06 +0200] "GET /gsnsp/n1592627.html HTTP/1.1" 404 20327 "-" "Mozilla/5.0 (compatible; SeznamBot/4.0; +http://napoveda.seznam.cz/seznambot-intro/)"
77.75.78.161 - - [28/Sep/2024:15:43:10 +0200] "GET /ohttr/e1622128.html HTTP/1.1" 404 20320 "-" "Mozilla/5.0 (compatible; SeznamBot/4.0; +http://napoveda.seznam.cz/seznambot-intro/)"
77.75.78.161 - - [28/Sep/2024:15:43:13 +0200] "GET /xwjhn/y2354256.html HTTP/1.1" 404 20324 "-" "Mozilla/5.0 (compatible; SeznamBot/4.0; +http://napoveda.seznam.cz/seznambot-intro/)"
40.77.167.55 - - [28/Sep/2024:15:43:20 +0200] "GET /pthdm/l1395025.html HTTP/2" 200 41611 "-" "Mozilla/5.0 AppleWebKit/537.36 (KHTML, like Gecko; compatible; bingbot/2.0; +http://www.bing.com/bingbot.htm) Chrome/116.0.1938.76 Safari/537.36"
40.77.167.55 - - [28/Sep/2024:15:43:20 +0200] "GET /eiuib/v1548253.html HTTP/2" 200 41479 "-" "Mozilla/5.0 AppleWebKit/537.36 (KHTML, like Gecko; compatible; bingbot/2.0; +http://www.bing.com/bingbot.htm) Chrome/116.0.1938.76 Safari/537.36"
66.249.64.15 - - [28/Sep/2024:15:43:23 +0200] "GET /cvuxz/r279527.html HTTP/1.1" 200 42239 "-" "Mozilla/5.0 (Linux; Android 6.0.1; Nexus 5X Build/MMB29P) AppleWebKit/537.36 (KHTML, like Gecko) Chrome/128.0.6613.137 Mobile Safari/537.36 (compatible; GoogleOther)"
74.80.208.56 - - [28/Sep/2024:15:43:30 +0200] "GET /tag/%D9%86%D8%A7%D8%A8%D9%88%D9%84%D9%8A/feed/ HTTP/2" 200 24857 "-" "Mozilla/5.0 (compatible; ImagesiftBot; +imagesift.com)"
74.80.208.56 - - [28/Sep/2024:15:43:32 +0200] "GET /%D8%A7%D9%84%D9%87%D9%86%D8%AF%D9%8A-%D8%B9%D8%B2-%D8%A7%D9%84%D8%AF%D9%8A%D9%86-%D9%85%D9%86-%D8%A7%D9%84%D8%AF%D9%81%D8%A7%D8%B9-%D9%84%D9%84%D9%87%D8%AC%D9%88%D9%85/ HTTP/2" 200 0 "-" "Mozilla/5.0 (compatible; ImagesiftBot; +imagesift.com)"
74.80.208.56 - - [28/Sep/2024:15:43:33 +0200] "GET /kfzqq/d1581879.html HTTP/2" 404 22078 "-" "Mozilla/5.0 (compatible; ImagesiftBot; +imagesift.com)"
74.80.208.56 - - [28/Sep/2024:15:43:34 +0200] "GET /tag/%D9%88%D9%85%D8%AA%D9%83%D8%B1%D8%B1%D8%A9/ HTTP/2" 200 23716 "-" "Mozilla/5.0 (compatible; ImagesiftBot; +imagesift.com)"
74.80.208.56 - - [28/Sep/2024:15:43:35 +0200] "GET /%D8%B3%D8%A7%D9%85%D8%B3%D9%88%D9%86%D8%AC-%D8%AA%D8%B3%D8%AA%D8%B4%D8%B1%D9%81-%D9%85%D9%86%D8%A7%D8%B2%D9%84-%D8%A7%D9%84%D9%85%D8%B3%D8%AA%D9%82%D8%A8%D9%84-%D8%A7%D9%84%D8%A7%D8%A8%D8%AA%D9%83/ HTTP/2" 200 0 "-" "Mozilla/5.0 (compatible; ImagesiftBot; +imagesift.com)"
74.80.208.56 - - [28/Sep/2024:15:43:36 +0200] "GET /tag/%D8%A7%D9%84%D8%B3%D8%B1%D8%A8/ HTTP/2" 200 23515 "-" "Mozilla/5.0 (compatible; ImagesiftBot; +imagesift.com)"
74.80.208.56 - - [28/Sep/2024:15:43:37 +0200] "GET /%D9%88%D8%A7%D9%84%D9%8A-%D8%A7%D9%84%D8%AE%D8%B1%D8%B7%D9%88%D9%85-%D9%8A%D9%82%D8%B1-%D8%A8%D9%88%D8%AC%D9%88%D8%AF-%D9%81%D8%AC%D9%88%D8%A9-%D9%81%D9%8A-%D8%A7%D9%84%D8%A3%D9%85%D9%86-%D9%88%D8%A7/ HTTP/2" 200 33668 "-" "Mozilla/5.0 (compatible; ImagesiftBot; +imagesift.com)"
135.181.9.38 - - [28/Sep/2024:15:43:39 +0200] "POST /wp-cron.php?doing_wp_cron=1727531019.9257938861846923828125 HTTP/1.1" 200 0 "-" "WordPress/6.6.2; https://www.sudancam.net"
74.80.208.56 - - [28/Sep/2024:15:43:39 +0200] "GET /%D8%B9%D8%AB%D9%85%D8%A7%D9%86-%D8%A7%D8%B3%D8%AD%D9%82-%D9%8A%D9%83%D8%AA%D8%A8-%D8%AD%D9%85%D9%8A%D8%AF%D8%AA%D9%8A-%D9%88%D8%A7%D9%84%D8%A8%D8%B1%D9%87%D8%A7%D9%86-%D8%AD%D8%A8%D8%A7%D9%8A%D8%A8/ HTTP/2" 200 0 "-" "Mozilla/5.0 (compatible; ImagesiftBot; +imagesift.com)"
74.80.208.56 - - [28/Sep/2024:15:43:40 +0200] "GET /wp-json/wp/v2/posts/25929 HTTP/2" 200 2458 "-" "Mozilla/5.0 (compatible; ImagesiftBot; +imagesift.com)"
135.181.9.38 - - [28/Sep/2024:15:43:40 +0200] "POST /wp-admin/admin-ajax.php?action=async_litespeed&nonce=GmQIPezVtaLyUFgPkfwAJEPrtAhLIL87&litespeed_type=imgoptm HTTP/1.1" 200 21 "-" "WordPress/6.6.2; https://www.sudancam.net"
74.80.208.56 - - [28/Sep/2024:15:43:41 +0200] "GET /wp-json/wp/v2/posts/22275 HTTP/2" 200 4103 "-" "Mozilla/5.0 (compatible; ImagesiftBot; +imagesift.com)"
74.80.208.56 - - [28/Sep/2024:15:43:42 +0200] "GET /%D9%84%D8%A7-%D8%AA%D8%AE%D8%A7%D9%81%D9%88%D8%A7-%D8%AA%D9%86%D8%A7%D9%88%D9%84%D9%87%D8%A7-%D8%A3%D9%81%D8%B6%D9%84-10-%D9%81%D9%88%D8%A7%D9%83%D9%87-%D9%8A%D9%85%D9%83%D9%86-%D8%A7%D8%B9%D8%AA/ HTTP/2" 200 32777 "-" "Mozilla/5.0 (compatible; ImagesiftBot; +imagesift.com)"
135.181.9.38 - - [28/Sep/2024:15:43:43 +0200] "POST /wp-cron.php?doing_wp_cron=1727531023.5329220294952392578125 HTTP/1.1" 200 0 "-" "WordPress/6.6.2; https://www.sudancam.net"
74.80.208.56 - - [28/Sep/2024:15:43:43 +0200] "GET /tag/%D8%A7%D9%84%D8%A3%D8%A8%D8%B7%D8%A7%D9%84/page/2/ HTTP/2" 200 56205 "-" "Mozilla/5.0 (compatible; ImagesiftBot; +imagesift.com)"
74.80.208.56 - - [28/Sep/2024:15:43:44 +0200] "GET /tag/%D9%83%D9%85%D9%84/ HTTP/2" 200 24037 "-" "Mozilla/5.0 (compatible; ImagesiftBot; +imagesift.com)"
74.80.208.56 - - [28/Sep/2024:15:43:46 +0200] "GET /wp-json/wp/v2/tags/26891 HTTP/2" 200 332 "-" "Mozilla/5.0 (compatible; ImagesiftBot; +imagesift.com)"
74.80.208.56 - - [28/Sep/2024:15:43:47 +0200] "GET /tag/%D8%A8%D9%83%D8%B4%D9%81/feed/ HTTP/2" 200 10694 "-" "Mozilla/5.0 (compatible; ImagesiftBot; +imagesift.com)"
74.80.208.56 - - [28/Sep/2024:15:43:48 +0200] "GET /wp-json/wp/v2/posts/12987 HTTP/2" 200 4852 "-" "Mozilla/5.0 (compatible; ImagesiftBot; +imagesift.com)"
74.80.208.56 - - [28/Sep/2024:15:43:50 +0200] "GET /wp-json/wp/v2/posts/29083 HTTP/2" 200 2547 "-" "Mozilla/5.0 (compatible; ImagesiftBot; +imagesift.com)"
74.80.208.56 - - [28/Sep/2024:15:43:50 +0200] "GET /wp-json/wp/v2/tags/7355 HTTP/2" 200 325 "-" "Mozilla/5.0 (compatible; ImagesiftBot; +imagesift.com)"
74.80.208.56 - - [28/Sep/2024:15:43:52 +0200] "GET /tag/%D9%88%D8%A5%D9%86%D8%B3%D8%AA%D8%BA%D8%B1%D8%A7%D9%85/feed/ HTTP/2" 200 8965 "-" "Mozilla/5.0 (compatible; ImagesiftBot; +imagesift.com)"
74.80.208.56 - - [28/Sep/2024:15:43:53 +0200] "GET /%D8%AE%D8%B3%D8%A7%D8%B1%D8%A9-%D9%82%D8%A7%D8%B3%D9%8A%D8%A9-%D9%84%D9%84%D9%8A%D9%81%D8%B1%D8%A8%D9%88%D9%84-%D8%B9%D9%84%D9%89-%D8%A3%D8%B1%D8%B6%D9%87-%D9%88%D8%A8%D8%A7%D9%8A%D8%B1%D9%86-%D9%84/ HTTP/2" 200 0 "-" "Mozilla/5.0 (compatible; ImagesiftBot; +imagesift.com)"
74.80.208.56 - - [28/Sep/2024:15:43:54 +0200] "GET /5-%D8%A3%D8%BA%D8%B0%D9%8A%D8%A9-%D9%81%D9%8A-%D8%A3%D9%88%D9%82%D8%A7%D8%AA-%D9%85%D8%AD%D8%AF%D8%AF%D8%A9-%D8%AA%D8%B3%D8%B1%D8%B9-%D8%AD%D8%B1%D9%82-%D8%A7%D9%84%D8%AF%D9%87%D9%88%D9%86/ HTTP/2" 200 29347 "-" "Mozilla/5.0 (compatible; ImagesiftBot; +imagesift.com)"
74.80.208.56 - - [28/Sep/2024:15:43:23 +0200] "GET /%D9%85%D8%B9%D9%84%D9%88%D9%85%D8%A7%D8%AA-%D8%AE%D8%B7%D9%8A%D8%B1%D8%A9-%D9%88%D8%B1%D8%A7%D8%A1-%D8%A7%D8%AE%D8%AA%D9%86%D8%A7%D9%82-%D8%A7%D9%84%D8%AE%D8%B1%D8%B7%D9%88%D9%85-%D9%8A%D9%88%D9%85/ HTTP/2" 200 0 "-" "Mozilla/5.0 (compatible; ImagesiftBot; +imagesift.com)"
74.80.208.56 - - [28/Sep/2024:15:43:25 +0200] "GET /wp-json/wp/v2/posts/14724 HTTP/2" 200 6234 "-" "Mozilla/5.0 (compatible; ImagesiftBot; +imagesift.com)"
74.80.208.56 - - [28/Sep/2024:15:43:26 +0200] "GET /%D8%AA%D9%85%D8%AF%D9%8A%D8%AF-%D8%A7%D9%84%D8%B9%D9%82%D9%88%D8%A8%D8%A7%D8%AA-%D9%83%D8%B1%D8%AA-%D8%AF%D9%88%D9%84%D9%8A-%D8%B6%D8%AF-%D8%A7%D9%84%D8%A7%D9%86%D9%82%D9%84%D8%A7%D8%A8/feed/ HTTP/2" 200 713 "-" "Mozilla/5.0 (compatible; ImagesiftBot; +imagesift.com)"
74.80.208.56 - - [28/Sep/2024:15:43:27 +0200] "GET /tag/%D8%A7%D9%84%D8%B7%D8%B1%D9%81%D8%A7%D9%86/ HTTP/2" 200 0 "-" "Mozilla/5.0 (compatible; ImagesiftBot; +imagesift.com)"
157.55.39.50 - - [28/Sep/2024:15:43:34 +0200] "GET /okgnd/o2672200.html HTTP/2" 200 41922 "-" "Mozilla/5.0 AppleWebKit/537.36 (KHTML, like Gecko; compatible; bingbot/2.0; +http://www.bing.com/bingbot.htm) Chrome/116.0.1938.76 Safari/537.36"
157.55.39.50 - - [28/Sep/2024:15:43:35 +0200] "GET /jpmes/u589268.html HTTP/2" 200 41604 "-" "Mozilla/5.0 AppleWebKit/537.36 (KHTML, like Gecko; compatible; bingbot/2.0; +http://www.bing.com/bingbot.htm) Chrome/116.0.1938.76 Safari/537.36"
157.55.39.50 - - [28/Sep/2024:15:43:36 +0200] "GET /snrbt/g1873524.html HTTP/2" 200 41655 "-" "Mozilla/5.0 AppleWebKit/537.36 (KHTML, like Gecko; compatible; bingbot/2.0; +http://www.bing.com/bingbot.htm) Chrome/116.0.1938.76 Safari/537.36"
135.181.9.38 - - [28/Sep/2024:15:43:40 +0200] "POST /wp-cron.php?doing_wp_cron=1727531020.3214058876037597656250 HTTP/1.1" 200 0 "-" "WordPress/6.6.2; https://www.sudancam.net"
66.249.64.14 - - [28/Sep/2024:15:43:46 +0200] "GET /toshp/t1637847.html HTTP/1.1" 200 42695 "-" "Mozilla/5.0 (Linux; Android 6.0.1; Nexus 5X Build/MMB29P) AppleWebKit/537.36 (KHTML, like Gecko) Chrome/128.0.6613.137 Mobile Safari/537.36 (compatible; GoogleOther)"
74.80.208.56 - - [28/Sep/2024:15:43:57 +0200] "GET /%D8%AD%D8%B3%D8%A7%D9%85-%D8%B3%D8%A7%D9%84%D9%85-%D9%85%D8%AF%D9%8A%D8%B1-%D8%A7%D9%84%D8%AA%D9%85%D9%88%D9%8A%D9%86-%D8%A8%D8%B5%D9%86-%D8%A7%D9%8A%D8%B1-%D9%81%D9%8A-%D8%AC%D8%A8%D9%87%D8%A7/ HTTP/2" 200 46587 "-" "Mozilla/5.0 (compatible; ImagesiftBot; +imagesift.com)"
74.80.208.56 - - [28/Sep/2024:15:44:00 +0200] "GET /%D8%B9%D9%84%D9%85%D8%A7%D8%A1-%D9%8A%D9%83%D8%B4%D9%81%D9%88%D9%86-%D9%85%D9%81%D8%A7%D8%AC%D8%A3%D8%A9-%D8%B9%D9%86-%D8%B3%D8%A8%D8%A8-%D9%88%D9%81%D8%A7%D8%A9-%D8%A3%D8%B3%D8%B7%D9%88%D8%B1%D8%A9/ HTTP/2" 200 0 "-" "Mozilla/5.0 (compatible; ImagesiftBot; +imagesift.com)"
74.80.208.56 - - [28/Sep/2024:15:44:01 +0200] "GET /sitemap375.xml HTTP/2" 200 14555 "-" "Mozilla/5.0 (compatible; ImagesiftBot; +imagesift.com)"
74.80.208.56 - - [28/Sep/2024:15:44:02 +0200] "GET /tag/%D8%AD%D9%86%D8%A7%D9%86/ HTTP/2" 200 26739 "-" "Mozilla/5.0 (compatible; ImagesiftBot; +imagesift.com)"
178.236.247.6 - - [28/Sep/2024:15:44:12 +0200] "POST /74a7c9952328.php HTTP/1.1" 200 9 "-" "curl/7.86.0"
66.249.64.13 - - [28/Sep/2024:15:44:12 +0200] "GET /pneup/e1904748.html HTTP/1.1" 200 41662 "-" "Mozilla/5.0 (Linux; Android 6.0.1; Nexus 5X Build/MMB29P) AppleWebKit/537.36 (KHTML, like Gecko) Chrome/128.0.6613.137 Mobile Safari/537.36 (compatible; Googlebot/2.1; +http://www.google.com/bot.html)"
74.80.208.56 - - [28/Sep/2024:15:44:31 +0200] "GET /%D8%AD%D9%84%D9%8A%D9%85-%D8%B9%D8%A8%D8%A7%D8%B3-%D8%A7%D9%84%D8%B9%D8%A7%D8%A6%D9%82-%D8%A7%D9%84%D8%A3%D8%B3%D8%A7%D8%B3%D9%8A-%D8%A3%D9%85%D8%A7%D9%85-%D8%A7%D9%84%D8%AA%D9%88%D8%A7%D9%81%D9%82/ HTTP/2" 200 0 "-" "Mozilla/5.0 (compatible; ImagesiftBot; +imagesift.com)"
74.80.208.56 - - [28/Sep/2024:15:44:32 +0200] "GET /wp-json/wp/v2/posts/35203 HTTP/2" 200 3665 "-" "Mozilla/5.0 (compatible; ImagesiftBot; +imagesift.com)"
74.80.208.56 - - [28/Sep/2024:15:42:45 +0200] "GET /tag/%D9%88%D8%A3%D9%81%D8%B1%D9%8A%D9%82%D9%8A%D8%A7/ HTTP/2" 200 0 "-" "Mozilla/5.0 (compatible; ImagesiftBot; +imagesift.com)"
74.80.208.56 - - [28/Sep/2024:15:42:46 +0200] "GET /%D8%A7%D8%AC%D8%AA%D9%85%D8%A7%D8%B9-%D9%85%D9%81%D8%B5%D9%84%D9%8A-%D9%84%D8%A3%D8%B7%D8%B1%D8%A7%D9%81-%D8%A7%D9%84%D8%B9%D9%85%D9%84%D9%8A%D8%A9-%D8%A7%D9%84%D8%B3%D9%8A%D8%A7%D8%B3%D9%8A%D8%A9/ HTTP/2" 200 0 "-" "Mozilla/5.0 (compatible; ImagesiftBot; +imagesift.com)"
77.75.78.161 - - [28/Sep/2024:15:42:45 +0200] "GET /defen/k2167796.html HTTP/1.1" 404 20323 "-" "Mozilla/5.0 (compatible; SeznamBot/4.0; +http://napoveda.seznam.cz/seznambot-intro/)"
74.80.208.56 - - [28/Sep/2024:15:42:48 +0200] "GET /%D8%B4%D8%A7%D9%87%D8%AF-%D8%A8%D8%A7%D9%84%D9%81%D9%8A%D8%AF%D9%8A%D9%88-%D8%A7%D9%84%D9%81%D9%86%D8%A7%D9%86-%D8%A7%D9%84%D8%B3%D9%88%D8%AF%D8%A7%D9%86%D9%8A-%D8%A7%D9%84%D8%B0%D9%8A-%D8%A7%D8%B4/ HTTP/2" 200 19618 "-" "Mozilla/5.0 (compatible; ImagesiftBot; +imagesift.com)"
66.249.64.13 - - [28/Sep/2024:15:42:56 +0200] "GET /vdirm/n782909.html HTTP/1.1" 200 42831 "-" "Mozilla/5.0 (Linux; Android 6.0.1; Nexus 5X Build/MMB29P) AppleWebKit/537.36 (KHTML, like Gecko) Chrome/128.0.6613.137 Mobile Safari/537.36 (compatible; GoogleOther)"
74.80.208.56 - - [28/Sep/2024:15:43:17 +0200] "GET /tag/%D9%84%D8%B3%D8%A7%D9%86%D9%87%D8%A7/ HTTP/2" 200 24203 "-" "Mozilla/5.0 (compatible; ImagesiftBot; +imagesift.com)"
77.75.78.161 - - [28/Sep/2024:15:43:29 +0200] "GET /kdaef/p2361579.html HTTP/1.1" 404 20322 "-" "Mozilla/5.0 (compatible; SeznamBot/4.0; +http://napoveda.seznam.cz/seznambot-intro/)"
85.208.96.207 - - [28/Sep/2024:15:43:33 +0200] "GET /tag/%D9%8A%D8%B3%D8%AA%D9%82%D9%8A%D9%84/ HTTP/1.1" 403 0 "-" "Mozilla/5.0 (compatible; SemrushBot/7~bl; +http://www.semrush.com/bot.html)"
77.75.78.161 - - [28/Sep/2024:15:43:36 +0200] "GET /jrmia/d2412475.html HTTP/1.1" 404 20327 "-" "Mozilla/5.0 (compatible; SeznamBot/4.0; +http://napoveda.seznam.cz/seznambot-intro/)"
77.75.78.161 - - [28/Sep/2024:15:43:39 +0200] "GET /dgsbr/t3034645.html HTTP/1.1" 404 20328 "-" "Mozilla/5.0 (compatible; SeznamBot/4.0; +http://napoveda.seznam.cz/seznambot-intro/)"
135.181.9.38 - - [28/Sep/2024:15:43:41 +0200] "POST /wp-admin/admin-ajax.php?action=async_litespeed&nonce=fhm7wqq1a7GRA4G9sn5KRsBjIxO56YAY&litespeed_type=imgoptm HTTP/1.1" 200 21 "-" "WordPress/6.6.2; https://www.sudancam.net"
77.75.78.161 - - [28/Sep/2024:15:43:43 +0200] "GET /wyxjh/n2825001.html HTTP/1.1" 404 20323 "-" "Mozilla/5.0 (compatible; SeznamBot/4.0; +http://napoveda.seznam.cz/seznambot-intro/)"
77.75.78.161 - - [28/Sep/2024:15:43:45 +0200] "GET /ebxsm/d881101.html HTTP/1.1" 404 20320 "-" "Mozilla/5.0 (compatible; SeznamBot/4.0; +http://napoveda.seznam.cz/seznambot-intro/)"
3.147.80.100 - - [28/Sep/2024:15:43:46 +0200] "GET /wp-json/oembed/1.0//%22https:////www.sudancam.net//%d8%aa%d8%ad%d8%b0%d9%8a%d8%b1%d8%a7%d8%aa-%d9%85%d9%86-%d9%86%d9%81%d8%a7%d8%af-%d8%a7%d9%84%d8%a7%d9%85%d8%af%d8%a7%d8%af%d8%a7%d8%aa-%d8%a7%d9%84%d8%b7%d8%a8%d9%8a%d8%a9-%d8%a8%d8%a7%d9%84%d9%81//embed/ HTTP/2" 404 188 "-" "Mozilla/5.0 AppleWebKit/537.36 (KHTML, like Gecko; compatible; ClaudeBot/1.0; +claudebot@anthropic.com)"
77.75.78.161 - - [28/Sep/2024:15:43:48 +0200] "GET /hedtz/k553742.html HTTP/1.1" 404 20322 "-" "Mozilla/5.0 (compatible; SeznamBot/4.0; +http://napoveda.seznam.cz/seznambot-intro/)"
77.75.78.161 - - [28/Sep/2024:15:43:53 +0200] "GET /dbbti/c1571192.html HTTP/1.1" 404 20321 "-" "Mozilla/5.0 (compatible; SeznamBot/4.0; +http://napoveda.seznam.cz/seznambot-intro/)"
74.80.208.56 - - [28/Sep/2024:15:44:09 +0200] "GET /tag/%D8%AC%D8%A7%D9%85%D8%B9%D8%A9/ HTTP/2" 200 26382 "-" "Mozilla/5.0 (compatible; ImagesiftBot; +imagesift.com)"
135.181.9.38 - - [28/Sep/2024:15:44:34 +0200] "POST /wp-admin/admin-ajax.php?action=async_litespeed&nonce=8MaMgTNPPQ9khd0qFot0FL7h3rkWKIOs&litespeed_type=imgoptm HTTP/1.1" 200 21 "-" "WordPress/6.6.2; https://www.sudancam.net"
74.80.208.56 - - [28/Sep/2024:15:44:41 +0200] "GET /tag/%D9%88%D8%A7%D9%84%D8%A5%D8%AF%D8%A7%D8%B1%D9%8A/ HTTP/2" 200 35809 "-" "Mozilla/5.0 (compatible; ImagesiftBot; +imagesift.com)"
77.75.78.161 - - [28/Sep/2024:15:44:44 +0200] "GET /uvfkr/k1590128.html HTTP/1.1" 404 20323 "-" "Mozilla/5.0 (compatible; SeznamBot/4.0; +http://napoveda.seznam.cz/seznambot-intro/)"
74.80.208.56 - - [28/Sep/2024:15:44:47 +0200] "GET /tag/%D9%84%D8%B9%D9%85%D9%84%D9%8A%D8%A7%D8%AA/ HTTP/2" 200 0 "-" "Mozilla/5.0 (compatible; ImagesiftBot; +imagesift.com)"
74.80.208.56 - - [28/Sep/2024:15:44:47 +0200] "GET /%D9%85%D8%B9%D8%A7%D8%B1%D9%83-%D8%A8%D9%8A%D9%86-%D8%A7%D9%84%D8%AC%D9%8A%D8%B4-%D9%88%D8%A7%D9%84%D8%AF%D8%B9%D9%85-%D8%A7%D9%84%D8%B3%D8%B1%D9%8A%D8%B9-%D8%AF%D8%A7%D8%AE%D9%84-%D8%B3%D9%84%D8%A7/ HTTP/2" 200 33943 "-" "Mozilla/5.0 (compatible; ImagesiftBot; +imagesift.com)"
74.80.208.56 - - [28/Sep/2024:15:44:49 +0200] "GET /tag/%D8%AE%D9%8A%D8%A7%D9%84%D9%8A/ HTTP/2" 200 34794 "-" "Mozilla/5.0 (compatible; ImagesiftBot; +imagesift.com)"
74.80.208.56 - - [28/Sep/2024:15:44:50 +0200] "GET /tag/%D8%A7%D9%84%D8%AA%D8%A3%D8%B1%D9%8A%D8%AE/ HTTP/2" 200 23902 "-" "Mozilla/5.0 (compatible; ImagesiftBot; +imagesift.com)"
74.80.208.56 - - [28/Sep/2024:15:44:51 +0200] "GET /wp-json/wp/v2/tags/189 HTTP/2" 200 316 "-" "Mozilla/5.0 (compatible; ImagesiftBot; +imagesift.com)"
74.80.208.56 - - [28/Sep/2024:15:44:52 +0200] "GET /tag/%D9%85%D8%B9%D9%82%D9%84/ HTTP/2" 200 36884 "-" "Mozilla/5.0 (compatible; ImagesiftBot; +imagesift.com)"
74.80.208.56 - - [28/Sep/2024:15:44:53 +0200] "GET /tag/%D9%86%D8%AA%D8%B7%D9%84%D8%B9/ HTTP/2" 200 24899 "-" "Mozilla/5.0 (compatible; ImagesiftBot; +imagesift.com)"
74.80.208.56 - - [28/Sep/2024:15:44:54 +0200] "GET /wp-json/wp/v2/posts/12973 HTTP/2" 200 3396 "-" "Mozilla/5.0 (compatible; ImagesiftBot; +imagesift.com)"
74.80.208.56 - - [28/Sep/2024:15:44:56 +0200] "GET /%D8%A7%D9%84%D8%B3%D9%88%D8%AF%D8%A7%D9%86-%D9%85%D9%88%D8%B3%D9%85-%D8%A7%D9%84%D9%85%D9%84%D9%8A%D8%B4%D9%8A%D8%A7%D8%AA-%D8%A7%D9%84%D9%85%D8%AD%D9%84%D9%8A%D8%A9-%D8%A7%D9%84%D8%AC%D8%AF%D9%8A/ HTTP/2" 200 0 "-" "Mozilla/5.0 (compatible; ImagesiftBot; +imagesift.com)"
74.80.208.56 - - [28/Sep/2024:15:44:57 +0200] "GET /tag/%D8%A8%D8%A7%D9%84%D8%AA%D8%B5%D9%81%D9%8A%D8%A9/ HTTP/2" 200 23543 "-" "Mozilla/5.0 (compatible; ImagesiftBot; +imagesift.com)"
74.80.208.56 - - [28/Sep/2024:15:44:58 +0200] "GET /wp-json/wp/v2/posts/15778 HTTP/2" 200 2797 "-" "Mozilla/5.0 (compatible; ImagesiftBot; +imagesift.com)"
74.80.208.56 - - [28/Sep/2024:15:44:59 +0200] "GET /%D9%87%D8%A7%D8%AC%D8%B1-%D8%B3%D9%84%D9%8A%D9%85%D8%A7%D9%86-%D8%AA%D9%83%D8%AA%D8%A8-%D8%AA%D8%AC%D8%A7%D9%88%D8%B2%D8%A7%D8%AA-%D9%85%D8%B9%D8%AA%D9%85%D8%AF%D9%8A%D8%A9-%D8%A7%D9%84%D9%84%D8%A7/ HTTP/2" 200 34873 "-" "Mozilla/5.0 (compatible; ImagesiftBot; +imagesift.com)"
74.80.208.56 - - [28/Sep/2024:15:45:00 +0200] "GET /%D8%A7%D9%84%D8%B3%D9%88%D8%AF%D8%A7%D9%86-%D9%8A%D8%A8%D8%AF%D8%A3-%D8%AA%D8%B1%D8%AA%D9%8A%D8%A8%D8%A7%D8%AA-%D8%AA%D9%87%D9%8A%D8%A6%D8%A9-%D8%A7%D9%84%D9%85%D8%B9%D8%A7%D8%A8%D8%B1-%D9%88%D8%A7/ HTTP/2" 200 0 "-" "Mozilla/5.0 (compatible; ImagesiftBot; +imagesift.com)"
74.80.208.56 - - [28/Sep/2024:15:45:01 +0200] "GET /wp-json/wp/v2/tags/5376 HTTP/2" 200 0 "-" "Mozilla/5.0 (compatible; ImagesiftBot; +imagesift.com)"
74.80.208.56 - - [28/Sep/2024:15:45:02 +0200] "GET /%D9%88%D8%A7%D9%84%D9%8A-%D8%B4%D9%85%D8%A7%D9%84-%D9%83%D8%B1%D8%AF%D9%81%D8%A7%D9%86-%D9%8A%D8%A4%D9%83%D8%AF-%D8%AF%D9%88%D8%B1-%D8%A7%D9%84%D8%A5%D8%AF%D8%A7%D8%B1%D8%A9-%D8%A7%D9%84%D8%A3%D9%87/ HTTP/2" 200 0 "-" "Mozilla/5.0 (compatible; ImagesiftBot; +imagesift.com)"
74.80.208.56 - - [28/Sep/2024:15:45:03 +0200] "GET /%D8%AF%D8%A8%D8%A7%D8%A8%D9%8A%D8%B3-%D9%88%D8%AF%D8%A7%D9%84%D8%B4%D8%B1%D9%8A%D9%81-11/ HTTP/2" 200 44319 "-" "Mozilla/5.0 (compatible; ImagesiftBot; +imagesift.com)"
135.181.9.38 - - [28/Sep/2024:15:44:34 +0200] "POST /wp-cron.php?doing_wp_cron=1727531074.3389079570770263671875 HTTP/1.1" 200 0 "-" "WordPress/6.6.2; https://www.sudancam.net"
74.80.208.56 - - [28/Sep/2024:15:44:33 +0200] "GET /wp-json/wp/v2/tags/37382 HTTP/2" 200 327 "-" "Mozilla/5.0 (compatible; ImagesiftBot; +imagesift.com)"
74.80.208.56 - - [28/Sep/2024:15:44:34 +0200] "GET /tag/%D9%85%D9%81%D8%AA%D8%B1%D8%B6%D8%A9/ HTTP/2" 200 23684 "-" "Mozilla/5.0 (compatible; ImagesiftBot; +imagesift.com)"
74.80.208.56 - - [28/Sep/2024:15:44:36 +0200] "GET /wp-json/wp/v2/tags/4118 HTTP/2" 200 307 "-" "Mozilla/5.0 (compatible; ImagesiftBot; +imagesift.com)"
74.80.208.56 - - [28/Sep/2024:15:44:37 +0200] "GET /tag/%D8%A8%D8%A7%D9%84%D8%AC%D8%A7%D8%B2/ HTTP/2" 200 35793 "-" "Mozilla/5.0 (compatible; ImagesiftBot; +imagesift.com)"
77.75.78.161 - - [28/Sep/2024:15:44:57 +0200] "GET /zojys/a655418.html HTTP/1.1" 404 20328 "-" "Mozilla/5.0 (compatible; SeznamBot/4.0; +http://napoveda.seznam.cz/seznambot-intro/)"
