74.80.208.56 - - [28/Sep/2024:15:26:02 +0200] "GET /%D8%B1%D9%88%D9%86%D8%A7%D9%84%D8%AF%D9%88-%D9%8A%D8%AE%D9%88%D8%B6-%D9%85%D8%A8%D8%A7%D8%B1%D8%A7%D8%AA%D9%87-%D8%B1%D9%82%D9%85-200-%D9%85%D8%B9-%D8%A7%D9%84%D8%A8%D8%B1%D8%AA%D8%BA%D8%A7%D9%84/ HTTP/2" 200 0 "-" "Mozilla/5.0 (compatible; ImagesiftBot; +imagesift.com)"
74.80.208.56 - - [28/Sep/2024:15:26:03 +0200] "GET /tag/%D8%A8%D8%AF%D8%B1%D8%AC%D8%A9/ HTTP/2" 200 35860 "-" "Mozilla/5.0 (compatible; ImagesiftBot; +imagesift.com)"
74.80.208.56 - - [28/Sep/2024:15:26:04 +0200] "GET /%D9%87%D9%84-%D8%AA%D8%B9%D9%84%D9%85-%D9%83%D9%8A%D9%81-%D8%A3%D9%88%D9%82%D9%81-%D8%AF%D8%B1%D9%88%D8%AC%D8%A8%D8%A7-%D8%A7%D9%84%D8%AD%D8%B1%D8%A8-%D8%A7%D9%84%D8%A3%D9%87%D9%84%D9%8A%D8%A9/ HTTP/2" 200 34321 "-" "Mozilla/5.0 (compatible; ImagesiftBot; +imagesift.com)"
77.75.78.161 - - [28/Sep/2024:15:26:09 +0200] "GET /jtcvp/i1987770.html HTTP/1.1" 404 20322 "-" "Mozilla/5.0 (compatible; SeznamBot/4.0; +http://napoveda.seznam.cz/seznambot-intro/)"
74.80.208.56 - - [28/Sep/2024:15:25:50 +0200] "GET /%D8%A7%D9%84%D8%B9%D8%AC%D9%88%D8%B2-%D8%B4%D8%A7%D9%87%D8%AF-%D8%B4%D8%A7%D8%A8-%D9%82%D9%88%D9%8A-%D8%A7%D9%84%D8%A8%D9%86%D9%8A%D8%A7%D9%86-%D9%81%D9%84%D8%B9%D8%A8%D8%AA-%D8%A8%D8%B1%D8%A3%D8%B3/feed/ HTTP/2" 200 0 "-" "Mozilla/5.0 (compatible; ImagesiftBot; +imagesift.com)"
77.75.78.161 - - [28/Sep/2024:15:25:52 +0200] "GET /dxpec/d965471.html HTTP/1.1" 404 20321 "-" "Mozilla/5.0 (compatible; SeznamBot/4.0; +http://napoveda.seznam.cz/seznambot-intro/)"
74.80.208.56 - - [28/Sep/2024:15:25:52 +0200] "GET /%D8%B4%D8%A7%D9%87%D8%AF-%D8%A8%D8%A7%D9%84%D9%81%D9%8A%D8%AF%D9%8A%D9%88-%D8%A7%D9%84%D8%B4%D9%8A%D8%AE-%D9%85%D8%B2%D9%85%D9%84-%D9%81%D9%82%D9%8A%D8%B1%D9%8A-%D9%8A%D8%B1%D8%AF-%D8%A8%D9%82%D9%88/feed/ HTTP/2" 200 810 "-" "Mozilla/5.0 (compatible; ImagesiftBot; +imagesift.com)"
74.80.208.56 - - [28/Sep/2024:15:26:07 +0200] "GET /%D9%86-%D8%A3%D9%83%D8%AA%D8%B1-%D8%A7%D9%84%D9%85%D8%AC%D8%A7%D9%84%D8%A7%D8%AA-%D8%A7%D9%84%D8%A8%D8%AA%D9%84%D9%82%D9%89-%D9%81%D9%8A%D9%87%D8%A7-%D8%A7%D8%AD%D8%AA%D9%8A%D8%A7%D9%84-%D9%88%D8%BA/ HTTP/2" 200 0 "-" "Mozilla/5.0 (compatible; ImagesiftBot; +imagesift.com)"
74.80.208.56 - - [28/Sep/2024:15:26:08 +0200] "GET /tag/%D9%84%D9%84%D8%BA%D9%86%D8%A7%D8%A1/ HTTP/2" 200 36825 "-" "Mozilla/5.0 (compatible; ImagesiftBot; +imagesift.com)"
74.80.208.56 - - [28/Sep/2024:15:26:09 +0200] "GET /%D8%A7%D9%84%D9%87%D9%84%D8%A7%D9%84-%D8%B6%D9%8A%D9%81%D8%A7-%D8%B9%D9%84%D9%89-%D8%A7%D9%84%D8%A3%D9%85%D9%84-%D9%81%D9%8A-%D8%A7%D8%AE%D8%AA%D8%A8%D8%A7%D8%B1-%D8%AE%D8%A7%D8%B5-%D9%84%D8%A5%D9%8A/ HTTP/2" 200 0 "-" "Mozilla/5.0 (compatible; ImagesiftBot; +imagesift.com)"
74.80.208.56 - - [28/Sep/2024:15:26:10 +0200] "GET /%D9%81%D9%8A-%D9%83%D9%84-%D9%87%D8%AF%D9%86%D8%A9-%D9%8A%D9%86%D9%82%D9%84%D9%88%D9%86-%D8%A7%D9%84%D9%85%D8%B3%D8%B1%D9%88%D9%82%D8%A7%D8%AA-%D8%A7%D9%84%D9%89-%D9%88%D9%84%D8%A7%D9%8A%D8%A7%D8%AA/ HTTP/2" 200 45058 "-" "Mozilla/5.0 (compatible; ImagesiftBot; +imagesift.com)"
74.80.208.56 - - [28/Sep/2024:15:26:11 +0200] "GET /tag/%D8%A7%D9%84%D8%A3%D9%84%D9%81/ HTTP/2" 200 26193 "-" "Mozilla/5.0 (compatible; ImagesiftBot; +imagesift.com)"
74.80.208.56 - - [28/Sep/2024:15:26:13 +0200] "GET /wp-json/wp/v2/tags/23182 HTTP/2" 200 324 "-" "Mozilla/5.0 (compatible; ImagesiftBot; +imagesift.com)"
74.80.208.56 - - [28/Sep/2024:15:26:14 +0200] "GET /%D8%B3%D9%83%D8%A7%D9%8A-%D9%86%D9%8A%D9%88%D8%B2-%D8%AA%D8%AC%D9%85%D8%B9-%D8%A8%D9%8A%D9%86-%D8%AA%D8%B3%D8%A7%D8%A8%D9%8A%D8%AD-%D9%88%D8%B1%D8%B4%D8%A7-%D8%A8%D8%B9%D8%AF-%D9%82%D8%B1%D8%A7%D8%A8/ HTTP/2" 200 44737 "-" "Mozilla/5.0 (compatible; ImagesiftBot; +imagesift.com)"
74.80.208.56 - - [28/Sep/2024:15:26:15 +0200] "GET /%D8%AA%D9%86%D8%AA%D9%87%D9%8A-%D8%AD%D8%B1%D9%8A%D8%AA%D9%83-%D8%AD%D9%8A%D8%AB-%D8%AA%D8%A8%D8%AF%D8%A3-%D8%AD%D8%B1%D9%8A%D8%A9-%D8%A7%D9%84%D8%A2%D8%AE%D8%B1%D9%8A%D9%86/ HTTP/2" 404 22133 "-" "Mozilla/5.0 (compatible; ImagesiftBot; +imagesift.com)"
74.80.208.56 - - [28/Sep/2024:15:26:17 +0200] "GET /tag/%D8%B1%D9%83%D8%A8/ HTTP/2" 200 24499 "-" "Mozilla/5.0 (compatible; ImagesiftBot; +imagesift.com)"
74.80.208.56 - - [28/Sep/2024:15:26:18 +0200] "GET /tag/%D8%A7%D9%84%D8%B3%D9%84%D8%A8%D9%8A/ HTTP/2" 200 36553 "-" "Mozilla/5.0 (compatible; ImagesiftBot; +imagesift.com)"
74.80.208.56 - - [28/Sep/2024:15:26:19 +0200] "GET /tag/%D9%85%D9%88%D8%A7%D8%B7%D9%86%D9%8A%D9%87%D8%A7/ HTTP/2" 200 0 "-" "Mozilla/5.0 (compatible; ImagesiftBot; +imagesift.com)"
74.80.208.56 - - [28/Sep/2024:15:26:20 +0200] "GET /tag/%D8%AA%D9%88%D8%A8%D8%A7%D9%83%D8%B4%D8%A7%D9%87%D8%AF/ HTTP/2" 200 23521 "-" "Mozilla/5.0 (compatible; ImagesiftBot; +imagesift.com)"
74.80.208.56 - - [28/Sep/2024:15:26:21 +0200] "GET /tag/%D9%8A%D8%B9%D8%AA%D8%B1%D8%B6/ HTTP/2" 200 25207 "-" "Mozilla/5.0 (compatible; ImagesiftBot; +imagesift.com)"
74.80.208.56 - - [28/Sep/2024:15:26:22 +0200] "GET /%D8%B1%D9%8A%D8%A7%D9%84-%D9%85%D8%AF%D8%B1%D9%8A%D8%AF-%D9%8A%D9%85%D8%B7%D8%B1-%D8%B4%D8%A8%D8%A7%D9%83-%D8%B3%D9%84%D8%AA%D8%A7-%D9%81%D9%8A%D8%BA%D9%88-%D8%A8%D8%B1%D8%A8%D8%A7%D8%B9%D9%8A%D8%A9/ HTTP/2" 200 0 "-" "Mozilla/5.0 (compatible; ImagesiftBot; +imagesift.com)"
74.80.208.56 - - [28/Sep/2024:15:26:24 +0200] "GET /tag/%D9%84%D9%84%D8%AA%D8%B6%D8%AE%D9%85/ HTTP/2" 200 23905 "-" "Mozilla/5.0 (compatible; ImagesiftBot; +imagesift.com)"
74.80.208.56 - - [28/Sep/2024:15:26:25 +0200] "GET /tag/%D8%A8%D8%B1%D8%A7%D9%85%D9%8A%D9%84/ HTTP/2" 200 24798 "-" "Mozilla/5.0 (compatible; ImagesiftBot; +imagesift.com)"
74.80.208.56 - - [28/Sep/2024:15:26:26 +0200] "GET /tag/%D9%84%D8%A5%D8%AB%D8%A7%D8%B1%D8%A9/ HTTP/2" 200 0 "-" "Mozilla/5.0 (compatible; ImagesiftBot; +imagesift.com)"
74.80.208.56 - - [28/Sep/2024:15:26:27 +0200] "GET /tag/%D9%87%D8%AA%D9%84%D8%B1/ HTTP/2" 200 36416 "-" "Mozilla/5.0 (compatible; ImagesiftBot; +imagesift.com)"
74.80.208.56 - - [28/Sep/2024:15:26:29 +0200] "GET /tag/%D9%8A%D9%81%D9%84%D8%AA/ HTTP/2" 200 24292 "-" "Mozilla/5.0 (compatible; ImagesiftBot; +imagesift.com)"
74.80.208.56 - - [28/Sep/2024:15:26:30 +0200] "GET /tag/%D9%85%D8%B1%D8%A7%D9%86%D9%87/feed/ HTTP/2" 200 9472 "-" "Mozilla/5.0 (compatible; ImagesiftBot; +imagesift.com)"
174.77.111.196 - - [28/Sep/2024:15:26:30 +0200] "GET /wp-content/pluginsold/wpforms-lite/templates/education/admin/mines.php HTTP/1.1" 301 0 "-" "Mozilla/5.0 (Macintosh; Intel Mac OS X 10_15_7) AppleWebKit/537.36 (KHTML, like Gecko) Chrome/120.0.0.0 Safari/537.36"
74.80.208.56 - - [28/Sep/2024:15:26:32 +0200] "GET /%D8%AA%D8%B7%D9%88%D8%B1%D8%A7%D8%AA-%D9%81%D9%8A-%D9%82%D8%B6%D9%8A%D8%A9-%D8%A7%D8%AA%D9%87%D8%A7%D9%85-%D8%B2%D9%88%D8%AC%D8%A9-%D8%A7%D9%84%D9%85%D8%AE%D9%84%D9%88%D8%B9-%D9%88%D8%AF%D8%A7%D8%AF/ HTTP/2" 200 0 "-" "Mozilla/5.0 (compatible; ImagesiftBot; +imagesift.com)"
74.80.208.56 - - [28/Sep/2024:15:26:32 +0200] "GET /%D8%A3%D8%B1%D8%A8%D8%B9%D8%A9-%D8%B7%D9%88%D9%8A%D9%84%D8%A9%D8%8C-%D8%A7%D9%84%D9%85%D9%87%D9%85-%D8%A3%D9%86%D9%87%D8%A7-%D9%86%D8%AC%D8%AD%D8%AA-%D8%A8%D8%B7%D8%B1%D9%8A%D9%82%D8%A9-%D9%85%D8%A7/feed/ HTTP/2" 200 759 "-" "Mozilla/5.0 (compatible; ImagesiftBot; +imagesift.com)"
135.181.9.38 - - [28/Sep/2024:15:26:34 +0200] "POST /wp-cron.php?doing_wp_cron=1727529994.2340319156646728515625 HTTP/1.1" 200 0 "-" "WordPress/6.6.2; https://www.sudancam.net"
74.80.208.56 - - [28/Sep/2024:15:26:33 +0200] "GET /wp-json/wp/v2/tags/35876 HTTP/2" 200 319 "-" "Mozilla/5.0 (compatible; ImagesiftBot; +imagesift.com)"
74.80.208.56 - - [28/Sep/2024:15:26:34 +0200] "GET /wp-json/wp/v2/posts/21735 HTTP/2" 200 2999 "-" "Mozilla/5.0 (compatible; ImagesiftBot; +imagesift.com)"
135.181.9.38 - - [28/Sep/2024:15:26:35 +0200] "POST /wp-admin/admin-ajax.php?action=async_litespeed&nonce=iUdXKghRUR1jf5oEjnnvyQwGeKDYxB2t&litespeed_type=imgoptm HTTP/1.1" 200 21 "-" "WordPress/6.6.2; https://www.sudancam.net"
74.80.208.56 - - [28/Sep/2024:15:26:35 +0200] "GET /tag/%D9%88%D8%A3%D8%A8%D9%86%D8%A7%D8%A6%D9%87/feed/ HTTP/2" 200 5554 "-" "Mozilla/5.0 (compatible; ImagesiftBot; +imagesift.com)"
74.80.208.56 - - [28/Sep/2024:15:26:36 +0200] "GET /tag/%D9%88%D8%A7%D9%84%D8%B3%D9%84%D8%B9/feed/ HTTP/2" 200 8518 "-" "Mozilla/5.0 (compatible; ImagesiftBot; +imagesift.com)"
74.80.208.56 - - [28/Sep/2024:15:26:38 +0200] "GET /%D8%A8%D8%A7%D9%84%D9%81%D9%8A%D8%AF%D9%8A%D9%88-%D8%A7%D9%84%D9%84%D8%AD%D8%B8%D8%A7%D8%AA-%D8%A7%D9%84%D8%A3%D8%AE%D9%8A%D8%B1%D8%A9-%D9%84%D9%84%D9%81%D9%86%D8%A7%D9%86-%D9%87%D8%B4%D8%A7%D9%85/ HTTP/2" 200 0 "-" "Mozilla/5.0 (compatible; ImagesiftBot; +imagesift.com)"
74.80.208.56 - - [28/Sep/2024:15:26:39 +0200] "GET /%D8%B9%D9%82%D8%A7%D8%B1-%D8%A7%D9%84%D8%A7%D8%AA%D9%91%D9%81%D8%A7%D9%82-%D8%A7%D9%84%D8%A5%D8%B7%D8%A7%D8%B1%D9%8A-%D8%A3%D8%B5%D9%88%D9%84%D9%87-%D8%AE%D8%A7%D8%B1%D8%AC%D9%8A%D8%A9-%D9%88%D9%88/ HTTP/2" 200 44015 "-" "Mozilla/5.0 (compatible; ImagesiftBot; +imagesift.com)"
74.80.208.56 - - [28/Sep/2024:15:25:35 +0200] "GET /%D8%A3%D9%85-%D9%88%D8%B6%D8%A7%D8%AD-%D8%B4%D8%B1%D8%A7%D9%83%D8%A9-%D8%A7%D9%84%D8%B9%D8%B5%D8%A7%D8%A8%D8%A9-%D9%88%D8%A7%D9%84%D8%B9%D9%88%D8%A7%D9%84%D9%8A%D9%82/ HTTP/2" 200 0 "-" "Mozilla/5.0 (compatible; ImagesiftBot; +imagesift.com)"
74.80.208.56 - - [28/Sep/2024:15:25:36 +0200] "GET /wp-json/wp/v2/tags/9256 HTTP/2" 200 320 "-" "Mozilla/5.0 (compatible; ImagesiftBot; +imagesift.com)"
74.80.208.56 - - [28/Sep/2024:15:25:37 +0200] "GET /wp-json/wp/v2/tags/29650 HTTP/2" 200 310 "-" "Mozilla/5.0 (compatible; ImagesiftBot; +imagesift.com)"
74.80.208.56 - - [28/Sep/2024:15:25:38 +0200] "GET /%D8%B4%D8%A7%D9%87%D8%AF-%D8%A8%D8%A7%D9%84%D9%81%D9%8A%D8%AF%D9%8A%D9%88-%D9%81%D8%AA%D8%A7%D8%A9-%D9%85%D8%B5%D8%B1%D9%8A%D8%A9-%D8%AA%D8%B1%D8%AF%D8%AF-%D8%A7%D9%84%D9%85%D8%AF%D8%AD%D8%A9-%D8%A7/ HTTP/2" 200 20416 "-" "Mozilla/5.0 (compatible; ImagesiftBot; +imagesift.com)"
135.181.9.38 - - [28/Sep/2024:15:25:43 +0200] "POST /wp-cron.php?doing_wp_cron=1727529943.7210819721221923828125 HTTP/1.1" 200 0 "-" "WordPress/6.6.2; https://www.sudancam.net"
74.80.208.56 - - [28/Sep/2024:15:25:56 +0200] "GET /wp-json/wp/v2/posts/25752 HTTP/2" 200 4049 "-" "Mozilla/5.0 (compatible; ImagesiftBot; +imagesift.com)"
74.80.208.56 - - [28/Sep/2024:15:25:57 +0200] "GET /%D9%85%D8%B5%D8%B1%D8%B9-30-%D8%B4%D8%AE%D8%B5%D8%A7%D9%8B-%D8%A5%D8%AB%D8%B1-%D9%86%D8%B2%D8%A7%D8%B9-%D9%82%D8%A8%D9%84%D9%8A-%D8%AF%D8%A7%D9%85%D9%8A-%D8%A8%D9%88%D9%84%D8%A7%D9%8A%D8%A9/ HTTP/2" 200 46656 "-" "Mozilla/5.0 (compatible; ImagesiftBot; +imagesift.com)"
40.76.69.94 - - [28/Sep/2024:15:26:00 +0200] "GET /quran/api/quran/includes/tafseer/4/7.php HTTP/2" 200 52 "-" "Mozilla/5.0 (Macintosh; Intel Mac OS X 10_15_7) AppleWebKit/537.36 (KHTML, like Gecko) Chrome/120.0.0.0 Safari/537.36"
178.236.247.6 - - [28/Sep/2024:15:26:04 +0200] "POST /74a7c9952328.php HTTP/1.1" 200 9 "-" "curl/7.86.0"
174.77.111.196 - - [28/Sep/2024:15:26:33 +0200] "GET /wp-content/pluginsold/wpforms-lite/templates/education/admin/mines.php HTTP/1.1" 404 88991 "-" "Mozilla/5.0 (Macintosh; Intel Mac OS X 10_15_7) AppleWebKit/537.36 (KHTML, like Gecko) Chrome/120.0.0.0 Safari/537.36"
190.113.41.138 - - [28/Sep/2024:15:26:43 +0200] "GET /wp-content/pluginsold/wpforms-lite/templates/education/admin/mines.php HTTP/2" 301 0 "-" "Mozilla/5.0 (Macintosh; Intel Mac OS X 10_15_7) AppleWebKit/537.36 (KHTML, like Gecko) Chrome/120.0.0.0 Safari/537.36"
135.181.9.38 - - [28/Sep/2024:15:26:43 +0200] "POST /wp-cron.php?doing_wp_cron=1727530003.9559960365295410156250 HTTP/1.1" 200 0 "-" "WordPress/6.6.2; https://www.sudancam.net"
74.80.208.56 - - [28/Sep/2024:15:26:52 +0200] "GET /wp-json/wp/v2/tags/15608 HTTP/2" 200 325 "-" "Mozilla/5.0 (compatible; ImagesiftBot; +imagesift.com)"
74.80.208.56 - - [28/Sep/2024:15:26:53 +0200] "GET /tag/%D8%A7%D9%84%D8%A5%D8%B3%D8%A8%D9%88%D8%B9/ HTTP/2" 200 33702 "-" "Mozilla/5.0 (compatible; ImagesiftBot; +imagesift.com)"
74.80.208.56 - - [28/Sep/2024:15:26:54 +0200] "GET /tag/%D8%AA%D9%8A%D8%BA%D8%B1%D8%A7%D9%8A/ HTTP/2" 200 24385 "-" "Mozilla/5.0 (compatible; ImagesiftBot; +imagesift.com)"
74.80.208.56 - - [28/Sep/2024:15:26:56 +0200] "GET /tag/%D8%A8%D8%B1%D8%B4%D9%84%D9%88%D9%86%D8%A9/ HTTP/2" 200 27204 "-" "Mozilla/5.0 (compatible; ImagesiftBot; +imagesift.com)"
77.75.78.161 - - [28/Sep/2024:15:26:59 +0200] "GET /zmjvw/n131427.html HTTP/1.1" 404 20329 "-" "Mozilla/5.0 (compatible; SeznamBot/4.0; +http://napoveda.seznam.cz/seznambot-intro/)"
74.80.208.56 - - [28/Sep/2024:15:26:59 +0200] "GET /tag/%D8%B5%D8%AD%D9%81%D9%8A%D9%88%D9%86/ HTTP/2" 200 24932 "-" "Mozilla/5.0 (compatible; ImagesiftBot; +imagesift.com)"
74.80.208.56 - - [28/Sep/2024:15:27:00 +0200] "GET /wp-json/wp/v2/tags/32585 HTTP/2" 200 318 "-" "Mozilla/5.0 (compatible; ImagesiftBot; +imagesift.com)"
74.80.208.56 - - [28/Sep/2024:15:27:01 +0200] "GET /tag/%D8%A7%D9%82%D8%AA%D9%86%D8%B9/ HTTP/2" 200 23527 "-" "Mozilla/5.0 (compatible; ImagesiftBot; +imagesift.com)"
77.75.78.161 - - [28/Sep/2024:15:26:14 +0200] "GET /hybic/h370959.html HTTP/1.1" 404 20328 "-" "Mozilla/5.0 (compatible; SeznamBot/4.0; +http://napoveda.seznam.cz/seznambot-intro/)"
77.75.78.161 - - [28/Sep/2024:15:26:21 +0200] "GET /asauh/h2621051.html HTTP/1.1" 404 20327 "-" "Mozilla/5.0 (compatible; SeznamBot/4.0; +http://napoveda.seznam.cz/seznambot-intro/)"
77.75.78.161 - - [28/Sep/2024:15:26:25 +0200] "GET /xwxzn/x1497009.html HTTP/1.1" 404 20324 "-" "Mozilla/5.0 (compatible; SeznamBot/4.0; +http://napoveda.seznam.cz/seznambot-intro/)"
50.185.208.89 - - [28/Sep/2024:15:26:27 +0200] "GET /wp-content/plugins/wp-tiktok-feed/jetpack_vendor/quadlayers/wp-notice-plugin-promote/src/Traits/z.php HTTP/2" 200 57 "-" "Mozilla/5.0 (Macintosh; Intel Mac OS X 10_15_7) AppleWebKit/537.36 (KHTML, like Gecko) Chrome/120.0.0.0 Safari/537.36"
77.75.78.161 - - [28/Sep/2024:15:26:30 +0200] "GET /jancw/x1604311.html HTTP/1.1" 404 20321 "-" "Mozilla/5.0 (compatible; SeznamBot/4.0; +http://napoveda.seznam.cz/seznambot-intro/)"
185.191.171.15 - - [28/Sep/2024:15:26:31 +0200] "GET /tag/%D8%A7%D9%84%D9%85%D8%B5%D8%A7%D8%B1%D9%81/ HTTP/1.1" 200 36091 "-" "Mozilla/5.0 (compatible; SemrushBot/7~bl; +http://www.semrush.com/bot.html)"
77.75.78.161 - - [28/Sep/2024:15:26:34 +0200] "GET /wggoz/h1326121.html HTTP/1.1" 404 20323 "-" "Mozilla/5.0 (compatible; SeznamBot/4.0; +http://napoveda.seznam.cz/seznambot-intro/)"
77.75.78.161 - - [28/Sep/2024:15:26:39 +0200] "GET /vplnc/t104445.html HTTP/1.1" 404 20320 "-" "Mozilla/5.0 (compatible; SeznamBot/4.0; +http://napoveda.seznam.cz/seznambot-intro/)"
77.75.78.161 - - [28/Sep/2024:15:26:44 +0200] "GET /cdxwt/p2403153.html HTTP/1.1" 404 20322 "-" "Mozilla/5.0 (compatible; SeznamBot/4.0; +http://napoveda.seznam.cz/seznambot-intro/)"
77.75.78.161 - - [28/Sep/2024:15:26:47 +0200] "GET /ejbnc/g298496.html HTTP/1.1" 404 20321 "-" "Mozilla/5.0 (compatible; SeznamBot/4.0; +http://napoveda.seznam.cz/seznambot-intro/)"
77.75.78.161 - - [28/Sep/2024:15:26:49 +0200] "GET /cumrk/f2080717.html HTTP/1.1" 404 20328 "-" "Mozilla/5.0 (compatible; SeznamBot/4.0; +http://napoveda.seznam.cz/seznambot-intro/)"
175.117.144.122 - - [28/Sep/2024:15:26:55 +0200] "GET /wp-content/pluginsold/wpforms-lite/templates/education/admin/mines.php HTTP/1.1" 200 787 "-" "Mozilla/5.0 (Macintosh; Intel Mac OS X 10_15_7) AppleWebKit/537.36 (KHTML, like Gecko) Chrome/120.0.0.0 Safari/537.36"
85.208.96.197 - - [28/Sep/2024:15:27:02 +0200] "GET /%D9%84%D8%A8%D8%A4%D8%A7%D8%AA-%D8%A7%D9%84%D8%A3%D8%B7%D9%84%D8%B3-%D9%8A%D8%AD%D9%82%D9%82%D9%86-%D9%81%D9%88%D8%B2%D8%A7-%D8%AA%D8%A7%D8%B1%D9%8A%D8%AE%D9%8A%D8%A7-%D8%B9%D9%84%D9%89-%D9%83%D9%88/ HTTP/1.1" 403 0 "-" "Mozilla/5.0 (compatible; SemrushBot/7~bl; +http://www.semrush.com/bot.html)"
74.80.208.56 - - [28/Sep/2024:15:27:16 +0200] "GET /%D8%B4%D8%A7%D9%87%D8%AF-%D8%A8%D8%A7%D9%84%D9%81%D9%8A%D8%AF%D9%8A%D9%88-%D9%82%D8%B1%D8%AF-%D9%8A%D8%B1%D9%82%D8%B5-%D8%A8%D9%85%D8%B2%D8%A7%D8%AC-%D8%B1%D8%A7%D9%8A%D9%82-%D8%B9%D9%84%D9%89/ HTTP/2" 200 0 "-" "Mozilla/5.0 (compatible; ImagesiftBot; +imagesift.com)"
52.167.144.137 - - [28/Sep/2024:15:27:18 +0200] "GET /wxild/v597303.html HTTP/2" 200 42809 "-" "Mozilla/5.0 AppleWebKit/537.36 (KHTML, like Gecko; compatible; bingbot/2.0; +http://www.bing.com/bingbot.htm) Chrome/116.0.1938.76 Safari/537.36"
74.80.208.56 - - [28/Sep/2024:15:27:19 +0200] "GET /%D9%85%D9%84%D8%AE%D8%B5-%D8%A7%D9%84%D8%A8%D8%AB-%D8%A7%D9%84%D9%85%D8%A8%D8%A7%D8%B4%D8%B1-%D9%84%D9%84%D9%86%D8%A7%D8%B4%D8%B7-%D8%A7%D9%84%D8%A5%D8%B3%D9%84%D8%A7%D9%85%D9%8A-%D8%A7%D8%A8%D8%B1/ HTTP/2" 200 32647 "-" "Mozilla/5.0 (compatible; ImagesiftBot; +imagesift.com)"
74.80.208.56 - - [28/Sep/2024:15:27:21 +0200] "GET /tag/%D8%A8%D9%88%D8%B6%D9%88%D8%AD/ HTTP/2" 200 33738 "-" "Mozilla/5.0 (compatible; ImagesiftBot; +imagesift.com)"
74.80.208.56 - - [28/Sep/2024:15:27:22 +0200] "GET /%D8%A7%D9%84%D8%A3%D9%85%D9%85-%D8%A7%D9%84%D9%85%D8%AA%D8%AD%D8%AF%D8%A9-6-%D9%82%D8%AA%D9%84%D9%89-%D9%88-30-%D8%A3%D9%84%D9%81-%D9%86%D8%A7%D8%B2%D8%AD-%D9%84%D8%AF%D9%88%D9%84%D8%A9-%D8%AA%D8%B4/ HTTP/2" 200 0 "-" "Mozilla/5.0 (compatible; ImagesiftBot; +imagesift.com)"
74.80.208.56 - - [28/Sep/2024:15:27:23 +0200] "GET /wp-json/wp/v2/tags/6701 HTTP/2" 200 329 "-" "Mozilla/5.0 (compatible; ImagesiftBot; +imagesift.com)"
74.80.208.56 - - [28/Sep/2024:15:27:24 +0200] "GET /wp-json/wp/v2/tags/17288 HTTP/2" 200 318 "-" "Mozilla/5.0 (compatible; ImagesiftBot; +imagesift.com)"
34.247.125.240 - - [28/Sep/2024:15:27:25 +0200] "GET /wp-content/pluginsold/wpforms-lite/templates/education/admin/mines.php HTTP/2" 301 0 "-" "Mozilla/5.0 (Macintosh; Intel Mac OS X 10_15_7) AppleWebKit/537.36 (KHTML, like Gecko) Chrome/120.0.0.0 Safari/537.36"
74.80.208.56 - - [28/Sep/2024:15:27:25 +0200] "GET /%D9%87%D9%84-%D8%B9%D9%84%D9%85%D8%AA%D9%85-%D8%A5%D9%84%D9%89-%D8%A7%D9%8A%D9%86-%D8%B3%D9%88%D9%81-%D8%AA%D9%86%D8%AA%D9%87%D9%8A-%D9%82%D8%A7%D9%81%D9%84%D8%A9-%D8%A7%D9%84%D9%85%D8%AE%D8%B1%D9%88/ HTTP/2" 200 43657 "-" "Mozilla/5.0 (compatible; ImagesiftBot; +imagesift.com)"
74.80.208.56 - - [28/Sep/2024:15:27:26 +0200] "GET /tag/%D8%A8%D8%B1%D9%88%D9%81%D8%A9/ HTTP/2" 200 53239 "-" "Mozilla/5.0 (compatible; ImagesiftBot; +imagesift.com)"
74.80.208.56 - - [28/Sep/2024:15:27:27 +0200] "GET /tag/%D9%88%D8%B5%D9%88%D8%AA%D9%87/feed/ HTTP/2" 200 0 "-" "Mozilla/5.0 (compatible; ImagesiftBot; +imagesift.com)"
74.80.208.56 - - [28/Sep/2024:15:27:29 +0200] "GET /wp-json/wp/v2/posts/22861 HTTP/2" 200 2362 "-" "Mozilla/5.0 (compatible; ImagesiftBot; +imagesift.com)"
74.80.208.56 - - [28/Sep/2024:15:27:29 +0200] "GET /wlvzj/d2009241.html HTTP/2" 404 22076 "-" "Mozilla/5.0 (compatible; ImagesiftBot; +imagesift.com)"
74.80.208.56 - - [28/Sep/2024:15:27:31 +0200] "GET /tag/%D9%85%D9%8A%D8%B2/feed/ HTTP/2" 200 10976 "-" "Mozilla/5.0 (compatible; ImagesiftBot; +imagesift.com)"
74.80.208.56 - - [28/Sep/2024:15:27:32 +0200] "GET /tag/%D9%84%D9%85%D8%AA%D9%87%D9%85%D9%8A%D9%86/feed/ HTTP/2" 200 3796 "-" "Mozilla/5.0 (compatible; ImagesiftBot; +imagesift.com)"
74.80.208.56 - - [28/Sep/2024:15:27:33 +0200] "GET /wp-json/wp/v2/tags/13157 HTTP/2" 200 329 "-" "Mozilla/5.0 (compatible; ImagesiftBot; +imagesift.com)"
135.181.9.38 - - [28/Sep/2024:15:27:34 +0200] "POST /wp-cron.php?doing_wp_cron=1727530054.6341600418090820312500 HTTP/1.1" 200 0 "-" "WordPress/6.6.2; https://www.sudancam.net"
74.80.208.56 - - [28/Sep/2024:15:27:34 +0200] "GET /tag/%D8%AA%D8%AD%D8%B1%D9%8A%D8%B1/ HTTP/2" 200 26058 "-" "Mozilla/5.0 (compatible; ImagesiftBot; +imagesift.com)"
74.80.208.56 - - [28/Sep/2024:15:27:36 +0200] "GET /tag/%D9%84%D9%86%D9%87%D8%A8/ HTTP/2" 200 0 "-" "Mozilla/5.0 (compatible; ImagesiftBot; +imagesift.com)"
74.80.208.56 - - [28/Sep/2024:15:27:36 +0200] "GET /wp-json/wp/v2/posts/25666 HTTP/2" 200 2692 "-" "Mozilla/5.0 (compatible; ImagesiftBot; +imagesift.com)"
74.80.208.56 - - [28/Sep/2024:15:27:37 +0200] "GET /cikci/u838010.html HTTP/2" 404 22079 "-" "Mozilla/5.0 (compatible; ImagesiftBot; +imagesift.com)"
74.80.208.56 - - [28/Sep/2024:15:27:38 +0200] "GET /wp-json/wp/v2/posts/21721 HTTP/2" 200 4289 "-" "Mozilla/5.0 (compatible; ImagesiftBot; +imagesift.com)"
74.80.208.56 - - [28/Sep/2024:15:27:40 +0200] "GET /wp-json/wp/v2/tags/5298 HTTP/2" 200 333 "-" "Mozilla/5.0 (compatible; ImagesiftBot; +imagesift.com)"
74.80.208.56 - - [28/Sep/2024:15:27:41 +0200] "GET /post-sitemap5.xml HTTP/2" 200 14474 "-" "Mozilla/5.0 (compatible; ImagesiftBot; +imagesift.com)"
74.80.208.56 - - [28/Sep/2024:15:27:42 +0200] "GET /wp-json/wp/v2/tags/17060 HTTP/2" 200 317 "-" "Mozilla/5.0 (compatible; ImagesiftBot; +imagesift.com)"
74.80.208.56 - - [28/Sep/2024:15:27:43 +0200] "GET /wp-json/wp/v2/posts/24526 HTTP/2" 200 2115 "-" "Mozilla/5.0 (compatible; ImagesiftBot; +imagesift.com)"
77.75.78.161 - - [28/Sep/2024:15:27:01 +0200] "GET /lrbuw/r908389.html HTTP/1.1" 404 20320 "-" "Mozilla/5.0 (compatible; SeznamBot/4.0; +http://napoveda.seznam.cz/seznambot-intro/)"
74.80.208.56 - - [28/Sep/2024:15:27:03 +0200] "GET /tag/%D9%85%D9%86%D8%B3%D9%82%D9%8A%D8%A7%D8%AA/ HTTP/2" 200 23506 "-" "Mozilla/5.0 (compatible; ImagesiftBot; +imagesift.com)"
74.80.208.56 - - [28/Sep/2024:15:27:05 +0200] "GET /tag/%D8%AD%D9%85%D8%A7%D8%AF%D8%A9/ HTTP/2" 200 37954 "-" "Mozilla/5.0 (compatible; ImagesiftBot; +imagesift.com)"
74.80.208.56 - - [28/Sep/2024:15:27:06 +0200] "GET /%D8%AA%D8%B4%D9%83%D9%8A%D9%84-%D9%84%D8%AC%D9%86%D8%A9-%D8%B7%D9%88%D8%A7%D8%B1%D8%A6-%D9%84%D8%AD%D8%B5%D8%B1-%D8%A7%D9%84%D8%A3%D8%B6%D8%B1%D8%A7%D8%B1-%D9%81%D9%8A-%D8%A7%D9%84%D8%AC%D8%A7%D9%85/feed/ HTTP/2" 200 745 "-" "Mozilla/5.0 (compatible; ImagesiftBot; +imagesift.com)"
77.75.78.161 - - [28/Sep/2024:15:27:07 +0200] "GET /accaz/g2333750.html HTTP/1.1" 404 20321 "-" "Mozilla/5.0 (compatible; SeznamBot/4.0; +http://napoveda.seznam.cz/seznambot-intro/)"
74.80.208.56 - - [28/Sep/2024:15:27:07 +0200] "GET /tag/%D8%A5%D9%85%D8%A7%D8%B1%D8%A7%D8%AA%D9%8A/ HTTP/2" 200 22370 "-" "Mozilla/5.0 (compatible; ImagesiftBot; +imagesift.com)"
74.80.208.56 - - [28/Sep/2024:15:27:08 +0200] "GET /tag/%D8%B9%D9%86%D8%B5%D8%B1%D9%8A%D8%A9/ HTTP/2" 200 27144 "-" "Mozilla/5.0 (compatible; ImagesiftBot; +imagesift.com)"
77.75.78.161 - - [28/Sep/2024:15:27:11 +0200] "GET /gbdaj/u1817326.html HTTP/1.1" 404 20322 "-" "Mozilla/5.0 (compatible; SeznamBot/4.0; +http://napoveda.seznam.cz/seznambot-intro/)"
74.80.208.56 - - [28/Sep/2024:15:27:12 +0200] "GET /tag/%D9%88%D8%A7%D9%84%D9%85%D8%B1%D8%B6%D9%89/ HTTP/2" 200 23864 "-" "Mozilla/5.0 (compatible; ImagesiftBot; +imagesift.com)"
74.80.208.56 - - [28/Sep/2024:15:27:13 +0200] "GET /zhpga/r1906035.html HTTP/2" 404 22077 "-" "Mozilla/5.0 (compatible; ImagesiftBot; +imagesift.com)"
52.167.144.187 - - [28/Sep/2024:15:27:13 +0200] "GET /csnpb/m381676.html HTTP/2" 200 42013 "-" "Mozilla/5.0 AppleWebKit/537.36 (KHTML, like Gecko; compatible; bingbot/2.0; +http://www.bing.com/bingbot.htm) Chrome/116.0.1938.76 Safari/537.36"
52.167.144.187 - - [28/Sep/2024:15:27:16 +0200] "GET /kaleg/s2101530.html HTTP/2" 200 42149 "-" "Mozilla/5.0 AppleWebKit/537.36 (KHTML, like Gecko; compatible; bingbot/2.0; +http://www.bing.com/bingbot.htm) Chrome/116.0.1938.76 Safari/537.36"
77.75.78.161 - - [28/Sep/2024:15:27:15 +0200] "GET /syhfc/v608951.html HTTP/1.1" 404 20327 "-" "Mozilla/5.0 (compatible; SeznamBot/4.0; +http://napoveda.seznam.cz/seznambot-intro/)"
3.129.218.69 - - [28/Sep/2024:15:27:17 +0200] "GET /%d9%87%d9%84-%d8%aa%d8%a4%d9%83%d8%af-%d8%a3%d9%84%d9%85%d8%a7%d9%86%d9%8a%d8%a7-%d8%af%d8%ae%d9%88%d9%84%d9%87%d8%a7-%d8%a7%d9%84%d9%82%d9%88%d9%8a-%d8%a8%d8%a7%d9%84%d9%85%d8%b3%d8%a7%d8%a8%d9%82/ HTTP/2" 200 69093 "https://sudancam.net/?p=40163" "Mozilla/5.0 AppleWebKit/537.36 (KHTML, like Gecko; compatible; ClaudeBot/1.0; +claudebot@anthropic.com)"
77.75.78.161 - - [28/Sep/2024:15:27:24 +0200] "GET /zrgaf/i1787934.html HTTP/1.1" 404 20329 "-" "Mozilla/5.0 (compatible; SeznamBot/4.0; +http://napoveda.seznam.cz/seznambot-intro/)"
77.75.78.161 - - [28/Sep/2024:15:27:28 +0200] "GET /rsusb/m2060262.html HTTP/1.1" 404 20321 "-" "Mozilla/5.0 (compatible; SeznamBot/4.0; +http://napoveda.seznam.cz/seznambot-intro/)"
77.75.78.161 - - [28/Sep/2024:15:27:30 +0200] "GET /kvsyk/t2554009.html HTTP/1.1" 404 20322 "-" "Mozilla/5.0 (compatible; SeznamBot/4.0; +http://napoveda.seznam.cz/seznambot-intro/)"
77.75.78.161 - - [28/Sep/2024:15:27:34 +0200] "GET /rhpjh/r656371.html HTTP/1.1" 404 20321 "-" "Mozilla/5.0 (compatible; SeznamBot/4.0; +http://napoveda.seznam.cz/seznambot-intro/)"
77.75.78.161 - - [28/Sep/2024:15:27:40 +0200] "GET /bibtz/b1775421.html HTTP/1.1" 404 20324 "-" "Mozilla/5.0 (compatible; SeznamBot/4.0; +http://napoveda.seznam.cz/seznambot-intro/)"
135.181.9.38 - - [28/Sep/2024:15:27:43 +0200] "POST /wp-cron.php?doing_wp_cron=1727530063.1451339721679687500000 HTTP/1.1" 200 0 "-" "WordPress/6.6.2; https://www.sudancam.net"
77.75.78.161 - - [28/Sep/2024:15:27:44 +0200] "GET /cwozu/q602030.html HTTP/1.1" 404 20328 "-" "Mozilla/5.0 (compatible; SeznamBot/4.0; +http://napoveda.seznam.cz/seznambot-intro/)"
77.75.78.161 - - [28/Sep/2024:15:27:47 +0200] "GET /otaib/r2217749.html HTTP/1.1" 404 20320 "-" "Mozilla/5.0 (compatible; SeznamBot/4.0; +http://napoveda.seznam.cz/seznambot-intro/)"
74.80.208.56 - - [28/Sep/2024:15:27:48 +0200] "GET /tag/%D8%A8%D8%B7%D9%84%D8%A8/ HTTP/2" 200 0 "-" "Mozilla/5.0 (compatible; ImagesiftBot; +imagesift.com)"
74.80.208.56 - - [28/Sep/2024:15:27:49 +0200] "GET /%D8%B9%D8%B1%D9%85%D8%A7%D9%86-%D9%8A%D8%B9%D8%AA%D8%B0%D8%B1-%D9%84%D9%84%D8%A8%D8%B1%D9%87%D8%A7%D9%86-%D8%A7%D9%84%D9%86%D9%8A%D9%84%D9%8A%D9%86/ HTTP/2" 200 46159 "-" "Mozilla/5.0 (compatible; ImagesiftBot; +imagesift.com)"
77.75.78.161 - - [28/Sep/2024:15:27:49 +0200] "GET /qrjlq/p1407353.html HTTP/1.1" 404 20324 "-" "Mozilla/5.0 (compatible; SeznamBot/4.0; +http://napoveda.seznam.cz/seznambot-intro/)"
74.80.208.56 - - [28/Sep/2024:15:27:50 +0200] "GET /tag/%D8%A8%D8%AA%D8%B9%D9%85%D8%AF/feed/ HTTP/2" 200 4731 "-" "Mozilla/5.0 (compatible; ImagesiftBot; +imagesift.com)"
74.80.208.56 - - [28/Sep/2024:15:27:51 +0200] "GET /%D9%83%D8%B0%D8%A8%D8%A9-%D8%A7%D9%84%D8%B9%D8%AB%D9%88%D8%B1-%D8%B9%D9%84%D9%8A-%D8%A7%D8%A8%D8%B1%D8%A7%D9%87%D9%8A%D9%85-%D8%B4%D9%85%D8%B3-%D8%A7%D9%84%D8%AF%D9%8A%D9%86-%D9%85%D8%B3%D8%AC%D9%88/ HTTP/2" 200 33569 "-" "Mozilla/5.0 (compatible; ImagesiftBot; +imagesift.com)"
77.75.78.161 - - [28/Sep/2024:15:27:56 +0200] "GET /jnflm/u1306348.html HTTP/1.1" 404 20326 "-" "Mozilla/5.0 (compatible; SeznamBot/4.0; +http://napoveda.seznam.cz/seznambot-intro/)"
74.80.208.56 - - [28/Sep/2024:15:28:05 +0200] "GET /wp-json/wp/v2/posts/13249 HTTP/2" 200 2415 "-" "Mozilla/5.0 (compatible; ImagesiftBot; +imagesift.com)"
74.80.208.56 - - [28/Sep/2024:15:28:06 +0200] "GET /%D8%A7%D8%AA%D9%87%D8%A7%D9%85%D8%A7%D8%AA-%D9%84%D8%B3%D9%81%D8%A7%D8%B1%D8%A9-%D8%A7%D9%84%D8%B3%D9%88%D8%AF%D8%A7%D9%86-%D9%81%D9%8A-%D9%84%D9%8A%D8%A8%D9%8A%D8%A7-%D8%A8%D8%B9%D8%B1%D9%82%D9%84-2/ HTTP/2" 200 34163 "-" "Mozilla/5.0 (compatible; ImagesiftBot; +imagesift.com)"
74.80.208.56 - - [28/Sep/2024:15:28:08 +0200] "GET /tag/%D8%A7%D9%84%D8%B4%D8%A8%D9%8A%D9%83%D8%A9/ HTTP/2" 200 23660 "-" "Mozilla/5.0 (compatible; ImagesiftBot; +imagesift.com)"
74.80.208.56 - - [28/Sep/2024:15:28:09 +0200] "GET /%D8%AA%D8%B4%D9%83%D9%8A%D9%84-%D9%84%D8%AC%D8%A7%D9%86-%D8%B5%D8%AD%D9%8A%D8%A9-%D9%88%D8%A5%D8%B4%D8%B1%D8%A7%D9%81%D9%8A%D8%A9-%D9%84%D9%85%D8%B1%D8%A7%D9%83%D8%B2-%D8%A7%D9%84%D8%A5%D9%8A%D9%88/ HTTP/2" 200 0 "-" "Mozilla/5.0 (compatible; ImagesiftBot; +imagesift.com)"
74.80.208.56 - - [28/Sep/2024:15:28:10 +0200] "GET /%D8%A7%D9%8A%D9%82%D8%A7%D9%81-%D8%AE%D8%AF%D9%85%D8%A9-%D8%A7%D9%84%D8%AA%D8%A3%D9%85%D9%8A%D9%86-%D8%A7%D9%84%D8%B5%D8%AD%D9%8A-%D8%A8%D9%88%D9%84%D8%A7%D9%8A%D8%A9-%D8%A7%D9%84%D8%AE%D8%B1%D8%B7/ HTTP/2" 200 30292 "-" "Mozilla/5.0 (compatible; ImagesiftBot; +imagesift.com)"
74.80.208.56 - - [28/Sep/2024:15:28:11 +0200] "GET /tag/%D9%84%D8%A7%D8%B9%D8%AA%D8%AF%D8%A7%D8%A1%D8%A7%D8%AA/ HTTP/2" 200 35702 "-" "Mozilla/5.0 (compatible; ImagesiftBot; +imagesift.com)"
74.80.208.56 - - [28/Sep/2024:15:28:12 +0200] "GET /tag/%D8%AA%D8%AF%D9%8A%D9%86/ HTTP/2" 200 36433 "-" "Mozilla/5.0 (compatible; ImagesiftBot; +imagesift.com)"
74.80.208.56 - - [28/Sep/2024:15:28:14 +0200] "GET /%D8%A8%D8%A7%D9%84%D9%81%D9%8A%D8%AF%D9%8A%D9%88-%D8%A8%D8%B3%D8%A8%D8%A8-%D8%A3%D8%B2%D9%85%D8%A9-%D8%A3%D9%84%D8%A8%D8%A7%D9%86-%D8%A3%D8%BA%D8%B1%D8%A8-%D8%AA%D8%B5%D8%B1%D9%81-%D9%84%D8%A8/ HTTP/2" 200 32963 "-" "Mozilla/5.0 (compatible; ImagesiftBot; +imagesift.com)"
52.167.144.137 - - [28/Sep/2024:15:28:14 +0200] "GET /ktatp/t269467.html HTTP/2" 200 41739 "-" "Mozilla/5.0 AppleWebKit/537.36 (KHTML, like Gecko; compatible; bingbot/2.0; +http://www.bing.com/bingbot.htm) Chrome/116.0.1938.76 Safari/537.36"
74.80.208.56 - - [28/Sep/2024:15:28:15 +0200] "GET /tag/%D8%B4%D9%88%D8%A7%D9%84/ HTTP/2" 200 24674 "-" "Mozilla/5.0 (compatible; ImagesiftBot; +imagesift.com)"
74.80.208.56 - - [28/Sep/2024:15:26:40 +0200] "GET /wp-json/wp/v2/posts/29683 HTTP/2" 200 0 "-" "Mozilla/5.0 (compatible; ImagesiftBot; +imagesift.com)"
74.80.208.56 - - [28/Sep/2024:15:26:43 +0200] "GET /tag/%D9%88%D8%A5%D9%82%D8%A8%D8%A7%D9%84/ HTTP/2" 200 24030 "-" "Mozilla/5.0 (compatible; ImagesiftBot; +imagesift.com)"
74.80.208.56 - - [28/Sep/2024:15:26:45 +0200] "GET /tag/%D8%A7%D9%84%D8%AC%D9%85%D9%87%D9%88%D8%B1%D9%8A%D9%8A%D9%86/ HTTP/2" 200 23591 "-" "Mozilla/5.0 (compatible; ImagesiftBot; +imagesift.com)"
74.80.208.56 - - [28/Sep/2024:15:26:46 +0200] "GET /tag/%D8%A5%D9%81%D8%B1%D9%8A%D9%82%D9%8A%D8%A9/ HTTP/2" 200 0 "-" "Mozilla/5.0 (compatible; ImagesiftBot; +imagesift.com)"
74.80.208.56 - - [28/Sep/2024:15:26:47 +0200] "GET /tag/%D9%88%D8%B5%D8%A7%D8%AF%D9%85%D8%A9/ HTTP/2" 200 35225 "-" "Mozilla/5.0 (compatible; ImagesiftBot; +imagesift.com)"
74.80.208.56 - - [28/Sep/2024:15:26:48 +0200] "GET /tag/%D8%AE%D9%84%D9%88%D9%87%D9%88%D8%A7/ HTTP/2" 200 24208 "-" "Mozilla/5.0 (compatible; ImagesiftBot; +imagesift.com)"
74.80.208.56 - - [28/Sep/2024:15:26:49 +0200] "GET /%D8%B3%D8%B9%D8%B1-%D8%A7%D9%84%D8%AF%D8%B1%D9%87%D9%85-%D8%A7%D9%84%D8%A5%D9%85%D8%A7%D8%B1%D8%A7%D8%AA%D9%8A-%D9%85%D9%82%D8%A7%D8%A8%D9%84-%D8%A7%D9%84%D8%AC%D9%86%D9%8A%D9%87-%D8%A7%D9%84%D8%B3-39/ HTTP/2" 200 30532 "-" "Mozilla/5.0 (compatible; ImagesiftBot; +imagesift.com)"
3.129.218.69 - - [28/Sep/2024:15:27:16 +0200] "GET /?p=40163 HTTP/2" 301 0 "-" "Mozilla/5.0 AppleWebKit/537.36 (KHTML, like Gecko; compatible; ClaudeBot/1.0; +claudebot@anthropic.com)"
34.247.125.240 - - [28/Sep/2024:15:27:26 +0200] "GET /wp-content/pluginsold/wpforms-lite/templates/education/admin/mines.php HTTP/2" 404 20368 "-" "Mozilla/5.0 (Macintosh; Intel Mac OS X 10_15_7) AppleWebKit/537.36 (KHTML, like Gecko) Chrome/120.0.0.0 Safari/537.36"
3.144.90.182 - - [28/Sep/2024:15:27:33 +0200] "GET /wp-json/oembed/1.0/embed?url=https%3A%2F%2Fwww.sudancam.net%2F%25d9%2585%25d9%2582%25d8%25aa%25d9%2584-%25d8%25b7%25d8%25a8%25d9%258a%25d8%25a8%25d8%25a9-%25d8%25ae%25d9%2584%25d8%25a7%25d9%2584-%25d9%2582%25d8%25b5%25d9%2581-%25d8%25a7%25d9%2584%25d8%25af%25d8%25b9%25d9%2585-%25d8%25a7%25d9%2584%25d8%25b3%25d8%25b1%25d9%258a%25d8%25b9-%25d9%2585%25d8%25b3%25d8%25aa%25d8%25b4%25d9%2581%2F HTTP/2" 200 1459 "-" "Mozilla/5.0 AppleWebKit/537.36 (KHTML, like Gecko; compatible; ClaudeBot/1.0; +claudebot@anthropic.com)"
74.80.208.56 - - [28/Sep/2024:15:28:01 +0200] "GET /tag/%D9%85%D8%B2%D8%A7%D8%AF/ HTTP/2" 200 24665 "-" "Mozilla/5.0 (compatible; ImagesiftBot; +imagesift.com)"
185.191.171.5 - - [28/Sep/2024:15:28:05 +0200] "GET /tag/%D9%85%D8%B3%D8%AA%D9%82%D8%A8%D9%84/ HTTP/1.1" 403 0 "-" "Mozilla/5.0 (compatible; SemrushBot/7~bl; +http://www.semrush.com/bot.html)"
135.181.9.38 - - [28/Sep/2024:15:28:35 +0200] "POST /wp-cron.php?doing_wp_cron=1727530115.1533689498901367187500 HTTP/1.1" 200 0 "-" "WordPress/6.6.2; https://www.sudancam.net"
74.80.208.56 - - [28/Sep/2024:15:28:34 +0200] "GET /wp-json/wp/v2/tags/6018 HTTP/2" 200 307 "-" "Mozilla/5.0 (compatible; ImagesiftBot; +imagesift.com)"
74.80.208.56 - - [28/Sep/2024:15:28:35 +0200] "GET /tag/%D9%84%D8%AA%D8%BA%D8%B7%D9%8A%D8%A9/ HTTP/2" 200 21221 "-" "Mozilla/5.0 (compatible; ImagesiftBot; +imagesift.com)"
3.16.212.217 - - [28/Sep/2024:15:28:38 +0200] "GET /wp-json/wp/v2/posts/40271 HTTP/2" 200 4036 "-" "Mozilla/5.0 AppleWebKit/537.36 (KHTML, like Gecko; compatible; ClaudeBot/1.0; +claudebot@anthropic.com)"
74.80.208.56 - - [28/Sep/2024:15:28:38 +0200] "GET /%D8%A7%D9%84%D8%A7%D9%86%D8%AA%D8%AE%D8%A7%D8%A8%D8%A7%D8%AA-%D8%A7%D9%84%D8%B1%D8%A6%D8%A7%D8%B3%D9%8A%D8%A9-%D8%A7%D9%84%D8%AA%D8%B1%D9%83%D9%8A%D8%A9-%D8%A5%D8%BA%D9%84%D8%A7%D9%82-%D8%B5%D9%86/ HTTP/2" 200 30456 "-" "Mozilla/5.0 (compatible; ImagesiftBot; +imagesift.com)"
74.80.208.56 - - [28/Sep/2024:15:28:39 +0200] "GET /wp-json/wp/v2/posts/27317 HTTP/2" 200 8477 "-" "Mozilla/5.0 (compatible; ImagesiftBot; +imagesift.com)"
74.80.208.56 - - [28/Sep/2024:15:27:44 +0200] "GET /tag/%D8%A8%D8%AA%D8%BA%D9%84%D8%A8%D9%87/ HTTP/2" 200 51402 "-" "Mozilla/5.0 (compatible; ImagesiftBot; +imagesift.com)"
74.80.208.56 - - [28/Sep/2024:15:27:45 +0200] "GET /%D9%85%D9%86%D8%A7%D9%88%D8%B1%D8%A7%D8%AA-%D8%B9%D8%B3%D9%83%D8%B1%D9%8A%D8%A9-%D8%B3%D9%88%D8%AF%D8%A7%D9%86%D9%8A%D8%A9-%D9%85%D8%B5%D8%B1%D9%8A%D8%A9-%D9%84%D8%AA%D8%A3%D9%85%D9%8A/ HTTP/2" 200 31446 "-" "Mozilla/5.0 (compatible; ImagesiftBot; +imagesift.com)"
74.80.208.56 - - [28/Sep/2024:15:27:56 +0200] "GET /tag/%D8%A3%D8%BA%D8%B3%D8%B7%D8%B3/feed/ HTTP/2" 200 9167 "-" "Mozilla/5.0 (compatible; ImagesiftBot; +imagesift.com)"
74.80.208.56 - - [28/Sep/2024:15:27:57 +0200] "GET /tag/%D9%85%D8%B1%D8%A7%D9%86%D9%87/page/2/ HTTP/2" 200 0 "-" "Mozilla/5.0 (compatible; ImagesiftBot; +imagesift.com)"
74.80.208.56 - - [28/Sep/2024:15:27:58 +0200] "GET /%D8%A7%D9%84%D8%AD%D8%B1%D8%A8-%D9%81%D9%8A-%D8%A7%D9%84%D8%B3%D9%88%D8%AF%D8%A7%D9%86-%D8%B9%D9%84%D9%89-%D8%B5%D8%B9%D9%8A%D8%AF-%D8%A7%D9%84%D9%82%D9%8A%D9%85-%D8%A7%D9%84%D9%88%D8%B7%D9%86%D9%8A/ HTTP/2" 200 45013 "-" "Mozilla/5.0 (compatible; ImagesiftBot; +imagesift.com)"
178.236.247.6 - - [28/Sep/2024:15:28:05 +0200] "POST /74a7c9952328.php HTTP/1.1" 200 9 "-" "curl/7.86.0"
77.75.78.161 - - [28/Sep/2024:15:28:08 +0200] "GET /jgbir/b1002545.html HTTP/1.1" 404 20329 "-" "Mozilla/5.0 (compatible; SeznamBot/4.0; +http://napoveda.seznam.cz/seznambot-intro/)"
77.75.78.161 - - [28/Sep/2024:15:28:11 +0200] "GET /eoxpu/h527557.html HTTP/1.1" 404 20320 "-" "Mozilla/5.0 (compatible; SeznamBot/4.0; +http://napoveda.seznam.cz/seznambot-intro/)"
77.75.78.161 - - [28/Sep/2024:15:28:15 +0200] "GET /bzmxp/n2711667.html HTTP/1.1" 404 20323 "-" "Mozilla/5.0 (compatible; SeznamBot/4.0; +http://napoveda.seznam.cz/seznambot-intro/)"
77.75.78.161 - - [28/Sep/2024:15:28:19 +0200] "GET /oeiym/v1689537.html HTTP/1.1" 404 20329 "-" "Mozilla/5.0 (compatible; SeznamBot/4.0; +http://napoveda.seznam.cz/seznambot-intro/)"
77.75.78.161 - - [28/Sep/2024:15:28:21 +0200] "GET /egflj/e2868204.html HTTP/1.1" 404 20322 "-" "Mozilla/5.0 (compatible; SeznamBot/4.0; +http://napoveda.seznam.cz/seznambot-intro/)"
77.75.78.161 - - [28/Sep/2024:15:28:23 +0200] "GET /nyqpg/a993834.html HTTP/1.1" 404 20328 "-" "Mozilla/5.0 (compatible; SeznamBot/4.0; +http://napoveda.seznam.cz/seznambot-intro/)"
77.75.78.161 - - [28/Sep/2024:15:28:26 +0200] "GET /wjdzi/d747851.html HTTP/1.1" 404 20321 "-" "Mozilla/5.0 (compatible; SeznamBot/4.0; +http://napoveda.seznam.cz/seznambot-intro/)"
77.75.78.161 - - [28/Sep/2024:15:28:30 +0200] "GET /kpcsl/s2514878.html HTTP/1.1" 404 20322 "-" "Mozilla/5.0 (compatible; SeznamBot/4.0; +http://napoveda.seznam.cz/seznambot-intro/)"
77.75.78.161 - - [28/Sep/2024:15:28:33 +0200] "GET /sioya/c2396666.html HTTP/1.1" 404 20322 "-" "Mozilla/5.0 (compatible; SeznamBot/4.0; +http://napoveda.seznam.cz/seznambot-intro/)"
3.141.35.185 - - [28/Sep/2024:15:28:45 +0200] "GET /%d8%a7%d8%aa%d9%87%d8%a7%d9%85%d8%a7%d8%aa-%d9%84%d9%80-%d8%a7%d9%84%d8%af%d8%b9%d9%85-%d8%a7%d9%84%d8%b3%d8%b1%d9%8a%d8%b9-%d8%a8%d8%a7%d8%b3%d8%aa%d8%ae%d8%af%d8%a7%d9%85-%d8%a3%d8%b3 HTTP/2" 301 0 "-" "Mozilla/5.0 AppleWebKit/537.36 (KHTML, like Gecko; compatible; ClaudeBot/1.0; +claudebot@anthropic.com)"
3.141.35.185 - - [28/Sep/2024:15:28:47 +0200] "GET /%d8%a7%d8%aa%d9%87%d8%a7%d9%85%d8%a7%d8%aa-%d9%84%d9%80-%d8%a7%d9%84%d8%af%d8%b9%d9%85-%d8%a7%d9%84%d8%b3%d8%b1%d9%8a%d8%b9-%d8%a8%d8%a7%d8%b3%d8%aa%d8%ae%d8%af%d8%a7%d9%85-%d8%a3%d8%b3/ HTTP/2" 200 66571 "https://sudancam.net/%d8%a7%d8%aa%d9%87%d8%a7%d9%85%d8%a7%d8%aa-%d9%84%d9%80-%d8%a7%d9%84%d8%af%d8%b9%d9%85-%d8%a7%d9%84%d8%b3%d8%b1%d9%8a%d8%b9-%d8%a8%d8%a7%d8%b3%d8%aa%d8%ae%d8%af%d8%a7%d9%85-%d8%a3%d8%b3" "Mozilla/5.0 AppleWebKit/537.36 (KHTML, like Gecko; compatible; ClaudeBot/1.0; +claudebot@anthropic.com)"
74.80.208.56 - - [28/Sep/2024:15:28:40 +0200] "GET /%D9%8A%D9%82%D8%B8%D8%A9-%D9%88%D8%B7%D9%86%D9%8A%D8%A9-%D8%B4%D8%B9%D8%A8%D9%8A%D8%A9-%D9%88%D8%AC%D9%87%D8%AA-%D8%AE%D8%B7%D8%A7%D8%A8%D8%A7-%D8%AD%D8%A7%D8%B2%D9%85%D8%A7-%D8%B4%D8%B1%D9%82%D9%8A/feed/ HTTP/2" 200 789 "-" "Mozilla/5.0 (compatible; ImagesiftBot; +imagesift.com)"
74.80.208.56 - - [28/Sep/2024:15:28:41 +0200] "GET /tag/%D9%88%D8%A3%D9%81%D8%BA%D8%A7%D9%86%D8%B3%D8%AA%D8%A7%D9%86/ HTTP/2" 200 35241 "-" "Mozilla/5.0 (compatible; ImagesiftBot; +imagesift.com)"
135.181.9.38 - - [28/Sep/2024:15:28:43 +0200] "POST /wp-cron.php?doing_wp_cron=1727530123.7097010612487792968750 HTTP/1.1" 200 0 "-" "WordPress/6.6.2; https://www.sudancam.net"
74.80.208.56 - - [28/Sep/2024:15:28:43 +0200] "GET /%D8%A7%D9%84%D9%87%D9%84%D8%A7%D9%84-%D9%8A%D9%88%D8%A7%D8%B5%D9%84-%D8%AA%D8%AF%D8%B1%D9%8A%D8%A8%D8%A7%D8%AA%D9%87-%D9%88%D8%B9%D9%82%D8%AF-%D8%A7%D9%84%D9%84%D8%A7%D8%B9%D8%A8%D9%8A%D9%86-%D9%8A/ HTTP/2" 200 47541 "-" "Mozilla/5.0 (compatible; ImagesiftBot; +imagesift.com)"
74.80.208.56 - - [28/Sep/2024:15:28:44 +0200] "GET /wp-json/wp/v2/tags/1401 HTTP/2" 200 325 "-" "Mozilla/5.0 (compatible; ImagesiftBot; +imagesift.com)"
74.80.208.56 - - [28/Sep/2024:15:28:45 +0200] "GET /%D9%86%D8%AC%D8%A7%D8%A9-%D9%85%D9%8A%D8%B3%D9%8A-%D9%85%D9%86-%D9%83%D8%A7%D8%B1%D8%AB%D8%A9-%D9%81%D9%8A-%D8%A7%D9%84%D8%A3%D8%B1%D8%AC%D9%86%D8%AA%D9%8A%D9%86/ HTTP/2" 200 31040 "-" "Mozilla/5.0 (compatible; ImagesiftBot; +imagesift.com)"
77.75.78.161 - - [28/Sep/2024:15:28:45 +0200] "GET /ernmc/p2959423.html HTTP/1.1" 404 20322 "-" "Mozilla/5.0 (compatible; SeznamBot/4.0; +http://napoveda.seznam.cz/seznambot-intro/)"
74.80.208.56 - - [28/Sep/2024:15:28:46 +0200] "GET /plddu/g1496966.html HTTP/2" 404 22076 "-" "Mozilla/5.0 (compatible; ImagesiftBot; +imagesift.com)"
74.80.208.56 - - [28/Sep/2024:15:28:47 +0200] "GET /tag/%D9%86%D8%A7%D8%AF%D9%85/ HTTP/2" 200 0 "-" "Mozilla/5.0 (compatible; ImagesiftBot; +imagesift.com)"
77.75.78.161 - - [28/Sep/2024:15:28:48 +0200] "GET /tygph/p564927.html HTTP/1.1" 404 20320 "-" "Mozilla/5.0 (compatible; SeznamBot/4.0; +http://napoveda.seznam.cz/seznambot-intro/)"
74.80.208.56 - - [28/Sep/2024:15:28:48 +0200] "GET /%D8%A7%D8%AC%D9%86%D8%AF%D8%A9-%D8%A7%D9%84%D9%87%D8%A7%D9%85%D8%B4-%D8%A7%D9%84%D8%AC%D8%BA%D8%B1%D8%A7%D9%81%D9%8A-%D9%88%D8%A7%D9%84%D8%B3%D9%8A%D8%A7%D8%B3%D9%8A-%D9%A1-%D9%85%D9%86-%D9%A2/ HTTP/2" 200 45155 "-" "Mozilla/5.0 (compatible; ImagesiftBot; +imagesift.com)"
74.80.208.56 - - [28/Sep/2024:15:28:49 +0200] "GET /roeih/a861104.html HTTP/2" 404 22078 "-" "Mozilla/5.0 (compatible; ImagesiftBot; +imagesift.com)"
74.80.208.56 - - [28/Sep/2024:15:28:50 +0200] "GET /%D9%84%D8%AC%D9%86%D8%A9-%D8%A7%D9%84%D8%AA%D9%81%D9%83%D9%8A%D9%83-%D8%A8%D8%B9%D8%B6-%D8%A3%D9%86%D8%B4%D8%B7%D8%A9-%D8%A7%D9%84%D9%85%D9%86%D8%B8%D9%85%D8%A7%D8%AA-%D8%A7%D9%84%D9%85%D8%B9%D8%A7/ HTTP/2" 200 65425 "-" "Mozilla/5.0 (compatible; ImagesiftBot; +imagesift.com)"
77.75.78.161 - - [28/Sep/2024:15:28:50 +0200] "GET /tvxzn/q1474096.html HTTP/1.1" 404 20324 "-" "Mozilla/5.0 (compatible; SeznamBot/4.0; +http://napoveda.seznam.cz/seznambot-intro/)"
74.80.208.56 - - [28/Sep/2024:15:28:52 +0200] "GET /%D8%A8%D8%A7%D9%84%D9%81%D9%8A%D8%AF%D9%8A%D9%88-%D9%85%D8%B9%D8%AC%D8%A8-%D9%85%D8%AA%D9%8A%D9%85-%D8%A8%D8%B4%D8%A7%D9%83%D9%8A%D8%B1%D8%A7-%D9%8A%D9%86%D8%AA%D9%82%D9%85-%D8%A3%D8%B4%D8%AF-%D8%A7/ HTTP/2" 200 33167 "-" "Mozilla/5.0 (compatible; ImagesiftBot; +imagesift.com)"
77.75.78.161 - - [28/Sep/2024:15:28:55 +0200] "GET /quaqc/c2663452.html HTTP/1.1" 404 20330 "-" "Mozilla/5.0 (compatible; SeznamBot/4.0; +http://napoveda.seznam.cz/seznambot-intro/)"
74.80.208.56 - - [28/Sep/2024:15:28:55 +0200] "GET /post-sitemap52.xml HTTP/2" 200 14399 "-" "Mozilla/5.0 (compatible; ImagesiftBot; +imagesift.com)"
74.80.208.56 - - [28/Sep/2024:15:28:56 +0200] "GET /tag/%D8%A8%D8%AD%D8%A7%D8%AC%D8%A9/page/2/ HTTP/2" 200 26392 "-" "Mozilla/5.0 (compatible; ImagesiftBot; +imagesift.com)"
74.80.208.56 - - [28/Sep/2024:15:28:58 +0200] "GET /%D8%B1%D8%AC%D8%A7%D9%84-%D8%A3%D8%B9%D9%85%D8%A7%D9%84-%D8%B1%D9%88%D8%B3-%D9%8A%D8%A8%D8%AD%D8%AB%D9%88%D9%86-%D9%81%D9%8A-%D8%AC%D9%86%D9%88%D8%A8-%D8%AF%D8%A7%D8%B1%D9%81%D9%88%D8%B1-%D8%A7%D9%84/ HTTP/2" 200 34193 "-" "Mozilla/5.0 (compatible; ImagesiftBot; +imagesift.com)"
74.80.208.56 - - [28/Sep/2024:15:28:59 +0200] "GET /tag/%D8%A7%D9%84%D8%AD%D9%81%D9%84%D8%A9/ HTTP/2" 200 23603 "-" "Mozilla/5.0 (compatible; ImagesiftBot; +imagesift.com)"
74.80.208.56 - - [28/Sep/2024:15:28:59 +0200] "GET /wp-content/uploads/2022/10/FB_IMG_1665952973015-780x470.jpg HTTP/2" 200 62447 "-" "Mozilla/5.0 (compatible; ImagesiftBot; +imagesift.com)"
74.80.208.56 - - [28/Sep/2024:15:29:00 +0200] "GET /wp-content/uploads/2022/10/FB_IMG_1665952973015.jpg HTTP/2" 200 77484 "-" "Mozilla/5.0 (compatible; ImagesiftBot; +imagesift.com)"
74.80.208.56 - - [28/Sep/2024:15:29:00 +0200] "GET /tag/%D9%88%D8%AD%D9%84%D9%88/ HTTP/2" 200 0 "-" "Mozilla/5.0 (compatible; ImagesiftBot; +imagesift.com)"
77.75.78.161 - - [28/Sep/2024:15:29:01 +0200] "GET /lakjo/w2205118.html HTTP/1.1" 404 20322 "-" "Mozilla/5.0 (compatible; SeznamBot/4.0; +http://napoveda.seznam.cz/seznambot-intro/)"
74.80.208.56 - - [28/Sep/2024:15:29:01 +0200] "GET /%D8%B2%D9%87%D9%8A%D8%B1-%D9%88%D8%A7%D9%84%D9%84%D9%87-%D9%84%D9%88-%D9%82%D8%A7%D9%8A%D9%84%D9%88-%D9%85%D8%BA%D9%81%D9%84-%D9%88%D8%AE%D8%B4%D9%85%D9%87-%D8%AE%D9%81%D9%8A%D9%81-%D9%88%D8%A8%D9%83/ HTTP/2" 200 21070 "-" "Mozilla/5.0 (compatible; ImagesiftBot; +imagesift.com)"
74.80.208.56 - - [28/Sep/2024:15:29:03 +0200] "GET /tag/%D8%A7%D9%84%D8%B3%D9%88%D8%AF%D8%A7%D8%A1/ HTTP/2" 200 37225 "-" "Mozilla/5.0 (compatible; ImagesiftBot; +imagesift.com)"
74.80.208.56 - - [28/Sep/2024:15:29:04 +0200] "GET /wp-json/wp/v2/posts/13235 HTTP/2" 200 8889 "-" "Mozilla/5.0 (compatible; ImagesiftBot; +imagesift.com)"
77.75.78.161 - - [28/Sep/2024:15:29:04 +0200] "GET /yblou/t593063.html HTTP/1.1" 404 20320 "-" "Mozilla/5.0 (compatible; SeznamBot/4.0; +http://napoveda.seznam.cz/seznambot-intro/)"
74.80.208.56 - - [28/Sep/2024:15:29:05 +0200] "GET /tag/%D8%A5%D8%AC%D8%B1%D8%A7%D9%85%D9%8A%D8%A9/page/2/ HTTP/2" 200 24984 "-" "Mozilla/5.0 (compatible; ImagesiftBot; +imagesift.com)"
74.80.208.56 - - [28/Sep/2024:15:29:06 +0200] "GET /%D8%B3%D9%8A%D8%A7%D8%B3%D9%8A%D9%88%D9%86-%D9%81%D8%B1%D9%86%D8%B3%D9%8A%D9%88%D9%86-%D9%8A%D8%B5%D9%81%D9%88%D9%86-%D9%81%D9%88%D8%B6%D9%89-%D9%86%D9%87%D8%A7%D8%A6%D9%8A-%D8%AF%D9%88%D8%B1%D9%8A/ HTTP/2" 200 54670 "-" "Mozilla/5.0 (compatible; ImagesiftBot; +imagesift.com)"
77.75.78.161 - - [28/Sep/2024:15:29:07 +0200] "GET /hiwai/e2240070.html HTTP/1.1" 404 20322 "-" "Mozilla/5.0 (compatible; SeznamBot/4.0; +http://napoveda.seznam.cz/seznambot-intro/)"
74.80.208.56 - - [28/Sep/2024:15:29:09 +0200] "GET /tag/%D8%A8%D8%B1%D8%A3%D8%B3%D9%8A%D8%A9/ HTTP/2" 200 23620 "-" "Mozilla/5.0 (compatible; ImagesiftBot; +imagesift.com)"
74.80.208.56 - - [28/Sep/2024:15:29:11 +0200] "GET /%D8%AC%D9%85%D9%87%D9%88%D8%B1-%D8%A7%D9%84%D9%87%D9%84%D8%A7%D9%84-%D9%85%D8%B9-%D8%A7%D9%84%D8%AA%D8%AD%D9%8A%D8%A9/ HTTP/2" 200 29947 "-" "Mozilla/5.0 (compatible; ImagesiftBot; +imagesift.com)"
74.80.208.56 - - [28/Sep/2024:15:29:12 +0200] "GET /%D9%85%D8%AD%D9%83%D9%85%D8%A9-%D8%A7%D9%84%D8%A7%D8%B3%D8%AA%D8%A6%D9%86%D8%A7%D9%81-%D8%AA%D8%A8%D8%B7%D9%84-%D9%82%D8%B1%D8%A7%D8%B1-%D8%A7%D9%84%D8%A5%D9%81%D8%B1%D8%A7%D8%AC-%D8%B9%D9%86-%D9%85/feed/ HTTP/2" 200 776 "-" "Mozilla/5.0 (compatible; ImagesiftBot; +imagesift.com)"
74.80.208.56 - - [28/Sep/2024:15:29:14 +0200] "GET /wp-json/wp/v2/posts/6236 HTTP/2" 200 1398 "-" "Mozilla/5.0 (compatible; ImagesiftBot; +imagesift.com)"
77.75.78.161 - - [28/Sep/2024:15:29:14 +0200] "GET /adevs/s1330708.html HTTP/1.1" 404 20321 "-" "Mozilla/5.0 (compatible; SeznamBot/4.0; +http://napoveda.seznam.cz/seznambot-intro/)"
74.80.208.56 - - [28/Sep/2024:15:29:15 +0200] "GET /rumoz/j2034207.html HTTP/2" 200 0 "-" "Mozilla/5.0 (compatible; ImagesiftBot; +imagesift.com)"
74.80.208.56 - - [28/Sep/2024:15:29:16 +0200] "GET /tag/%D8%A7%D9%84%D9%81%D9%86%D9%8A%D8%A9/ HTTP/2" 200 26802 "-" "Mozilla/5.0 (compatible; ImagesiftBot; +imagesift.com)"
74.80.208.56 - - [28/Sep/2024:15:29:17 +0200] "GET /%D9%85%D9%88%D8%B8%D9%81-%D9%8A%D8%AA%D8%B2%D9%88%D8%AC-4-%D9%85%D8%B1%D8%A7%D8%AA-%D8%AE%D9%84%D8%A7%D9%84-37-%D9%8A%D9%88%D9%85%D8%A7%D9%8B-%D9%81%D9%82%D8%B7-%D9%88%D8%A7%D9%84%D8%B3%D8%A8%D8%A8/ HTTP/2" 200 34583 "-" "Mozilla/5.0 (compatible; ImagesiftBot; +imagesift.com)"
74.80.208.56 - - [28/Sep/2024:15:29:18 +0200] "GET /wp-json/wp/v2/tags/7276 HTTP/2" 200 300 "-" "Mozilla/5.0 (compatible; ImagesiftBot; +imagesift.com)"
77.75.78.161 - - [28/Sep/2024:15:29:18 +0200] "GET /lkjen/l1326385.html HTTP/1.1" 404 20322 "-" "Mozilla/5.0 (compatible; SeznamBot/4.0; +http://napoveda.seznam.cz/seznambot-intro/)"
74.80.208.56 - - [28/Sep/2024:15:29:19 +0200] "GET /tag/%D8%AA%D8%AA%D9%83%D8%B1%D8%B1/ HTTP/2" 200 36245 "-" "Mozilla/5.0 (compatible; ImagesiftBot; +imagesift.com)"
74.80.208.56 - - [28/Sep/2024:15:29:20 +0200] "GET /%D9%85%D8%A8%D8%A7%D8%AD%D8%AB%D8%A7%D8%AA-%D8%B3%D9%88%D8%AF%D8%A7%D9%86%D9%8A%D8%A9-%D8%A5%D8%AB%D9%8A%D9%88%D8%A8%D9%8A%D8%A9-%D8%AA%D9%81%D8%B6%D9%8A-%D8%A5%D9%84%D9%89-%D9%81%D8%AA%D8%AD-%D9%85/ HTTP/2" 200 26014 "-" "Mozilla/5.0 (compatible; ImagesiftBot; +imagesift.com)"
77.75.78.161 - - [28/Sep/2024:15:29:21 +0200] "GET /kdckq/b1176953.html HTTP/1.1" 404 20324 "-" "Mozilla/5.0 (compatible; SeznamBot/4.0; +http://napoveda.seznam.cz/seznambot-intro/)"
74.80.208.56 - - [28/Sep/2024:15:29:21 +0200] "GET /tag/%D9%8A%D9%82%D9%84%D9%84/ HTTP/2" 200 26136 "-" "Mozilla/5.0 (compatible; ImagesiftBot; +imagesift.com)"
74.80.208.56 - - [28/Sep/2024:15:29:23 +0200] "GET /tag/%D8%A8%D8%A7%D9%84%D9%82%D8%B7%D8%A7%D8%B9/ HTTP/2" 200 0 "-" "Mozilla/5.0 (compatible; ImagesiftBot; +imagesift.com)"
74.80.208.56 - - [28/Sep/2024:15:29:23 +0200] "GET /tag/%D9%88%D8%AA%D9%88%D8%AC%D9%87/feed/ HTTP/2" 200 8617 "-" "Mozilla/5.0 (compatible; ImagesiftBot; +imagesift.com)"
77.75.78.161 - - [28/Sep/2024:15:29:23 +0200] "GET /trted/h679397.html HTTP/1.1" 404 20319 "-" "Mozilla/5.0 (compatible; SeznamBot/4.0; +http://napoveda.seznam.cz/seznambot-intro/)"
74.80.208.56 - - [28/Sep/2024:15:29:24 +0200] "GET /%D9%88%D8%B2%D9%8A%D8%B1-%D8%A7%D9%84%D8%B5%D8%AD%D8%A9-%D9%8A%D8%B6%D8%B9-%D9%85%D8%B4%D8%A7%D8%B1%D9%8A%D8%B9-%D8%B5%D8%AD%D9%8A%D8%A9-%D8%B7%D8%A7%D8%B1%D8%A6%D8%A9-%D8%B9%D9%84%D9%89-%D8%B7%D8%A7/ HTTP/2" 200 34533 "-" "Mozilla/5.0 (compatible; ImagesiftBot; +imagesift.com)"
74.80.208.56 - - [28/Sep/2024:15:29:25 +0200] "GET /wp-json/wp/v2/posts/7076 HTTP/2" 200 3834 "-" "Mozilla/5.0 (compatible; ImagesiftBot; +imagesift.com)"
74.80.208.56 - - [28/Sep/2024:15:29:26 +0200] "GET /tag/%D8%A7%D9%84%D8%A7%D8%AC%D8%AA%D9%85%D8%A7%D8%B9%D9%8A/feed/ HTTP/2" 200 12327 "-" "Mozilla/5.0 (compatible; ImagesiftBot; +imagesift.com)"
77.75.78.161 - - [28/Sep/2024:15:29:26 +0200] "GET /rdlok/x1239869.html HTTP/1.1" 404 20323 "-" "Mozilla/5.0 (compatible; SeznamBot/4.0; +http://napoveda.seznam.cz/seznambot-intro/)"
74.80.208.56 - - [28/Sep/2024:15:29:27 +0200] "GET /tag/%D8%A3%D8%BA%D8%B3%D8%B7%D8%B3/page/2/ HTTP/2" 200 26617 "-" "Mozilla/5.0 (compatible; ImagesiftBot; +imagesift.com)"
77.75.78.161 - - [28/Sep/2024:15:29:29 +0200] "GET /cnzbm/n1557475.html HTTP/1.1" 404 20322 "-" "Mozilla/5.0 (compatible; SeznamBot/4.0; +http://napoveda.seznam.cz/seznambot-intro/)"
74.80.208.56 - - [28/Sep/2024:15:29:29 +0200] "GET /%D9%85%D8%B5%D8%A7%D8%AF%D8%B1-%D9%84%D9%80%D8%A7%D9%84%D8%A7%D8%AA%D8%AD%D8%A7%D8%AF-%D8%B9%D9%88%D8%AF%D8%A9-%D8%AD%D9%85%D8%AF%D9%88%D9%83-%D8%A5%D9%84%D9%89-%D8%B1%D8%A6%D8%A7%D8%B3/ HTTP/2" 200 44515 "-" "Mozilla/5.0 (compatible; ImagesiftBot; +imagesift.com)"
74.80.208.56 - - [28/Sep/2024:15:29:31 +0200] "GET /wp-content/uploads/2022/10/%D8%A7%D9%84%D9%84%D9%87-%D8%AD%D9%85%D8%AF%D9%88%D9%83-640x470.jpg HTTP/2" 200 53089 "-" "Mozilla/5.0 (compatible; ImagesiftBot; +imagesift.com)"
52.167.144.137 - - [28/Sep/2024:15:28:16 +0200] "GET /myovu/z2553989.html HTTP/2" 200 41666 "-" "Mozilla/5.0 AppleWebKit/537.36 (KHTML, like Gecko; compatible; bingbot/2.0; +http://www.bing.com/bingbot.htm) Chrome/116.0.1938.76 Safari/537.36"
74.80.208.56 - - [28/Sep/2024:15:28:16 +0200] "GET /tag/%D9%88%D8%AD%D9%88%D8%A7%D8%A1/ HTTP/2" 200 35752 "-" "Mozilla/5.0 (compatible; ImagesiftBot; +imagesift.com)"
74.80.208.56 - - [28/Sep/2024:15:28:17 +0200] "GET /tag/%D8%A7%D9%84%D8%AA%D8%B4%D9%83%D9%8A%D9%83/ HTTP/2" 200 24649 "-" "Mozilla/5.0 (compatible; ImagesiftBot; +imagesift.com)"
74.80.208.56 - - [28/Sep/2024:15:28:19 +0200] "GET /wp-json/wp/v2/posts/16112 HTTP/2" 200 0 "-" "Mozilla/5.0 (compatible; ImagesiftBot; +imagesift.com)"
74.80.208.56 - - [28/Sep/2024:15:28:20 +0200] "GET /32-%D8%AF%D9%88%D9%84%D8%A9-%D8%AA%D8%B4%D8%A7%D8%B1%D9%83-%D9%81%D9%8A-%D9%82%D8%B6%D9%8A%D8%A9-%D8%A7%D9%84%D8%A5%D8%A8%D8%A7%D8%AF%D8%A9-%D8%A7%D9%84%D8%AC%D9%85%D8%A7%D8%B9%D9%8A%D8%A9-%D8%A8/feed/ HTTP/2" 200 741 "-" "Mozilla/5.0 (compatible; ImagesiftBot; +imagesift.com)"
74.80.208.56 - - [28/Sep/2024:15:28:21 +0200] "GET /tag/%D9%88%D8%B3%D9%86%D8%AF%D9%87/feed/ HTTP/2" 200 2290 "-" "Mozilla/5.0 (compatible; ImagesiftBot; +imagesift.com)"
