52.169.31.135 - - [28/Sep/2024:15:00:30 +0200] "GET /img/xmrlpc.php?p= HTTP/1.1" 301 0 "-" "-"
77.75.78.161 - - [28/Sep/2024:15:00:32 +0200] "GET /cckzk/q524030.html HTTP/1.1" 404 20329 "-" "Mozilla/5.0 (compatible; SeznamBot/4.0; +http://napoveda.seznam.cz/seznambot-intro/)"
52.169.31.135 - - [28/Sep/2024:15:00:34 +0200] "GET /wp-admin/css/colors/coffee/xmrlpc.php?p= HTTP/1.1" 301 0 "-" "-"
52.169.31.135 - - [28/Sep/2024:15:00:38 +0200] "GET /wp-admin/images/xmrlpc.php?p= HTTP/1.1" 301 0 "-" "-"
52.169.31.135 - - [28/Sep/2024:15:00:43 +0200] "GET /images/xmrlpc.php?p= HTTP/1.1" 301 0 "-" "-"
52.169.31.135 - - [28/Sep/2024:15:00:46 +0200] "GET /wp-admin/js/widgets/xmrlpc.php?p= HTTP/1.1" 301 0 "-" "-"
52.169.31.135 - - [28/Sep/2024:15:00:48 +0200] "GET /wp-admin/css/colors/xmrlpc.php?p= HTTP/1.1" 301 0 "-" "-"
52.169.31.135 - - [28/Sep/2024:15:00:53 +0200] "GET /wp-admin/includes/xmrlpc.php?p= HTTP/1.1" 301 0 "-" "-"
52.169.31.135 - - [28/Sep/2024:15:00:55 +0200] "GET /wp-admin/css/colors/blue/xmrlpc.php?p= HTTP/1.1" 301 0 "-" "-"
85.208.96.203 - - [28/Sep/2024:15:00:57 +0200] "GET /%D9%86%D8%A7%D8%AF%D9%8A-%D8%A7%D9%84%D9%85%D8%B1%D9%8A%D8%AE-%D8%A7%D9%84%D8%B3%D9%88%D8%AF%D8%A7%D9%86%D9%8A-%D9%8A%D8%B9%D9%84%D9%86-%D9%85%D8%B4%D8%B1%D9%88%D8%B9-%D8%A7%D9%84%D8%A7%D8%AA/ HTTP/1.1" 200 30375 "-" "Mozilla/5.0 (compatible; SemrushBot/7~bl; +http://www.semrush.com/bot.html)"
52.169.31.135 - - [28/Sep/2024:15:00:59 +0200] "GET /wp-admin/xmrlpc.php?p= HTTP/1.1" 301 0 "-" "-"
74.80.208.56 - - [28/Sep/2024:15:01:02 +0200] "GET /wp-json/wp/v2/posts/4646 HTTP/2" 200 3013 "-" "Mozilla/5.0 (compatible; ImagesiftBot; +imagesift.com)"
74.80.208.56 - - [28/Sep/2024:15:01:03 +0200] "GET /tag/%D8%A7%D9%86%D8%A8%D8%B1%D8%A7%D8%B4%D9%87/ HTTP/2" 200 34260 "-" "Mozilla/5.0 (compatible; ImagesiftBot; +imagesift.com)"
74.80.208.56 - - [28/Sep/2024:15:01:05 +0200] "GET /tag/%D9%8A%D8%B8%D9%84%D9%85/ HTTP/2" 200 0 "-" "Mozilla/5.0 (compatible; ImagesiftBot; +imagesift.com)"
66.249.64.14 - - [28/Sep/2024:15:01:05 +0200] "GET /oslwc/e2049386.html HTTP/1.1" 200 41385 "-" "Mozilla/5.0 (Linux; Android 6.0.1; Nexus 5X Build/MMB29P) AppleWebKit/537.36 (KHTML, like Gecko) Chrome/128.0.6613.137 Mobile Safari/537.36 (compatible; Googlebot/2.1; +http://www.google.com/bot.html)"
74.80.208.56 - - [28/Sep/2024:15:01:05 +0200] "GET /tag/%D8%B2%D9%8A%D8%A7%D8%B1%D8%A9/ HTTP/2" 200 0 "-" "Mozilla/5.0 (compatible; ImagesiftBot; +imagesift.com)"
74.80.208.56 - - [28/Sep/2024:15:01:07 +0200] "GET /wp-json/wp/v2/tags/19227 HTTP/2" 200 313 "-" "Mozilla/5.0 (compatible; ImagesiftBot; +imagesift.com)"
74.80.208.56 - - [28/Sep/2024:15:01:07 +0200] "GET /wp-json/wp/v2/tags/8604 HTTP/2" 200 308 "-" "Mozilla/5.0 (compatible; ImagesiftBot; +imagesift.com)"
52.169.31.135 - - [28/Sep/2024:15:01:08 +0200] "GET /text.php HTTP/1.1" 301 0 "-" "-"
74.80.208.56 - - [28/Sep/2024:15:01:08 +0200] "GET /%D8%A7%D9%84%D8%A8%D8%B1%D9%87%D8%A7%D9%86-%D9%8A%D8%AC%D8%AA%D9%85%D8%B9-%D8%A8%D9%82%D9%8A%D8%A7%D8%AF%D8%A7%D8%AA-%D9%88%D8%B7%D9%86%D9%8A%D8%A9-%D9%85%D9%86-%D8%A3%D8%AC%D9%84-%D9%88%D8%B6%D8%B9/ HTTP/2" 200 0 "-" "Mozilla/5.0 (compatible; ImagesiftBot; +imagesift.com)"
74.80.208.56 - - [28/Sep/2024:15:01:09 +0200] "GET /%F0%9F%94%B4%D8%A3%D9%85-%D9%88%D8%B6%D8%A7%D8%AD-%D9%81%D9%84%D9%8A%D9%82%D9%84-%D8%A7%D9%84%D8%A8%D8%B1%D9%87%D8%A7%D9%86-%D9%84%D9%84%D8%B9%D8%A7%D9%84%D9%85-%D9%83%D9%84-%D8%A7%D9%84%D8%AD%D9%82/ HTTP/2" 200 47441 "-" "Mozilla/5.0 (compatible; ImagesiftBot; +imagesift.com)"
74.80.208.56 - - [28/Sep/2024:15:01:10 +0200] "GET /wp-json/wp/v2/posts/27368 HTTP/2" 200 3491 "-" "Mozilla/5.0 (compatible; ImagesiftBot; +imagesift.com)"
52.169.31.135 - - [28/Sep/2024:15:01:10 +0200] "GET /wp-admin/network/index.php HTTP/1.1" 302 0 "-" "-"
52.169.31.135 - - [28/Sep/2024:15:01:11 +0200] "GET /makeasmtp.php HTTP/1.1" 301 0 "-" "-"
74.80.208.56 - - [28/Sep/2024:15:01:11 +0200] "GET /%D8%A7%D9%84%D9%85%D8%AD%D9%83%D9%85%D8%A9-%D8%AA%D9%82%D8%B1%D8%B1-%D8%A5%D8%B9%D8%A7%D8%AF%D8%A9-%D8%A7%D9%84%D9%86%D9%82%D8%A7%D8%A8%D8%A7%D8%AA-%D9%88%D8%A7%D9%84%D8%A7%D8%AA%D8%AD%D8%A7%D8%AF/ HTTP/2" 200 47604 "-" "Mozilla/5.0 (compatible; ImagesiftBot; +imagesift.com)"
74.80.208.56 - - [28/Sep/2024:15:01:14 +0200] "GET /wp-content/uploads/2022/11/%D8%A7%D9%84%D9%82%D8%B6%D8%A7%D8%A6%D9%8A%D8%A9_%D8%A7%D9%84%D8%B3%D9%88%D8%AF%D8%A7%D9%86%D9%8A%D8%A9.jpg HTTP/2" 200 131000 "-" "Mozilla/5.0 (compatible; ImagesiftBot; +imagesift.com)"
74.80.208.56 - - [28/Sep/2024:15:01:16 +0200] "GET /%D8%B1%D8%B3%D9%85%D9%8A%D8%A7-%D8%A8%D8%B1%D8%B4%D9%84%D9%88%D9%86%D8%A9-%D9%8A%D9%88%D8%AF%D8%B9-%D8%AF%D9%88%D8%B1%D9%8A-%D8%A7%D9%84%D8%A3%D8%A8%D8%B7%D8%A7%D9%84-%D9%82%D8%A8%D9%84-%D8%A7%D9%86/ HTTP/2" 200 0 "-" "Mozilla/5.0 (compatible; ImagesiftBot; +imagesift.com)"
77.75.78.161 - - [28/Sep/2024:15:01:16 +0200] "GET /xmvor/p1331719.html HTTP/1.1" 404 20322 "-" "Mozilla/5.0 (compatible; SeznamBot/4.0; +http://napoveda.seznam.cz/seznambot-intro/)"
74.80.208.56 - - [28/Sep/2024:15:01:17 +0200] "GET /%D8%AF%D8%A7%D8%B1%D9%81%D9%88%D8%B1-%D8%B9%D9%84%D9%89-%D9%87%D8%A7%D9%85%D8%B4-%D8%A7%D9%84%D9%85%D8%AE%D9%8A%D9%84%D8%A9-%D8%A7%D9%84%D9%88%D8%B7%D9%86%D9%8A%D8%A9/feed/ HTTP/2" 200 0 "-" "Mozilla/5.0 (compatible; ImagesiftBot; +imagesift.com)"
74.80.208.56 - - [28/Sep/2024:15:01:18 +0200] "GET /%D9%85%D8%AC%D9%85%D9%88%D8%B9%D8%A9-%D8%A7%D9%84%D8%B3%D8%A8%D8%B9-%D9%85%D8%AF%D9%86%D9%8A%D9%88-%D8%A7%D9%84%D8%B3%D9%88%D8%AF%D8%A7%D9%86-%D8%A8%D8%AD%D8%A7%D8%AC%D8%A9-%D9%84%D8%A7%D8%AA%D9%81/ HTTP/2" 200 0 "-" "Mozilla/5.0 (compatible; ImagesiftBot; +imagesift.com)"
74.80.208.56 - - [28/Sep/2024:15:01:19 +0200] "GET /%F0%9F%94%B4%D9%8A%D8%A7%D8%B3%D8%B1-%D8%A3%D8%A8%D9%91%D8%B4%D8%B1-%D8%B4%D9%87%D9%88%D8%B1-%D8%A7%D9%84%D8%A5%D9%81%D8%B6%D8%A7%D8%A1-%D8%A5%D9%84%D9%89-%D8%A7%D9%84%D8%AA%D9%91%D9%8A%D9%87/ HTTP/2" 200 0 "-" "Mozilla/5.0 (compatible; ImagesiftBot; +imagesift.com)"
74.80.208.56 - - [28/Sep/2024:15:01:25 +0200] "GET /tag/%D8%AA%D8%B6%D8%AD%D9%83/ HTTP/2" 200 0 "-" "Mozilla/5.0 (compatible; ImagesiftBot; +imagesift.com)"
66.249.64.13 - - [28/Sep/2024:15:01:32 +0200] "GET /imipx/p2420417.html HTTP/1.1" 200 41542 "-" "Mozilla/5.0 (Linux; Android 6.0.1; Nexus 5X Build/MMB29P) AppleWebKit/537.36 (KHTML, like Gecko) Chrome/128.0.6613.137 Mobile Safari/537.36 (compatible; GoogleOther)"
77.75.78.161 - - [28/Sep/2024:15:01:32 +0200] "GET /hizmo/t945129.html HTTP/1.1" 404 20321 "-" "Mozilla/5.0 (compatible; SeznamBot/4.0; +http://napoveda.seznam.cz/seznambot-intro/)"
74.80.208.56 - - [28/Sep/2024:15:00:40 +0200] "GET /%D8%A8%D8%A7%D9%84%D9%81%D9%8A%D8%AF%D9%8A%D9%88-%D9%85%D8%A7%D8%B0%D8%A7-%D8%AD%D8%AF%D8%AB-%D9%84%D8%B1%D8%AC%D9%84-%D8%A8%D8%B9%D8%AF%D9%85%D8%A7-%D8%AA%D9%86%D8%A7%D9%88%D9%84-%D8%AF%D8%AC%D8%A7/ HTTP/2" 200 47299 "-" "Mozilla/5.0 (compatible; ImagesiftBot; +imagesift.com)"
74.80.208.56 - - [28/Sep/2024:15:00:42 +0200] "GET /%D8%B1%D8%A7%D8%B4%D8%AF-%D8%B9%D8%A8%D8%AF-%D8%A7%D9%84%D8%B1%D8%AD%D9%8A%D9%85-%D9%85%D8%B5%D8%B1-%D9%81%D9%8A-%D8%A7%D9%84%D9%85%D9%88%D8%B9%D8%AF-%D8%B4%D9%83%D8%B1%D8%A7-%D8%A3%D8%AE%D8%AA/ HTTP/2" 200 47591 "-" "Mozilla/5.0 (compatible; ImagesiftBot; +imagesift.com)"
74.80.208.56 - - [28/Sep/2024:15:00:45 +0200] "GET /%D8%AA%D9%83%D8%B1%D8%A7%D8%B1-%D8%A7%D9%84%D8%AA%D8%AC%D8%B1%D8%A8%D8%A9-%D9%88%D8%B1%D9%81%D8%B9-%D8%A7%D9%84%D8%B9%D9%82%D9%88%D8%A8%D8%A9/feed/ HTTP/2" 200 655 "-" "Mozilla/5.0 (compatible; ImagesiftBot; +imagesift.com)"
74.80.208.56 - - [28/Sep/2024:15:00:46 +0200] "GET /tag/%D9%88%D8%AC%D8%A8%D9%87%D8%A9/ HTTP/2" 200 0 "-" "Mozilla/5.0 (compatible; ImagesiftBot; +imagesift.com)"
74.80.208.56 - - [28/Sep/2024:15:00:47 +0200] "GET /tag/%D9%85%D8%B3%D8%AA%D9%85%D8%B1%D8%A7/ HTTP/2" 200 0 "-" "Mozilla/5.0 (compatible; ImagesiftBot; +imagesift.com)"
74.80.208.56 - - [28/Sep/2024:15:00:48 +0200] "GET /wp-json/wp/v2/posts/37505 HTTP/2" 200 2938 "-" "Mozilla/5.0 (compatible; ImagesiftBot; +imagesift.com)"
74.80.208.56 - - [28/Sep/2024:15:00:49 +0200] "GET /%D8%A7%D9%84%D8%A3%D9%85%D8%B7%D8%A7%D8%B1-%D8%A7%D9%84%D9%85%D8%AA%D9%88%D9%82%D8%B9%D8%A9-%D9%81%D9%8A-%D8%A7%D9%84%D8%B3%D9%88%D8%AF%D8%A7%D9%86-%D8%AE%D9%84%D8%A7%D9%84-%D8%A7%D9%84%D9%81%D8%AA/ HTTP/2" 200 44933 "-" "Mozilla/5.0 (compatible; ImagesiftBot; +imagesift.com)"
77.75.78.161 - - [28/Sep/2024:15:00:52 +0200] "GET /gxiul/u2591736.html HTTP/1.1" 404 20323 "-" "Mozilla/5.0 (compatible; SeznamBot/4.0; +http://napoveda.seznam.cz/seznambot-intro/)"
77.75.78.161 - - [28/Sep/2024:15:00:56 +0200] "GET /vqpms/m2897072.html HTTP/1.1" 404 20322 "-" "Mozilla/5.0 (compatible; SeznamBot/4.0; +http://napoveda.seznam.cz/seznambot-intro/)"
66.249.64.13 - - [28/Sep/2024:15:01:25 +0200] "GET /wp-content/uploads/2023/01/19-220x150.jpg HTTP/1.1" 200 42112 "-" "Googlebot-Image/1.0"
66.249.64.13 - - [28/Sep/2024:15:01:27 +0200] "GET /eloie/z386889.html HTTP/1.1" 200 42846 "-" "Mozilla/5.0 (Linux; Android 6.0.1; Nexus 5X Build/MMB29P) AppleWebKit/537.36 (KHTML, like Gecko) Chrome/128.0.6613.137 Mobile Safari/537.36 (compatible; Googlebot/2.1; +http://www.google.com/bot.html)"
66.249.64.13 - - [28/Sep/2024:15:01:29 +0200] "GET /gbcdt/f729731.html HTTP/1.1" 200 42971 "-" "Mozilla/5.0 (Linux; Android 6.0.1; Nexus 5X Build/MMB29P) AppleWebKit/537.36 (KHTML, like Gecko) Chrome/128.0.6613.137 Mobile Safari/537.36 (compatible; Googlebot/2.1; +http://www.google.com/bot.html)"
74.80.208.56 - - [28/Sep/2024:15:01:29 +0200] "GET /rerzp/j1146255.html HTTP/2" 404 22076 "-" "Mozilla/5.0 (compatible; ImagesiftBot; +imagesift.com)"
74.80.208.56 - - [28/Sep/2024:15:01:31 +0200] "GET /tag/%D8%AA%D8%AA%D9%8A%D8%AD/ HTTP/2" 200 25169 "-" "Mozilla/5.0 (compatible; ImagesiftBot; +imagesift.com)"
74.80.208.56 - - [28/Sep/2024:15:01:32 +0200] "GET /%D8%A2%D8%AF%D9%85-%D8%B3%D9%88%D8%AF%D8%A7%D9%83%D8%A7%D9%84-%D9%8A%D8%B9%D8%AA%D8%B0%D8%B1-%D8%B9%D9%86-%D9%85%D9%82%D8%A7%D8%A8%D9%84%D8%A9-%D9%88%D9%81%D8%AF-%D9%85%D8%A8%D8%A7%D8%AF%D8%B1%D8%A9/ HTTP/2" 200 0 "-" "Mozilla/5.0 (compatible; ImagesiftBot; +imagesift.com)"
74.80.208.56 - - [28/Sep/2024:15:01:33 +0200] "GET /tag/%D9%8A%D9%82%D9%84%D8%B9%D9%88/ HTTP/2" 200 23510 "-" "Mozilla/5.0 (compatible; ImagesiftBot; +imagesift.com)"
74.80.208.56 - - [28/Sep/2024:15:01:43 +0200] "GET /%D9%88%D8%A7%D9%84%D8%AF-%D8%B9%D8%B1%D9%8A%D8%B3-%D8%A7%D9%84%D8%A5%D8%B3%D9%85%D8%A7%D8%B9%D9%8A%D9%84%D9%8A%D8%A9-%D9%8A%D9%83%D8%B4%D9%81-%D9%85%D9%81%D8%A7%D8%AC%D8%A3%D8%A9-%D8%AC%D8%AF%D9%8A/ HTTP/2" 200 45089 "-" "Mozilla/5.0 (compatible; ImagesiftBot; +imagesift.com)"
135.181.9.38 - - [28/Sep/2024:15:01:44 +0200] "POST /wp-admin/admin-ajax.php?action=async_litespeed&nonce=fwBT53vNUmdCzgzZHNY1nz7U4FhX6BBK&litespeed_type=imgoptm HTTP/1.1" 200 21 "-" "WordPress/6.6.2; https://www.sudancam.net"
74.80.208.56 - - [28/Sep/2024:15:01:48 +0200] "GET /wp-json/wp/v2/tags/19591 HTTP/2" 200 326 "-" "Mozilla/5.0 (compatible; ImagesiftBot; +imagesift.com)"
74.80.208.56 - - [28/Sep/2024:15:01:48 +0200] "GET /tag/%D9%85%D8%B5%D9%88%D8%BA%D8%A7%D8%AA/feed/ HTTP/2" 200 1588 "-" "Mozilla/5.0 (compatible; ImagesiftBot; +imagesift.com)"
74.80.208.56 - - [28/Sep/2024:15:01:50 +0200] "GET /wp-json/wp/v2/tags/15574 HTTP/2" 200 330 "-" "Mozilla/5.0 (compatible; ImagesiftBot; +imagesift.com)"
74.80.208.56 - - [28/Sep/2024:15:01:50 +0200] "GET /tag/%D9%88%D9%8A%D9%82%D9%81%D9%88%D9%86/feed/ HTTP/2" 200 3321 "-" "Mozilla/5.0 (compatible; ImagesiftBot; +imagesift.com)"
77.75.78.161 - - [28/Sep/2024:15:01:51 +0200] "GET /lbdty/t924017.html HTTP/1.1" 404 20320 "-" "Mozilla/5.0 (compatible; SeznamBot/4.0; +http://napoveda.seznam.cz/seznambot-intro/)"
74.80.208.56 - - [28/Sep/2024:15:01:52 +0200] "GET /wp-json/wp/v2/tags/103 HTTP/2" 200 321 "-" "Mozilla/5.0 (compatible; ImagesiftBot; +imagesift.com)"
74.80.208.56 - - [28/Sep/2024:15:01:53 +0200] "GET /wp-json/wp/v2/tags/11557 HTTP/2" 200 321 "-" "Mozilla/5.0 (compatible; ImagesiftBot; +imagesift.com)"
74.80.208.56 - - [28/Sep/2024:15:01:53 +0200] "GET /tag/%D8%A7%D9%84%D9%81%D8%AD%D9%88%D8%B5%D8%A7%D8%AA/ HTTP/2" 200 24157 "-" "Mozilla/5.0 (compatible; ImagesiftBot; +imagesift.com)"
74.80.208.56 - - [28/Sep/2024:15:01:55 +0200] "GET /wp-json/wp/v2/posts/27354 HTTP/2" 200 0 "-" "Mozilla/5.0 (compatible; ImagesiftBot; +imagesift.com)"
77.75.78.161 - - [28/Sep/2024:15:01:55 +0200] "GET /wnwfe/b2018443.html HTTP/1.1" 404 20322 "-" "Mozilla/5.0 (compatible; SeznamBot/4.0; +http://napoveda.seznam.cz/seznambot-intro/)"
74.80.208.56 - - [28/Sep/2024:15:02:03 +0200] "GET /wp-json/wp/v2/posts/26214 HTTP/2" 200 4214 "-" "Mozilla/5.0 (compatible; ImagesiftBot; +imagesift.com)"
74.80.208.56 - - [28/Sep/2024:15:02:03 +0200] "GET /tag/%D8%A7%D9%83%D8%AA%D9%85%D8%A7%D9%84/page/2/ HTTP/2" 200 23828 "-" "Mozilla/5.0 (compatible; ImagesiftBot; +imagesift.com)"
74.80.208.56 - - [28/Sep/2024:15:02:05 +0200] "GET /%D9%84%D8%A7-%D8%A3%D8%AD%D9%85%D9%84-%D9%87%D9%85%D8%A7-%D9%83%D8%A8%D9%8A%D8%B1%D8%A7-%D9%81%D9%8A-%D9%85%D9%88%D8%B6%D9%88%D8%B9-%D9%86%D9%87%D8%A7%D9%8A%D8%A9-%D8%A7%D9%84%D8%AD%D8%B1%D8%A8-%D9%81/ HTTP/2" 200 0 "-" "Mozilla/5.0 (compatible; ImagesiftBot; +imagesift.com)"
77.75.78.161 - - [28/Sep/2024:15:02:06 +0200] "GET /gpkzp/j2219613.html HTTP/1.1" 404 20324 "-" "Mozilla/5.0 (compatible; SeznamBot/4.0; +http://napoveda.seznam.cz/seznambot-intro/)"
74.80.208.56 - - [28/Sep/2024:15:02:06 +0200] "GET /tag/%D9%84%D9%85%D8%AF%D8%A9/ HTTP/2" 200 20218 "-" "Mozilla/5.0 (compatible; ImagesiftBot; +imagesift.com)"
74.80.208.56 - - [28/Sep/2024:15:02:08 +0200] "GET /%D8%A7%D9%84%D8%AB%D9%84%D8%A7%D8%AB%D9%8A%D8%A9-%D8%AA%D8%B9%D9%82%D8%AF-%D9%85%D8%B4%D8%A7%D9%88%D8%B1%D8%A7%D8%AA-%D9%85%D8%B9-%D9%82%D8%A7%D8%AF%D8%A9-%D8%A7%D9%84%D8%AD%D8%B1%D9%83/ HTTP/2" 200 46371 "-" "Mozilla/5.0 (compatible; ImagesiftBot; +imagesift.com)"
74.80.208.56 - - [28/Sep/2024:15:02:09 +0200] "GET /wp-json/wp/v2/tags/12397 HTTP/2" 200 309 "-" "Mozilla/5.0 (compatible; ImagesiftBot; +imagesift.com)"
74.80.208.56 - - [28/Sep/2024:15:02:10 +0200] "GET /%D9%81%D9%86%D8%A7%D9%86%D8%A9-%D8%B4%D9%87%D9%8A%D8%B1%D8%A9-%D8%AA%D9%81%D8%AC%D8%B1-%D9%85%D9%81%D8%A7%D8%AC%D8%A3%D8%A9-%D9%84%D8%A7-%D8%A3%D8%B9%D9%84%D9%85-%D8%B4%D9%8A%D8%A6%D8%A7%D9%8B-%D8%B9/feed/ HTTP/2" 200 770 "-" "Mozilla/5.0 (compatible; ImagesiftBot; +imagesift.com)"
74.80.208.56 - - [28/Sep/2024:15:02:11 +0200] "GET /%D8%A7%D8%AA%D9%81%D8%A7%D9%82-%D8%A8%D9%8A%D9%86-%D8%A7%D9%84%D9%85%D8%B4%D8%A7%D8%B1%D9%83%D9%8A%D9%86-%D9%81%D9%8A-%D9%88%D8%B1%D8%B4%D8%A9-%D8%A7%D9%84%D9%82%D8%A7%D9%87%D8%B1%D8%A9-%D8%B9%D9%84/ HTTP/2" 200 0 "-" "Mozilla/5.0 (compatible; ImagesiftBot; +imagesift.com)"
74.80.208.56 - - [28/Sep/2024:15:00:55 +0200] "GET /tag/%D8%AA%D8%B7%D9%88%D8%B1%D8%A7%D8%AA/feed/ HTTP/2" 200 18305 "-" "Mozilla/5.0 (compatible; ImagesiftBot; +imagesift.com)"
74.80.208.56 - - [28/Sep/2024:15:00:57 +0200] "GET /wp-json/wp/v2/posts/15023 HTTP/2" 200 0 "-" "Mozilla/5.0 (compatible; ImagesiftBot; +imagesift.com)"
52.169.31.135 - - [28/Sep/2024:15:00:57 +0200] "GET /wp-admin/css/colors/blue/xmrlpc.php HTTP/1.1" 404 88921 "-" "-"
74.80.208.56 - - [28/Sep/2024:15:00:59 +0200] "GET /wp-json/wp/v2/tags/35364 HTTP/2" 200 0 "-" "Mozilla/5.0 (compatible; ImagesiftBot; +imagesift.com)"
74.80.208.56 - - [28/Sep/2024:15:01:00 +0200] "GET /%D8%A8%D9%84%D9%88%D8%B2%D8%AF%D8%A7%D8%AF-%D8%A7%D9%84%D8%AC%D8%B2%D8%A7%D8%A6%D8%B1%D9%8A-%D9%8A%D8%AA%D8%AD%D8%AF%D9%89-%D8%A7%D9%84%D9%85%D8%B1%D9%8A%D8%AE-%D9%81%D9%8A-%D9%82%D9%85%D8%A9-%D8%B9/feed/ HTTP/2" 200 742 "-" "Mozilla/5.0 (compatible; ImagesiftBot; +imagesift.com)"
52.169.31.135 - - [28/Sep/2024:15:01:04 +0200] "GET /wp-admin/xmrlpc.php HTTP/1.1" 404 88889 "-" "-"
77.75.78.161 - - [28/Sep/2024:15:01:05 +0200] "GET /dgsuj/v316451.html HTTP/1.1" 404 20321 "-" "Mozilla/5.0 (compatible; SeznamBot/4.0; +http://napoveda.seznam.cz/seznambot-intro/)"
52.169.31.135 - - [28/Sep/2024:15:01:08 +0200] "GET /text.php HTTP/1.1" 404 88867 "-" "-"
52.169.31.135 - - [28/Sep/2024:15:01:11 +0200] "GET /wp-login.php?redirect_to=https%3A%2F%2Fsudancam.net%2Fwp-admin%2Fnetwork%2Findex.php&reauth=1 HTTP/1.1" 200 1770 "-" "-"
52.169.31.135 - - [28/Sep/2024:15:01:12 +0200] "GET /makeasmtp.php HTTP/1.1" 404 88877 "-" "-"
66.249.64.13 - - [28/Sep/2024:15:01:18 +0200] "GET /jqdxv/b780765.html HTTP/1.1" 200 41377 "-" "Mozilla/5.0 (Linux; Android 6.0.1; Nexus 5X Build/MMB29P) AppleWebKit/537.36 (KHTML, like Gecko) Chrome/128.0.6613.137 Mobile Safari/537.36 (compatible; Googlebot/2.1; +http://www.google.com/bot.html)"
20.15.133.174 - - [28/Sep/2024:15:01:20 +0200] "GET /oimhd/f628097.html HTTP/2" 200 41535 "-" "Mozilla/5.0 AppleWebKit/537.36 (KHTML, like Gecko; compatible; bingbot/2.0; +http://www.bing.com/bingbot.htm) Chrome/116.0.1938.76 Safari/537.36"
185.191.171.15 - - [28/Sep/2024:15:01:29 +0200] "GET /%D8%A7%D9%84%D8%A7%D8%AA%D9%81%D8%A7%D9%82-%D8%A7%D9%84%D8%A5%D8%B7%D8%A7%D8%B1%D9%8A-%D8%A5%D9%84%D8%A7-%D9%85%D9%86-%D8%A7%D9%84%D9%86%D9%8A%D8%B1%D8%A7%D9%86-%D8%A7%D9%84%D8%B5%D8%AF%D9%8A%D9%82/ HTTP/1.1" 403 0 "-" "Mozilla/5.0 (compatible; SemrushBot/7~bl; +http://www.semrush.com/bot.html)"
74.80.208.56 - - [28/Sep/2024:15:01:38 +0200] "GET /tag/%D8%A7%D9%84%D9%82%D8%A8%D8%A9/ HTTP/2" 200 24020 "-" "Mozilla/5.0 (compatible; ImagesiftBot; +imagesift.com)"
66.249.64.13 - - [28/Sep/2024:15:01:42 +0200] "GET /cswtt/l1956235.html HTTP/1.1" 200 41248 "-" "Mozilla/5.0 (Linux; Android 6.0.1; Nexus 5X Build/MMB29P) AppleWebKit/537.36 (KHTML, like Gecko) Chrome/128.0.6613.137 Mobile Safari/537.36 (compatible; GoogleOther)"
135.181.9.38 - - [28/Sep/2024:15:01:43 +0200] "POST /wp-cron.php?doing_wp_cron=1727528503.6754350662231445312500 HTTP/1.1" 200 0 "-" "WordPress/6.6.2; https://www.sudancam.net"
74.80.208.56 - - [28/Sep/2024:15:01:58 +0200] "GET /wp-json/wp/v2/tags/3220 HTTP/2" 200 299 "-" "Mozilla/5.0 (compatible; ImagesiftBot; +imagesift.com)"
74.80.208.56 - - [28/Sep/2024:15:01:59 +0200] "GET /%D9%85%D9%8A%D8%B2%D8%A9-%D8%A7%D9%86%D8%AA%D8%B8%D8%B1%D9%87%D8%A7-%D8%A7%D9%84%D9%83%D8%AB%D9%8A%D8%B1%D9%88%D9%86-%D8%AA%D8%B8%D9%87%D8%B1-%D9%81%D9%8A-%D9%88%D8%A7%D8%AA%D8%B3-%D8%A2%D8%A8/ HTTP/2" 200 0 "-" "Mozilla/5.0 (compatible; ImagesiftBot; +imagesift.com)"
74.80.208.56 - - [28/Sep/2024:15:02:00 +0200] "GET /%D8%A7%D9%84%D9%86%D8%A7%D8%AA%D9%88-%D9%8A%D8%AC%D8%AF%D8%AF-%D8%A7%D9%84%D8%AA%D8%B2%D8%A7%D9%85%D9%87-%D8%A8%D8%AF%D8%B9%D9%85-%D9%83%D9%8A%D9%8A%D9%81-%D9%88%D9%85%D9%88%D8%B3%D9%83%D9%88-%D8%AA/ HTTP/2" 200 38005 "-" "Mozilla/5.0 (compatible; ImagesiftBot; +imagesift.com)"
178.236.247.6 - - [28/Sep/2024:15:02:05 +0200] "POST /74a7c9952328.php HTTP/1.1" 200 9 "-" "curl/7.86.0"
77.75.78.161 - - [28/Sep/2024:15:02:11 +0200] "GET /hfmxi/f974807.html HTTP/1.1" 404 20320 "-" "Mozilla/5.0 (compatible; SeznamBot/4.0; +http://napoveda.seznam.cz/seznambot-intro/)"
74.80.208.56 - - [28/Sep/2024:15:02:13 +0200] "GET /tag/%D8%A7%D9%84%D8%B1%D8%B3%D8%A7%D9%84%D8%A9/ HTTP/2" 200 0 "-" "Mozilla/5.0 (compatible; ImagesiftBot; +imagesift.com)"
74.80.208.56 - - [28/Sep/2024:15:02:14 +0200] "GET /tag/%D9%85%D9%81%D8%A2%D8%AC%D8%A7%D8%AA/feed/ HTTP/2" 200 1634 "-" "Mozilla/5.0 (compatible; ImagesiftBot; +imagesift.com)"
74.80.208.56 - - [28/Sep/2024:15:02:15 +0200] "GET /%D8%B4%D8%A7%D8%A8-%D9%8A%D9%82%D8%AA%D9%84-%D8%B5%D8%AF%D9%8A%D9%82%D9%87-%D8%A8%D8%A7%D9%84%D8%AE%D8%B1%D8%B7%D9%88%D9%85-%D8%A7%D9%84%D9%86%D9%8A%D9%84%D9%8A%D9%86/ HTTP/2" 200 0 "-" "Mozilla/5.0 (compatible; ImagesiftBot; +imagesift.com)"
74.80.208.56 - - [28/Sep/2024:15:02:16 +0200] "GET /wp-json/wp/v2/posts/13272 HTTP/2" 200 2518 "-" "Mozilla/5.0 (compatible; ImagesiftBot; +imagesift.com)"
74.80.208.56 - - [28/Sep/2024:15:02:16 +0200] "GET /tag/%D9%85%D8%B9%D8%A7%D9%84%D8%AC%D8%A9/ HTTP/2" 200 27185 "-" "Mozilla/5.0 (compatible; ImagesiftBot; +imagesift.com)"
74.80.208.56 - - [28/Sep/2024:15:02:19 +0200] "GET /%D9%85%D8%A7%D8%B4%D9%8A%D9%86-%D9%81%D9%8A-%D8%A7%D9%84%D8%B3%D9%83%D8%A9-%D9%86%D9%85%D8%AF-%D8%B5%D8%AD%D9%8A%D9%81%D8%A9-%D9%83%D9%88%D8%B1%D8%A9-%D8%B3%D9%88%D8%AF%D8%A7%D9%86%D9%8A%D8%A9/ HTTP/2" 200 0 "-" "Mozilla/5.0 (compatible; ImagesiftBot; +imagesift.com)"
74.80.208.56 - - [28/Sep/2024:15:02:28 +0200] "GET /tag/%D9%8A%D8%B1%D8%A7%D9%85/ HTTP/2" 200 0 "-" "Mozilla/5.0 (compatible; ImagesiftBot; +imagesift.com)"
74.80.208.56 - - [28/Sep/2024:15:02:30 +0200] "GET /wp-json/wp/v2/tags/26065 HTTP/2" 200 0 "-" "Mozilla/5.0 (compatible; ImagesiftBot; +imagesift.com)"
74.80.208.56 - - [28/Sep/2024:15:02:33 +0200] "GET /tag/%D8%AD%D8%B1%D9%83%D8%A7%D8%AA/page/2/ HTTP/2" 200 0 "-" "Mozilla/5.0 (compatible; ImagesiftBot; +imagesift.com)"
40.77.167.47 - - [28/Sep/2024:15:02:33 +0200] "GET /xuiyl/r1753077.html HTTP/2" 200 42308 "-" "Mozilla/5.0 AppleWebKit/537.36 (KHTML, like Gecko; compatible; bingbot/2.0; +http://www.bing.com/bingbot.htm) Chrome/116.0.1938.76 Safari/537.36"
77.75.78.161 - - [28/Sep/2024:15:02:39 +0200] "GET /hvwgr/m1072756.html HTTP/1.1" 404 20328 "-" "Mozilla/5.0 (compatible; SeznamBot/4.0; +http://napoveda.seznam.cz/seznambot-intro/)"
66.249.64.14 - - [28/Sep/2024:15:02:41 +0200] "GET /rmkeo/j2222369.html HTTP/1.1" 200 42556 "-" "Mozilla/5.0 (Linux; Android 6.0.1; Nexus 5X Build/MMB29P) AppleWebKit/537.36 (KHTML, like Gecko) Chrome/128.0.6613.137 Mobile Safari/537.36 (compatible; GoogleOther)"
135.181.9.38 - - [28/Sep/2024:15:02:44 +0200] "POST /wp-cron.php?doing_wp_cron=1727528564.7026081085205078125000 HTTP/1.1" 200 0 "-" "WordPress/6.6.2; https://www.sudancam.net"
77.75.78.161 - - [28/Sep/2024:15:02:49 +0200] "GET /splfz/t1543129.html HTTP/1.1" 404 20322 "-" "Mozilla/5.0 (compatible; SeznamBot/4.0; +http://napoveda.seznam.cz/seznambot-intro/)"
74.80.208.56 - - [28/Sep/2024:15:02:56 +0200] "GET /tag/%D9%8A%D9%85%D9%84%D9%83/ HTTP/2" 200 36671 "-" "Mozilla/5.0 (compatible; ImagesiftBot; +imagesift.com)"
74.80.208.56 - - [28/Sep/2024:15:02:58 +0200] "GET /wp-json/wp/v2/categories/10 HTTP/2" 200 0 "-" "Mozilla/5.0 (compatible; ImagesiftBot; +imagesift.com)"
74.80.208.56 - - [28/Sep/2024:15:02:59 +0200] "GET /%D8%AA%D8%B9%D9%84%D9%8A%D9%82-%D8%A5%D8%B6%D8%B1%D8%A7%D8%A8-%D8%A7%D9%84%D9%85%D8%B9%D9%84%D9%85%D9%8A%D9%86-%D9%84%D8%A3%D8%B3%D8%A8%D9%88%D8%B9%D9%8A%D9%86-%D9%88%D9%85%D9%82%D8%AA%D8%B1%D8%AD/ HTTP/2" 200 0 "-" "Mozilla/5.0 (compatible; ImagesiftBot; +imagesift.com)"
74.80.208.56 - - [28/Sep/2024:15:03:00 +0200] "GET /tag/%D8%A7%D8%B9%D8%AA%D8%A8%D8%B1%D8%AA%D9%87/ HTTP/2" 200 23537 "-" "Mozilla/5.0 (compatible; ImagesiftBot; +imagesift.com)"
74.80.208.56 - - [28/Sep/2024:15:03:02 +0200] "GET /tag/%D9%84%D9%84%D9%87%D8%B1%D9%88%D8%A8/ HTTP/2" 200 0 "-" "Mozilla/5.0 (compatible; ImagesiftBot; +imagesift.com)"
3.137.212.124 - - [28/Sep/2024:15:02:00 +0200] "GET /wp-json/oembed/1.0//%22https:////www.sudancam.net//%d8%a7%d9%84%d8%a8%d8%b1%d9%87%d8%a7%d9%86-%d9%8a%d8%b9%d9%84%d9%86-%d8%aa%d8%ac%d9%87%d9%8a%d8%b2-%d8%ac%d9%8a%d8%b4-%d9%85%d9%86-%d8%a7%d9%84%d9%85%d8%b3%d8%aa%d9%86%d9%81%d8%b1%d9%8a%d9%86///%22 HTTP/2" 404 188 "-" "Mozilla/5.0 AppleWebKit/537.36 (KHTML, like Gecko; compatible; ClaudeBot/1.0; +claudebot@anthropic.com)"
135.181.9.38 - - [28/Sep/2024:15:02:38 +0200] "POST /wp-cron.php?doing_wp_cron=1727528558.4542689323425292968750 HTTP/1.1" 200 0 "-" "WordPress/6.6.2; https://www.sudancam.net"
74.80.208.56 - - [28/Sep/2024:15:02:37 +0200] "GET /tag/%D8%AD%D9%83%D9%8A%D9%85%D9%8A/ HTTP/2" 200 26781 "-" "Mozilla/5.0 (compatible; ImagesiftBot; +imagesift.com)"
74.80.208.56 - - [28/Sep/2024:15:02:39 +0200] "GET /wp-json/wp/v2/posts/24477 HTTP/2" 200 0 "-" "Mozilla/5.0 (compatible; ImagesiftBot; +imagesift.com)"
74.80.208.56 - - [28/Sep/2024:15:02:40 +0200] "GET /tag/%D9%85%D8%AC%D9%85%D9%88%D8%B9%D8%A9/ HTTP/2" 200 27294 "-" "Mozilla/5.0 (compatible; ImagesiftBot; +imagesift.com)"
74.80.208.56 - - [28/Sep/2024:15:02:41 +0200] "GET /tag/%D8%AA%D9%81%D9%87%D9%85%D9%86%D9%8A/ HTTP/2" 200 0 "-" "Mozilla/5.0 (compatible; ImagesiftBot; +imagesift.com)"
74.80.208.56 - - [28/Sep/2024:15:02:42 +0200] "GET /%D8%B2%D8%A7%D9%87%D9%8A-%D8%AD%D9%88%D8%A7%D8%B3-%D8%B6%D9%8A%D9%81-%D9%85%D9%86%D9%89-%D8%A7%D9%84%D8%B4%D8%A7%D8%B0%D9%84%D9%8A-%D8%B9%D9%84%D9%89-cbc/ HTTP/2" 200 45656 "-" "Mozilla/5.0 (compatible; ImagesiftBot; +imagesift.com)"
74.80.208.56 - - [28/Sep/2024:15:02:44 +0200] "GET /tag/%D9%88%D9%8A%D8%AF%D9%83%D9%85/ HTTP/2" 200 23708 "-" "Mozilla/5.0 (compatible; ImagesiftBot; +imagesift.com)"
74.80.208.56 - - [28/Sep/2024:15:02:45 +0200] "GET /%D9%85%D8%B9%D8%AA%D8%B5%D9%85-%D8%AC%D8%B9%D9%81%D8%B1-%D9%8A%D8%AA%D8%B3%D9%84%D9%85-%D8%AA%D9%83%D8%A7%D9%84%D9%8A%D9%81-%D9%85%D8%B4%D8%B1%D9%88%D8%B9-%D8%A5%D8%B9%D8%A7%D8%AF%D8%A9-%D8%AA%D8%A3/ HTTP/2" 200 26240 "-" "Mozilla/5.0 (compatible; ImagesiftBot; +imagesift.com)"
74.80.208.56 - - [28/Sep/2024:15:02:47 +0200] "GET /%D8%A7%D9%84%D9%87%D9%84%D8%A7%D9%84-%D9%8A%D8%B6%D8%B9-%D9%84%D9%85%D8%B3%D8%A7%D8%AA%D9%87-%D9%82%D8%A8%D9%84-%D8%A7%D9%84%D9%86%D9%87%D8%A7%D8%A6%D9%8A%D8%A9-%D9%84%D9%85%D9%88%D8%A7%D8%AC%D9%87/ HTTP/2" 200 0 "-" "Mozilla/5.0 (compatible; ImagesiftBot; +imagesift.com)"
52.167.144.136 - - [28/Sep/2024:15:02:50 +0200] "GET /qdrch/z2737393.html HTTP/2" 200 41816 "-" "Mozilla/5.0 AppleWebKit/537.36 (KHTML, like Gecko; compatible; bingbot/2.0; +http://www.bing.com/bingbot.htm) Chrome/116.0.1938.76 Safari/537.36"
52.167.144.136 - - [28/Sep/2024:15:02:51 +0200] "GET /dmabd/s2972582.html HTTP/2" 200 41727 "-" "Mozilla/5.0 AppleWebKit/537.36 (KHTML, like Gecko; compatible; bingbot/2.0; +http://www.bing.com/bingbot.htm) Chrome/116.0.1938.76 Safari/537.36"
77.75.78.161 - - [28/Sep/2024:15:02:56 +0200] "GET /vngrw/w1078330.html HTTP/1.1" 404 20324 "-" "Mozilla/5.0 (compatible; SeznamBot/4.0; +http://napoveda.seznam.cz/seznambot-intro/)"
52.167.144.136 - - [28/Sep/2024:15:02:58 +0200] "GET /mmciy/o2310358.html HTTP/2" 200 42626 "-" "Mozilla/5.0 AppleWebKit/537.36 (KHTML, like Gecko; compatible; bingbot/2.0; +http://www.bing.com/bingbot.htm) Chrome/116.0.1938.76 Safari/537.36"
77.75.78.161 - - [28/Sep/2024:15:03:03 +0200] "GET /lszuy/g142288.html HTTP/1.1" 404 20321 "-" "Mozilla/5.0 (compatible; SeznamBot/4.0; +http://napoveda.seznam.cz/seznambot-intro/)"
74.80.208.56 - - [28/Sep/2024:15:03:08 +0200] "GET /wp-json/wp/v2/posts/7927 HTTP/2" 200 3286 "-" "Mozilla/5.0 (compatible; ImagesiftBot; +imagesift.com)"
74.80.208.56 - - [28/Sep/2024:15:03:09 +0200] "GET /%D8%A3%D8%A8%D8%B1%D8%B2-%D8%B9%D9%86%D8%A7%D9%88%D9%8A%D9%86-%D8%A7%D9%84%D8%B5%D8%AD%D9%81-%D8%A7%D9%84%D8%B3%D9%88%D8%AF%D8%A7%D9%86%D9%8A%D8%A9-%D8%A7%D9%84%D8%B3%D9%8A%D8%A7%D8%B3%D9%8A%D8%A9-173/ HTTP/2" 200 0 "-" "Mozilla/5.0 (compatible; ImagesiftBot; +imagesift.com)"
74.80.208.56 - - [28/Sep/2024:15:03:03 +0200] "GET /tag/%D8%B9%D9%85%D9%88%D9%85/ HTTP/2" 200 26627 "-" "Mozilla/5.0 (compatible; ImagesiftBot; +imagesift.com)"
74.80.208.56 - - [28/Sep/2024:15:03:12 +0200] "GET /tag/%D8%A7%D9%84%D8%AE%D8%B7%D9%88%D8%A9/feed/ HTTP/2" 200 14801 "-" "Mozilla/5.0 (compatible; ImagesiftBot; +imagesift.com)"
74.80.208.56 - - [28/Sep/2024:15:03:14 +0200] "GET /jferl/r879399.html HTTP/2" 200 0 "-" "Mozilla/5.0 (compatible; ImagesiftBot; +imagesift.com)"
74.80.208.56 - - [28/Sep/2024:15:03:16 +0200] "GET /tag/%D8%A8%D8%A7%D9%84%D9%85%D9%82%D9%84%D9%88%D8%A8/feed/ HTTP/2" 200 2709 "-" "Mozilla/5.0 (compatible; ImagesiftBot; +imagesift.com)"
74.80.208.56 - - [28/Sep/2024:15:03:26 +0200] "GET /wp-json/wp/v2/posts/8767 HTTP/2" 200 0 "-" "Mozilla/5.0 (compatible; ImagesiftBot; +imagesift.com)"
85.208.96.198 - - [28/Sep/2024:15:03:33 +0200] "GET /%D9%88%D8%B1%D8%B4%D8%A9-%D8%A7%D9%84%D9%82%D8%A7%D9%87%D8%B1%D8%A9-%D8%AA%D8%A8%D8%AF%D8%A3-%D9%86%D9%82%D8%A7%D8%B4%D8%A7-%D8%AD%D9%88%D9%84-%D8%A7%D9%84%D8%A3%D9%88%D8%B6%D8%A7%D8%B9-%D8%A7%D9%84/ HTTP/1.1" 403 0 "-" "Mozilla/5.0 (compatible; SemrushBot/7~bl; +http://www.semrush.com/bot.html)"
52.167.144.136 - - [28/Sep/2024:15:03:33 +0200] "GET /fhugl/n2972161.html HTTP/2" 200 41534 "-" "Mozilla/5.0 AppleWebKit/537.36 (KHTML, like Gecko; compatible; bingbot/2.0; +http://www.bing.com/bingbot.htm) Chrome/116.0.1938.76 Safari/537.36"
20.15.133.174 - - [28/Sep/2024:15:03:34 +0200] "GET /kapuh/c2511794.html HTTP/2" 200 41927 "-" "Mozilla/5.0 AppleWebKit/537.36 (KHTML, like Gecko; compatible; bingbot/2.0; +http://www.bing.com/bingbot.htm) Chrome/116.0.1938.76 Safari/537.36"
77.75.78.161 - - [28/Sep/2024:15:03:36 +0200] "GET /klnav/x703333.html HTTP/1.1" 404 20321 "-" "Mozilla/5.0 (compatible; SeznamBot/4.0; +http://napoveda.seznam.cz/seznambot-intro/)"
74.80.208.56 - - [28/Sep/2024:15:03:36 +0200] "GET /wp-json/wp/v2/posts/8653 HTTP/2" 200 1906 "-" "Mozilla/5.0 (compatible; ImagesiftBot; +imagesift.com)"
74.80.208.56 - - [28/Sep/2024:15:03:38 +0200] "GET /tag/%D8%A8%D8%A7%D9%84%D8%B3%D9%86%D9%8A%D9%85%D8%A7/ HTTP/2" 200 0 "-" "Mozilla/5.0 (compatible; ImagesiftBot; +imagesift.com)"
74.80.208.56 - - [28/Sep/2024:15:03:38 +0200] "GET /%D9%85%D9%86%D8%AA%D8%AE%D8%A8-%D8%A7%D9%84%D8%B4%D8%A8%D8%A7%D8%A8-%D8%AA%D8%AF%D8%B1%D8%A8-%D8%B5%D8%A8%D8%A7%D8%AD%D8%A7%D9%8B-%D9%88%D8%AA%D9%82%D9%84%D9%8A%D8%B5-%D8%A7%D9%84%D9%83%D9%84%D9%8A/ HTTP/2" 200 0 "-" "Mozilla/5.0 (compatible; ImagesiftBot; +imagesift.com)"
74.80.208.56 - - [28/Sep/2024:15:03:40 +0200] "GET /wp-json/wp/v2/tags/31337 HTTP/2" 200 316 "-" "Mozilla/5.0 (compatible; ImagesiftBot; +imagesift.com)"
77.75.78.161 - - [28/Sep/2024:15:03:38 +0200] "GET /ltexp/c1206022.html HTTP/1.1" 404 20324 "-" "Mozilla/5.0 (compatible; SeznamBot/4.0; +http://napoveda.seznam.cz/seznambot-intro/)"
66.249.64.13 - - [28/Sep/2024:15:03:46 +0200] "GET /mfyzm/w1899150.html HTTP/1.1" 200 43321 "-" "Mozilla/5.0 (Linux; Android 6.0.1; Nexus 5X Build/MMB29P) AppleWebKit/537.36 (KHTML, like Gecko) Chrome/128.0.6613.137 Mobile Safari/537.36 (compatible; Googlebot/2.1; +http://www.google.com/bot.html)"
77.75.78.161 - - [28/Sep/2024:15:03:46 +0200] "GET /wnton/t1310117.html HTTP/1.1" 404 20320 "-" "Mozilla/5.0 (compatible; SeznamBot/4.0; +http://napoveda.seznam.cz/seznambot-intro/)"
74.80.208.56 - - [28/Sep/2024:15:03:49 +0200] "GET /wp-json/wp/v2/tags/31223 HTTP/2" 200 320 "-" "Mozilla/5.0 (compatible; ImagesiftBot; +imagesift.com)"
74.80.208.56 - - [28/Sep/2024:15:03:51 +0200] "GET /%D8%A5%D8%B5%D8%AF%D8%A7%D8%B1-%D8%AA%D8%AD%D8%B0%D9%8A%D8%B1-%D8%B9%D8%A7%D8%AC%D9%84-%D8%B9%D8%A8%D8%B1-%D9%88%D8%A7%D8%AA%D8%B3-%D8%A2%D8%A8-%D9%84%D9%85%D9%84%D8%A7%D9%8A%D9%8A/ HTTP/2" 200 0 "-" "Mozilla/5.0 (compatible; ImagesiftBot; +imagesift.com)"
77.75.78.161 - - [28/Sep/2024:15:02:19 +0200] "GET /tisll/y1767514.html HTTP/1.1" 404 20321 "-" "Mozilla/5.0 (compatible; SeznamBot/4.0; +http://napoveda.seznam.cz/seznambot-intro/)"
185.191.171.9 - - [28/Sep/2024:15:02:30 +0200] "GET /%D8%AE%D8%B1%D9%88%D8%AC-%D8%A3%D8%A8%D8%B7%D8%A7%D9%84-%D8%A7%D9%84%D8%A3%D8%B7%D9%84%D8%B3-%D9%85%D9%86-%D9%86%D8%B5%D9%81-%D8%A7%D9%84%D9%86%D9%87%D8%A7%D8%A6%D9%8A-%D8%A5%D8%AB%D8%B1-%D8%AE/ HTTP/1.1" 403 0 "-" "Mozilla/5.0 (compatible; SemrushBot/7~bl; +http://www.semrush.com/bot.html)"
74.80.208.56 - - [28/Sep/2024:15:02:32 +0200] "GET /wp-json/wp/v2/tags/7883 HTTP/2" 200 318 "-" "Mozilla/5.0 (compatible; ImagesiftBot; +imagesift.com)"
74.80.208.56 - - [28/Sep/2024:15:02:33 +0200] "GET /tag/%D8%A8%D8%AA%D8%AE%D8%B7%D9%8A/ HTTP/2" 200 24023 "-" "Mozilla/5.0 (compatible; ImagesiftBot; +imagesift.com)"
135.181.9.38 - - [28/Sep/2024:15:02:38 +0200] "POST /wp-admin/admin-ajax.php?action=async_litespeed&nonce=DM7nCgXddJr8Z72vSiNPh5cH5fTa1HJX&litespeed_type=imgoptm HTTP/1.1" 200 21 "-" "WordPress/6.6.2; https://www.sudancam.net"
74.80.208.56 - - [28/Sep/2024:15:02:48 +0200] "GET /%D8%A2%D9%84-%D8%A7%D9%84%D9%85%D9%87%D8%AF%D9%89-%D9%88%D8%A7%D9%84%D8%AF%D9%88%D8%B1-%D8%A7%D9%84%D8%B3%D9%8A%D8%A7%D8%B3%D9%89-%D8%A7%D9%84%D8%B0%D9%89-%D9%8A%D9%85%D8%A7%D8%B1%D8%B3%D9%88%D9%86/ HTTP/2" 200 33678 "-" "Mozilla/5.0 (compatible; ImagesiftBot; +imagesift.com)"
74.80.208.56 - - [28/Sep/2024:15:02:52 +0200] "GET /tag/%D9%83%D8%A7%D8%B3/ HTTP/2" 200 0 "-" "Mozilla/5.0 (compatible; ImagesiftBot; +imagesift.com)"
74.80.208.56 - - [28/Sep/2024:15:02:54 +0200] "GET /tag/%D8%A7%D9%84%D8%A5%D8%B9%D9%84%D8%A7%D9%86/ HTTP/2" 200 0 "-" "Mozilla/5.0 (compatible; ImagesiftBot; +imagesift.com)"
77.75.78.161 - - [28/Sep/2024:15:03:11 +0200] "GET /umuqa/p506635.html HTTP/1.1" 404 20321 "-" "Mozilla/5.0 (compatible; SeznamBot/4.0; +http://napoveda.seznam.cz/seznambot-intro/)"
77.75.78.161 - - [28/Sep/2024:15:03:15 +0200] "GET /hztsf/v2184135.html HTTP/1.1" 404 20322 "-" "Mozilla/5.0 (compatible; SeznamBot/4.0; +http://napoveda.seznam.cz/seznambot-intro/)"
77.75.78.161 - - [28/Sep/2024:15:03:19 +0200] "GET /oxjfu/b128451.html HTTP/1.1" 404 20321 "-" "Mozilla/5.0 (compatible; SeznamBot/4.0; +http://napoveda.seznam.cz/seznambot-intro/)"
74.80.208.56 - - [28/Sep/2024:15:03:23 +0200] "GET /%D8%A5%D9%84%D9%87%D8%A7%D9%85-%D8%B4%D8%A7%D9%87%D9%8A%D9%86-%D8%AA%D9%87%D8%A7%D8%AC%D9%85-%D8%AF%D8%A7%D8%B9%D8%B4-%D8%A8%D8%B9%D8%AF-%D8%AA%D9%82%D8%AF%D9%8A%D9%85%D9%87%D8%A7-%D9%85%D8%B3%D9%84/ HTTP/2" 200 0 "-" "Mozilla/5.0 (compatible; ImagesiftBot; +imagesift.com)"
74.80.208.56 - - [28/Sep/2024:15:03:23 +0200] "GET /%D8%A7%D9%85-%D9%88%D8%B6%D8%A7%D8%AD-%D9%82%D8%B3%D9%85%D8%A7%D9%8B-%D8%A8%D8%A7%D9%84%D9%84%D9%87-%D8%A7%D9%84%D8%AC%D9%8A%D8%B4-%D8%A7%D9%84%D8%A2%D9%86-%D9%8A%D8%B3%D8%B7%D8%B1-%D9%85%D9%84%D8%A7/ HTTP/2" 200 0 "-" "Mozilla/5.0 (compatible; ImagesiftBot; +imagesift.com)"
77.75.78.161 - - [28/Sep/2024:15:03:31 +0200] "GET /sfvyb/i1547460.html HTTP/1.1" 404 15873 "-" "Mozilla/5.0 (compatible; SeznamBot/4.0; +http://napoveda.seznam.cz/seznambot-intro/)"
74.80.208.56 - - [28/Sep/2024:15:03:32 +0200] "GET /%D8%B4%D8%A7%D9%87%D8%AF-%D8%A8%D8%A7%D9%84%D9%81%D9%8A%D8%AF%D9%8A%D9%88-%D8%A7%D9%84%D9%81%D9%86%D8%A7%D9%86%D8%A9-%D9%85%D9%86%D8%A7%D9%84-%D8%A7%D9%84%D8%A8%D8%AF%D8%B1%D9%8A-%D8%AA%D8%AA%D8%B5/ HTTP/2" 200 20545 "-" "Mozilla/5.0 (compatible; ImagesiftBot; +imagesift.com)"
135.181.9.38 - - [28/Sep/2024:15:03:37 +0200] "POST /wp-cron.php?doing_wp_cron=1727528617.0916769504547119140625 HTTP/1.1" 200 0 "-" "WordPress/6.6.2; https://www.sudancam.net"
135.181.9.38 - - [28/Sep/2024:15:03:44 +0200] "POST /wp-cron.php?doing_wp_cron=1727528624.1494219303131103515625 HTTP/1.1" 200 0 "-" "WordPress/6.6.2; https://www.sudancam.net"
178.236.247.6 - - [28/Sep/2024:15:04:05 +0200] "POST /74a7c9952328.php HTTP/1.1" 200 9 "-" "curl/7.86.0"
74.80.208.56 - - [28/Sep/2024:15:03:53 +0200] "GET /%D8%B4%D9%83%D8%A7%D9%88%D9%89-%D9%85%D9%86-%D8%A8%D8%B7%D8%A1-%D8%A8%D9%84%D8%A7%D8%BA%D8%A7%D8%AA-%D8%A8%D9%86%D9%83%D9%83-%D9%88%D8%B7%D8%A7%D9%84%D8%A8-%D9%8A%D8%A8%D8%AA%D9%83/ HTTP/2" 200 0 "-" "Mozilla/5.0 (compatible; ImagesiftBot; +imagesift.com)"
74.80.208.56 - - [28/Sep/2024:15:03:53 +0200] "GET /uzrpy/f1055589.html HTTP/2" 404 22076 "-" "Mozilla/5.0 (compatible; ImagesiftBot; +imagesift.com)"
207.46.13.87 - - [28/Sep/2024:15:03:54 +0200] "GET /xbrlc/q1245088.html HTTP/2" 200 41337 "-" "Mozilla/5.0 AppleWebKit/537.36 (KHTML, like Gecko; compatible; bingbot/2.0; +http://www.bing.com/bingbot.htm) Chrome/116.0.1938.76 Safari/537.36"
77.75.78.161 - - [28/Sep/2024:15:03:55 +0200] "GET /chpid/u705930.html HTTP/1.1" 404 20321 "-" "Mozilla/5.0 (compatible; SeznamBot/4.0; +http://napoveda.seznam.cz/seznambot-intro/)"
74.80.208.56 - - [28/Sep/2024:15:03:56 +0200] "GET /sxlhs/n1151511.html HTTP/2" 404 22075 "-" "Mozilla/5.0 (compatible; ImagesiftBot; +imagesift.com)"
74.80.208.56 - - [28/Sep/2024:15:03:57 +0200] "GET /tag/%D8%B1%D8%AD%D9%84%D9%88%D8%A7/ HTTP/2" 200 0 "-" "Mozilla/5.0 (compatible; ImagesiftBot; +imagesift.com)"
74.80.208.56 - - [28/Sep/2024:15:03:58 +0200] "GET /%D9%85%D9%84%D8%AE%D8%B5-%D9%83%D9%84%D9%85%D8%A9-%D8%A7%D9%84%D9%82%D8%A7%D8%A6%D8%AF-%D8%A7%D9%84%D8%B9%D8%A7%D9%85-%D8%A7%D9%84%D8%A8%D8%B1%D9%87%D8%A7%D9%86-%D9%81%D9%8A-%D9%83%D8%B3%D9%84%D8%A7/ HTTP/2" 200 0 "-" "Mozilla/5.0 (compatible; ImagesiftBot; +imagesift.com)"
52.167.144.136 - - [28/Sep/2024:15:03:59 +0200] "GET /ryepi/l973305.html HTTP/2" 200 42207 "-" "Mozilla/5.0 AppleWebKit/537.36 (KHTML, like Gecko; compatible; bingbot/2.0; +http://www.bing.com/bingbot.htm) Chrome/116.0.1938.76 Safari/537.36"
74.80.208.56 - - [28/Sep/2024:15:03:59 +0200] "GET /%D8%A8%D8%A7%D9%84%D9%81%D9%8A%D8%AF%D9%8A%D9%88-%D8%B7%D8%A7%D9%84%D8%A8-%D9%8A%D8%A7%D8%A8%D8%A7%D9%86%D9%8A-%D9%8A%D8%A8%D9%87%D8%B1-%D8%A7%D9%84%D8%AD%D8%B6%D9%88%D8%B1-%D8%A8%D9%80-%D8%A5%D9%84/ HTTP/2" 200 0 "-" "Mozilla/5.0 (compatible; ImagesiftBot; +imagesift.com)"
74.80.208.56 - - [28/Sep/2024:15:04:00 +0200] "GET /%D8%A8%D8%A7%D9%84%D9%81%D9%8A%D8%AF%D9%8A%D9%88-%D9%81%D9%86%D8%A7%D9%86-%D9%85%D8%B5%D8%B1%D9%8A-%D9%83%D9%86%D8%A7-%D8%A8%D9%86%D8%A7%D9%83%D9%84-%D8%A8%D9%88%D8%A7%D9%82%D9%8A-%D8%A7%D9%83/ HTTP/2" 200 0 "-" "Mozilla/5.0 (compatible; ImagesiftBot; +imagesift.com)"
77.75.78.161 - - [28/Sep/2024:15:04:01 +0200] "GET /kpoyy/x2026343.html HTTP/1.1" 404 20323 "-" "Mozilla/5.0 (compatible; SeznamBot/4.0; +http://napoveda.seznam.cz/seznambot-intro/)"
74.80.208.56 - - [28/Sep/2024:15:04:02 +0200] "GET /%D9%83%D8%B4%D9%81-%D8%AA%D9%81%D8%A7%D8%B5%D9%8A%D9%84-%D9%85%D8%AD%D8%A7%D9%88%D9%84%D8%A9-%D8%B3%D9%8A%D8%AF%D8%A9-%D9%84%D8%AA%D9%87%D8%B1%D9%8A%D8%A8-3-%D8%B3%D8%A8%D8%A7%D8%A6%D9%83-%D8%B0/ HTTP/2" 200 0 "-" "Mozilla/5.0 (compatible; ImagesiftBot; +imagesift.com)"
74.80.208.56 - - [28/Sep/2024:15:04:03 +0200] "GET /wp-json/wp/v2/tags/36080 HTTP/2" 200 322 "-" "Mozilla/5.0 (compatible; ImagesiftBot; +imagesift.com)"
74.80.208.56 - - [28/Sep/2024:15:04:04 +0200] "GET /tag/%D9%8A%D8%B4%D9%8A%D8%AF/page/2/ HTTP/2" 200 27286 "-" "Mozilla/5.0 (compatible; ImagesiftBot; +imagesift.com)"
77.75.78.161 - - [28/Sep/2024:15:04:08 +0200] "GET /vtckv/a2178238.html HTTP/1.1" 404 20329 "-" "Mozilla/5.0 (compatible; SeznamBot/4.0; +http://napoveda.seznam.cz/seznambot-intro/)"
74.80.208.56 - - [28/Sep/2024:15:04:11 +0200] "GET /tag/%D9%8A%D8%B3%D8%AA%D8%B9%D9%8A%D8%AF/feed/ HTTP/2" 200 19696 "-" "Mozilla/5.0 (compatible; ImagesiftBot; +imagesift.com)"
74.80.208.56 - - [28/Sep/2024:15:04:12 +0200] "GET /%D8%A7%D9%84%D9%85%D8%B2%D8%A7%D8%AF-%D9%8A%D8%AA%D8%AE%D8%B7%D9%89-%D8%A7%D9%84%D8%B1%D8%A7%D8%A8%D8%B7%D8%A9-%D9%81%D9%8A-%D9%83%D8%A3%D8%B3-%D8%A7%D9%84%D8%B3%D9%88%D8%AF%D8%A7%D9%86-%D8%A8%D8%B3/ HTTP/2" 200 0 "-" "Mozilla/5.0 (compatible; ImagesiftBot; +imagesift.com)"
135.181.9.38 - - [28/Sep/2024:15:03:38 +0200] "POST /wp-admin/admin-ajax.php?action=async_litespeed&nonce=i2N56s7zYRUgiL4tEXsPNecpWjl2yZDE&litespeed_type=imgoptm HTTP/1.1" 200 21 "-" "WordPress/6.6.2; https://www.sudancam.net"
74.80.208.56 - - [28/Sep/2024:15:03:43 +0200] "GET /wp-json/wp/v2/tags/8603 HTTP/2" 200 0 "-" "Mozilla/5.0 (compatible; ImagesiftBot; +imagesift.com)"
74.80.208.56 - - [28/Sep/2024:15:03:45 +0200] "GET /tag/%D8%A7%D8%B1%D8%AA%D8%A8%D8%A7%D8%B7%D9%87/ HTTP/2" 200 0 "-" "Mozilla/5.0 (compatible; ImagesiftBot; +imagesift.com)"
74.80.208.56 - - [28/Sep/2024:15:03:46 +0200] "GET /tag/%D8%AA%D8%B9%D8%A7%D9%85%D9%84%D8%AA/feed/ HTTP/2" 200 5655 "-" "Mozilla/5.0 (compatible; ImagesiftBot; +imagesift.com)"
74.80.208.56 - - [28/Sep/2024:15:04:18 +0200] "GET /wp-json/wp/v2/tags/30975 HTTP/2" 200 324 "-" "Mozilla/5.0 (compatible; ImagesiftBot; +imagesift.com)"
74.80.208.56 - - [28/Sep/2024:15:04:19 +0200] "GET /%D9%83%D8%B1%D8%AA%D9%8A-%D9%88%D8%A7%D9%84%D8%A5%D9%85%D8%A7%D8%B1%D8%A7%D8%AA-%D9%88%D8%A3%D9%85%D9%8A%D8%B1%D9%83%D8%A7-%D8%A7%D9%84%D9%86%D9%8A%D9%84%D9%8A%D9%86/ HTTP/2" 200 0 "-" "Mozilla/5.0 (compatible; ImagesiftBot; +imagesift.com)"
74.80.208.56 - - [28/Sep/2024:15:04:20 +0200] "GET /%D9%88%D8%B2%D9%8A%D8%B1-%D8%A7%D9%84%D9%85%D8%A7%D9%84%D9%8A%D8%A9-%D9%8A%D8%B4%D8%A7%D8%B1%D9%83-%D9%81%D9%8A-%D9%85%D8%A4%D8%AA%D9%85%D8%B1-%D9%88%D8%B2%D8%B1%D8%A7%D8%A1-%D8%A7%D9%84%D9%85%D8%A7/ HTTP/2" 200 0 "-" "Mozilla/5.0 (compatible; ImagesiftBot; +imagesift.com)"
77.75.78.161 - - [28/Sep/2024:15:04:20 +0200] "GET /ltbuz/v137909.html HTTP/1.1" 404 20328 "-" "Mozilla/5.0 (compatible; SeznamBot/4.0; +http://napoveda.seznam.cz/seznambot-intro/)"
74.80.208.56 - - [28/Sep/2024:15:04:21 +0200] "GET /%D9%85%D8%AF%D9%8A%D8%B1-%D8%AC%D8%A7%D9%85%D8%B9%D8%A9-%D8%A7%D9%84%D8%B3%D9%88%D8%AF%D8%A7%D9%86-%D9%87%D9%85%D9%86%D8%A7-%D8%A7%D9%84%D8%A3%D9%83%D8%A8%D8%B1-%D9%87%D9%88-%D8%AA%D8%B1%D8%A7%D9%83/ HTTP/2" 200 20748 "-" "Mozilla/5.0 (compatible; ImagesiftBot; +imagesift.com)"
77.75.78.161 - - [28/Sep/2024:15:04:33 +0200] "GET /oqmgz/d2648321.html HTTP/1.1" 404 20324 "-" "Mozilla/5.0 (compatible; SeznamBot/4.0; +http://napoveda.seznam.cz/seznambot-intro/)"
135.181.9.38 - - [28/Sep/2024:15:04:35 +0200] "POST /wp-cron.php?doing_wp_cron=1727528674.1874239444732666015625 HTTP/1.1" 200 0 "-" "WordPress/6.6.2; https://www.sudancam.net"
77.75.78.161 - - [28/Sep/2024:15:04:45 +0200] "GET /mambl/c207804.html HTTP/1.1" 404 20320 "-" "Mozilla/5.0 (compatible; SeznamBot/4.0; +http://napoveda.seznam.cz/seznambot-intro/)"
77.75.78.161 - - [28/Sep/2024:15:04:51 +0200] "GET /ugfef/j1166301.html HTTP/1.1" 404 20322 "-" "Mozilla/5.0 (compatible; SeznamBot/4.0; +http://napoveda.seznam.cz/seznambot-intro/)"
74.80.208.56 - - [28/Sep/2024:15:04:52 +0200] "GET /hxkbt/g1344710.html HTTP/2" 200 0 "-" "Mozilla/5.0 (compatible; ImagesiftBot; +imagesift.com)"
74.80.208.56 - - [28/Sep/2024:15:04:52 +0200] "GET /wp-json/wp/v2/tags/14610 HTTP/2" 200 337 "-" "Mozilla/5.0 (compatible; ImagesiftBot; +imagesift.com)"
74.80.208.56 - - [28/Sep/2024:15:04:53 +0200] "GET /wp-json/wp/v2/tags/6540 HTTP/2" 200 357 "-" "Mozilla/5.0 (compatible; ImagesiftBot; +imagesift.com)"
74.80.208.56 - - [28/Sep/2024:15:04:55 +0200] "GET /%D8%B6%D8%A8%D8%B7-4-%D9%82%D8%B7%D8%B9%D8%A9-%D8%B3%D9%84%D8%A7%D8%AD-%D8%AC%D9%8A%D9%85-%D9%88%D8%AA%D9%88%D9%82%D9%8A%D9%81-%D9%85%D8%AA%D9%87%D9%85%D9%8A%D9%86-%D9%81%D9%8A-%D9%83%D9%85/ HTTP/2" 200 0 "-" "Mozilla/5.0 (compatible; ImagesiftBot; +imagesift.com)"
74.80.208.56 - - [28/Sep/2024:15:04:56 +0200] "GET /tag/%D9%88%D8%A7%D8%B6%D8%AD/ HTTP/2" 200 35317 "-" "Mozilla/5.0 (compatible; ImagesiftBot; +imagesift.com)"
74.80.208.56 - - [28/Sep/2024:15:04:57 +0200] "GET /tag/%D8%B1%D8%A8%D8%B9/ HTTP/2" 200 0 "-" "Mozilla/5.0 (compatible; ImagesiftBot; +imagesift.com)"
74.80.208.56 - - [28/Sep/2024:15:04:58 +0200] "GET /npefj/f2357123.html HTTP/2" 404 22075 "-" "Mozilla/5.0 (compatible; ImagesiftBot; +imagesift.com)"
74.80.208.56 - - [28/Sep/2024:15:04:13 +0200] "GET /%D8%A7%D9%84%D8%AE%D8%B1%D8%B7%D9%88%D9%85-%D8%A7%D8%B4%D8%AA%D8%A8%D8%A7%D9%87-%D9%8A%D9%82%D9%88%D8%AF-%D8%A5%D9%84%D9%89-%D8%B6%D8%A8%D8%B7-119-%D8%A8%D8%B1%D9%85%D9%8A%D9%84-%D9%86%D9%81%D8%B7/ HTTP/2" 200 43534 "-" "Mozilla/5.0 (compatible; ImagesiftBot; +imagesift.com)"
74.80.208.56 - - [28/Sep/2024:15:04:15 +0200] "GET /%D8%AA%D8%AC%D8%A7%D8%B1-%D8%A7%D9%84%D8%AE%D8%B1%D8%B7%D9%88%D9%85-%D8%B1%D9%88%D8%A7%D8%AA%D8%A8-%D8%A7%D9%84%D8%B9%D8%A7%D9%85%D9%84%D9%8A%D9%86-%D9%84%D8%A7-%D8%AA%D9%86%D9%87%D9%8A-%D8%A7%D9%84/feed/ HTTP/2" 200 762 "-" "Mozilla/5.0 (compatible; ImagesiftBot; +imagesift.com)"
74.80.208.56 - - [28/Sep/2024:15:04:28 +0200] "GET /crrwn/a1564326.html HTTP/2" 200 0 "-" "Mozilla/5.0 (compatible; ImagesiftBot; +imagesift.com)"
74.80.208.56 - - [28/Sep/2024:15:04:33 +0200] "GET /%D8%A7%D8%AD%D8%AA%D8%AC%D8%A7%D8%AC%D8%A7%D8%AA-%D9%85%D8%B1%D8%AA%D9%82%D8%A8%D8%A9-%D9%81%D9%8A-%D8%A7%D9%84%D8%AE%D8%B1%D8%B7%D9%88%D9%85-%D8%A7%D9%84%D9%86%D9%8A%D9%84%D9%8A%D9%86/ HTTP/2" 200 0 "-" "Mozilla/5.0 (compatible; ImagesiftBot; +imagesift.com)"
185.191.171.16 - - [28/Sep/2024:15:04:34 +0200] "GET /%D9%84%D9%85%D9%87%D9%85%D8%A9-%D9%85%D8%AD%D8%AF%D9%91%D8%AF%D8%A9-%D8%AA%D8%AE%D8%B1%D9%8A%D8%AC-%D8%B9%D9%86%D8%A7%D8%B5%D8%B1-%D9%85%D9%86-%D8%A7%D9%84%D8%B4%D8%B1%D8%B7%D8%A9-%D8%A7%D9%84/ HTTP/1.1" 403 0 "-" "Mozilla/5.0 (compatible; SemrushBot/7~bl; +http://www.semrush.com/bot.html)"
74.80.208.56 - - [28/Sep/2024:15:04:34 +0200] "GET /tag/%D8%B3%D9%84%D8%B3%D9%84/ HTTP/2" 200 36387 "-" "Mozilla/5.0 (compatible; ImagesiftBot; +imagesift.com)"
74.80.208.56 - - [28/Sep/2024:15:04:36 +0200] "GET /tag/%D8%A7%D9%86%D8%AA%D9%87%D8%A7%D8%A1/feed/ HTTP/2" 200 19019 "-" "Mozilla/5.0 (compatible; ImagesiftBot; +imagesift.com)"
135.181.9.38 - - [28/Sep/2024:15:04:44 +0200] "POST /wp-cron.php?doing_wp_cron=1727528684.3942010402679443359375 HTTP/1.1" 200 0 "-" "WordPress/6.6.2; https://www.sudancam.net"
74.80.208.56 - - [28/Sep/2024:15:05:01 +0200] "GET /tag/%D8%A7%D9%84%D9%81%D8%B1%D9%86%D8%B3%D9%8A%D8%A9/ HTTP/2" 200 39450 "-" "Mozilla/5.0 (compatible; ImagesiftBot; +imagesift.com)"
74.80.208.56 - - [28/Sep/2024:15:05:10 +0200] "GET /tag/%D9%84%D9%84%D8%B3%D9%83%D9%86/ HTTP/2" 200 23398 "-" "Mozilla/5.0 (compatible; ImagesiftBot; +imagesift.com)"
74.80.208.56 - - [28/Sep/2024:15:05:12 +0200] "GET /%D8%A7%D9%84%D8%AF%D8%B9%D9%85-%D8%A7%D9%84%D8%B3%D8%B1%D9%8A%D8%B9-%D8%AA%D8%B7%D8%A7%D9%84%D8%A8-%D8%A8%D8%AA%D8%AC%D9%86%D9%8A%D8%AF-%D8%A7%D9%84%D8%B4%D8%A8%D8%A7%D8%A8-%D9%81%D9%8A-%D8%A7%D9%84/ HTTP/2" 200 0 "-" "Mozilla/5.0 (compatible; ImagesiftBot; +imagesift.com)"
74.80.208.56 - - [28/Sep/2024:15:05:13 +0200] "GET /tag/%D9%88%D8%A7%D9%84%D9%84%D8%AD%D9%88%D9%85/ HTTP/2" 200 0 "-" "Mozilla/5.0 (compatible; ImagesiftBot; +imagesift.com)"
74.80.208.56 - - [28/Sep/2024:15:05:14 +0200] "GET /zbcps/c1829658.html HTTP/2" 404 22076 "-" "Mozilla/5.0 (compatible; ImagesiftBot; +imagesift.com)"
74.80.208.56 - - [28/Sep/2024:15:05:15 +0200] "GET /%D8%AC%D8%AF%D9%84-%D8%A8%D9%85%D8%AD%D9%83%D9%85%D8%A9-%D9%85%D8%AF%D8%A8%D8%B1%D9%8A-%D8%A7%D9%86%D9%82%D9%84%D8%A7%D8%A8-%D8%A7%D9%84%D8%A5%D9%86%D9%82%D8%A7%D8%B0-%D8%A8%D8%B3%D8%A8%D8%A8-%D8%AA/feed/ HTTP/2" 200 759 "-" "Mozilla/5.0 (compatible; ImagesiftBot; +imagesift.com)"
74.80.208.56 - - [28/Sep/2024:15:05:17 +0200] "GET /%D9%87%D9%84%D8%A7%D9%84-%D8%A7%D9%84%D8%AA%D8%A8%D9%84%D8%AF%D9%8A-%D9%8A%D8%AA%D8%A3%D9%87%D8%A8-%D9%84%D9%85%D9%88%D8%A7%D8%AC%D9%87%D8%A9-%D8%A7%D9%84%D9%81%D8%B1%D8%B3%D8%A7%D9%86/ HTTP/2" 200 0 "-" "Mozilla/5.0 (compatible; ImagesiftBot; +imagesift.com)"
74.80.208.56 - - [28/Sep/2024:15:05:17 +0200] "GET /%D8%AA%D8%B1%D8%AD%D9%8A%D8%A8-%D8%B3%D9%8A%D8%A7%D8%B3%D9%8A-%D9%88%D8%A7%D8%B3%D8%B9-%D8%A8%D8%AD%D8%AF%D9%8A%D8%AB-%D8%A7%D9%84%D8%A8%D8%B1%D9%87%D8%A7%D9%86-%D8%B9%D9%86-%D8%B9%D8%AF%D9%85/ HTTP/2" 200 0 "-" "Mozilla/5.0 (compatible; ImagesiftBot; +imagesift.com)"
185.170.167.18 - - [28/Sep/2024:15:04:04 +0200] "GET /%D8%A7%D9%84%D8%B7%D8%A7%D9%82%D8%A9-%D8%AA%D9%82%D8%B1-%D8%A8%D9%88%D8%AC%D9%88%D8%AF-%D9%85%D9%87%D8%AF%D8%AF%D8%A7%D8%AA-%D8%A3%D9%85%D9%86%D9%8A%D8%A9-%D8%AA%D9%88%D8%A7%D8%AC%D9%87-%D9%82%D8%B7/ HTTP/1.1" 200 41745 "-" "Mozilla/5.0 (compatible; BacklinksExtendedBot)"
74.80.208.56 - - [28/Sep/2024:15:04:24 +0200] "GET /wp-json/wp/v2/posts/12046 HTTP/2" 200 0 "-" "Mozilla/5.0 (compatible; ImagesiftBot; +imagesift.com)"
135.181.9.38 - - [28/Sep/2024:15:04:35 +0200] "POST /wp-admin/admin-ajax.php?action=async_litespeed&nonce=Ic2PSstgnhHdLMn99azUyB0lEU9GOYLL&litespeed_type=imgoptm HTTP/1.1" 200 21 "-" "WordPress/6.6.2; https://www.sudancam.net"
74.80.208.56 - - [28/Sep/2024:15:04:39 +0200] "GET /%D8%B4%D8%A7%D9%87%D8%AF-%D8%A8%D8%A7%D9%84%D9%81%D9%8A%D8%AF%D9%8A%D9%88-%D9%82%D8%A7%D8%A6%D8%AF-%D8%B9%D8%B3%D9%83%D8%B1%D9%8A-%D8%B3%D9%88%D8%AF%D8%A7%D9%86%D9%8A-%D9%8A%D8%B9%D9%84%D9%86-%D8%AE/ HTTP/2" 200 0 "-" "Mozilla/5.0 (compatible; ImagesiftBot; +imagesift.com)"
74.80.208.56 - - [28/Sep/2024:15:04:39 +0200] "GET /wp-json/wp/v2/posts/21586 HTTP/2" 200 3427 "-" "Mozilla/5.0 (compatible; ImagesiftBot; +imagesift.com)"
74.80.208.56 - - [28/Sep/2024:15:04:40 +0200] "GET /%D9%84%D8%B3%D8%A8%D8%A8-%D9%81%D8%B1%D9%8A%D8%AF-%D8%B4%D8%B1%D9%83%D8%A9-%D8%B5%D9%8A%D9%86%D9%8A%D8%A9-%D8%AA%D8%B4%D8%AA%D8%B1%D8%B7-%D8%A7%D8%B1%D8%AA%D8%AF%D8%A7%D8%A1-%D9%82%D9%86%D8%A7%D8%B9/ HTTP/2" 200 32980 "-" "Mozilla/5.0 (compatible; ImagesiftBot; +imagesift.com)"
74.80.208.56 - - [28/Sep/2024:15:04:42 +0200] "GET /ghmsw/g2544350.html HTTP/2" 404 22076 "-" "Mozilla/5.0 (compatible; ImagesiftBot; +imagesift.com)"
74.80.208.56 - - [28/Sep/2024:15:04:43 +0200] "GET /wp-json/wp/v2/tags/435 HTTP/2" 200 0 "-" "Mozilla/5.0 (compatible; ImagesiftBot; +imagesift.com)"
74.80.208.56 - - [28/Sep/2024:15:04:44 +0200] "GET /wp-json/wp/v2/tags/10707 HTTP/2" 200 324 "-" "Mozilla/5.0 (compatible; ImagesiftBot; +imagesift.com)"
74.80.208.56 - - [28/Sep/2024:15:04:45 +0200] "GET /%D8%AE%D8%A7%D8%AF%D9%85-%D8%A7%D9%84%D8%AD%D8%B1%D9%85%D9%8A%D9%86%E2%81%A9-%D9%8A%D8%A3%D9%85%D8%B1-%D8%A8%D8%A5%D8%B7%D9%84%D8%A7%D9%82-%D8%B3%D8%B1%D8%A7%D8%AD-%D8%B3%D8%AA%D8%A9-%D8%A8/ HTTP/2" 200 0 "-" "Mozilla/5.0 (compatible; ImagesiftBot; +imagesift.com)"
66.249.64.15 - - [28/Sep/2024:15:04:47 +0200] "GET /fuuvi/w2352512.html HTTP/1.1" 200 43109 "-" "Mozilla/5.0 (Linux; Android 6.0.1; Nexus 5X Build/MMB29P) AppleWebKit/537.36 (KHTML, like Gecko) Chrome/128.0.6613.137 Mobile Safari/537.36 (compatible; Googlebot/2.1; +http://www.google.com/bot.html)"
3.16.79.65 - - [28/Sep/2024:15:04:47 +0200] "GET /wp-json/oembed/1.0//%22https:////www.sudancam.net//%d8%a3%d9%85%d8%a7%d8%b2%d9%88%d9%86-%d8%aa%d8%b9%d8%aa%d8%b2%d9%85-%d8%aa%d8%b3%d8%b1%d9%8a%d8%ad-10-%d8%a2%d9%84%d8%a7%d9%81-%d9%85%d9%88%d8%b8%d9%81///%22 HTTP/2" 404 188 "-" "Mozilla/5.0 AppleWebKit/537.36 (KHTML, like Gecko; compatible; ClaudeBot/1.0; +claudebot@anthropic.com)"
74.80.208.56 - - [28/Sep/2024:15:04:47 +0200] "GET /tag/%D9%82%D9%85%D8%A9/page/2/ HTTP/2" 200 0 "-" "Mozilla/5.0 (compatible; ImagesiftBot; +imagesift.com)"
74.80.208.56 - - [28/Sep/2024:15:05:03 +0200] "GET /%D9%84%D9%85%D8%A7%D8%B0%D8%A7-%D9%86%D9%86%D8%AA%D9%82%D8%AF-%D8%AD%D8%A7%D8%B2%D9%85%D8%9F/ HTTP/2" 200 30440 "-" "Mozilla/5.0 (compatible; ImagesiftBot; +imagesift.com)"
74.80.208.56 - - [28/Sep/2024:15:05:08 +0200] "GET /hadrd/a2805176.html HTTP/2" 404 22075 "-" "Mozilla/5.0 (compatible; ImagesiftBot; +imagesift.com)"
74.80.208.56 - - [28/Sep/2024:15:05:10 +0200] "GET /%D8%B3%D9%84%D8%A7%D8%AD-%D8%A7%D9%84%D8%AC%D9%88-%D8%A7%D9%84%D8%B3%D9%88%D8%AF%D8%A7%D9%86%D9%8A-%D9%8A%D8%B4%D9%86-%D8%BA%D8%A7%D8%B1%D8%A7%D8%AA-%D8%B9%D9%84%D9%89-%D8%A3%D9%87%D8%AF%D8%A7%D9%81/ HTTP/2" 200 0 "-" "Mozilla/5.0 (compatible; ImagesiftBot; +imagesift.com)"
