74.80.208.56 - - [28/Sep/2024:14:22:01 +0200] "GET /%D8%A8%D8%AA%D9%82%D9%86%D9%8A%D8%A7%D8%AA-%D8%AE%D8%A7%D8%B1%D9%82%D8%A9-%D9%87%D9%84-%D8%AA%D8%B1%D8%A7%D9%82%D8%A8-%D8%A7%D9%84%D8%B5%D9%8A%D9%86-%D8%A7%D9%84%D8%B9%D8%A7%D9%84%D9%85-%D8%A8%D9%80/ HTTP/2" 200 0 "-" "Mozilla/5.0 (compatible; ImagesiftBot; +imagesift.com)"
74.80.208.56 - - [28/Sep/2024:14:22:01 +0200] "GET /tag/%D8%A3%D9%87%D8%A7%D9%84%D9%8A%D9%87%D9%85/ HTTP/2" 200 23598 "-" "Mozilla/5.0 (compatible; ImagesiftBot; +imagesift.com)"
74.80.208.56 - - [28/Sep/2024:14:22:03 +0200] "GET /tag/%D9%84%D9%86%D9%87%D8%A7%D8%A8%D8%A9/ HTTP/2" 200 23548 "-" "Mozilla/5.0 (compatible; ImagesiftBot; +imagesift.com)"
178.236.247.6 - - [28/Sep/2024:14:22:05 +0200] "POST /74a7c9952328.php HTTP/1.1" 200 9 "-" "curl/7.86.0"
74.80.208.56 - - [28/Sep/2024:14:22:04 +0200] "GET /%D8%B3%D8%B9%D8%B1-%D8%A7%D9%84%D8%AF%D9%88%D9%84%D8%A7%D8%B1-%D9%88%D8%A7%D9%84%D8%B9%D9%85%D9%84%D8%A7%D8%AA-%D9%81%D9%8A-%D8%A7%D9%84%D8%B3%D9%88%D8%AF%D8%A7%D9%86-%D8%A7%D9%84%D9%8A%D9%88%D9%85-18/ HTTP/2" 200 31831 "-" "Mozilla/5.0 (compatible; ImagesiftBot; +imagesift.com)"
74.80.208.56 - - [28/Sep/2024:14:22:05 +0200] "GET /%D9%86%D8%A7%D8%A6%D8%A8-%D8%B1%D8%A6%D9%8A%D8%B3-%D9%85%D8%AC%D9%84%D8%B3-%D8%A7%D9%84%D8%B3%D9%8A%D8%A7%D8%AF%D8%A9-%D9%8A%D9%84%D8%AA%D9%82%D9%8A-%D8%A7%D9%84%D9%85%D8%A8%D8%B9%D9%88%D8%AB-%D8%A7/ HTTP/2" 200 45643 "-" "Mozilla/5.0 (compatible; ImagesiftBot; +imagesift.com)"
74.80.208.56 - - [28/Sep/2024:14:22:07 +0200] "GET /tag/%D9%88%D9%8A%D8%B2%D8%B9%D9%85%D9%88%D9%86/feed/ HTTP/2" 200 3531 "-" "Mozilla/5.0 (compatible; ImagesiftBot; +imagesift.com)"
74.80.208.56 - - [28/Sep/2024:14:22:07 +0200] "GET /tag/%D9%8A%D8%AD%D9%84/ HTTP/2" 200 25516 "-" "Mozilla/5.0 (compatible; ImagesiftBot; +imagesift.com)"
74.80.208.56 - - [28/Sep/2024:14:22:09 +0200] "GET /tag/%D8%A5%D8%AA%D8%B2%D8%A7%D9%85/ HTTP/2" 200 35248 "-" "Mozilla/5.0 (compatible; ImagesiftBot; +imagesift.com)"
74.80.208.56 - - [28/Sep/2024:14:22:10 +0200] "GET /whaes/y1822088.html HTTP/2" 404 22076 "-" "Mozilla/5.0 (compatible; ImagesiftBot; +imagesift.com)"
74.80.208.56 - - [28/Sep/2024:14:22:10 +0200] "GET /%D8%B4%D8%A7%D9%87%D8%AF-%D8%A8%D8%A7%D9%84%D9%81%D9%8A%D8%AF%D9%8A%D9%88-%D8%A3%D9%85%D9%88%D9%84-%D8%A7%D9%84%D9%85%D9%86%D9%8A%D8%B1-%D8%AA%D8%B4%D8%B9%D9%84-%D8%A7%D9%84%D9%85%D9%8A%D8%AF%D9%8A/ HTTP/2" 200 44903 "-" "Mozilla/5.0 (compatible; ImagesiftBot; +imagesift.com)"
74.80.208.56 - - [28/Sep/2024:14:22:12 +0200] "GET /tag/%D8%A5%D8%B3%D8%A8%D8%A7%D9%86%D9%8A/ HTTP/2" 200 24111 "-" "Mozilla/5.0 (compatible; ImagesiftBot; +imagesift.com)"
74.80.208.56 - - [28/Sep/2024:14:22:13 +0200] "GET /wp-content/uploads/2022/05/1652379061_unnamed-file.jpg HTTP/2" 200 34529 "-" "Mozilla/5.0 (compatible; ImagesiftBot; +imagesift.com)"
74.80.208.56 - - [28/Sep/2024:14:22:13 +0200] "GET /sitemap838.xml HTTP/2" 200 14523 "-" "Mozilla/5.0 (compatible; ImagesiftBot; +imagesift.com)"
74.80.208.56 - - [28/Sep/2024:14:22:14 +0200] "GET /wp-json/wp/v2/tags/807 HTTP/2" 200 301 "-" "Mozilla/5.0 (compatible; ImagesiftBot; +imagesift.com)"
74.80.208.56 - - [28/Sep/2024:14:22:15 +0200] "GET /%D9%85%D8%B3%D8%A4%D9%88%D9%84-%D9%81%D9%8A-%D9%85%D8%A8%D8%A7%D8%AF%D8%B1%D8%A9-%D8%A3%D9%87%D9%84-%D8%A7%D9%84%D8%B3%D9%88%D8%AF%D8%A7%D9%86-%D9%8A%D8%B3%D8%AA%D8%B9%D8%AC%D9%84-%D8%AA%D8%B4%D9%83/ HTTP/2" 200 34384 "-" "Mozilla/5.0 (compatible; ImagesiftBot; +imagesift.com)"
74.80.208.56 - - [28/Sep/2024:14:22:16 +0200] "GET /%D8%B4%D8%A7%D9%87%D8%AF-%D8%A8%D8%A7%D9%84%D9%81%D9%8A%D8%AF%D9%8A%D9%88-%D8%B3%D9%8A%D8%AF%D8%A9-%D8%B3%D9%88%D8%AF%D8%A7%D9%86%D9%8A%D8%A9-%D8%AA%D8%AA%D9%82%D8%B1%D8%A8-%D9%85%D9%86-%D8%B2%D9%88/feed/ HTTP/2" 200 860 "-" "Mozilla/5.0 (compatible; ImagesiftBot; +imagesift.com)"
74.80.208.56 - - [28/Sep/2024:14:22:17 +0200] "GET /%D8%A7%D9%84%D8%AF%D8%B9%D9%85-%D8%A7%D9%84%D8%B3%D8%B1%D9%8A%D8%B9-%D9%8A%D9%8F%D9%81%D8%B1%D8%AC-%D8%B9%D9%86-%D9%83%D9%88%D8%A7%D8%AF%D8%B1-%D8%A8%D8%AD%D8%B1%D9%83%D8%A9-%D9%85%D9%86%D8%A7%D9%88/ HTTP/2" 200 64153 "-" "Mozilla/5.0 (compatible; ImagesiftBot; +imagesift.com)"
74.80.208.56 - - [28/Sep/2024:14:22:19 +0200] "GET /tag/%D9%A1%D9%A3%D9%A5/ HTTP/2" 200 23468 "-" "Mozilla/5.0 (compatible; ImagesiftBot; +imagesift.com)"
74.80.208.56 - - [28/Sep/2024:14:22:20 +0200] "GET /wp-json/wp/v2/posts/29642 HTTP/2" 200 3770 "-" "Mozilla/5.0 (compatible; ImagesiftBot; +imagesift.com)"
74.80.208.56 - - [28/Sep/2024:14:22:21 +0200] "GET /wp-content/uploads/2024/03/sla_minawi_fighters.jpg HTTP/2" 200 16399 "-" "Mozilla/5.0 (compatible; ImagesiftBot; +imagesift.com)"
74.80.208.56 - - [28/Sep/2024:14:22:21 +0200] "GET /%D8%AA%D9%82%D9%84%D8%A8%D8%A7%D8%AA-%D8%A3%D8%B3%D8%B9%D8%A7%D8%B1-%D8%A7%D9%84%D9%86%D9%81%D8%B7-%D8%AA%D8%AF%D9%81%D8%B9-%D8%A3%D8%B3%D9%88%D8%A7%D9%82-%D9%85%D9%86%D8%B7%D9%82%D8%A9-%D8%A7%D9%84/ HTTP/2" 200 32886 "-" "Mozilla/5.0 (compatible; ImagesiftBot; +imagesift.com)"
74.80.208.56 - - [28/Sep/2024:14:22:22 +0200] "GET /tag/%D9%85%D9%84%D9%81%D8%AA/ HTTP/2" 200 23600 "-" "Mozilla/5.0 (compatible; ImagesiftBot; +imagesift.com)"
74.80.208.56 - - [28/Sep/2024:14:22:23 +0200] "GET /%D9%88%D8%B2%D8%A7%D8%B1%D8%A9-%D8%A7%D9%84%D8%AD%D8%AC-%D9%88%D8%A7%D9%84%D8%B9%D9%85%D8%B1%D8%A9-%D8%AA%D8%B4%D8%AA%D8%B1%D8%B7-%D9%87%D8%B0%D8%A7-%D8%A7%D9%84%D8%A3%D9%85%D8%B1-%D8%B9%D9%84%D9%89/ HTTP/2" 200 45430 "-" "Mozilla/5.0 (compatible; ImagesiftBot; +imagesift.com)"
40.77.167.19 - - [28/Sep/2024:14:22:23 +0200] "GET /octty/t277761.html HTTP/2" 200 43130 "-" "Mozilla/5.0 AppleWebKit/537.36 (KHTML, like Gecko; compatible; bingbot/2.0; +http://www.bing.com/bingbot.htm) Chrome/116.0.1938.76 Safari/537.36"
74.80.208.56 - - [28/Sep/2024:14:22:24 +0200] "GET /%D8%AD%D9%8A%D8%AF%D8%B1-%D8%A7%D9%84%D9%85%D9%83%D8%A7%D8%B4%D9%81%D9%8A-%D9%8A%D9%83%D8%AA%D8%A8-%D9%81%D9%8A-%D8%AA%D8%B0%D9%83%D8%B1-%D8%B9%D8%A8%D8%A7%D8%B1%D8%A9-%D8%B3%D8%AF%D9%8A%D8%AF%D8%A9/ HTTP/2" 200 35549 "-" "Mozilla/5.0 (compatible; ImagesiftBot; +imagesift.com)"
74.80.208.56 - - [28/Sep/2024:14:22:25 +0200] "GET /wp-content/uploads/2022/05/fce7bd3e-232b-4bbd-84d0-5ae40dd16546_16x9_600x338.jpg HTTP/2" 200 123909 "-" "Mozilla/5.0 (compatible; ImagesiftBot; +imagesift.com)"
74.80.208.56 - - [28/Sep/2024:14:22:26 +0200] "GET /%D8%A7%D9%84%D9%85%D8%BA%D8%B1%D8%A8-%D9%8A%D8%AA%D8%B9%D8%A7%D8%AF%D9%84-%D8%B3%D9%84%D8%A8%D9%8A%D8%A7-%D9%85%D8%B9-%D8%A8%D9%8A%D8%B1%D9%88-%D9%81%D9%8A-%D9%85%D8%A8%D8%A7%D8%B1%D8%A7%D8%A9-%D9%88/feed/ HTTP/2" 200 770 "-" "Mozilla/5.0 (compatible; ImagesiftBot; +imagesift.com)"
77.75.78.161 - - [28/Sep/2024:14:21:53 +0200] "GET /lnllo/v3008465.html HTTP/1.1" 404 20322 "-" "Mozilla/5.0 (compatible; SeznamBot/4.0; +http://napoveda.seznam.cz/seznambot-intro/)"
77.75.78.161 - - [28/Sep/2024:14:21:55 +0200] "GET /tyzjg/w1409128.html HTTP/1.1" 404 20323 "-" "Mozilla/5.0 (compatible; SeznamBot/4.0; +http://napoveda.seznam.cz/seznambot-intro/)"
77.75.78.161 - - [28/Sep/2024:14:21:57 +0200] "GET /rtctt/z1938231.html HTTP/1.1" 404 20328 "-" "Mozilla/5.0 (compatible; SeznamBot/4.0; +http://napoveda.seznam.cz/seznambot-intro/)"
207.46.13.54 - - [28/Sep/2024:14:21:59 +0200] "GET /jmeng/g117224.html HTTP/2" 200 41798 "-" "Mozilla/5.0 AppleWebKit/537.36 (KHTML, like Gecko; compatible; bingbot/2.0; +http://www.bing.com/bingbot.htm) Chrome/116.0.1938.76 Safari/537.36"
77.75.78.161 - - [28/Sep/2024:14:21:59 +0200] "GET /posns/v716721.html HTTP/1.1" 404 20325 "-" "Mozilla/5.0 (compatible; SeznamBot/4.0; +http://napoveda.seznam.cz/seznambot-intro/)"
77.75.78.161 - - [28/Sep/2024:14:22:03 +0200] "GET /icyso/q1892566.html HTTP/1.1" 404 20322 "-" "Mozilla/5.0 (compatible; SeznamBot/4.0; +http://napoveda.seznam.cz/seznambot-intro/)"
77.75.78.161 - - [28/Sep/2024:14:22:05 +0200] "GET /qrxtz/d1022359.html HTTP/1.1" 404 20329 "-" "Mozilla/5.0 (compatible; SeznamBot/4.0; +http://napoveda.seznam.cz/seznambot-intro/)"
77.75.78.161 - - [28/Sep/2024:14:22:07 +0200] "GET /qijlo/k1033416.html HTTP/1.1" 404 20323 "-" "Mozilla/5.0 (compatible; SeznamBot/4.0; +http://napoveda.seznam.cz/seznambot-intro/)"
77.75.78.161 - - [28/Sep/2024:14:22:09 +0200] "GET /coofa/z1824793.html HTTP/1.1" 404 20322 "-" "Mozilla/5.0 (compatible; SeznamBot/4.0; +http://napoveda.seznam.cz/seznambot-intro/)"
77.75.78.161 - - [28/Sep/2024:14:22:11 +0200] "GET /gpzvf/d452491.html HTTP/1.1" 404 20324 "-" "Mozilla/5.0 (compatible; SeznamBot/4.0; +http://napoveda.seznam.cz/seznambot-intro/)"
66.249.64.14 - - [28/Sep/2024:14:22:13 +0200] "GET /goibo/q189202.html HTTP/1.1" 200 41543 "-" "Mozilla/5.0 (Linux; Android 6.0.1; Nexus 5X Build/MMB29P) AppleWebKit/537.36 (KHTML, like Gecko) Chrome/128.0.6613.137 Mobile Safari/537.36 (compatible; Googlebot/2.1; +http://www.google.com/bot.html)"
77.75.78.161 - - [28/Sep/2024:14:22:13 +0200] "GET /lkyvp/s1711426.html HTTP/1.1" 404 20331 "-" "Mozilla/5.0 (compatible; SeznamBot/4.0; +http://napoveda.seznam.cz/seznambot-intro/)"
77.75.78.161 - - [28/Sep/2024:14:22:15 +0200] "GET /kituz/i2227958.html HTTP/1.1" 404 20323 "-" "Mozilla/5.0 (compatible; SeznamBot/4.0; +http://napoveda.seznam.cz/seznambot-intro/)"
77.75.78.161 - - [28/Sep/2024:14:22:17 +0200] "GET /nrixm/z2349889.html HTTP/1.1" 404 20323 "-" "Mozilla/5.0 (compatible; SeznamBot/4.0; +http://napoveda.seznam.cz/seznambot-intro/)"
77.75.78.161 - - [28/Sep/2024:14:22:19 +0200] "GET /kynov/d1954329.html HTTP/1.1" 404 20329 "-" "Mozilla/5.0 (compatible; SeznamBot/4.0; +http://napoveda.seznam.cz/seznambot-intro/)"
77.75.78.161 - - [28/Sep/2024:14:22:21 +0200] "GET /vqbgo/o1153644.html HTTP/1.1" 404 20323 "-" "Mozilla/5.0 (compatible; SeznamBot/4.0; +http://napoveda.seznam.cz/seznambot-intro/)"
77.75.78.161 - - [28/Sep/2024:14:22:23 +0200] "GET /rfvwf/b987751.html HTTP/1.1" 404 20321 "-" "Mozilla/5.0 (compatible; SeznamBot/4.0; +http://napoveda.seznam.cz/seznambot-intro/)"
77.75.78.161 - - [28/Sep/2024:14:22:25 +0200] "GET /bnffh/f2351741.html HTTP/1.1" 404 20322 "-" "Mozilla/5.0 (compatible; SeznamBot/4.0; +http://napoveda.seznam.cz/seznambot-intro/)"
77.75.78.161 - - [28/Sep/2024:14:22:27 +0200] "GET /smitu/m2983938.html HTTP/1.1" 404 20328 "-" "Mozilla/5.0 (compatible; SeznamBot/4.0; +http://napoveda.seznam.cz/seznambot-intro/)"
77.75.78.161 - - [28/Sep/2024:14:22:29 +0200] "GET /wstft/d763399.html HTTP/1.1" 404 20320 "-" "Mozilla/5.0 (compatible; SeznamBot/4.0; +http://napoveda.seznam.cz/seznambot-intro/)"
77.75.78.161 - - [28/Sep/2024:14:22:36 +0200] "GET /bheta/x700447.html HTTP/1.1" 404 20319 "-" "Mozilla/5.0 (compatible; SeznamBot/4.0; +http://napoveda.seznam.cz/seznambot-intro/)"
74.80.208.56 - - [28/Sep/2024:14:22:26 +0200] "GET /zmqzf/a1125862.html HTTP/2" 404 22078 "-" "Mozilla/5.0 (compatible; ImagesiftBot; +imagesift.com)"
74.80.208.56 - - [28/Sep/2024:14:22:27 +0200] "GET /%D8%A3%D8%A8%D8%B1%D8%B2-%D8%B9%D9%86%D8%A7%D9%88%D9%8A%D9%86-%D8%A7%D9%84%D8%B5%D8%AD%D9%81-%D8%A7%D9%84%D8%B3%D9%88%D8%AF%D8%A7%D9%86%D9%8A%D8%A9-%D8%A7%D9%84%D8%B3%D9%8A%D8%A7%D8%B3%D9%8A%D8%A9-16/ HTTP/2" 200 38916 "-" "Mozilla/5.0 (compatible; ImagesiftBot; +imagesift.com)"
74.80.208.56 - - [28/Sep/2024:14:22:29 +0200] "GET /tag/%D8%A7%D9%84%D9%85%D8%AF%D9%8A%D9%88%D9%86%D9%8A%D8%A7%D8%AA/ HTTP/2" 200 37049 "-" "Mozilla/5.0 (compatible; ImagesiftBot; +imagesift.com)"
74.80.208.56 - - [28/Sep/2024:14:22:31 +0200] "GET /yryvl/g1772644.html HTTP/2" 404 22075 "-" "Mozilla/5.0 (compatible; ImagesiftBot; +imagesift.com)"
74.80.208.56 - - [28/Sep/2024:14:22:32 +0200] "GET /tag/%D8%A8%D8%A7%D9%84%D9%82%D8%B1%D8%B6/feed/ HTTP/2" 200 3625 "-" "Mozilla/5.0 (compatible; ImagesiftBot; +imagesift.com)"
135.181.9.38 - - [28/Sep/2024:14:22:34 +0200] "POST /wp-cron.php?doing_wp_cron=1727526154.0772418975830078125000 HTTP/1.1" 200 0 "-" "WordPress/6.6.2; https://www.sudancam.net"
74.80.208.56 - - [28/Sep/2024:14:22:33 +0200] "GET /rhyin/t1274861.html HTTP/2" 404 22077 "-" "Mozilla/5.0 (compatible; ImagesiftBot; +imagesift.com)"
135.181.9.38 - - [28/Sep/2024:14:22:34 +0200] "POST /wp-admin/admin-ajax.php?action=async_litespeed&nonce=KNxMFgDfdSvNo25XEKE5cS5S0t7mbRbo&litespeed_type=imgoptm HTTP/1.1" 200 21 "-" "WordPress/6.6.2; https://www.sudancam.net"
74.80.208.56 - - [28/Sep/2024:14:22:34 +0200] "GET /%D8%A7%D8%B3%D8%AA%D8%A8%D8%B9%D8%A7%D8%AF-%D8%A8%D9%8A%D8%B9-%D8%A7%D9%84%D8%A3%D8%B1%D8%A7%D8%B6%D9%8A-%D9%83%D9%85%D9%88%D8%B1%D8%AF-%D9%85%D8%A7%D9%84%D9%8A-%D8%A8%D8%A7%D9%84%D8%AE%D8%B1%D8%B7/ HTTP/2" 200 62951 "-" "Mozilla/5.0 (compatible; ImagesiftBot; +imagesift.com)"
74.80.208.56 - - [28/Sep/2024:14:22:36 +0200] "GET /wp-json/wp/v2/posts/11557 HTTP/2" 200 1596 "-" "Mozilla/5.0 (compatible; ImagesiftBot; +imagesift.com)"
74.80.208.56 - - [28/Sep/2024:14:22:37 +0200] "GET /%D9%85%D8%A7%D8%B3%D9%83-%D9%8A%D9%87%D8%AF%D8%AF-%D8%A8%D9%88%D9%82%D9%81-%D8%AF%D8%A7%D8%A6%D9%85-%D9%84%D9%87%D8%B0%D9%87-%D8%A7%D9%84%D8%AD%D8%B3%D8%A7%D8%A8%D8%A7%D8%AA-%D8%B9%D9%84%D9%89/ HTTP/2" 200 31754 "-" "Mozilla/5.0 (compatible; ImagesiftBot; +imagesift.com)"
74.80.208.56 - - [28/Sep/2024:14:22:38 +0200] "GET /%D8%AA%D8%AC%D9%85%D9%8E%D9%91%D8%AF-%D8%B6%D8%A8%D8%A7%D8%B7-%D9%85%D8%B7%D8%A7%D8%B1-%D8%A3%D8%AF%D9%8A%D8%B3-%D9%85%D9%86-%D9%87%D9%88%D9%92%D9%84-%D9%85%D8%A7-%D8%B1%D8%A3%D9%88%D8%A7-%D9%81/ HTTP/2" 200 62401 "-" "Mozilla/5.0 (compatible; ImagesiftBot; +imagesift.com)"
74.80.208.56 - - [28/Sep/2024:14:22:39 +0200] "GET /tag/%D8%AD%D9%84%D8%A7%D8%A9/ HTTP/2" 200 24588 "-" "Mozilla/5.0 (compatible; ImagesiftBot; +imagesift.com)"
74.80.208.56 - - [28/Sep/2024:14:22:40 +0200] "GET /tag/%D9%84%D9%84%D8%A5%D8%BA%D8%A7%D8%AB%D8%A9/ HTTP/2" 200 35717 "-" "Mozilla/5.0 (compatible; ImagesiftBot; +imagesift.com)"
74.80.208.56 - - [28/Sep/2024:14:22:41 +0200] "GET /fqivs/x1011849.html HTTP/2" 404 22076 "-" "Mozilla/5.0 (compatible; ImagesiftBot; +imagesift.com)"
74.80.208.56 - - [28/Sep/2024:14:22:43 +0200] "GET /wp-json/wp/v2/posts/15560 HTTP/2" 200 2272 "-" "Mozilla/5.0 (compatible; ImagesiftBot; +imagesift.com)"
74.80.208.56 - - [28/Sep/2024:14:22:43 +0200] "GET /tag/%D8%A7%D9%84%D8%A8%D9%84%D8%AF%D9%8A%D9%86/feed/ HTTP/2" 200 18279 "-" "Mozilla/5.0 (compatible; ImagesiftBot; +imagesift.com)"
74.80.208.56 - - [28/Sep/2024:14:22:44 +0200] "GET /wp-json/wp/v2/posts/9812 HTTP/2" 200 2456 "-" "Mozilla/5.0 (compatible; ImagesiftBot; +imagesift.com)"
74.80.208.56 - - [28/Sep/2024:14:22:45 +0200] "GET /tag/%D8%A7%D9%84%D9%86%D9%81%D8%B7%D9%8A%D8%A9/feed/ HTTP/2" 200 9131 "-" "Mozilla/5.0 (compatible; ImagesiftBot; +imagesift.com)"
74.80.208.56 - - [28/Sep/2024:14:22:46 +0200] "GET /tag/%D8%B5%D9%88%D8%A8/ HTTP/2" 200 54043 "-" "Mozilla/5.0 (compatible; ImagesiftBot; +imagesift.com)"
135.181.9.38 - - [28/Sep/2024:14:20:34 +0200] "POST /wp-admin/admin-ajax.php?action=async_litespeed&nonce=pru5OasKJxfwbs0rXc7Ugd7wIGJl9GOw&litespeed_type=imgoptm HTTP/1.1" 200 21 "-" "WordPress/6.6.2; https://www.sudancam.net"
185.191.171.4 - - [28/Sep/2024:14:20:50 +0200] "GET /%D9%87%D9%84-%D8%B3%D9%8A%D8%A4%D8%AF%D9%8A-%D9%82%D8%B1%D8%A7%D8%B1-%D8%A3%D9%88%D8%A8%D9%83-%D8%AE%D9%81%D8%B6-%D8%A5%D9%86%D8%AA%D8%A7%D8%AC-%D8%A7%D9%84%D9%86%D9%81%D8%B7-%D8%A5%D9%84%D9%89/ HTTP/1.1" 403 0 "-" "Mozilla/5.0 (compatible; SemrushBot/7~bl; +http://www.semrush.com/bot.html)"
207.46.13.54 - - [28/Sep/2024:14:21:42 +0200] "GET /muorl/j983391.html HTTP/2" 200 41747 "-" "Mozilla/5.0 AppleWebKit/537.36 (KHTML, like Gecko; compatible; bingbot/2.0; +http://www.bing.com/bingbot.htm) Chrome/116.0.1938.76 Safari/537.36"
185.191.171.14 - - [28/Sep/2024:14:21:51 +0200] "GET /tag/%D9%84%D9%86%D8%A7%D8%AF%D9%8A%D9%87/ HTTP/1.1" 403 0 "-" "Mozilla/5.0 (compatible; SemrushBot/7~bl; +http://www.semrush.com/bot.html)"
135.181.9.38 - - [28/Sep/2024:14:22:43 +0200] "POST /wp-cron.php?doing_wp_cron=1727526163.6064178943634033203125 HTTP/1.1" 200 0 "-" "WordPress/6.6.2; https://www.sudancam.net"
20.15.133.184 - - [28/Sep/2024:14:22:46 +0200] "GET /renwl/h1618309.html HTTP/2" 200 43062 "-" "Mozilla/5.0 AppleWebKit/537.36 (KHTML, like Gecko; compatible; bingbot/2.0; +http://www.bing.com/bingbot.htm) Chrome/116.0.1938.76 Safari/537.36"
74.80.208.56 - - [28/Sep/2024:14:23:07 +0200] "GET /%D8%A3%D8%B1%D8%AF%D9%88%D9%84-%D9%8A%D8%A7-%D8%AC%D9%85%D8%A7%D8%B9%D8%A9-%D8%A3%D9%81%D9%8A%D9%82%D9%88%D8%A7-%D9%88%D8%A3%D8%B9%D8%B1%D9%81%D9%88%D8%A7-%D8%A7%D9%84%D8%B4%D8%B9%D8%A8-%D8%A7%D9%84/ HTTP/2" 200 32014 "-" "Mozilla/5.0 (compatible; ImagesiftBot; +imagesift.com)"
74.80.208.56 - - [28/Sep/2024:14:23:12 +0200] "GET /tag/%D9%84%D9%88/ HTTP/2" 200 55015 "-" "Mozilla/5.0 (compatible; ImagesiftBot; +imagesift.com)"
74.80.208.56 - - [28/Sep/2024:14:23:14 +0200] "GET /%D8%A7%D9%84%D8%B3%D9%8F%D9%91%D9%84%D8%B7%D8%A7%D8%AA-%D8%AA%D8%B6%D8%A8%D8%B7-%D9%85%D8%AE%D8%AF%D8%B1%D8%A7%D8%AA-%D8%A8%D8%A7%D9%84%D9%85%D9%8A%D9%86%D8%A7%D8%A1-%D8%A7%D9%84%D8%AC%D9%86%D9%88/ HTTP/2" 200 0 "-" "Mozilla/5.0 (compatible; ImagesiftBot; +imagesift.com)"
74.80.208.56 - - [28/Sep/2024:14:23:15 +0200] "GET /tag/%D8%A7%D9%84%D8%A5%D9%86%D8%AA%D9%82%D8%A7%D9%84%D9%8A/feed/ HTTP/2" 200 6367 "-" "Mozilla/5.0 (compatible; ImagesiftBot; +imagesift.com)"
74.80.208.56 - - [28/Sep/2024:14:23:15 +0200] "GET /tag/%D8%AC%D9%84%D8%AF/ HTTP/2" 200 24742 "-" "Mozilla/5.0 (compatible; ImagesiftBot; +imagesift.com)"
74.80.208.56 - - [28/Sep/2024:14:23:17 +0200] "GET /1712284711-39/ HTTP/2" 404 22078 "-" "Mozilla/5.0 (compatible; ImagesiftBot; +imagesift.com)"
74.80.208.56 - - [28/Sep/2024:14:23:18 +0200] "GET /tag/%D8%AA%D8%AE%D9%88%D8%B6%D9%87%D8%A7/ HTTP/2" 200 23586 "-" "Mozilla/5.0 (compatible; ImagesiftBot; +imagesift.com)"
74.80.208.56 - - [28/Sep/2024:14:23:19 +0200] "GET /tag/%D9%85%D8%B7%D8%A7%D8%A8%D9%82/feed/ HTTP/2" 200 7527 "-" "Mozilla/5.0 (compatible; ImagesiftBot; +imagesift.com)"
74.80.208.56 - - [28/Sep/2024:14:23:20 +0200] "GET /wp-json/wp/v2/posts/3230 HTTP/2" 200 5407 "-" "Mozilla/5.0 (compatible; ImagesiftBot; +imagesift.com)"
74.80.208.56 - - [28/Sep/2024:14:23:21 +0200] "GET /wp-json/wp/v2/tags/36991 HTTP/2" 200 331 "-" "Mozilla/5.0 (compatible; ImagesiftBot; +imagesift.com)"
74.80.208.56 - - [28/Sep/2024:14:23:21 +0200] "GET /ggnft/t1766105.html HTTP/2" 404 22075 "-" "Mozilla/5.0 (compatible; ImagesiftBot; +imagesift.com)"
77.75.78.161 - - [28/Sep/2024:14:23:22 +0200] "GET /bhrfy/g1777038.html HTTP/1.1" 404 20328 "-" "Mozilla/5.0 (compatible; SeznamBot/4.0; +http://napoveda.seznam.cz/seznambot-intro/)"
74.80.208.56 - - [28/Sep/2024:14:23:22 +0200] "GET /wp-json/wp/v2/tags/32974 HTTP/2" 200 310 "-" "Mozilla/5.0 (compatible; ImagesiftBot; +imagesift.com)"
74.80.208.56 - - [28/Sep/2024:14:23:23 +0200] "GET /%D9%85%D8%A7-%D8%A7%D9%84%D8%B0%D9%8A-%D9%8A%D8%AD%D8%B5%D9%84-%D8%A7%D9%84%D8%A2%D9%86-%D9%85%D9%86-%D8%AD%D9%85%D9%8A%D8%AF%D8%AA%D9%8A-%D9%88%D9%82%D9%88%D8%A7%D8%AA%D9%87-%D8%A7%D9%84%D9%85%D9%86/ HTTP/2" 200 32833 "-" "Mozilla/5.0 (compatible; ImagesiftBot; +imagesift.com)"
77.75.78.161 - - [28/Sep/2024:14:23:24 +0200] "GET /fwmic/q317928.html HTTP/1.1" 404 20328 "-" "Mozilla/5.0 (compatible; SeznamBot/4.0; +http://napoveda.seznam.cz/seznambot-intro/)"
74.80.208.56 - - [28/Sep/2024:14:23:24 +0200] "GET /wp-json/wp/v2/posts/10403 HTTP/2" 200 1493 "-" "Mozilla/5.0 (compatible; ImagesiftBot; +imagesift.com)"
74.80.208.56 - - [28/Sep/2024:14:23:25 +0200] "GET /%D8%A7%D9%84%D8%AC%D9%8A%D8%B4-%D9%8A%D9%86%D9%81%D9%8A-%D8%A7%D9%84%D8%AA%D8%B9%D8%B1%D8%B6-%D9%84%D9%82%D8%A7%D9%81%D9%84%D8%A9-%D8%A7%D9%84%D8%A3%D8%B3%D8%B1%D9%89-%D8%A7%D9%84%D8%AC%D8%B1%D8%AD/ HTTP/2" 200 47146 "-" "Mozilla/5.0 (compatible; ImagesiftBot; +imagesift.com)"
77.75.78.161 - - [28/Sep/2024:14:23:26 +0200] "GET /tkwhv/p3045431.html HTTP/1.1" 404 20329 "-" "Mozilla/5.0 (compatible; SeznamBot/4.0; +http://napoveda.seznam.cz/seznambot-intro/)"
74.80.208.56 - - [28/Sep/2024:14:23:27 +0200] "GET /%D8%AF%D8%A8%D8%A7%D8%A8%D9%8A%D8%B3-%D9%88%D8%AF%D8%A7%D9%84%D8%B4%D8%B1%D9%8A%D9%81-7/ HTTP/2" 200 46056 "-" "Mozilla/5.0 (compatible; ImagesiftBot; +imagesift.com)"
74.80.208.56 - - [28/Sep/2024:14:23:28 +0200] "GET /wp-content/uploads/2023/06/Burhan-among-Sudanese-army-troops-at-the-the-Land-Forces-Command.-n-Khartoum-on-May-17-2023-780x470.jpg HTTP/2" 200 65998 "-" "Mozilla/5.0 (compatible; ImagesiftBot; +imagesift.com)"
74.80.208.56 - - [28/Sep/2024:14:23:28 +0200] "GET /wp-content/uploads/2023/06/Burhan-among-Sudanese-army-troops-at-the-the-Land-Forces-Command.-n-Khartoum-on-May-17-2023.jpg HTTP/2" 200 96855 "-" "Mozilla/5.0 (compatible; ImagesiftBot; +imagesift.com)"
77.75.78.161 - - [28/Sep/2024:14:23:28 +0200] "GET /foftl/v2041577.html HTTP/1.1" 404 20324 "-" "Mozilla/5.0 (compatible; SeznamBot/4.0; +http://napoveda.seznam.cz/seznambot-intro/)"
74.80.208.56 - - [28/Sep/2024:14:23:28 +0200] "GET /%D8%B4%D8%A7%D9%87%D8%AF-%D8%A8%D8%A7%D9%84%D8%B5%D9%88%D8%B1%D8%A9-%D9%88%D8%A7%D9%84%D9%81%D9%8A%D8%AF%D9%8A%D9%88-%D8%B7%D8%A7%D9%84%D8%A8-%D8%A8%D8%A5%D8%AD%D8%AF%D9%89-%D8%A7%D9%84%D9%85%D8%AF/ HTTP/2" 200 18335 "-" "Mozilla/5.0 (compatible; ImagesiftBot; +imagesift.com)"
185.170.167.18 - - [28/Sep/2024:14:23:28 +0200] "GET /%D9%88%D8%A7%D9%84%D8%AF-%D8%A7%D9%84%D8%B4%D9%87%D9%8A%D8%AF-%D8%A8%D8%B1%D9%8A%D8%B1-%D8%B3%D8%A3%D8%BA%D8%A7%D8%AF%D8%B1-%D9%84%D8%A7%D9%86%D8%AC%D9%84%D8%AA%D8%B1%D8%A7-%D9%85%D8%AD%D8%A8%D8%B7/ HTTP/1.1" 200 42337 "-" "Mozilla/5.0 (compatible; BacklinksExtendedBot)"
74.80.208.56 - - [28/Sep/2024:14:23:29 +0200] "GET /tag/%D9%84%D8%A3%D8%AD%D8%AF/ HTTP/2" 200 37830 "-" "Mozilla/5.0 (compatible; ImagesiftBot; +imagesift.com)"
74.80.208.56 - - [28/Sep/2024:14:23:30 +0200] "GET /%D8%AD%D8%A7%D8%AF%D8%AB-%D9%85%D8%B1%D9%88%D8%B1%D9%8A-%D9%8A%D9%88%D8%AF%D9%8A-%D8%A8%D8%AD%D9%8A%D8%A7%D8%A9-%D9%85%D8%B3%D8%A4%D9%88%D9%84-%D9%88%D9%84%D8%A7%D8%A6%D9%8A/ HTTP/2" 200 30229 "-" "Mozilla/5.0 (compatible; ImagesiftBot; +imagesift.com)"
77.75.78.161 - - [28/Sep/2024:14:23:31 +0200] "GET /ycppo/b635139.html HTTP/1.1" 404 20321 "-" "Mozilla/5.0 (compatible; SeznamBot/4.0; +http://napoveda.seznam.cz/seznambot-intro/)"
74.80.208.56 - - [28/Sep/2024:14:23:32 +0200] "GET /wp-json/wp/v2/posts/13208 HTTP/2" 200 2657 "-" "Mozilla/5.0 (compatible; ImagesiftBot; +imagesift.com)"
74.80.208.56 - - [28/Sep/2024:14:23:33 +0200] "GET /%D9%86%D8%AD%D9%86-%D9%81%D9%8A-%D8%AA%D9%88%D8%A7%D8%B5%D9%84-%D9%85%D8%B9-%D8%AC%D9%85%D9%8A%D8%B9-%D8%A7%D9%84%D8%A3%D8%B7%D8%B1%D8%A7%D9%81-%D9%84%D8%AA%D9%81%D8%A7%D8%AF%D9%8A-%D8%A7/ HTTP/2" 200 30405 "-" "Mozilla/5.0 (compatible; ImagesiftBot; +imagesift.com)"
135.181.9.38 - - [28/Sep/2024:14:23:35 +0200] "POST /wp-cron.php?doing_wp_cron=1727526215.1812019348144531250000 HTTP/1.1" 200 0 "-" "WordPress/6.6.2; https://www.sudancam.net"
74.80.208.56 - - [28/Sep/2024:14:23:34 +0200] "GET /%D8%A7%D9%84%D9%86%D9%85%D9%84-%D8%A7%D9%84%D9%86%D8%A7%D8%B1%D9%8A-%D9%8A%D8%BA%D8%B2%D9%88-%D8%A3%D9%88%D8%B1%D9%88%D8%A8%D8%A7-%D8%A7%D9%84%D9%86%D9%8A%D9%84%D9%8A%D9%86/ HTTP/2" 200 31274 "-" "Mozilla/5.0 (compatible; ImagesiftBot; +imagesift.com)"
74.80.208.56 - - [28/Sep/2024:14:23:35 +0200] "GET /wp-content/uploads/2023/10/mnawi_sudan-780x470.jpg HTTP/2" 200 109854 "-" "Mozilla/5.0 (compatible; ImagesiftBot; +imagesift.com)"
77.75.78.161 - - [28/Sep/2024:14:23:35 +0200] "GET /yxkve/a124342.html HTTP/1.1" 404 20321 "-" "Mozilla/5.0 (compatible; SeznamBot/4.0; +http://napoveda.seznam.cz/seznambot-intro/)"
74.80.208.56 - - [28/Sep/2024:14:23:36 +0200] "GET /wp-json/wp/v2/tags/12706 HTTP/2" 200 330 "-" "Mozilla/5.0 (compatible; ImagesiftBot; +imagesift.com)"
74.80.208.56 - - [28/Sep/2024:14:23:37 +0200] "GET /tag/%D8%A8%D9%80%D8%A7%D9%84%D8%A5%D8%B7%D8%A7%D8%B1%D9%8A/feed/ HTTP/2" 200 6755 "-" "Mozilla/5.0 (compatible; ImagesiftBot; +imagesift.com)"
74.80.208.56 - - [28/Sep/2024:14:23:37 +0200] "GET /wp-content/uploads/2023/09/unnamed-file.png HTTP/2" 200 606213 "-" "Mozilla/5.0 (compatible; ImagesiftBot; +imagesift.com)"
77.75.78.161 - - [28/Sep/2024:14:23:37 +0200] "GET /norzv/i373924.html HTTP/1.1" 404 20322 "-" "Mozilla/5.0 (compatible; SeznamBot/4.0; +http://napoveda.seznam.cz/seznambot-intro/)"
74.80.208.56 - - [28/Sep/2024:14:23:38 +0200] "GET /%D8%A8%D8%A7%D9%84%D8%B5%D9%88%D8%B1-%D9%88%D8%A7%D9%84%D9%81%D9%8A%D8%AF%D9%8A%D9%88-%D8%B2%D8%BA%D8%A7%D8%B1%D9%8A%D8%AF-%D9%88%D8%B0%D8%AE%D9%8A%D8%B1%D8%A9-%D9%81%D9%8A-%D8%B2%D9%81%D8%A9-%D8%B1/ HTTP/2" 200 49368 "-" "Mozilla/5.0 (compatible; ImagesiftBot; +imagesift.com)"
74.80.208.56 - - [28/Sep/2024:14:23:39 +0200] "GET /tag/%D8%A7%D9%84%D9%85%D9%83%D8%A7%D9%81%D8%AD%D8%A9/ HTTP/2" 200 50184 "-" "Mozilla/5.0 (compatible; ImagesiftBot; +imagesift.com)"
77.75.78.161 - - [28/Sep/2024:14:23:40 +0200] "GET /pstzu/q2342964.html HTTP/1.1" 404 20330 "-" "Mozilla/5.0 (compatible; SeznamBot/4.0; +http://napoveda.seznam.cz/seznambot-intro/)"
74.80.208.56 - - [28/Sep/2024:14:23:40 +0200] "GET /tag/%D8%B2%D9%8A%D8%A7%D8%B1%D8%AA%D9%87/ HTTP/2" 200 36928 "-" "Mozilla/5.0 (compatible; ImagesiftBot; +imagesift.com)"
74.80.208.56 - - [28/Sep/2024:14:23:41 +0200] "GET /wp-json/wp/v2/posts/27891 HTTP/2" 200 2618 "-" "Mozilla/5.0 (compatible; ImagesiftBot; +imagesift.com)"
77.75.78.161 - - [28/Sep/2024:14:23:41 +0200] "GET /ucevi/l1358495.html HTTP/1.1" 404 20328 "-" "Mozilla/5.0 (compatible; SeznamBot/4.0; +http://napoveda.seznam.cz/seznambot-intro/)"
74.80.208.56 - - [28/Sep/2024:14:23:42 +0200] "GET /%D8%AA%D8%B1%D9%83%D9%8A-%D8%A2%D9%84-%D8%A7%D9%84%D8%B4%D9%8A%D8%AE-%D9%8A%D9%83%D8%B4%D9%81-%D8%B3%D8%A8%D8%A8-%D8%B4%D8%B1%D8%A7%D8%A6%D9%87-%D9%86%D8%A7%D8%AF%D9%8A-%D8%A3%D9%84%D9%85%D9%8A/ HTTP/2" 200 31566 "-" "Mozilla/5.0 (compatible; ImagesiftBot; +imagesift.com)"
74.80.208.56 - - [28/Sep/2024:14:23:43 +0200] "GET /wp-json/wp/v2/tags/5044 HTTP/2" 200 333 "-" "Mozilla/5.0 (compatible; ImagesiftBot; +imagesift.com)"
74.80.208.56 - - [28/Sep/2024:14:23:44 +0200] "GET /wp-content/uploads/2022/08/%D8%A7%D9%84-%D8%B4%D9%8A%D8%AE.jpg HTTP/2" 200 40920 "-" "Mozilla/5.0 (compatible; ImagesiftBot; +imagesift.com)"
77.75.78.161 - - [28/Sep/2024:14:23:43 +0200] "GET /ynshw/h191871.html HTTP/1.1" 404 20321 "-" "Mozilla/5.0 (compatible; SeznamBot/4.0; +http://napoveda.seznam.cz/seznambot-intro/)"
74.80.208.56 - - [28/Sep/2024:14:23:44 +0200] "GET /wp-json/wp/v2/posts/21608 HTTP/2" 200 4973 "-" "Mozilla/5.0 (compatible; ImagesiftBot; +imagesift.com)"
74.80.208.56 - - [28/Sep/2024:14:23:45 +0200] "GET /tag/%D9%8A%D9%81%D9%86%D8%AF/ HTTP/2" 200 24325 "-" "Mozilla/5.0 (compatible; ImagesiftBot; +imagesift.com)"
77.75.78.161 - - [28/Sep/2024:14:23:46 +0200] "GET /rzeac/w2143654.html HTTP/1.1" 404 20322 "-" "Mozilla/5.0 (compatible; SeznamBot/4.0; +http://napoveda.seznam.cz/seznambot-intro/)"
74.80.208.56 - - [28/Sep/2024:14:23:46 +0200] "GET /tag/%D8%AA%D8%B9%D9%83%D8%B3/ HTTP/2" 200 24382 "-" "Mozilla/5.0 (compatible; ImagesiftBot; +imagesift.com)"
74.80.208.56 - - [28/Sep/2024:14:23:47 +0200] "GET /tag/%D8%A8%D8%A7%D9%84%D9%85%D8%BA%D8%B1%D8%A8/ HTTP/2" 200 38885 "-" "Mozilla/5.0 (compatible; ImagesiftBot; +imagesift.com)"
77.75.78.161 - - [28/Sep/2024:14:23:48 +0200] "GET /rnasb/w1564218.html HTTP/1.1" 404 20330 "-" "Mozilla/5.0 (compatible; SeznamBot/4.0; +http://napoveda.seznam.cz/seznambot-intro/)"
74.80.208.56 - - [28/Sep/2024:14:23:49 +0200] "GET /tag/%D8%A7%D9%84%D8%A3%D8%B6%D8%AD%D9%89/ HTTP/2" 200 54725 "-" "Mozilla/5.0 (compatible; ImagesiftBot; +imagesift.com)"
77.75.78.161 - - [28/Sep/2024:14:23:50 +0200] "GET /gawlp/d2444533.html HTTP/1.1" 404 20323 "-" "Mozilla/5.0 (compatible; SeznamBot/4.0; +http://napoveda.seznam.cz/seznambot-intro/)"
74.80.208.56 - - [28/Sep/2024:14:23:50 +0200] "GET /tag/%D9%88%D8%B8%D8%A7%D8%A6%D9%81/ HTTP/2" 200 34702 "-" "Mozilla/5.0 (compatible; ImagesiftBot; +imagesift.com)"
74.80.208.56 - - [28/Sep/2024:14:23:51 +0200] "GET /%D8%A8%D8%B9%D8%AF-%D8%A7%D9%86%D8%AA%D9%83%D8%A7%D8%B3%D8%A9-%D8%A7%D9%84%D8%A8%D8%B1%D8%AA%D8%BA%D8%A7%D9%84-%D9%81%D9%8A-%D9%83%D8%A3%D8%B3-%D8%A7%D9%84%D8%B9%D8%A7%D9%84%D9%85-%D9%85%D9%81%D8%A7/ HTTP/2" 200 45113 "-" "Mozilla/5.0 (compatible; ImagesiftBot; +imagesift.com)"
77.75.78.161 - - [28/Sep/2024:14:23:52 +0200] "GET /hfiuu/a104062.html HTTP/1.1" 404 20320 "-" "Mozilla/5.0 (compatible; SeznamBot/4.0; +http://napoveda.seznam.cz/seznambot-intro/)"
74.80.208.56 - - [28/Sep/2024:14:23:53 +0200] "GET /%D8%A7%D9%84%D8%B4%D8%B9%D8%A8%D9%8A-%D9%85%D9%86-%D9%8A%D9%87%D8%AF%D8%AF%D9%88%D9%86-%D8%A8%D8%A5%D8%BA%D9%84%D8%A7%D9%82-%D8%A7%D9%84%D8%B4%D8%B1%D9%82-%D9%88%D8%A7%D8%AC%D9%87%D8%A7%D8%AA/ HTTP/2" 200 61544 "-" "Mozilla/5.0 (compatible; ImagesiftBot; +imagesift.com)"
74.80.208.56 - - [28/Sep/2024:14:23:54 +0200] "GET /tag/%D8%AE%D8%A7%D8%B6/ HTTP/2" 200 23818 "-" "Mozilla/5.0 (compatible; ImagesiftBot; +imagesift.com)"
77.75.78.161 - - [28/Sep/2024:14:23:54 +0200] "GET /fxbkd/e2992770.html HTTP/1.1" 404 20322 "-" "Mozilla/5.0 (compatible; SeznamBot/4.0; +http://napoveda.seznam.cz/seznambot-intro/)"
74.80.208.56 - - [28/Sep/2024:14:23:55 +0200] "GET /tag/%D8%A8%D8%B2%D9%8A/ HTTP/2" 200 37050 "-" "Mozilla/5.0 (compatible; ImagesiftBot; +imagesift.com)"
77.75.78.161 - - [28/Sep/2024:14:23:56 +0200] "GET /beehw/o174458.html HTTP/1.1" 404 20326 "-" "Mozilla/5.0 (compatible; SeznamBot/4.0; +http://napoveda.seznam.cz/seznambot-intro/)"
74.80.208.56 - - [28/Sep/2024:14:23:56 +0200] "GET /%D8%B5%D8%A8%D8%A7%D8%AD-%D9%85%D8%AD%D9%85%D8%AF-%D8%A7%D9%84%D8%AD%D8%B3%D9%86-%D8%AA%D9%83%D8%AA%D8%A8-%D8%A5%D8%B9%D9%84%D8%A7%D9%86-%D8%A7%D9%84%D8%AD%D9%83%D9%88%D9%85%D8%A9-%D8%A8%D9%85%D9%86/ HTTP/2" 200 46898 "-" "Mozilla/5.0 (compatible; ImagesiftBot; +imagesift.com)"
74.80.208.56 - - [28/Sep/2024:14:23:58 +0200] "GET /wp-json/wp/v2/posts/28416 HTTP/2" 200 2720 "-" "Mozilla/5.0 (compatible; ImagesiftBot; +imagesift.com)"
74.80.208.56 - - [28/Sep/2024:14:23:58 +0200] "GET /%D8%B4%D8%A7%D9%87%D8%AF-%D8%A8%D8%A7%D9%84%D9%81%D9%8A%D8%AF%D9%8A%D9%88-%D8%AD%D8%B3%D9%86%D8%A7%D8%A1-%D9%85%D8%B5%D8%B1%D9%8A%D8%A9-%D8%AA%D8%AF%D8%A7%D9%81%D8%B9-%D8%B9%D9%86-%D8%A7%D9%84%D8%B3/feed/ HTTP/2" 200 891 "-" "Mozilla/5.0 (compatible; ImagesiftBot; +imagesift.com)"
77.75.78.161 - - [28/Sep/2024:14:23:58 +0200] "GET /qkexh/g2462762.html HTTP/1.1" 404 20324 "-" "Mozilla/5.0 (compatible; SeznamBot/4.0; +http://napoveda.seznam.cz/seznambot-intro/)"
74.80.208.56 - - [28/Sep/2024:14:23:59 +0200] "GET /%D8%A8%D8%B9%D8%AF-%D8%A7%D9%84%D8%A7%D8%AA%D9%87%D8%A7%D9%85-%D8%A7%D9%84%D8%AE%D8%B7%D9%8A%D8%B1-%D8%AC%D8%A7%D9%85%D8%B9%D8%A9-%D8%A7%D9%84%D8%AE%D8%B1%D8%B7%D9%88%D9%85-%D8%AA%D8%B9%D9%84%D9%86/ HTTP/2" 200 45113 "-" "Mozilla/5.0 (compatible; ImagesiftBot; +imagesift.com)"
77.75.78.161 - - [28/Sep/2024:14:24:01 +0200] "GET /citrz/f1207819.html HTTP/1.1" 404 20322 "-" "Mozilla/5.0 (compatible; SeznamBot/4.0; +http://napoveda.seznam.cz/seznambot-intro/)"
74.80.208.56 - - [28/Sep/2024:14:24:02 +0200] "GET /tag/%D9%84%D8%AA%D8%B7%D8%B1%D8%A8/ HTTP/2" 200 23657 "-" "Mozilla/5.0 (compatible; ImagesiftBot; +imagesift.com)"
178.236.247.6 - - [28/Sep/2024:14:24:03 +0200] "POST /74a7c9952328.php HTTP/1.1" 200 9 "-" "curl/7.86.0"
74.80.208.56 - - [28/Sep/2024:14:24:03 +0200] "GET /%D9%88%D8%B2%D9%8A%D8%B1-%D8%A7%D9%84%D8%A8%D9%86%D9%89-%D8%A7%D9%84%D8%AA%D8%AD%D8%AA%D9%8A%D8%A9-%D8%A8%D8%A7%D9%84%D8%AC%D8%B2%D9%8A%D8%B1%D8%A9-%D9%8A%D8%B9%D8%AA%D8%B0%D8%B1-%D9%84%D9%84%D9%85/ HTTP/2" 200 45603 "-" "Mozilla/5.0 (compatible; ImagesiftBot; +imagesift.com)"
74.80.208.56 - - [28/Sep/2024:14:24:04 +0200] "GET /%D8%A8%D9%8A%D9%86%D9%87%D9%85-%D9%86%D8%B3%D8%A7%D8%A1-%D9%88%D8%A3%D8%B7%D9%81%D8%A7%D9%84-%D8%A5%D8%B5%D8%A7%D8%A8%D8%A9-11-%D8%B4%D8%AE%D8%B5%D9%8B%D8%A7-%D9%81%D9%8A-%D8%A7%D9%86%D9%81%D8%AC/ HTTP/2" 200 32913 "-" "Mozilla/5.0 (compatible; ImagesiftBot; +imagesift.com)"
74.80.208.56 - - [28/Sep/2024:14:24:05 +0200] "GET /tag/%D8%A7%D9%86%D8%AA%D8%B5%D8%A7%D8%B1%D8%A7%D8%AA/ HTTP/2" 200 24692 "-" "Mozilla/5.0 (compatible; ImagesiftBot; +imagesift.com)"
77.75.78.161 - - [28/Sep/2024:14:24:06 +0200] "GET /sqrwg/y2042282.html HTTP/1.1" 404 20322 "-" "Mozilla/5.0 (compatible; SeznamBot/4.0; +http://napoveda.seznam.cz/seznambot-intro/)"
74.80.208.56 - - [28/Sep/2024:14:24:06 +0200] "GET /tag/%D8%BA%D8%B1%D8%A8%D9%8A/ HTTP/2" 200 26537 "-" "Mozilla/5.0 (compatible; ImagesiftBot; +imagesift.com)"
74.80.208.56 - - [28/Sep/2024:14:24:07 +0200] "GET /jrbdh/s1035790.html HTTP/2" 404 22075 "-" "Mozilla/5.0 (compatible; ImagesiftBot; +imagesift.com)"
74.80.208.56 - - [28/Sep/2024:14:24:09 +0200] "GET /tag/%D9%85%D8%B1%D9%88%D8%AC%D9%8A/feed/ HTTP/2" 200 4352 "-" "Mozilla/5.0 (compatible; ImagesiftBot; +imagesift.com)"
77.75.78.161 - - [28/Sep/2024:14:24:09 +0200] "GET /wmoqt/u2114766.html HTTP/1.1" 404 20323 "-" "Mozilla/5.0 (compatible; SeznamBot/4.0; +http://napoveda.seznam.cz/seznambot-intro/)"
74.80.208.56 - - [28/Sep/2024:14:24:10 +0200] "GET /wp-json/wp/v2/posts/15474 HTTP/2" 200 3340 "-" "Mozilla/5.0 (compatible; ImagesiftBot; +imagesift.com)"
74.80.208.56 - - [28/Sep/2024:14:24:10 +0200] "GET /tag/%D8%A3%D9%86%D8%BA%D8%A7%D9%85/ HTTP/2" 200 26985 "-" "Mozilla/5.0 (compatible; ImagesiftBot; +imagesift.com)"
77.75.78.161 - - [28/Sep/2024:14:24:11 +0200] "GET /rlqij/t1001757.html HTTP/1.1" 404 20322 "-" "Mozilla/5.0 (compatible; SeznamBot/4.0; +http://napoveda.seznam.cz/seznambot-intro/)"
74.80.208.56 - - [28/Sep/2024:14:24:12 +0200] "GET /tag/%D8%AA%D9%85%D8%A7%D8%B3%D9%8A%D8%AD/ HTTP/2" 200 24312 "-" "Mozilla/5.0 (compatible; ImagesiftBot; +imagesift.com)"
74.80.208.56 - - [28/Sep/2024:14:24:13 +0200] "GET /1712246870-77/ HTTP/2" 404 22077 "-" "Mozilla/5.0 (compatible; ImagesiftBot; +imagesift.com)"
77.75.78.161 - - [28/Sep/2024:14:24:13 +0200] "GET /lkbju/s1929020.html HTTP/1.1" 404 20322 "-" "Mozilla/5.0 (compatible; SeznamBot/4.0; +http://napoveda.seznam.cz/seznambot-intro/)"
74.80.208.56 - - [28/Sep/2024:14:24:14 +0200] "GET /wp-json/wp/v2/tags/10255 HTTP/2" 200 298 "-" "Mozilla/5.0 (compatible; ImagesiftBot; +imagesift.com)"
74.80.208.56 - - [28/Sep/2024:14:24:15 +0200] "GET /tag/%D8%AD%D9%81%D8%A7%D8%B8%D8%A7/ HTTP/2" 200 34475 "-" "Mozilla/5.0 (compatible; ImagesiftBot; +imagesift.com)"
77.75.78.161 - - [28/Sep/2024:14:24:15 +0200] "GET /slpso/f1256569.html HTTP/1.1" 404 20321 "-" "Mozilla/5.0 (compatible; SeznamBot/4.0; +http://napoveda.seznam.cz/seznambot-intro/)"
74.80.208.56 - - [28/Sep/2024:14:24:16 +0200] "GET /tag/%D9%81%D8%B4%D9%84%D8%AA%D9%8A/ HTTP/2" 200 23676 "-" "Mozilla/5.0 (compatible; ImagesiftBot; +imagesift.com)"
66.249.64.14 - - [28/Sep/2024:14:24:17 +0200] "GET /vrqio/v2193443.html HTTP/1.1" 200 42095 "-" "Mozilla/5.0 (Linux; Android 6.0.1; Nexus 5X Build/MMB29P) AppleWebKit/537.36 (KHTML, like Gecko) Chrome/128.0.6613.137 Mobile Safari/537.36 (compatible; Googlebot/2.1; +http://www.google.com/bot.html)"
74.80.208.56 - - [28/Sep/2024:14:24:17 +0200] "GET /tag/%D9%8A%D8%AA%D8%B3%D8%B1%D8%A8/ HTTP/2" 200 34383 "-" "Mozilla/5.0 (compatible; ImagesiftBot; +imagesift.com)"
77.75.78.161 - - [28/Sep/2024:14:24:17 +0200] "GET /fubyu/z2870045.html HTTP/1.1" 404 20324 "-" "Mozilla/5.0 (compatible; SeznamBot/4.0; +http://napoveda.seznam.cz/seznambot-intro/)"
74.80.208.56 - - [28/Sep/2024:14:24:18 +0200] "GET /wp-json/wp/v2/posts/14334 HTTP/2" 200 2726 "-" "Mozilla/5.0 (compatible; ImagesiftBot; +imagesift.com)"
74.80.208.56 - - [28/Sep/2024:14:24:19 +0200] "GET /tag/%D8%A7%D9%86%D9%81%D8%B5%D8%A7%D9%84%D9%87%D8%A7/ HTTP/2" 200 35498 "-" "Mozilla/5.0 (compatible; ImagesiftBot; +imagesift.com)"
77.75.78.161 - - [28/Sep/2024:14:24:20 +0200] "GET /wfkak/l1554353.html HTTP/1.1" 404 20323 "-" "Mozilla/5.0 (compatible; SeznamBot/4.0; +http://napoveda.seznam.cz/seznambot-intro/)"
74.80.208.56 - - [28/Sep/2024:14:24:20 +0200] "GET /deixf/w365020.html HTTP/2" 404 22080 "-" "Mozilla/5.0 (compatible; ImagesiftBot; +imagesift.com)"
74.80.208.56 - - [28/Sep/2024:14:24:21 +0200] "GET /%D9%84%D8%AC%D9%86%D8%A9-%D8%A7%D9%84%D8%A3%D9%85%D9%86-%D8%A8%D8%A7%D9%84%D8%AE%D8%B1%D8%B7%D9%88%D9%85-%D8%AA%D8%AD%D8%B8%D8%B1-%D8%AA%D8%AC%D9%85%D8%B9-%D9%84%D9%82%D9%88%D8%A7%D8%AA-%D8%AF%D8%B1-2/ HTTP/2" 200 31096 "-" "Mozilla/5.0 (compatible; ImagesiftBot; +imagesift.com)"
77.75.78.161 - - [28/Sep/2024:14:24:22 +0200] "GET /xnmnh/h2193793.html HTTP/1.1" 404 20323 "-" "Mozilla/5.0 (compatible; SeznamBot/4.0; +http://napoveda.seznam.cz/seznambot-intro/)"
74.80.208.56 - - [28/Sep/2024:14:24:23 +0200] "GET /%D8%A3%D8%A8%D8%B1%D8%B2-%D8%B9%D9%86%D8%A7%D9%88%D9%8A%D9%86-%D8%A7%D9%84%D8%B5%D8%AD%D9%81-%D8%A7%D9%84%D8%B3%D9%88%D8%AF%D8%A7%D9%86%D9%8A%D8%A9-%D8%A7%D9%84%D8%B3%D9%8A%D8%A7%D8%B3%D9%8A%D8%A9-168/ HTTP/2" 200 32315 "-" "Mozilla/5.0 (compatible; ImagesiftBot; +imagesift.com)"
77.75.78.161 - - [28/Sep/2024:14:24:24 +0200] "GET /reswe/o1949998.html HTTP/1.1" 404 20321 "-" "Mozilla/5.0 (compatible; SeznamBot/4.0; +http://napoveda.seznam.cz/seznambot-intro/)"
74.80.208.56 - - [28/Sep/2024:14:24:24 +0200] "GET /tag/%D9%84%D8%A3%D8%BA%D9%86%D9%8A%D8%AA%D9%87%D8%A7/ HTTP/2" 200 25169 "-" "Mozilla/5.0 (compatible; ImagesiftBot; +imagesift.com)"
74.80.208.56 - - [28/Sep/2024:14:24:26 +0200] "GET /tag/%D8%A7%D9%84%D8%AC%D9%86%D9%88%D8%A8%D9%8A%D9%8A%D9%86/feed/ HTTP/2" 200 5517 "-" "Mozilla/5.0 (compatible; ImagesiftBot; +imagesift.com)"
74.80.208.56 - - [28/Sep/2024:14:24:26 +0200] "GET /tag/%D9%87%D9%88%D8%BA%D9%88/ HTTP/2" 200 24625 "-" "Mozilla/5.0 (compatible; ImagesiftBot; +imagesift.com)"
77.75.78.161 - - [28/Sep/2024:14:24:27 +0200] "GET /kujrf/j2254505.html HTTP/1.1" 404 20324 "-" "Mozilla/5.0 (compatible; SeznamBot/4.0; +http://napoveda.seznam.cz/seznambot-intro/)"
74.80.208.56 - - [28/Sep/2024:14:24:28 +0200] "GET /ofifi/c818986.html HTTP/2" 404 22078 "-" "Mozilla/5.0 (compatible; ImagesiftBot; +imagesift.com)"
74.80.208.56 - - [28/Sep/2024:14:24:29 +0200] "GET /wp-json/wp/v2/tags/11095 HTTP/2" 200 321 "-" "Mozilla/5.0 (compatible; ImagesiftBot; +imagesift.com)"
77.75.78.161 - - [28/Sep/2024:14:24:29 +0200] "GET /dojmo/u2572652.html HTTP/1.1" 404 20329 "-" "Mozilla/5.0 (compatible; SeznamBot/4.0; +http://napoveda.seznam.cz/seznambot-intro/)"
74.80.208.56 - - [28/Sep/2024:14:24:30 +0200] "GET /tag/%D9%8A%D9%88%D8%A7%D8%B3%D9%8A/ HTTP/2" 200 23472 "-" "Mozilla/5.0 (compatible; ImagesiftBot; +imagesift.com)"
77.75.78.161 - - [28/Sep/2024:14:24:31 +0200] "GET /mzwvy/i2792600.html HTTP/1.1" 404 20323 "-" "Mozilla/5.0 (compatible; SeznamBot/4.0; +http://napoveda.seznam.cz/seznambot-intro/)"
74.80.208.56 - - [28/Sep/2024:14:24:31 +0200] "GET /tag/%D8%B4%D9%84%D9%84/ HTTP/2" 200 37845 "-" "Mozilla/5.0 (compatible; ImagesiftBot; +imagesift.com)"
77.75.78.161 - - [28/Sep/2024:14:24:33 +0200] "GET /zbmzx/w2136010.html HTTP/1.1" 404 20324 "-" "Mozilla/5.0 (compatible; SeznamBot/4.0; +http://napoveda.seznam.cz/seznambot-intro/)"
74.80.208.56 - - [28/Sep/2024:14:24:32 +0200] "GET /%D8%AA%D9%87%D8%B1%D9%8A%D8%A8-%D8%B9%D9%85%D9%84%D8%A7%D8%AA-%D8%A3%D8%AC%D9%86%D8%A8%D9%8A%D8%A9-%D8%B9%D8%A8%D8%B1-%D8%A7%D9%84%D9%85%D8%B7%D8%A7%D8%B1-%D8%A7%D8%AA%D9%87%D8%A7%D9%85-%D8%B4/ HTTP/2" 200 66293 "-" "Mozilla/5.0 (compatible; ImagesiftBot; +imagesift.com)"
74.80.208.56 - - [28/Sep/2024:14:24:34 +0200] "GET /%D8%A5%D9%84%D8%B2%D8%A7%D9%85-%D8%A7%D9%84%D9%85%D8%B1%D9%8A%D8%B6-%D8%A7%D9%84%D9%85%D8%A4%D9%85%D9%86-%D8%B9%D9%84%D9%8A%D9%87-%D8%A8%D8%B3%D8%AF%D8%A7%D8%AF-25%D9%85%D9%86-%D9%82%D9%8A%D9%85%D8%A9/ HTTP/2" 200 30525 "-" "Mozilla/5.0 (compatible; ImagesiftBot; +imagesift.com)"
77.75.78.161 - - [28/Sep/2024:14:24:35 +0200] "GET /jtxfg/y1834126.html HTTP/1.1" 404 20323 "-" "Mozilla/5.0 (compatible; SeznamBot/4.0; +http://napoveda.seznam.cz/seznambot-intro/)"
135.181.9.38 - - [28/Sep/2024:14:24:35 +0200] "POST /wp-admin/admin-ajax.php?action=async_litespeed&nonce=lw9UYsscVdnbSKdMySVH0NbBPMj1YI1Y&litespeed_type=imgoptm HTTP/1.1" 200 21 "-" "WordPress/6.6.2; https://www.sudancam.net"
74.80.208.56 - - [28/Sep/2024:14:24:35 +0200] "GET /iyden/e770368.html HTTP/2" 404 22078 "-" "Mozilla/5.0 (compatible; ImagesiftBot; +imagesift.com)"
74.80.208.56 - - [28/Sep/2024:14:24:36 +0200] "GET /tag/%D8%AE%D8%A8%D9%8A%D8%B1%D9%8A%D9%86/ HTTP/2" 200 23642 "-" "Mozilla/5.0 (compatible; ImagesiftBot; +imagesift.com)"
74.80.208.56 - - [28/Sep/2024:14:24:37 +0200] "GET /tag/%D8%A8%D8%A7%D8%AB%D9%8A%D9%88%D8%A8%D9%8A%D8%A7/feed/ HTTP/2" 200 1559 "-" "Mozilla/5.0 (compatible; ImagesiftBot; +imagesift.com)"
77.75.78.161 - - [28/Sep/2024:14:24:37 +0200] "GET /gloes/x1054047.html HTTP/1.1" 404 20328 "-" "Mozilla/5.0 (compatible; SeznamBot/4.0; +http://napoveda.seznam.cz/seznambot-intro/)"
74.80.208.56 - - [28/Sep/2024:14:24:38 +0200] "GET /%D9%84%D9%85%D8%A7%D8%B0%D8%A7-%D8%AA%D8%AE%D9%81%D9%8A%D8%B6-%D8%A7%D8%B3%D8%B9%D8%A7%D8%B1-%D8%A7%D9%84%D9%88%D9%82%D9%88%D8%AF-%D9%81%D9%8A-%D8%A7%D9%84%D8%B3%D9%88%D8%AF%D8%A7%D9%86%D8%9F/ HTTP/2" 200 46703 "-" "Mozilla/5.0 (compatible; ImagesiftBot; +imagesift.com)"
77.75.78.161 - - [28/Sep/2024:14:24:39 +0200] "GET /llmhd/n2601687.html HTTP/1.1" 404 20322 "-" "Mozilla/5.0 (compatible; SeznamBot/4.0; +http://napoveda.seznam.cz/seznambot-intro/)"
74.80.208.56 - - [28/Sep/2024:14:24:40 +0200] "GET /%D8%B1%D8%AD%D9%8A%D9%84-%D8%B4%D9%8A%D8%AE-%D8%A7%D9%84%D9%85%D8%AA%D8%B1%D8%AC%D9%85%D9%8A%D9%86-%D8%A7%D9%84%D8%B3%D9%88%D8%AF%D8%A7%D9%86%D9%8A%D9%8A%D9%86-%D8%A7%D9%84%D8%B3%D8%B1-%D8%AE%D8%B6/ HTTP/2" 200 43599 "-" "Mozilla/5.0 (compatible; ImagesiftBot; +imagesift.com)"
77.75.78.161 - - [28/Sep/2024:14:24:41 +0200] "GET /cidho/u2819886.html HTTP/1.1" 404 20324 "-" "Mozilla/5.0 (compatible; SeznamBot/4.0; +http://napoveda.seznam.cz/seznambot-intro/)"
74.80.208.56 - - [28/Sep/2024:14:24:42 +0200] "GET /%D9%87%D9%84-%D8%AA%D9%88%D8%AC%D8%AF-%D9%88%D8%B5%D9%81%D8%A9-%D8%B3%D8%AD%D8%B1%D9%8A%D8%A9-%D9%88%D8%B1%D8%A7%D8%A1-%D8%AA%D9%81%D9%88%D9%82-%D8%A3%D8%B3%D9%88%D8%AF-%D8%A7%D9%84%D8%A3%D8%B7/ HTTP/2" 200 51272 "-" "Mozilla/5.0 (compatible; ImagesiftBot; +imagesift.com)"
135.181.9.38 - - [28/Sep/2024:14:24:43 +0200] "POST /wp-cron.php?doing_wp_cron=1727526283.6962161064147949218750 HTTP/1.1" 200 0 "-" "WordPress/6.6.2; https://www.sudancam.net"
77.75.78.161 - - [28/Sep/2024:14:24:43 +0200] "GET /lpevf/r782029.html HTTP/1.1" 404 20328 "-" "Mozilla/5.0 (compatible; SeznamBot/4.0; +http://napoveda.seznam.cz/seznambot-intro/)"
74.80.208.56 - - [28/Sep/2024:14:24:43 +0200] "GET /%D8%AD%D8%B2%D8%A8-%D8%A7%D9%84%D8%A7%D9%85%D8%A9-%D9%88%D8%A7%D9%84%D8%AF%D9%8A%D9%85%D9%82%D8%B1%D8%A7%D8%B7%D9%8A%D8%A9-%D9%88%D8%A7%D9%84%D9%81%D8%AA%D8%B1%D8%A9-%D8%A7%D9%84%D8%A7%D9%86%D8%AA/ HTTP/2" 200 50022 "-" "Mozilla/5.0 (compatible; ImagesiftBot; +imagesift.com)"
74.80.208.56 - - [28/Sep/2024:14:24:44 +0200] "GET /wp-content/uploads/2022/12/000_32ZH4XT-780x470.jpg HTTP/2" 200 62160 "-" "Mozilla/5.0 (compatible; ImagesiftBot; +imagesift.com)"
74.80.208.56 - - [28/Sep/2024:14:22:47 +0200] "GET /%D8%A7%D9%84%D8%A3%D9%85%D9%85-%D8%A7%D9%84%D9%85%D8%AA%D8%AD%D8%AF%D8%A9-%D8%AA%D9%88%D9%82%D9%81-%D8%A7%D9%84%D8%A3%D9%86%D8%B4%D8%B7%D8%A9-%D8%A7%D9%84%D8%A5%D9%86%D8%B3%D8%A7%D9%86%D9%8A%D8%A9/ HTTP/2" 200 46091 "-" "Mozilla/5.0 (compatible; ImagesiftBot; +imagesift.com)"
74.80.208.56 - - [28/Sep/2024:14:22:48 +0200] "GET /tag/%D8%B3%D9%8A%D8%A7%D8%B3%D9%8A%D8%A7/ HTTP/2" 200 38846 "-" "Mozilla/5.0 (compatible; ImagesiftBot; +imagesift.com)"
74.80.208.56 - - [28/Sep/2024:14:22:50 +0200] "GET /tag/%D8%A7%D9%84%D9%82%D9%86%D9%88%D8%A7%D8%AA/ HTTP/2" 200 27234 "-" "Mozilla/5.0 (compatible; ImagesiftBot; +imagesift.com)"
74.80.208.56 - - [28/Sep/2024:14:22:51 +0200] "GET /%D9%88%D8%B5%D9%81%D9%87-%D8%A8%D9%80%D8%A7%D9%84%D9%81%D8%B8%D9%8A%D8%B9-%D8%A7%D9%84%D8%AC%D8%B2%D9%88%D9%84%D9%8A-%D9%8A%D9%83%D8%B4%D9%81-%D8%B9%D9%86-%D8%A7%D9%84%D9%85%D8%AE/ HTTP/2" 200 64568 "-" "Mozilla/5.0 (compatible; ImagesiftBot; +imagesift.com)"
74.80.208.56 - - [28/Sep/2024:14:22:52 +0200] "GET /%D8%A3%D9%87%D9%84%D9%8A-%D8%AC%D8%AF%D8%A9-%D8%A7%D9%84%D8%B3%D8%B9%D9%88%D8%AF%D9%8A-%D9%8A%D8%B6%D9%85-%D8%A7%D9%84%D8%AD%D8%A7%D8%B1%D8%B3-%D8%A7%D9%84%D8%B3%D9%86%D8%BA%D8%A7%D9%84%D9%8A-%D8%A5/ HTTP/2" 200 35138 "-" "Mozilla/5.0 (compatible; ImagesiftBot; +imagesift.com)"
74.80.208.56 - - [28/Sep/2024:14:22:55 +0200] "GET /tag/%D9%84%D9%84%D8%A7%D8%B3%D8%AA%D8%AE%D8%AF%D8%A7%D9%85/ HTTP/2" 200 23917 "-" "Mozilla/5.0 (compatible; ImagesiftBot; +imagesift.com)"
74.80.208.56 - - [28/Sep/2024:14:22:56 +0200] "GET /%D9%85%D8%A8%D8%A7%D8%AF%D8%B1%D8%A9-%D8%A7%D9%84%D8%B3%D9%84%D8%B7%D8%A7%D9%86-%D9%81%D9%8A-%D8%AF%D8%B9%D9%85-%D8%B5%D9%82%D9%88%D8%B1-%D8%A7%D9%84%D8%AC%D8%AF%D9%8A%D8%A7%D9%86/ HTTP/2" 200 42820 "-" "Mozilla/5.0 (compatible; ImagesiftBot; +imagesift.com)"
74.80.208.56 - - [28/Sep/2024:14:22:58 +0200] "GET /tag/%D8%A7%D9%84%D8%B6%D8%A6%D9%8A%D9%84/ HTTP/2" 200 23506 "-" "Mozilla/5.0 (compatible; ImagesiftBot; +imagesift.com)"
74.80.208.56 - - [28/Sep/2024:14:22:59 +0200] "GET /wp-json/wp/v2/tags/7107 HTTP/2" 200 313 "-" "Mozilla/5.0 (compatible; ImagesiftBot; +imagesift.com)"
74.80.208.56 - - [28/Sep/2024:14:23:00 +0200] "GET /tag/%D8%A7%D9%84%D9%85%D8%A4%D8%B3%D8%B3%D9%8A%D9%86/ HTTP/2" 200 23582 "-" "Mozilla/5.0 (compatible; ImagesiftBot; +imagesift.com)"
74.80.208.56 - - [28/Sep/2024:14:23:01 +0200] "GET /tag/%D8%A7%D9%86%D8%AA%D8%B2%D8%B9/ HTTP/2" 200 24520 "-" "Mozilla/5.0 (compatible; ImagesiftBot; +imagesift.com)"
74.80.208.56 - - [28/Sep/2024:14:23:02 +0200] "GET /%D9%82%D8%B7%D8%B1-%D8%A7%D9%84%D8%B3%D9%85%D8%A7%D8%AD-%D8%A8%D8%AF%D8%AE%D9%88%D9%84-%D9%85%D8%B4%D8%AC%D8%B9%D9%8A%D9%86-%D8%A8%D8%AF%D9%88%D9%86-%D8%AA%D8%B0%D8%A7%D9%83%D8%B1-%D8%A5%D9%84%D9%89/ HTTP/2" 200 0 "-" "Mozilla/5.0 (compatible; ImagesiftBot; +imagesift.com)"
74.80.208.56 - - [28/Sep/2024:14:23:03 +0200] "GET /tag/%D8%AA%D8%AD%D8%AF%D9%8A%D8%AB%D8%A7%D8%AA/ HTTP/2" 200 24418 "-" "Mozilla/5.0 (compatible; ImagesiftBot; +imagesift.com)"
40.77.167.19 - - [28/Sep/2024:14:23:23 +0200] "GET /jktlm/i2158564.html HTTP/2" 200 41368 "-" "Mozilla/5.0 AppleWebKit/537.36 (KHTML, like Gecko; compatible; bingbot/2.0; +http://www.bing.com/bingbot.htm) Chrome/116.0.1938.76 Safari/537.36"
40.77.167.19 - - [28/Sep/2024:14:23:24 +0200] "GET /fijrw/e218180.html HTTP/2" 200 41876 "-" "Mozilla/5.0 AppleWebKit/537.36 (KHTML, like Gecko; compatible; bingbot/2.0; +http://www.bing.com/bingbot.htm) Chrome/116.0.1938.76 Safari/537.36"
135.181.9.38 - - [28/Sep/2024:14:23:35 +0200] "POST /wp-admin/admin-ajax.php?action=async_litespeed&nonce=PixwtIBxErhmtNKmXhU61vCWicVR4llP&litespeed_type=imgoptm HTTP/1.1" 200 21 "-" "WordPress/6.6.2; https://www.sudancam.net"
135.181.9.38 - - [28/Sep/2024:14:24:34 +0200] "POST /wp-cron.php?doing_wp_cron=1727526274.7673709392547607421875 HTTP/1.1" 200 0 "-" "WordPress/6.6.2; https://www.sudancam.net"
40.77.167.19 - - [28/Sep/2024:14:24:54 +0200] "GET /gewot/x1144033.html HTTP/2" 200 42132 "-" "Mozilla/5.0 AppleWebKit/537.36 (KHTML, like Gecko; compatible; bingbot/2.0; +http://www.bing.com/bingbot.htm) Chrome/116.0.1938.76 Safari/537.36"
40.77.167.19 - - [28/Sep/2024:14:24:56 +0200] "GET /tcdtb/z2673121.html HTTP/2" 200 42310 "-" "Mozilla/5.0 AppleWebKit/537.36 (KHTML, like Gecko; compatible; bingbot/2.0; +http://www.bing.com/bingbot.htm) Chrome/116.0.1938.76 Safari/537.36"
74.80.208.56 - - [28/Sep/2024:14:24:56 +0200] "GET /wp-json/wp/v2/posts/28402 HTTP/2" 200 2637 "-" "Mozilla/5.0 (compatible; ImagesiftBot; +imagesift.com)"
74.80.208.56 - - [28/Sep/2024:14:24:57 +0200] "GET /%D9%85%D8%B3%D8%AA%D9%85%D8%AA%D8%B9%D9%88%D9%86-%D8%A8%D8%AD%D9%85%D8%A7%D8%B3-%D8%B1%D9%88%D8%A8%D9%8A-%D8%AA%D8%B4%D8%B9%D9%84-%D8%A3%D8%AC%D9%88%D8%A7%D8%A1-%D8%B5%D9%8A%D9%81-%D8%AC%D8%AF/ HTTP/2" 200 31479 "-" "Mozilla/5.0 (compatible; ImagesiftBot; +imagesift.com)"
74.80.208.56 - - [28/Sep/2024:14:24:59 +0200] "GET /tag/%D8%B2%D9%88%D8%A7%D8%AC%D8%A7/ HTTP/2" 200 33748 "-" "Mozilla/5.0 (compatible; ImagesiftBot; +imagesift.com)"
74.80.208.56 - - [28/Sep/2024:14:25:02 +0200] "GET /tag/%D8%A7%D8%AC%D8%B1%D8%A7%D8%A1%D8%A7%D8%AA/page/2/ HTTP/2" 200 24894 "-" "Mozilla/5.0 (compatible; ImagesiftBot; +imagesift.com)"
74.80.208.56 - - [28/Sep/2024:14:25:03 +0200] "GET /tag/%D9%85%D9%83%D8%AB%D9%81/ HTTP/2" 200 34539 "-" "Mozilla/5.0 (compatible; ImagesiftBot; +imagesift.com)"
74.80.208.56 - - [28/Sep/2024:14:25:04 +0200] "GET /%D8%A7%D9%84%D9%85%D9%82%D8%A7%D9%88%D9%85%D8%A9-%D8%AA%D8%B9%D9%84%D9%86-%D8%AA%D8%B3%D9%8A%D9%8A%D8%B1-6-%D9%85%D9%88%D8%A7%D9%83%D8%A8-%D8%A7%D8%AD%D8%AA%D8%AC%D8%A7%D8%AC%D9%8A%D8%A9/ HTTP/2" 200 46337 "-" "Mozilla/5.0 (compatible; ImagesiftBot; +imagesift.com)"
74.80.208.56 - - [28/Sep/2024:14:25:05 +0200] "GET /%D8%AF%D8%AE%D9%88%D9%84-%D8%A8%D8%B5%D8%A7%D8%AA-%D9%86%D9%82%D9%84-%D8%A7%D9%84%D8%B1%D9%83%D8%A7%D8%A8-%D8%A7%D9%84%D8%AE%D8%AF%D9%85%D8%A9-%D8%A8%D9%85%D8%B7%D8%A7%D8%B1-%D8%A8%D9%88%D8%B1%D8%AA/ HTTP/2" 200 30534 "-" "Mozilla/5.0 (compatible; ImagesiftBot; +imagesift.com)"
74.80.208.56 - - [28/Sep/2024:14:25:06 +0200] "GET /tag/%D8%A8%D9%81%D9%88%D8%B2/ HTTP/2" 200 26734 "-" "Mozilla/5.0 (compatible; ImagesiftBot; +imagesift.com)"
74.80.208.56 - - [28/Sep/2024:14:25:07 +0200] "GET /tag/%D9%84%D8%A5%D8%AD%D8%B6%D8%A7%D8%B1/ HTTP/2" 200 23532 "-" "Mozilla/5.0 (compatible; ImagesiftBot; +imagesift.com)"
74.80.208.56 - - [28/Sep/2024:14:25:08 +0200] "GET /tag/%D8%A8%D8%AA%D9%85%D8%AB%D9%8A%D9%84/ HTTP/2" 200 23503 "-" "Mozilla/5.0 (compatible; ImagesiftBot; +imagesift.com)"
74.80.208.56 - - [28/Sep/2024:14:25:10 +0200] "GET /wp-json/wp/v2/posts/9916 HTTP/2" 200 2636 "-" "Mozilla/5.0 (compatible; ImagesiftBot; +imagesift.com)"
74.80.208.56 - - [28/Sep/2024:14:25:10 +0200] "GET /%D8%B1%D9%88%D8%B9%D8%A9-%D8%A7%D9%84%D8%AA%D9%84%D9%8A%D9%84%D9%8A-%D8%B3%D8%B9%D9%8A%D8%AF%D8%A9-%D8%A8%D8%A3%D9%86%D9%8A-%D8%A3%D9%88%D9%84-%D9%81%D8%AA%D8%A7%D8%A9-%D8%B9%D8%B1%D8%A8%D9%8A%D8%A9/ HTTP/2" 200 30703 "-" "Mozilla/5.0 (compatible; ImagesiftBot; +imagesift.com)"
74.80.208.56 - - [28/Sep/2024:14:25:12 +0200] "GET /iaonm/z1047705.html HTTP/2" 404 22076 "-" "Mozilla/5.0 (compatible; ImagesiftBot; +imagesift.com)"
74.80.208.56 - - [28/Sep/2024:14:25:13 +0200] "GET /%D8%A7%D9%84%D8%B7%D8%A8-%D8%A7%D9%84%D8%B4%D8%B1%D8%B9%D9%8A-%D9%8A%D9%83%D8%B0%D8%A8-%D8%A7%D8%AA%D9%87%D8%A7%D9%85-%D8%A7%D9%84%D8%B4%D8%B1%D8%B7%D8%A9-%D9%84%D9%85%D8%AA%D9%87%D9%85%D9%8A%D9%86/ HTTP/2" 200 32198 "-" "Mozilla/5.0 (compatible; ImagesiftBot; +imagesift.com)"
