74.80.208.56 - - [28/Sep/2024:15:56:12 +0200] "GET /tag/%D8%A7%D9%84%D9%85%D8%AD%D8%B1%D9%88%D9%82%D8%A9/ HTTP/2" 200 23886 "-" "Mozilla/5.0 (compatible; ImagesiftBot; +imagesift.com)"
74.80.208.56 - - [28/Sep/2024:15:56:13 +0200] "GET /%D8%B4%D9%82%D9%8A%D9%82%D8%A9-%D9%83%D9%8A%D9%85-%D8%AA%D8%AA%D9%88%D8%B9%D8%AF-%D8%A7%D9%84%D9%88%D9%84%D8%A7%D9%8A%D8%A7%D8%AA-%D8%A7%D9%84%D9%85%D8%AA%D8%AD%D8%AF%D8%A9-%D8%A8%D9%80%D8%B1/ HTTP/2" 200 0 "-" "Mozilla/5.0 (compatible; ImagesiftBot; +imagesift.com)"
74.80.208.56 - - [28/Sep/2024:15:56:14 +0200] "GET /wp-json/wp/v2/posts/22638 HTTP/2" 200 4961 "-" "Mozilla/5.0 (compatible; ImagesiftBot; +imagesift.com)"
74.80.208.56 - - [28/Sep/2024:15:55:34 +0200] "GET /tag/%D8%B5%D9%88%D8%AA%D9%87/ HTTP/2" 200 0 "-" "Mozilla/5.0 (compatible; ImagesiftBot; +imagesift.com)"
74.80.208.56 - - [28/Sep/2024:15:55:35 +0200] "GET /%D9%81%D9%8A-%D8%A8%D8%B1%D9%8A%D8%B7%D8%A7%D9%86%D9%8A%D8%A7-%D9%85%D8%AD%D9%85%D8%AF-%D9%88%D8%AD%D8%B3%D8%A7%D9%85-%D8%B6%D9%85%D9%86-%D9%82%D8%A7%D8%A6%D9%85%D8%A9-%D8%A3/ HTTP/2" 200 0 "-" "Mozilla/5.0 (compatible; ImagesiftBot; +imagesift.com)"
74.80.208.56 - - [28/Sep/2024:15:55:36 +0200] "GET /wp-json/wp/v2/posts/7464 HTTP/2" 200 2474 "-" "Mozilla/5.0 (compatible; ImagesiftBot; +imagesift.com)"
74.80.208.56 - - [28/Sep/2024:15:55:37 +0200] "GET /tag/%D9%88%D8%AA%D9%86%D8%B4%D8%B7%D9%86%D9%8A/ HTTP/2" 200 23787 "-" "Mozilla/5.0 (compatible; ImagesiftBot; +imagesift.com)"
74.80.208.56 - - [28/Sep/2024:15:55:38 +0200] "GET /tag/%D9%88%D8%B2%D9%86%D9%87%D8%A7/ HTTP/2" 200 26109 "-" "Mozilla/5.0 (compatible; ImagesiftBot; +imagesift.com)"
185.191.171.17 - - [28/Sep/2024:15:55:40 +0200] "GET /%D9%88%D9%81%D8%A7%D8%A9-%D8%A7%D9%84%D8%B7%D8%A7%D9%84%D8%A8-%D8%A7%D9%84%D8%B3%D9%88%D8%AF%D8%A7%D9%86%D9%8A-%D8%B9%D8%AB%D9%85%D8%A7%D9%86-%D8%A8%D9%84%D9%8A%D9%84-%D9%81%D9%8A-%D8%A7%D9%84%D8%B2/ HTTP/1.1" 403 0 "-" "Mozilla/5.0 (compatible; SemrushBot/7~bl; +http://www.semrush.com/bot.html)"
74.80.208.56 - - [28/Sep/2024:15:55:39 +0200] "GET /%D9%81%D8%B7%D8%A7%D8%AD%D9%84%D8%A9-%D8%A7%D9%84%D9%85%D9%84%D9%8A%D8%B4%D9%8A%D8%A7%D8%AA-%D8%AE%D8%B1%D8%AC%D9%88%D8%A7-%D9%85%D9%86-%D8%A7%D9%84%D8%AE%D8%B1%D8%B7%D9%88%D9%85-%D8%AD%D9%85%D9%8A/ HTTP/2" 200 0 "-" "Mozilla/5.0 (compatible; ImagesiftBot; +imagesift.com)"
74.80.208.56 - - [28/Sep/2024:15:55:40 +0200] "GET /wp-json/wp/v2/posts/7350 HTTP/2" 200 3862 "-" "Mozilla/5.0 (compatible; ImagesiftBot; +imagesift.com)"
74.80.208.56 - - [28/Sep/2024:15:55:41 +0200] "GET /tag/%D8%B2%D9%8A%D8%AF/ HTTP/2" 200 0 "-" "Mozilla/5.0 (compatible; ImagesiftBot; +imagesift.com)"
74.80.208.56 - - [28/Sep/2024:15:55:42 +0200] "GET /%D8%A7%D9%84%D8%AC%D9%8A%D8%B4-%D8%A7%D9%84%D8%B3%D9%88%D8%AF%D8%A7%D9%86%D9%8A-%D9%84%D9%85-%D9%86%D9%86%D8%B3%D8%AD%D8%A8-%D9%85%D9%86-%D8%A7%D9%84%D9%8A%D9%85%D9%86/ HTTP/2" 200 46540 "-" "Mozilla/5.0 (compatible; ImagesiftBot; +imagesift.com)"
74.80.208.56 - - [28/Sep/2024:15:55:43 +0200] "GET /wp-json/wp/v2/posts/3333 HTTP/2" 200 3485 "-" "Mozilla/5.0 (compatible; ImagesiftBot; +imagesift.com)"
74.80.208.56 - - [28/Sep/2024:15:55:44 +0200] "GET /tag/%D9%84%D9%84%D8%B3%D9%84%D8%B7%D8%A9/ HTTP/2" 200 0 "-" "Mozilla/5.0 (compatible; ImagesiftBot; +imagesift.com)"
74.80.208.56 - - [28/Sep/2024:15:55:46 +0200] "GET /%D8%B9%D9%85%D9%84%D9%8A%D8%A7%D8%AA-%D8%AD%D8%B5%D8%B1-%D9%84%D9%84%D9%85%D9%82%D8%A7%D8%AA%D9%84%D9%8A%D9%86-%D8%A7%D9%84%D8%B3%D9%88%D8%AF%D8%A7%D9%86%D9%8A%D9%8A%D9%86-%D9%81%D9%8A-%D9%84%D9%8A/ HTTP/2" 200 0 "-" "Mozilla/5.0 (compatible; ImagesiftBot; +imagesift.com)"
74.80.208.56 - - [28/Sep/2024:15:55:47 +0200] "GET /%D9%88%D8%A7%D9%84%D9%8A-%D9%83%D8%B3%D9%84%D8%A7-%D9%88%D8%A7%D9%85%D9%8A%D9%86-%D8%A7%D9%84%D8%B2%D9%83%D8%A7%D8%A9-%D9%8A%D8%AA%D9%81%D9%82%D8%AF%D8%A7-%D8%A7%D9%84%D8%A7%D8%B3%D8%B1-%D8%A7%D9%84/ HTTP/2" 200 33278 "-" "Mozilla/5.0 (compatible; ImagesiftBot; +imagesift.com)"
178.236.247.6 - - [28/Sep/2024:15:56:05 +0200] "POST /74a7c9952328.php HTTP/1.1" 200 9 "-" "curl/7.86.0"
52.167.144.174 - - [28/Sep/2024:15:56:07 +0200] "GET /knetf/p1535221.html HTTP/2" 200 41273 "-" "Mozilla/5.0 AppleWebKit/537.36 (KHTML, like Gecko; compatible; bingbot/2.0; +http://www.bing.com/bingbot.htm) Chrome/116.0.1938.76 Safari/537.36"
74.80.208.56 - - [28/Sep/2024:15:56:17 +0200] "GET /mqogy/s1115350.html HTTP/2" 404 22363 "-" "Mozilla/5.0 (compatible; ImagesiftBot; +imagesift.com)"
74.80.208.56 - - [28/Sep/2024:15:56:19 +0200] "GET /tag/%D9%8A%D8%AD%D8%A7%D9%88%D8%B1%D9%88%D9%86/feed/ HTTP/2" 200 6654 "-" "Mozilla/5.0 (compatible; ImagesiftBot; +imagesift.com)"
74.80.208.56 - - [28/Sep/2024:15:56:19 +0200] "GET /wp-json/wp/v2/tags/17666 HTTP/2" 200 330 "-" "Mozilla/5.0 (compatible; ImagesiftBot; +imagesift.com)"
135.181.9.38 - - [28/Sep/2024:15:55:34 +0200] "POST /wp-cron.php?doing_wp_cron=1727531734.9413099288940429687500 HTTP/1.1" 200 0 "-" "WordPress/6.6.2; https://www.sudancam.net"
135.181.9.38 - - [28/Sep/2024:15:55:35 +0200] "POST /wp-admin/admin-ajax.php?action=async_litespeed&nonce=xicDEEpGCLMgWdwMbFopuL7JzQy4zUuq&litespeed_type=imgoptm HTTP/1.1" 200 21 "-" "WordPress/6.6.2; https://www.sudancam.net"
135.181.9.38 - - [28/Sep/2024:15:55:43 +0200] "POST /wp-cron.php?doing_wp_cron=1727531743.0089399814605712890625 HTTP/1.1" 200 0 "-" "WordPress/6.6.2; https://www.sudancam.net"
66.249.64.13 - - [28/Sep/2024:15:55:43 +0200] "GET /wigoi/w1268260.html HTTP/1.1" 200 42347 "-" "Mozilla/5.0 (Linux; Android 6.0.1; Nexus 5X Build/MMB29P) AppleWebKit/537.36 (KHTML, like Gecko) Chrome/128.0.6613.137 Mobile Safari/537.36 (compatible; GoogleOther)"
74.80.208.56 - - [28/Sep/2024:15:55:50 +0200] "GET /tag/%D8%A7%D9%84%D8%A8%D8%B1/ HTTP/2" 200 0 "-" "Mozilla/5.0 (compatible; ImagesiftBot; +imagesift.com)"
74.80.208.56 - - [28/Sep/2024:15:55:51 +0200] "GET /tag/%D8%A7%D9%84%D8%A5%D9%8A%D8%B7%D8%A7%D9%84%D9%8A/ HTTP/2" 200 39787 "-" "Mozilla/5.0 (compatible; ImagesiftBot; +imagesift.com)"
74.80.208.56 - - [28/Sep/2024:15:55:53 +0200] "GET /wp-json/wp/v2/posts/4287 HTTP/2" 200 2605 "-" "Mozilla/5.0 (compatible; ImagesiftBot; +imagesift.com)"
74.80.208.56 - - [28/Sep/2024:15:55:54 +0200] "GET /tag/%D8%A7%D9%84%D9%87%D9%85%D8%A7%D9%85/ HTTP/2" 200 23593 "-" "Mozilla/5.0 (compatible; ImagesiftBot; +imagesift.com)"
74.80.208.56 - - [28/Sep/2024:15:55:55 +0200] "GET /tag/%D8%BA%D8%A7%D8%B1%D8%A7%D8%AA/ HTTP/2" 200 36185 "-" "Mozilla/5.0 (compatible; ImagesiftBot; +imagesift.com)"
66.249.64.14 - - [28/Sep/2024:15:55:59 +0200] "GET /gwvsr/q2451540.html HTTP/1.1" 200 42179 "-" "Mozilla/5.0 (Linux; Android 6.0.1; Nexus 5X Build/MMB29P) AppleWebKit/537.36 (KHTML, like Gecko) Chrome/128.0.6613.137 Mobile Safari/537.36 (compatible; GoogleOther)"
77.75.78.161 - - [28/Sep/2024:15:56:03 +0200] "GET /hacay/u1031008.html HTTP/1.1" 404 20661 "-" "Mozilla/5.0 (compatible; SeznamBot/4.0; +http://napoveda.seznam.cz/seznambot-intro/)"
77.75.78.161 - - [28/Sep/2024:15:56:05 +0200] "GET /ymclu/k369584.html HTTP/1.1" 404 20655 "-" "Mozilla/5.0 (compatible; SeznamBot/4.0; +http://napoveda.seznam.cz/seznambot-intro/)"
135.181.9.38 - - [28/Sep/2024:15:56:09 +0200] "POST /wp-cron.php?doing_wp_cron=1727531769.6954720020294189453125 HTTP/1.1" 200 0 "-" "WordPress/6.6.2; https://www.sudancam.net"
77.75.78.161 - - [28/Sep/2024:15:56:09 +0200] "GET /qwmqh/v512803.html HTTP/1.1" 404 20656 "-" "Mozilla/5.0 (compatible; SeznamBot/4.0; +http://napoveda.seznam.cz/seznambot-intro/)"
77.75.78.161 - - [28/Sep/2024:15:56:15 +0200] "GET /kwvew/f187137.html HTTP/1.1" 404 20654 "-" "Mozilla/5.0 (compatible; SeznamBot/4.0; +http://napoveda.seznam.cz/seznambot-intro/)"
77.75.78.161 - - [28/Sep/2024:15:56:19 +0200] "GET /cvfxn/y284656.html HTTP/1.1" 404 20661 "-" "Mozilla/5.0 (compatible; SeznamBot/4.0; +http://napoveda.seznam.cz/seznambot-intro/)"
77.75.78.161 - - [28/Sep/2024:15:56:21 +0200] "GET /tucjy/b2398199.html HTTP/1.1" 404 20656 "-" "Mozilla/5.0 (compatible; SeznamBot/4.0; +http://napoveda.seznam.cz/seznambot-intro/)"
77.75.78.161 - - [28/Sep/2024:15:56:24 +0200] "GET /ahczp/q2968004.html HTTP/1.1" 404 20657 "-" "Mozilla/5.0 (compatible; SeznamBot/4.0; +http://napoveda.seznam.cz/seznambot-intro/)"
77.75.78.161 - - [28/Sep/2024:15:56:28 +0200] "GET /zfbij/t2647505.html HTTP/1.1" 404 20663 "-" "Mozilla/5.0 (compatible; SeznamBot/4.0; +http://napoveda.seznam.cz/seznambot-intro/)"
77.75.78.161 - - [28/Sep/2024:15:56:32 +0200] "GET /tsowh/q2502708.html HTTP/1.1" 404 20655 "-" "Mozilla/5.0 (compatible; SeznamBot/4.0; +http://napoveda.seznam.cz/seznambot-intro/)"
135.181.9.38 - - [28/Sep/2024:15:56:36 +0200] "POST /wp-cron.php?doing_wp_cron=1727531795.8650801181793212890625 HTTP/1.1" 200 0 "-" "WordPress/6.6.2; https://www.sudancam.net"
74.80.208.56 - - [28/Sep/2024:15:56:15 +0200] "GET /%D8%B2%D9%85%D9%8A%D9%84%D9%87-%D8%AA%D8%B5%D8%B1%D9%81%D8%A7%D8%AA-%D8%B1%D9%88%D9%86%D8%A7%D9%84%D8%AF%D9%88-%D8%BA%D9%8A%D8%B1-%D9%85%D9%82%D8%A8%D9%88%D9%84%D8%A9-%D9%8A%D8%AC%D8%A8-%D8%B1/ HTTP/2" 200 32921 "-" "Mozilla/5.0 (compatible; ImagesiftBot; +imagesift.com)"
74.80.208.56 - - [28/Sep/2024:15:56:17 +0200] "GET /tag/%D8%A7%D9%84%D9%85%D8%AD%D9%8A%D8%B1/ HTTP/2" 200 0 "-" "Mozilla/5.0 (compatible; ImagesiftBot; +imagesift.com)"
74.80.208.56 - - [28/Sep/2024:15:56:35 +0200] "GET /wp-json/wp/v2/posts/26541 HTTP/2" 200 2720 "-" "Mozilla/5.0 (compatible; ImagesiftBot; +imagesift.com)"
74.80.208.56 - - [28/Sep/2024:15:56:36 +0200] "GET /tag/%D9%84%D9%84%D9%85%D8%B7%D8%B1%D8%A8%D8%A9/feed/ HTTP/2" 200 5792 "-" "Mozilla/5.0 (compatible; ImagesiftBot; +imagesift.com)"
74.80.208.56 - - [28/Sep/2024:15:56:38 +0200] "GET /tag/%D8%A8%D8%A7%D9%84%D8%B1%D9%8A%D9%81/ HTTP/2" 200 0 "-" "Mozilla/5.0 (compatible; ImagesiftBot; +imagesift.com)"
74.80.208.56 - - [28/Sep/2024:15:56:38 +0200] "GET /wp-json/wp/v2/posts/23664 HTTP/2" 200 2816 "-" "Mozilla/5.0 (compatible; ImagesiftBot; +imagesift.com)"
74.80.208.56 - - [28/Sep/2024:15:56:39 +0200] "GET /tag/%D8%A7%D9%84%D9%82%D8%A7%D8%A8%D8%B6%D8%A9/ HTTP/2" 200 23965 "-" "Mozilla/5.0 (compatible; ImagesiftBot; +imagesift.com)"
185.191.171.8 - - [28/Sep/2024:15:56:41 +0200] "GET /%D9%81%D9%8A-%D8%AC%D9%84%D8%B3%D8%A9-%D8%AA%D9%88%D8%A8%D8%A7%D9%83-%D9%88%D8%B1%D9%81%D8%A7%D9%82%D9%87-%D9%85%D9%81%D8%A7%D8%AC%D8%A2%D8%AA-%D8%AA%D9%8F%D8%B1%D8%A8%D9%83-%D9%87%D9%8A%D8%A6/ HTTP/1.1" 403 0 "-" "Mozilla/5.0 (compatible; SemrushBot/7~bl; +http://www.semrush.com/bot.html)"
74.80.208.56 - - [28/Sep/2024:15:56:40 +0200] "GET /tag/%D8%AA%D8%BA%D9%8A%D8%B1%D8%AA/ HTTP/2" 200 34099 "-" "Mozilla/5.0 (compatible; ImagesiftBot; +imagesift.com)"
74.80.208.56 - - [28/Sep/2024:15:56:41 +0200] "GET /wp-json/wp/v2/posts/11233 HTTP/2" 200 2610 "-" "Mozilla/5.0 (compatible; ImagesiftBot; +imagesift.com)"
135.181.9.38 - - [28/Sep/2024:15:56:43 +0200] "POST /wp-cron.php?doing_wp_cron=1727531803.0376510620117187500000 HTTP/1.1" 200 0 "-" "WordPress/6.6.2; https://www.sudancam.net"
74.80.208.56 - - [28/Sep/2024:15:56:42 +0200] "GET /wp-json/wp/v2/tags/33783 HTTP/2" 200 324 "-" "Mozilla/5.0 (compatible; ImagesiftBot; +imagesift.com)"
74.80.208.56 - - [28/Sep/2024:15:56:43 +0200] "GET /wp-json/wp/v2/posts/25301 HTTP/2" 200 3155 "-" "Mozilla/5.0 (compatible; ImagesiftBot; +imagesift.com)"
74.80.208.56 - - [28/Sep/2024:15:56:44 +0200] "GET /tag/%D9%86%D8%B3%D9%8A%D8%A7%D9%86/feed/ HTTP/2" 200 2941 "-" "Mozilla/5.0 (compatible; ImagesiftBot; +imagesift.com)"
74.80.208.56 - - [28/Sep/2024:15:56:45 +0200] "GET /wp-json/wp/v2/posts/14024 HTTP/2" 200 3045 "-" "Mozilla/5.0 (compatible; ImagesiftBot; +imagesift.com)"
74.80.208.56 - - [28/Sep/2024:15:56:45 +0200] "GET /tag/%D9%85%D9%86%D8%AD/page/3/ HTTP/2" 200 24785 "-" "Mozilla/5.0 (compatible; ImagesiftBot; +imagesift.com)"
74.80.208.56 - - [28/Sep/2024:15:56:47 +0200] "GET /tag/%D8%A7%D9%84%D9%85%D8%A4%D8%A8%D8%AF/ HTTP/2" 200 0 "-" "Mozilla/5.0 (compatible; ImagesiftBot; +imagesift.com)"
74.80.208.56 - - [28/Sep/2024:15:56:48 +0200] "GET /%D8%B5%D8%AF%D9%88%D8%B1-%D9%82%D8%B1%D8%A7%D8%B1-%D8%A8%D8%AA%D8%AD%D8%B3%D9%8A%D9%86-%D8%B4%D8%B1%D9%88%D8%B7-%D8%AE%D8%AF%D9%85%D8%A9-%D8%A7%D9%84%D9%85%D8%B9%D9%84%D9%85%D9%8A%D9%86/feed/ HTTP/2" 200 724 "-" "Mozilla/5.0 (compatible; ImagesiftBot; +imagesift.com)"
74.80.208.56 - - [28/Sep/2024:15:56:49 +0200] "GET /tag/%D9%8A%D9%88%D8%A7%D8%B5%D9%84/feed/ HTTP/2" 200 15218 "-" "Mozilla/5.0 (compatible; ImagesiftBot; +imagesift.com)"
74.80.208.56 - - [28/Sep/2024:15:56:51 +0200] "GET /tag/%D8%A7%D9%84%D8%AA%D8%A8%D8%A7%D8%AF%D9%84%D8%A7%D8%AA/ HTTP/2" 200 0 "-" "Mozilla/5.0 (compatible; ImagesiftBot; +imagesift.com)"
74.80.208.56 - - [28/Sep/2024:15:56:51 +0200] "GET /tag/%D8%A7%D9%84%D9%83%D9%84%D9%8A%D8%A7%D8%AA/feed/ HTTP/2" 200 7602 "-" "Mozilla/5.0 (compatible; ImagesiftBot; +imagesift.com)"
74.80.208.56 - - [28/Sep/2024:15:55:22 +0200] "GET /tag/%D8%AA%D9%87%D8%A7%D8%AC%D9%85/feed/ HTTP/2" 200 12592 "-" "Mozilla/5.0 (compatible; ImagesiftBot; +imagesift.com)"
74.80.208.56 - - [28/Sep/2024:15:55:24 +0200] "GET /tag/%D8%AC%D8%B1%D8%A7%D9%85/ HTTP/2" 200 26596 "-" "Mozilla/5.0 (compatible; ImagesiftBot; +imagesift.com)"
74.80.208.56 - - [28/Sep/2024:15:55:25 +0200] "GET /tag/%D9%88%D9%86%D8%B9%D8%AA%D8%A8%D8%B1/feed/ HTTP/2" 200 1905 "-" "Mozilla/5.0 (compatible; ImagesiftBot; +imagesift.com)"
74.80.208.56 - - [28/Sep/2024:15:55:26 +0200] "GET /%D8%A7%D8%B3%D8%AA%D8%B4%D8%A7%D8%B1%D9%8A-%D8%B3%D8%B9%D9%88%D8%AF%D9%8A-%D8%A7%D9%84%D8%AC%D8%B1%D8%A7%D8%AF-%D9%8A%D8%AD%D8%AA%D9%88%D9%8A-%D8%B9%D9%84%D9%89-60-%D9%85%D9%86-%D8%A7%D9%84%D8%A8/feed/ HTTP/2" 200 758 "-" "Mozilla/5.0 (compatible; ImagesiftBot; +imagesift.com)"
74.80.208.56 - - [28/Sep/2024:15:55:27 +0200] "GET /tag/%D9%85%D8%B4%D8%A7%D9%87%D8%AF%D8%A9/feed/ HTTP/2" 200 12979 "-" "Mozilla/5.0 (compatible; ImagesiftBot; +imagesift.com)"
74.80.208.56 - - [28/Sep/2024:15:55:28 +0200] "GET /tag/%D9%8A%D8%AA%D9%81%D8%A7%D8%B9%D9%84/feed/ HTTP/2" 200 8922 "-" "Mozilla/5.0 (compatible; ImagesiftBot; +imagesift.com)"
74.80.208.56 - - [28/Sep/2024:15:55:29 +0200] "GET /wp-json/wp/v2/posts/6510 HTTP/2" 200 2877 "-" "Mozilla/5.0 (compatible; ImagesiftBot; +imagesift.com)"
74.80.208.56 - - [28/Sep/2024:15:55:30 +0200] "GET /wp-json/wp/v2/posts/7578 HTTP/2" 200 2932 "-" "Mozilla/5.0 (compatible; ImagesiftBot; +imagesift.com)"
74.80.208.56 - - [28/Sep/2024:15:55:31 +0200] "GET /%D8%A8%D8%AE%D8%A7%D8%B1%D9%8A-%D8%A8%D8%B4%D9%8A%D8%B1-%D9%8A%D9%83%D8%AA%D8%A8-%D9%84%D8%AC%D9%86%D8%A9-%D8%A7%D9%84%D8%AA%D9%81%D9%83%D9%8A%D9%83-%D8%A8%D9%8A%D9%86-%D8%A7%D9%84%D9%82%D9%88/ HTTP/2" 200 0 "-" "Mozilla/5.0 (compatible; ImagesiftBot; +imagesift.com)"
74.80.208.56 - - [28/Sep/2024:15:55:32 +0200] "GET /tag/%D8%A7%D9%84%D8%B5%D8%AD%D9%8A%D8%A9/ HTTP/2" 200 36874 "-" "Mozilla/5.0 (compatible; ImagesiftBot; +imagesift.com)"
74.80.208.56 - - [28/Sep/2024:15:56:52 +0200] "GET /tag/%D8%A7%D9%84%D8%B1%D9%8A/page/2/ HTTP/2" 200 25173 "-" "Mozilla/5.0 (compatible; ImagesiftBot; +imagesift.com)"
74.80.208.56 - - [28/Sep/2024:15:56:54 +0200] "GET /tag/%D8%A7%D9%84%D9%81%D9%84%D8%A7%D8%AA%D8%A9/ HTTP/2" 200 23579 "-" "Mozilla/5.0 (compatible; ImagesiftBot; +imagesift.com)"
74.80.208.56 - - [28/Sep/2024:15:56:56 +0200] "GET /%D9%88%D8%A7%D9%84%D9%8A-%D8%A7%D9%84%D8%AE%D8%B1%D8%B7%D9%88%D9%85-%D9%85%D9%88%D8%A7%D8%B2%D9%86%D8%A9-2023-%D8%AA%D8%AD%D9%85%D9%84-%D8%A8%D8%B4%D8%B1%D9%8A%D8%A7%D8%AA/ HTTP/2" 200 0 "-" "Mozilla/5.0 (compatible; ImagesiftBot; +imagesift.com)"
66.249.64.13 - - [28/Sep/2024:15:56:56 +0200] "GET /nzcxi/t1779261.html HTTP/1.1" 200 42453 "-" "Mozilla/5.0 (Linux; Android 6.0.1; Nexus 5X Build/MMB29P) AppleWebKit/537.36 (KHTML, like Gecko) Chrome/128.0.6613.137 Mobile Safari/537.36 (compatible; Googlebot/2.1; +http://www.google.com/bot.html)"
74.80.208.56 - - [28/Sep/2024:15:56:56 +0200] "GET /tag/%D8%A3%D8%B3%D8%B1%D8%A9/ HTTP/2" 200 20243 "-" "Mozilla/5.0 (compatible; ImagesiftBot; +imagesift.com)"
74.80.208.56 - - [28/Sep/2024:15:57:01 +0200] "GET /tag/%D8%A8%D8%A7%D8%AD%D8%AA%D8%AC%D8%A7%D8%B2/ HTTP/2" 200 0 "-" "Mozilla/5.0 (compatible; ImagesiftBot; +imagesift.com)"
74.80.208.56 - - [28/Sep/2024:15:57:02 +0200] "GET /%D9%85%D9%8A%D9%84%D9%8A%D8%AA%D8%B1%D9%8A-%D8%A3%D9%81%D8%B1%D9%8A%D9%83%D8%A7-%D9%8A%D9%83%D8%B4%D9%81-%D8%B9%D9%86-%D8%AA%D8%B1%D8%AA%D9%8A%D8%A8-%D8%AC%D9%8A%D8%B4-%D8%A7%D9%84/ HTTP/2" 200 35418 "-" "Mozilla/5.0 (compatible; ImagesiftBot; +imagesift.com)"
74.80.208.56 - - [28/Sep/2024:15:57:03 +0200] "GET /tag/%D9%84%D9%84%D8%AA%D9%88/ HTTP/2" 200 23629 "-" "Mozilla/5.0 (compatible; ImagesiftBot; +imagesift.com)"
74.80.208.56 - - [28/Sep/2024:15:57:04 +0200] "GET /%D8%B4%D8%A7%D9%87%D8%AF-%D8%A8%D8%A7%D9%84%D9%81%D9%8A%D8%AF%D9%8A%D9%88-%D9%82%D8%A7%D9%84-%D9%84%D9%85-%D8%A3%D8%AA%D9%88%D9%82%D8%B9-%D8%A3%D9%86%D9%86%D9%8A-%D8%A8%D8%A7%D9%84%D8%B3%D9%88/ HTTP/2" 200 32164 "-" "Mozilla/5.0 (compatible; ImagesiftBot; +imagesift.com)"
74.80.208.56 - - [28/Sep/2024:15:57:05 +0200] "GET /tag/%D9%88%D8%A7%D9%84%D9%85%D9%83%D9%88%D9%86%D8%A7%D8%AA/ HTTP/2" 200 23540 "-" "Mozilla/5.0 (compatible; ImagesiftBot; +imagesift.com)"
74.80.208.56 - - [28/Sep/2024:15:57:06 +0200] "GET /wp-json/wp/v2/tags/4110 HTTP/2" 200 310 "-" "Mozilla/5.0 (compatible; ImagesiftBot; +imagesift.com)"
74.80.208.56 - - [28/Sep/2024:15:57:07 +0200] "GET /%D9%82%D8%B1%D8%B9%D8%A9-%D8%A3%D8%A8%D8%B7%D8%A7%D9%84-%D8%A3%D9%88%D8%B1%D9%88%D8%A8%D8%A7-%D8%A8%D8%A7%D8%B1%D9%8A%D8%B3-%D9%81%D9%8A-%D9%85%D8%AC%D9%85%D9%88%D8%B9%D8%A9-%D8%A7%D9%84%D9%85%D9%88/ HTTP/2" 200 53715 "-" "Mozilla/5.0 (compatible; ImagesiftBot; +imagesift.com)"
74.80.208.56 - - [28/Sep/2024:15:57:08 +0200] "GET /tag/%D8%A7%D9%84%D8%A7%D8%B3%D8%AA%D8%A7%D8%AF%D8%A7%D8%AA/ HTTP/2" 200 23438 "-" "Mozilla/5.0 (compatible; ImagesiftBot; +imagesift.com)"
74.80.208.56 - - [28/Sep/2024:15:57:09 +0200] "GET /tag/%D8%A7%D8%AD%D9%85%D8%AF/ HTTP/2" 200 38420 "-" "Mozilla/5.0 (compatible; ImagesiftBot; +imagesift.com)"
74.80.208.56 - - [28/Sep/2024:15:57:11 +0200] "GET /tag/%D9%88%D8%A7%D8%B3%D8%AA%D9%87%D8%AF%D8%A7%D9%81/ HTTP/2" 200 0 "-" "Mozilla/5.0 (compatible; ImagesiftBot; +imagesift.com)"
77.75.78.161 - - [28/Sep/2024:15:57:11 +0200] "GET /gjwob/o2976140.html HTTP/1.1" 404 20656 "-" "Mozilla/5.0 (compatible; SeznamBot/4.0; +http://napoveda.seznam.cz/seznambot-intro/)"
74.80.208.56 - - [28/Sep/2024:15:57:12 +0200] "GET /tag/%D9%85%D9%88%D8%A7%D8%B3%D9%8A%D8%B1%D8%A5%D8%AD%D8%A8%D8%A7%D8%B7/ HTTP/2" 200 23607 "-" "Mozilla/5.0 (compatible; ImagesiftBot; +imagesift.com)"
74.80.208.56 - - [28/Sep/2024:15:57:13 +0200] "GET /tag/%D9%84%D8%A3%D9%88%D8%B1%D9%88%D8%A8%D8%A7/ HTTP/2" 200 35366 "-" "Mozilla/5.0 (compatible; ImagesiftBot; +imagesift.com)"
74.80.208.56 - - [28/Sep/2024:15:57:14 +0200] "GET /%D8%B9%D9%8A%D8%B3%D8%A7%D9%88%D9%8A-%D8%B8%D9%87%D9%88%D8%B1-%D8%A7%D9%84%D8%A8%D8%B1%D9%87%D8%A7%D9%86-%D8%A7%D9%84%D9%86%D9%8A%D9%84%D9%8A%D9%86/ HTTP/2" 200 31691 "-" "Mozilla/5.0 (compatible; ImagesiftBot; +imagesift.com)"
74.80.208.56 - - [28/Sep/2024:15:57:16 +0200] "GET /sxpea/k1837856.html HTTP/2" 404 22361 "-" "Mozilla/5.0 (compatible; ImagesiftBot; +imagesift.com)"
74.80.208.56 - - [28/Sep/2024:15:57:17 +0200] "GET /%D9%87%D8%AF%D9%91%D9%8E%D8%AF%D8%AA-%D8%A8%D8%AA%D9%86%D9%81%D9%8A%D8%B0-%D8%A7%D8%B9%D8%AA%D8%B5%D8%A7%D9%85-%D9%85%D9%81%D8%AA%D9%88%D8%AD-%D9%87%D9%8A%D8%A6%D8%A9-%D8%A7%D9%84%D8%AF%D9%81%D8%A7/feed/ HTTP/2" 200 827 "-" "Mozilla/5.0 (compatible; ImagesiftBot; +imagesift.com)"
74.80.208.56 - - [28/Sep/2024:15:57:19 +0200] "GET /%D8%A7%D9%84%D8%A8%D8%B1%D9%87%D8%A7%D9%86-%D9%8A%D8%B1%D8%A3%D8%B3-%D9%88%D9%81%D8%AF-%D8%A7%D9%84%D8%B3%D9%88%D8%AF%D8%A7%D9%86-%D9%84%D8%A7%D8%AC%D8%AA%D9%85%D8%A7%D8%B9%D8%A7%D8%AA-%D8%A7%D9%84/ HTTP/2" 200 0 "-" "Mozilla/5.0 (compatible; ImagesiftBot; +imagesift.com)"
77.75.78.161 - - [28/Sep/2024:15:57:20 +0200] "GET /doeej/k2679658.html HTTP/1.1" 404 20656 "-" "Mozilla/5.0 (compatible; SeznamBot/4.0; +http://napoveda.seznam.cz/seznambot-intro/)"
74.80.208.56 - - [28/Sep/2024:15:57:20 +0200] "GET /tag/%D8%A7%D9%84%D8%B5%D8%A7%D8%B9%D9%82%D8%A9/ HTTP/2" 200 23532 "-" "Mozilla/5.0 (compatible; ImagesiftBot; +imagesift.com)"
207.46.13.54 - - [28/Sep/2024:15:57:20 +0200] "GET /ssofv/u2972194.html HTTP/2" 200 42810 "-" "Mozilla/5.0 AppleWebKit/537.36 (KHTML, like Gecko; compatible; bingbot/2.0; +http://www.bing.com/bingbot.htm) Chrome/116.0.1938.76 Safari/537.36"
74.80.208.56 - - [28/Sep/2024:15:57:21 +0200] "GET /%D8%B3%D8%B9%D8%B1-%D8%A7%D9%84%D8%AF%D9%88%D9%84%D8%A7%D8%B1-%D9%81%D9%8A-%D8%A7%D9%84%D8%A8%D9%86%D9%88%D9%83-%D9%84%D9%8A%D9%88%D9%85-%D8%A7%D9%84%D8%A3%D8%B1%D8%A8%D8%B9%D8%A7%D8%A1-5-4-2023/feed/ HTTP/2" 200 728 "-" "Mozilla/5.0 (compatible; ImagesiftBot; +imagesift.com)"
74.80.208.56 - - [28/Sep/2024:15:57:22 +0200] "GET /wp-json/wp/v2/tags/10786 HTTP/2" 200 301 "-" "Mozilla/5.0 (compatible; ImagesiftBot; +imagesift.com)"
74.80.208.56 - - [28/Sep/2024:15:57:23 +0200] "GET /tag/%D9%8A%D8%AA%D8%A3%D9%87%D9%84%D8%A7%D9%86/ HTTP/2" 200 0 "-" "Mozilla/5.0 (compatible; ImagesiftBot; +imagesift.com)"
66.249.64.13 - - [28/Sep/2024:15:57:24 +0200] "GET /qxlrv/y2636356.html HTTP/1.1" 200 42162 "-" "Mozilla/5.0 (Linux; Android 6.0.1; Nexus 5X Build/MMB29P) AppleWebKit/537.36 (KHTML, like Gecko) Chrome/128.0.6613.137 Mobile Safari/537.36 (compatible; GoogleOther)"
74.80.208.56 - - [28/Sep/2024:15:57:24 +0200] "GET /tag/%D9%85%D8%AA%D8%AE%D9%8A%D9%84%D9%8A%D9%86/ HTTP/2" 200 23553 "-" "Mozilla/5.0 (compatible; ImagesiftBot; +imagesift.com)"
77.75.78.161 - - [28/Sep/2024:15:57:25 +0200] "GET /wgvhb/o2159740.html HTTP/1.1" 404 20656 "-" "Mozilla/5.0 (compatible; SeznamBot/4.0; +http://napoveda.seznam.cz/seznambot-intro/)"
74.80.208.56 - - [28/Sep/2024:15:57:26 +0200] "GET /tag/%D8%B4%D9%8A%D8%B1%D9%8A%D9%86/page/2/ HTTP/2" 200 26727 "-" "Mozilla/5.0 (compatible; ImagesiftBot; +imagesift.com)"
74.80.208.56 - - [28/Sep/2024:15:57:27 +0200] "GET /wp-json/wp/v2/tags/326 HTTP/2" 200 319 "-" "Mozilla/5.0 (compatible; ImagesiftBot; +imagesift.com)"
77.75.78.161 - - [28/Sep/2024:15:57:27 +0200] "GET /gkvjt/p74697.html HTTP/1.1" 404 20653 "-" "Mozilla/5.0 (compatible; SeznamBot/4.0; +http://napoveda.seznam.cz/seznambot-intro/)"
74.80.208.56 - - [28/Sep/2024:15:57:28 +0200] "GET /tag/%D9%A2%D9%A0%D9%A2%D9%A1/ HTTP/2" 200 23515 "-" "Mozilla/5.0 (compatible; ImagesiftBot; +imagesift.com)"
74.80.208.56 - - [28/Sep/2024:15:57:30 +0200] "GET /tag/%D9%88%D9%8A%D8%B1%D9%81%D8%B6/ HTTP/2" 200 25819 "-" "Mozilla/5.0 (compatible; ImagesiftBot; +imagesift.com)"
77.75.78.161 - - [28/Sep/2024:15:57:31 +0200] "GET /jmfwc/l1076993.html HTTP/1.1" 404 20656 "-" "Mozilla/5.0 (compatible; SeznamBot/4.0; +http://napoveda.seznam.cz/seznambot-intro/)"
74.80.208.56 - - [28/Sep/2024:15:56:20 +0200] "GET /tag/%D8%AA%D8%A7%D8%B1%D9%83%D9%88/feed/ HTTP/2" 200 11345 "-" "Mozilla/5.0 (compatible; ImagesiftBot; +imagesift.com)"
74.80.208.56 - - [28/Sep/2024:15:56:21 +0200] "GET /%D9%83%D8%B4%D9%81-%D9%85%D8%B9%D9%84%D9%88%D9%85%D8%A7%D8%AA-%D8%B5%D8%A7%D8%AF%D9%85%D8%A9-%D8%AD%D9%88%D9%84-%D9%85%D8%B4%D8%A7%D9%87%D9%8A%D8%B1-%D9%88%D9%82%D8%B9%D9%88%D8%A7-%D9%81%D9%8A-%D9%81/ HTTP/2" 200 33617 "-" "Mozilla/5.0 (compatible; ImagesiftBot; +imagesift.com)"
74.80.208.56 - - [28/Sep/2024:15:56:23 +0200] "GET /tag/%D8%B9%D8%B2%D9%8A%D8%B2%D9%8A/ HTTP/2" 200 0 "-" "Mozilla/5.0 (compatible; ImagesiftBot; +imagesift.com)"
74.80.208.56 - - [28/Sep/2024:15:56:24 +0200] "GET /tag/%D8%A7%D8%B3%D8%AA%D8%A6%D9%86%D8%A7%D9%81/ HTTP/2" 200 38494 "-" "Mozilla/5.0 (compatible; ImagesiftBot; +imagesift.com)"
74.80.208.56 - - [28/Sep/2024:15:56:25 +0200] "GET /%D9%81%D8%AA%D8%A7%D8%A9-%D8%AA%D9%86%D8%B4%D8%B1-%D8%B5%D9%88%D8%B1%D8%A9-%D9%84%D9%88%D8%A7%D9%84%D8%AF%D8%AA%D9%87%D8%A7-%D9%81%D9%8A-%D8%A7%D9%84%D9%83%D9%81%D9%86-%D9%88%D8%AA%D8%B9%D9%84%D9%86/ HTTP/2" 200 0 "-" "Mozilla/5.0 (compatible; ImagesiftBot; +imagesift.com)"
74.80.208.56 - - [28/Sep/2024:15:56:26 +0200] "GET /tag/%D8%A7%D9%84%D9%80/ HTTP/2" 200 55258 "-" "Mozilla/5.0 (compatible; ImagesiftBot; +imagesift.com)"
74.80.208.56 - - [28/Sep/2024:15:56:28 +0200] "GET /tag/%D8%A3%D8%AD%D8%A7%D8%AF%D9%8A%D8%A9/ HTTP/2" 200 51742 "-" "Mozilla/5.0 (compatible; ImagesiftBot; +imagesift.com)"
74.80.208.56 - - [28/Sep/2024:15:56:29 +0200] "GET /%D9%88%D9%84%D8%A7%D9%8A%D8%A9-%D8%B3%D9%88%D8%AF%D8%A7%D9%86%D9%8A%D8%A9-%D8%AA%D8%AC%D8%B1%D9%8A-%D8%AA%D8%B9%D8%AF%D9%8A%D9%84%D8%A7-%D8%B9%D9%84%D9%89-%D8%A7%D9%84%D8%AA%D9%82%D9%88%D9%8A%D9%85/ HTTP/2" 200 0 "-" "Mozilla/5.0 (compatible; ImagesiftBot; +imagesift.com)"
74.80.208.56 - - [28/Sep/2024:15:56:30 +0200] "GET /wp-json/wp/v2/posts/26555 HTTP/2" 200 2476 "-" "Mozilla/5.0 (compatible; ImagesiftBot; +imagesift.com)"
74.80.208.56 - - [28/Sep/2024:15:56:31 +0200] "GET /wp-json/wp/v2/tags/38172 HTTP/2" 200 346 "-" "Mozilla/5.0 (compatible; ImagesiftBot; +imagesift.com)"
74.80.208.56 - - [28/Sep/2024:15:56:33 +0200] "GET /hwimg/g245846.html HTTP/2" 404 22363 "-" "Mozilla/5.0 (compatible; ImagesiftBot; +imagesift.com)"
66.249.64.13 - - [28/Sep/2024:15:57:15 +0200] "GET /fizue/a1906356.html HTTP/1.1" 200 41354 "-" "Mozilla/5.0 (Linux; Android 6.0.1; Nexus 5X Build/MMB29P) AppleWebKit/537.36 (KHTML, like Gecko) Chrome/128.0.6613.137 Mobile Safari/537.36 (compatible; GoogleOther)"
135.181.9.38 - - [28/Sep/2024:15:57:35 +0200] "POST /wp-cron.php?doing_wp_cron=1727531855.0413289070129394531250 HTTP/1.1" 200 0 "-" "WordPress/6.6.2; https://www.sudancam.net"
74.80.208.56 - - [28/Sep/2024:15:57:38 +0200] "GET /%D8%A7%D9%84%D8%AF%D8%B9%D9%85-%D8%A7%D9%84%D8%B3%D8%B1%D9%8A%D8%B9-%D8%AA%D8%B1%D9%81%D8%B6-%D9%85%D8%B3%D8%A7%D8%B1-%D8%A7%D9%84%D8%AF%D8%A8%D8%A9-%D9%84%D9%86%D9%82%D9%84-%D8%A7%D9%84/ HTTP/2" 200 35645 "-" "Mozilla/5.0 (compatible; ImagesiftBot; +imagesift.com)"
74.80.208.56 - - [28/Sep/2024:15:57:39 +0200] "GET /tag/%D8%B5%D8%A7%D8%B9%D8%AF/ HTTP/2" 200 51326 "-" "Mozilla/5.0 (compatible; ImagesiftBot; +imagesift.com)"
74.80.208.56 - - [28/Sep/2024:15:57:41 +0200] "GET /%D9%87%D9%84-%D9%8A%D8%AC%D8%AF-%D8%AA%D9%86%D8%B8%D9%8A%D9%85-%D8%A7%D9%84%D9%82%D8%A7%D8%B9%D8%AF%D8%A9-%D9%85%D9%88%D8%B7%D8%A6-%D9%82%D8%AF%D9%85-%D9%81%D9%8A-%D8%A7%D9%84%D8%B3%D9%88%D8%AF%D8%A7/feed/ HTTP/2" 200 749 "-" "Mozilla/5.0 (compatible; ImagesiftBot; +imagesift.com)"
135.181.9.38 - - [28/Sep/2024:15:57:43 +0200] "POST /wp-cron.php?doing_wp_cron=1727531863.1991980075836181640625 HTTP/1.1" 200 0 "-" "WordPress/6.6.2; https://www.sudancam.net"
74.80.208.56 - - [28/Sep/2024:15:57:42 +0200] "GET /%D8%B3%D8%B9%D8%B1-%D8%A7%D9%84%D8%AF%D9%88%D9%84%D8%A7%D8%B1-%D9%81%D9%8A-%D8%A7%D9%84%D8%A8%D9%86%D9%88%D9%83-%D9%84%D9%8A%D9%88%D9%85-%D8%A7%D9%84%D8%AB%D9%84%D8%A7%D8%AB%D8%A7%D8%A1-25-10-2022/ HTTP/2" 200 0 "-" "Mozilla/5.0 (compatible; ImagesiftBot; +imagesift.com)"
66.249.64.13 - - [28/Sep/2024:15:57:32 +0200] "GET /oycce/m646850.html HTTP/1.1" 200 43108 "-" "Mozilla/5.0 (Linux; Android 6.0.1; Nexus 5X Build/MMB29P) AppleWebKit/537.36 (KHTML, like Gecko) Chrome/128.0.6613.137 Mobile Safari/537.36 (compatible; GoogleOther)"
66.249.64.13 - - [28/Sep/2024:15:57:38 +0200] "GET /eoklv/z1057351.html HTTP/1.1" 200 41432 "-" "Mozilla/5.0 (Linux; Android 6.0.1; Nexus 5X Build/MMB29P) AppleWebKit/537.36 (KHTML, like Gecko) Chrome/128.0.6613.137 Mobile Safari/537.36 (compatible; GoogleOther)"
85.208.96.194 - - [28/Sep/2024:15:57:41 +0200] "GET /%D9%85%D8%A7-%D9%87%D9%8A-%D8%AA%D8%AF%D8%A7%D8%B9%D9%8A%D8%A7%D8%AA-%D8%A7%D9%84%D8%A7%D9%86%D9%82%D9%84%D8%A7%D8%A8-%D9%81%D9%8A-%D8%A7%D9%84%D9%86%D9%8A%D8%AC%D8%B1-%D8%B9%D9%84%D9%89-%D8%A7%D9%84/ HTTP/1.1" 200 42542 "-" "Mozilla/5.0 (compatible; SemrushBot/7~bl; +http://www.semrush.com/bot.html)"
74.80.208.56 - - [28/Sep/2024:15:57:48 +0200] "GET /%D8%B4%D8%A7%D9%87%D8%AF-%D8%B1%D9%88%D9%86%D8%A7%D9%84%D8%AF%D9%88-%D8%B3%D8%A3%D8%B3%D8%AA%D9%85%D8%B1-%D9%85%D8%B9-%D8%A7%D9%84%D9%86%D8%B5%D8%B1-%D9%88%D8%A7%D9%84%D8%AF%D9%88%D8%B1%D9%8A/ HTTP/2" 200 0 "-" "Mozilla/5.0 (compatible; ImagesiftBot; +imagesift.com)"
74.80.208.56 - - [28/Sep/2024:15:57:49 +0200] "GET /wp-json/wp/v2/tags/6958 HTTP/2" 200 310 "-" "Mozilla/5.0 (compatible; ImagesiftBot; +imagesift.com)"
74.80.208.56 - - [28/Sep/2024:15:57:50 +0200] "GET /tag/%D8%A7%D9%84%D8%B9%D8%B3%D9%84/ HTTP/2" 200 37004 "-" "Mozilla/5.0 (compatible; ImagesiftBot; +imagesift.com)"
52.167.144.174 - - [28/Sep/2024:15:58:00 +0200] "GET /kujyw/k1929168.html HTTP/2" 200 41469 "-" "Mozilla/5.0 AppleWebKit/537.36 (KHTML, like Gecko; compatible; bingbot/2.0; +http://www.bing.com/bingbot.htm) Chrome/116.0.1938.76 Safari/537.36"
74.80.208.56 - - [28/Sep/2024:15:58:00 +0200] "GET /%D8%AF%D8%B9%D9%85-%D8%A7%D9%84%D9%82%D8%A8%D8%A7%D8%A6%D9%84-%D9%84%D9%84%D8%AC%D9%8A%D8%B4-%D8%A7%D9%85%D8%B1-%D8%B7%D8%A8%D9%8A%D8%B9%D9%8A-%D9%84%D8%A7%D9%86%D9%87-%D8%A7%D9%84%D8%AC%D9%8A%D8%B4/ HTTP/2" 200 45672 "-" "Mozilla/5.0 (compatible; ImagesiftBot; +imagesift.com)"
52.167.144.174 - - [28/Sep/2024:15:58:03 +0200] "GET /bucmd/l964517.html HTTP/2" 200 42576 "-" "Mozilla/5.0 AppleWebKit/537.36 (KHTML, like Gecko; compatible; bingbot/2.0; +http://www.bing.com/bingbot.htm) Chrome/116.0.1938.76 Safari/537.36"
74.80.208.56 - - [28/Sep/2024:15:58:03 +0200] "GET /%D9%85%D8%A7%D8%B0%D8%A7-%D9%84%D9%88-%D8%A7%D9%86%D8%AA%D8%B5%D8%B1%D8%AA-%D8%A7%D9%84%D8%AF%D8%B9%D9%85-%D8%A7%D9%84%D8%B3%D8%B1%D9%8A%D8%B9-%D8%B9%D9%84%D9%89-%D8%A7%D9%84%D8%AC%D9%8A%D8%B4-%D8%A7/feed/ HTTP/2" 200 735 "-" "Mozilla/5.0 (compatible; ImagesiftBot; +imagesift.com)"
178.236.247.6 - - [28/Sep/2024:15:58:09 +0200] "POST /74a7c9952328.php HTTP/1.1" 200 9 "-" "curl/7.86.0"
85.208.96.196 - - [28/Sep/2024:15:58:13 +0200] "GET /%D8%A7%D9%84%D8%A3%D9%87%D9%84%D9%8A-%D8%A7%D9%84%D8%AE%D8%B1%D8%B7%D9%88%D9%85-%D9%8A%D8%AE%D8%B3%D8%B1-%D8%A3%D9%85%D8%A7%D9%85-%D8%A7%D9%84%D8%A3%D8%AE%D8%B6%D8%B1-%D8%A7%D9%84%D9%84%D9%8A%D8%A8/ HTTP/1.1" 403 0 "-" "Mozilla/5.0 (compatible; SemrushBot/7~bl; +http://www.semrush.com/bot.html)"
74.80.208.56 - - [28/Sep/2024:15:58:12 +0200] "GET /tag/%D8%A5%D9%84%D9%83%D8%AA%D8%B1%D9%88%D9%86%D9%8A%D8%A7/ HTTP/2" 200 24481 "-" "Mozilla/5.0 (compatible; ImagesiftBot; +imagesift.com)"
74.80.208.56 - - [28/Sep/2024:15:58:15 +0200] "GET /%D8%A7%D9%84%D8%A5%D9%85%D8%A7%D8%B1%D8%A7%D8%AA-%D8%AA%D9%85%D9%86%D8%AD-%D8%A7%D9%84%D8%B9%D8%B1%D8%A8-%D8%A3%D9%88%D9%84-%D9%85%D9%8A%D8%AF%D8%A7%D9%84%D9%8A%D8%AA%D9%8A%D9%86-%D9%81%D9%8A-%D8%A7/ HTTP/2" 200 0 "-" "Mozilla/5.0 (compatible; ImagesiftBot; +imagesift.com)"
74.80.208.56 - - [28/Sep/2024:15:58:16 +0200] "GET /%D8%AE%D9%84%D8%A7%D9%84-%D8%A7%D9%84%D8%B3%D8%AA%D8%A9-%D8%A3%D8%B4%D9%87%D8%B1-%D8%A7%D9%84%D9%85%D8%A7%D8%B6%D9%8A%D8%A9-%D8%AE%D8%B3%D8%B1-%D8%A7%D9%84%D8%AC%D9%8A%D8%B4-%D8%A7%D9%84%D9%83%D8%AB/ HTTP/2" 200 0 "-" "Mozilla/5.0 (compatible; ImagesiftBot; +imagesift.com)"
52.167.144.145 - - [28/Sep/2024:15:56:35 +0200] "GET /osjmk/h674509.html HTTP/2" 200 41405 "-" "Mozilla/5.0 AppleWebKit/537.36 (KHTML, like Gecko; compatible; bingbot/2.0; +http://www.bing.com/bingbot.htm) Chrome/116.0.1938.76 Safari/537.36"
135.181.9.38 - - [28/Sep/2024:15:56:36 +0200] "POST /wp-admin/admin-ajax.php?action=async_litespeed&nonce=XLqTy8dwQZlVzFjfxqdtcI45O8peRSCv&litespeed_type=imgoptm HTTP/1.1" 200 21 "-" "WordPress/6.6.2; https://www.sudancam.net"
77.75.78.161 - - [28/Sep/2024:15:56:36 +0200] "GET /mgcjb/q2066610.html HTTP/1.1" 404 20657 "-" "Mozilla/5.0 (compatible; SeznamBot/4.0; +http://napoveda.seznam.cz/seznambot-intro/)"
52.167.144.145 - - [28/Sep/2024:15:56:37 +0200] "GET /vamiy/f2986817.html HTTP/2" 200 41362 "-" "Mozilla/5.0 AppleWebKit/537.36 (KHTML, like Gecko; compatible; bingbot/2.0; +http://www.bing.com/bingbot.htm) Chrome/116.0.1938.76 Safari/537.36"
77.75.78.161 - - [28/Sep/2024:15:56:42 +0200] "GET /vkglq/v1917479.html HTTP/1.1" 404 20658 "-" "Mozilla/5.0 (compatible; SeznamBot/4.0; +http://napoveda.seznam.cz/seznambot-intro/)"
77.75.78.161 - - [28/Sep/2024:15:56:44 +0200] "GET /hjnft/i2786854.html HTTP/1.1" 404 20656 "-" "Mozilla/5.0 (compatible; SeznamBot/4.0; +http://napoveda.seznam.cz/seznambot-intro/)"
77.75.78.161 - - [28/Sep/2024:15:56:49 +0200] "GET /xvhpd/m579666.html HTTP/1.1" 404 20655 "-" "Mozilla/5.0 (compatible; SeznamBot/4.0; +http://napoveda.seznam.cz/seznambot-intro/)"
77.75.78.161 - - [28/Sep/2024:15:56:52 +0200] "GET /ayrqd/k1301788.html HTTP/1.1" 404 20656 "-" "Mozilla/5.0 (compatible; SeznamBot/4.0; +http://napoveda.seznam.cz/seznambot-intro/)"
77.75.78.161 - - [28/Sep/2024:15:56:56 +0200] "GET /qkfwn/d2154373.html HTTP/1.1" 404 20657 "-" "Mozilla/5.0 (compatible; SeznamBot/4.0; +http://napoveda.seznam.cz/seznambot-intro/)"
74.80.208.56 - - [28/Sep/2024:15:57:32 +0200] "GET /wp-json/wp/v2/tags/15155 HTTP/2" 200 353 "-" "Mozilla/5.0 (compatible; ImagesiftBot; +imagesift.com)"
74.80.208.56 - - [28/Sep/2024:15:57:33 +0200] "GET /%D9%85%D9%86-%D8%A7%D9%86%D8%AA%D9%85-%D9%85%D9%86-%D8%A7%D9%8A%D9%86-%D8%AC%D8%A6%D8%AA%D9%85%D8%9F/ HTTP/2" 200 42992 "-" "Mozilla/5.0 (compatible; ImagesiftBot; +imagesift.com)"
74.80.208.56 - - [28/Sep/2024:15:57:34 +0200] "GET /jehda/q1247142.html HTTP/2" 404 22362 "-" "Mozilla/5.0 (compatible; ImagesiftBot; +imagesift.com)"
135.181.9.38 - - [28/Sep/2024:15:57:35 +0200] "POST /wp-admin/admin-ajax.php?action=async_litespeed&nonce=uJwSfPPvL5ZiGXlhnSKyinBOD6PfnHWB&litespeed_type=imgoptm HTTP/1.1" 200 21 "-" "WordPress/6.6.2; https://www.sudancam.net"
74.80.208.56 - - [28/Sep/2024:15:57:35 +0200] "GET /tag/%D9%88%D8%A5%D8%B3%D8%B1%D8%A7%D8%A6%D9%8A%D9%84/ HTTP/2" 200 26677 "-" "Mozilla/5.0 (compatible; ImagesiftBot; +imagesift.com)"
77.75.78.161 - - [28/Sep/2024:15:57:40 +0200] "GET /ssbnt/x2431059.html HTTP/1.1" 404 20655 "-" "Mozilla/5.0 (compatible; SeznamBot/4.0; +http://napoveda.seznam.cz/seznambot-intro/)"
77.75.78.161 - - [28/Sep/2024:15:57:45 +0200] "GET /qvzqg/e1081952.html HTTP/1.1" 404 20664 "-" "Mozilla/5.0 (compatible; SeznamBot/4.0; +http://napoveda.seznam.cz/seznambot-intro/)"
77.75.78.161 - - [28/Sep/2024:15:58:04 +0200] "GET /spzox/m1962814.html HTTP/1.1" 404 20656 "-" "Mozilla/5.0 (compatible; SeznamBot/4.0; +http://napoveda.seznam.cz/seznambot-intro/)"
74.80.208.56 - - [28/Sep/2024:15:58:28 +0200] "GET /nrrwb/e834068.html HTTP/2" 404 22361 "-" "Mozilla/5.0 (compatible; ImagesiftBot; +imagesift.com)"
74.80.208.56 - - [28/Sep/2024:15:58:29 +0200] "GET /tag/%D8%A7%D9%84%D9%85%D8%B5%D9%8A%D8%B1/ HTTP/2" 200 26682 "-" "Mozilla/5.0 (compatible; ImagesiftBot; +imagesift.com)"
74.80.208.56 - - [28/Sep/2024:15:58:39 +0200] "GET /wp-json/wp/v2/tags/34991 HTTP/2" 200 316 "-" "Mozilla/5.0 (compatible; ImagesiftBot; +imagesift.com)"
74.80.208.56 - - [28/Sep/2024:15:58:40 +0200] "GET /wp-json/wp/v2/posts/21576 HTTP/2" 200 2526 "-" "Mozilla/5.0 (compatible; ImagesiftBot; +imagesift.com)"
74.80.208.56 - - [28/Sep/2024:15:57:43 +0200] "GET /%D8%B4%D8%A7%D9%87%D8%AF-%D8%A8%D8%A7%D9%84%D8%B5%D9%88%D8%B1%D8%A9-%D9%88%D8%A7%D9%84%D9%81%D9%8A%D8%AF%D9%8A%D9%88-%D9%88%D8%B3%D8%B7-%D8%B3%D8%AE%D8%B1%D9%8A%D8%A9-%D8%A7%D9%84%D9%85%D8%AA%D8%A7/ HTTP/2" 200 32950 "-" "Mozilla/5.0 (compatible; ImagesiftBot; +imagesift.com)"
74.80.208.56 - - [28/Sep/2024:15:57:53 +0200] "GET /%D9%85%D8%AD%D9%85%D8%AF-%D9%8A%D9%88%D8%B3%D9%81-%D8%B9%D9%84%D9%85%D8%AA%D9%86%D9%8A-%D8%A7%D9%84%D8%AA%D8%AC%D8%A7%D8%B1%D8%A9-%D9%A7/ HTTP/2" 200 22630 "-" "Mozilla/5.0 (compatible; ImagesiftBot; +imagesift.com)"
74.80.208.56 - - [28/Sep/2024:15:57:54 +0200] "GET /%D8%AD%D8%B3%D9%85-%D9%85%D9%88%D9%82%D9%81-%D9%85%D8%AD%D9%85%D8%AF-%D8%B5%D9%84%D8%A7%D8%AD-%D9%85%D9%86-%D8%A7%D9%84%D9%85%D8%B4%D8%A7%D8%B1%D9%83%D8%A9-%D9%81%D9%8A-%D9%86%D9%87%D8%A7%D8%A6%D9%8A/ HTTP/2" 200 32495 "-" "Mozilla/5.0 (compatible; ImagesiftBot; +imagesift.com)"
74.80.208.56 - - [28/Sep/2024:15:58:05 +0200] "GET /%D8%AA%D9%82%D8%B1%D9%8A%D8%B1-%D8%A7%D8%B1%D8%AA%D9%81%D8%A7%D8%B9-%D9%85%D8%B3%D8%AA%D9%88%D9%89-%D8%A7%D9%84%D8%AC%D8%B1%D9%8A%D9%85%D8%A9-%D9%85%D8%B9-%D8%B9%D9%88%D8%AF%D8%A9-%D9%82%D9%88%D8%A7/feed/ HTTP/2" 200 742 "-" "Mozilla/5.0 (compatible; ImagesiftBot; +imagesift.com)"
74.80.208.56 - - [28/Sep/2024:15:58:10 +0200] "GET /tag/%D9%85%D8%AF%D9%8A%D9%86%D8%AA%D9%8A/feed/ HTTP/2" 200 6759 "-" "Mozilla/5.0 (compatible; ImagesiftBot; +imagesift.com)"
66.249.64.15 - - [28/Sep/2024:15:58:19 +0200] "GET /ijdfr/y1205654.html HTTP/1.1" 200 42068 "-" "Mozilla/5.0 (Linux; Android 6.0.1; Nexus 5X Build/MMB29P) AppleWebKit/537.36 (KHTML, like Gecko) Chrome/128.0.6613.137 Mobile Safari/537.36 (compatible; Googlebot/2.1; +http://www.google.com/bot.html)"
77.75.78.161 - - [28/Sep/2024:15:58:20 +0200] "GET /rcgdf/a1929392.html HTTP/1.1" 404 20655 "-" "Mozilla/5.0 (compatible; SeznamBot/4.0; +http://napoveda.seznam.cz/seznambot-intro/)"
74.80.208.56 - - [28/Sep/2024:15:58:24 +0200] "GET /%D9%85-%D9%86%D8%B5%D8%B1-%D8%B1%D8%B6%D9%88%D8%A7%D9%86-%D8%AD%D8%B2%D8%A8-%D8%A7%D9%84%D8%A7%D9%85%D8%A9-%D8%A7%D9%84%D8%AF%D9%8A%D9%85%D9%82%D8%B1%D8%A7%D8%B7%D9%8A-%D9%88%D8%A7%D9%84%D8%AA/ HTTP/2" 200 25610 "-" "Mozilla/5.0 (compatible; ImagesiftBot; +imagesift.com)"
74.80.208.56 - - [28/Sep/2024:15:58:25 +0200] "GET /tag/%D9%84%D8%B5%D8%A7%D9%84%D8%AD/ HTTP/2" 200 37390 "-" "Mozilla/5.0 (compatible; ImagesiftBot; +imagesift.com)"
74.80.208.56 - - [28/Sep/2024:15:58:27 +0200] "GET /tag/%D9%88%D8%A7%D9%84%D9%88%D9%81%D9%8A%D8%A7%D8%AA/ HTTP/2" 200 0 "-" "Mozilla/5.0 (compatible; ImagesiftBot; +imagesift.com)"
74.80.208.56 - - [28/Sep/2024:15:58:31 +0200] "GET /tag/%D8%A8%D8%B7%D8%A7%D9%82%D9%85/ HTTP/2" 200 23661 "-" "Mozilla/5.0 (compatible; ImagesiftBot; +imagesift.com)"
74.80.208.56 - - [28/Sep/2024:15:58:33 +0200] "GET /rrtmm/b1730493.html HTTP/2" 404 22360 "-" "Mozilla/5.0 (compatible; ImagesiftBot; +imagesift.com)"
74.80.208.56 - - [28/Sep/2024:15:58:34 +0200] "GET /dzolr/d429819.html HTTP/2" 404 22361 "-" "Mozilla/5.0 (compatible; ImagesiftBot; +imagesift.com)"
74.80.208.56 - - [28/Sep/2024:15:58:35 +0200] "GET /wp-json/wp/v2/tags/25224 HTTP/2" 200 325 "-" "Mozilla/5.0 (compatible; ImagesiftBot; +imagesift.com)"
74.80.208.56 - - [28/Sep/2024:15:58:36 +0200] "GET /wp-json/wp/v2/tags/4975 HTTP/2" 200 320 "-" "Mozilla/5.0 (compatible; ImagesiftBot; +imagesift.com)"
74.80.208.56 - - [28/Sep/2024:15:58:36 +0200] "GET /vqtgp/i2581142.html HTTP/2" 404 22362 "-" "Mozilla/5.0 (compatible; ImagesiftBot; +imagesift.com)"
74.80.208.56 - - [28/Sep/2024:15:58:38 +0200] "GET /%D8%A7%D9%84%D9%86%D9%8A%D9%84-%D8%A7%D9%84%D8%A3%D8%A8%D9%8A%D8%B6-%D8%A7%D8%B4%D8%A7%D8%AF%D8%A9-%D8%A8%D8%A7%D9%84%D9%83%D9%88%D8%A7%D8%AF%D8%B1-%D8%A7%D9%84%D8%B7%D8%A8%D9%8A%D8%A9-%D8%A7%D9%84/ HTTP/2" 200 0 "-" "Mozilla/5.0 (compatible; ImagesiftBot; +imagesift.com)"
74.80.208.56 - - [28/Sep/2024:15:59:03 +0200] "GET /%D9%85%D8%A7%D9%84%D9%83-%D8%B9%D9%82%D8%A7%D8%B1-%D9%8A%D8%B4%D8%AF%D8%AF-%D8%B9%D9%84%D9%89-%D8%B6%D8%B1%D9%88%D8%B1%D8%A9-%D8%AA%D8%B9%D8%B2%D9%8A%D8%B2-%D8%A7%D9%84%D8%B9%D9%84%D8%A7%D9%82%D8%A7/ HTTP/2" 200 46131 "-" "Mozilla/5.0 (compatible; ImagesiftBot; +imagesift.com)"
74.80.208.56 - - [28/Sep/2024:15:59:04 +0200] "GET /%D8%B3%D8%B9%D8%B1-%D8%A7%D9%84%D8%B1%D9%8A%D8%A7%D9%84-%D8%A7%D9%84%D8%B3%D8%B9%D9%88%D8%AF%D9%8A-%D9%81%D9%8A-%D8%A7%D9%84%D8%A8%D9%86%D9%88%D9%83-%D9%84%D9%8A%D9%88%D9%85-%D8%A7%D9%84%D8%A3-28/ HTTP/2" 200 30937 "-" "Mozilla/5.0 (compatible; ImagesiftBot; +imagesift.com)"
74.80.208.56 - - [28/Sep/2024:15:59:05 +0200] "GET /%D8%B3%D8%B1%D9%82%D8%A9-%D8%A7%D9%84%D8%B3%D9%8A%D8%A7%D8%B1%D8%A7%D8%AA-%D8%AA%D8%AD%D8%AF%D9%8D-%D8%AC%D8%AF%D9%8A%D8%AF-%D8%B9%D9%84%D9%89-%D8%AA%D9%8A%D9%83-%D8%AA%D9%88%D9%83-%D9%8A%D8%AA/ HTTP/2" 200 32541 "-" "Mozilla/5.0 (compatible; ImagesiftBot; +imagesift.com)"
74.80.208.56 - - [28/Sep/2024:15:59:06 +0200] "GET /tag/%D9%84%D9%82%D8%A7%D8%A6%D9%87%D9%85%D8%A7/ HTTP/2" 200 23689 "-" "Mozilla/5.0 (compatible; ImagesiftBot; +imagesift.com)"
74.80.208.56 - - [28/Sep/2024:15:59:08 +0200] "GET /wp-json/wp/v2/posts/8736 HTTP/2" 200 4627 "-" "Mozilla/5.0 (compatible; ImagesiftBot; +imagesift.com)"
74.80.208.56 - - [28/Sep/2024:15:59:09 +0200] "GET /tag/%D8%A7%D9%84%D8%A5%D8%B9%D9%84%D8%A7%D9%85/page/2/ HTTP/2" 200 26966 "-" "Mozilla/5.0 (compatible; ImagesiftBot; +imagesift.com)"
74.80.208.56 - - [28/Sep/2024:15:59:10 +0200] "GET /wp-json/wp/v2/posts/10071 HTTP/2" 200 4832 "-" "Mozilla/5.0 (compatible; ImagesiftBot; +imagesift.com)"
74.80.208.56 - - [28/Sep/2024:15:59:11 +0200] "GET /qwctx/e248080.html HTTP/2" 404 22362 "-" "Mozilla/5.0 (compatible; ImagesiftBot; +imagesift.com)"
74.80.208.56 - - [28/Sep/2024:15:59:12 +0200] "GET /%D8%AA%D8%AD%D8%B0%D9%8A%D8%B1-%D8%AF%D9%8A%D9%81%D9%8A%D8%AF-%D8%A8%D9%8A%D9%83%D9%87%D8%A7%D9%85-%D9%85%D9%86-%D8%A7%D9%84%D8%A7%D9%82%D8%AA%D8%B1%D8%A7%D8%A8-%D9%85%D9%86-%D9%83%D9%8A%D9%85-%D9%83/ HTTP/2" 200 47008 "-" "Mozilla/5.0 (compatible; ImagesiftBot; +imagesift.com)"
74.80.208.56 - - [28/Sep/2024:15:59:14 +0200] "GET /%D8%AA%D9%88%D9%86%D8%B3-%D8%AA%D8%AF%D8%B4%D9%86-%D8%AF%D8%AE%D9%88%D9%84%D9%87%D8%A7-%D8%A7%D9%84%D9%85%D9%86%D8%A7%D9%81%D8%B3%D8%A9-%D8%A8%D9%85%D9%88%D8%A7%D8%AC%D9%87%D8%A9-%D8%B3%D9%87%D9%84/ HTTP/2" 200 0 "-" "Mozilla/5.0 (compatible; ImagesiftBot; +imagesift.com)"
74.80.208.56 - - [28/Sep/2024:15:59:14 +0200] "GET /wp-content/uploads/2023/05/254-1.jpg HTTP/2" 200 33523 "-" "Mozilla/5.0 (compatible; ImagesiftBot; +imagesift.com)"
74.80.208.56 - - [28/Sep/2024:15:59:15 +0200] "GET /tag/%D8%A7%D9%81%D8%AA%D8%AA%D8%A7%D8%AD/page/3/ HTTP/2" 200 26811 "-" "Mozilla/5.0 (compatible; ImagesiftBot; +imagesift.com)"
74.80.208.56 - - [28/Sep/2024:15:59:16 +0200] "GET /tag/%D8%A7%D9%84%D9%85%D9%86%D8%AA%D8%B4%D8%B1%D8%A9/ HTTP/2" 200 24409 "-" "Mozilla/5.0 (compatible; ImagesiftBot; +imagesift.com)"
74.80.208.56 - - [28/Sep/2024:15:59:18 +0200] "GET /wp-json/wp/v2/posts/28070 HTTP/2" 200 2810 "-" "Mozilla/5.0 (compatible; ImagesiftBot; +imagesift.com)"
74.80.208.56 - - [28/Sep/2024:15:59:18 +0200] "GET /tag/%D8%AA%D9%86%D9%81%D9%8A%D8%B0%D9%8A%D8%A7/ HTTP/2" 200 24471 "-" "Mozilla/5.0 (compatible; ImagesiftBot; +imagesift.com)"
74.80.208.56 - - [28/Sep/2024:15:59:19 +0200] "GET /%D9%88%D9%84%D9%8A%D8%AF-%D8%B4%D8%AF%D9%8A%D8%B1%D8%A9-%D9%8A%D9%83%D8%B4%D9%81-%D8%A3%D8%B3%D8%B1%D8%A7%D8%B1-%D8%A7%D9%84%D9%85%D9%88%D8%B3%D9%85-%D8%A7%D9%84%D8%A7%D8%B3%D8%AA%D8%AB%D9%86%D8%A7/ HTTP/2" 200 35722 "-" "Mozilla/5.0 (compatible; ImagesiftBot; +imagesift.com)"
74.80.208.56 - - [28/Sep/2024:15:59:21 +0200] "GET /wp-content/uploads/2023/05/IMG_1397-780x470.jpeg HTTP/2" 200 139091 "-" "Mozilla/5.0 (compatible; ImagesiftBot; +imagesift.com)"
74.80.208.56 - - [28/Sep/2024:15:59:21 +0200] "GET /tag/%D8%AC%D8%AF%D9%84/ HTTP/2" 200 26894 "-" "Mozilla/5.0 (compatible; ImagesiftBot; +imagesift.com)"
74.80.208.56 - - [28/Sep/2024:15:59:22 +0200] "GET /kvzjr/x2755253.html HTTP/2" 404 22362 "-" "Mozilla/5.0 (compatible; ImagesiftBot; +imagesift.com)"
74.80.208.56 - - [28/Sep/2024:15:59:22 +0200] "GET /wp-content/uploads/2023/05/IMG_1397.jpeg HTTP/2" 200 917000 "-" "Mozilla/5.0 (compatible; ImagesiftBot; +imagesift.com)"
74.80.208.56 - - [28/Sep/2024:15:59:23 +0200] "GET /tag/%D9%88%D8%B4%D9%8A%D8%AE/ HTTP/2" 200 25231 "-" "Mozilla/5.0 (compatible; ImagesiftBot; +imagesift.com)"
74.80.208.56 - - [28/Sep/2024:15:59:24 +0200] "GET /tag/%D9%81%D9%82%D9%8A%D8%B1%D9%8A/ HTTP/2" 200 53678 "-" "Mozilla/5.0 (compatible; ImagesiftBot; +imagesift.com)"
74.80.208.56 - - [28/Sep/2024:15:59:26 +0200] "GET /ekgln/v362341.html HTTP/2" 404 22361 "-" "Mozilla/5.0 (compatible; ImagesiftBot; +imagesift.com)"
74.80.208.56 - - [28/Sep/2024:15:59:28 +0200] "GET /tag/%D9%84%D8%B3%D9%86%D9%88%D8%A7%D8%AA/ HTTP/2" 200 37811 "-" "Mozilla/5.0 (compatible; ImagesiftBot; +imagesift.com)"
74.80.208.56 - - [28/Sep/2024:15:59:29 +0200] "GET /tag/%D9%84%D9%8A%D9%83%D9%88%D9%86/feed/ HTTP/2" 200 4077 "-" "Mozilla/5.0 (compatible; ImagesiftBot; +imagesift.com)"
74.80.208.56 - - [28/Sep/2024:15:59:30 +0200] "GET /%D8%B6%D8%A7%D8%B9-%D8%B5%D8%A8%D8%B1%D9%8A-%D8%A7%D9%84%D9%87%D9%84%D8%A7%D9%84-%D9%85%D8%A7%D8%B2%D8%A7%D9%84-%D9%8A%D9%86%D9%82%D8%B5%D9%87-%D8%A7%D9%84%D9%83%D8%AB%D9%8A%D8%B1/ HTTP/2" 200 0 "-" "Mozilla/5.0 (compatible; ImagesiftBot; +imagesift.com)"
74.80.208.56 - - [28/Sep/2024:15:59:31 +0200] "GET /%D8%A8%D8%B3%D8%A8%D8%A8-%D9%86%D9%88%D9%85-%D8%A7%D9%84%D8%B3%D8%A7%D8%A6%D9%82-%D8%AD%D8%A7%D8%AF%D8%AB-%D9%8A%D8%A4%D8%AF%D9%8A-%D9%84%D9%85%D8%B5%D8%B1%D8%B9-%D9%88%D8%A5%D8%B5%D8%A7%D8%A8%D8%A9/ HTTP/2" 200 30568 "-" "Mozilla/5.0 (compatible; ImagesiftBot; +imagesift.com)"
74.80.208.56 - - [28/Sep/2024:15:59:32 +0200] "GET /%D8%A7%D9%84%D8%A8%D8%B1%D9%87%D8%A7%D9%86-%D8%A7%D9%84%D9%82%D9%88%D8%A7%D8%AA-%D8%A7%D9%84%D9%85%D8%B3%D9%84%D9%91%D8%AD%D8%A9-%D8%B3%D8%AA%D9%86%D8%B3%D8%AD%D8%A8-%D9%85%D9%86-%D8%A7%D9%84%D9%85/ HTTP/2" 200 48475 "-" "Mozilla/5.0 (compatible; ImagesiftBot; +imagesift.com)"
74.80.208.56 - - [28/Sep/2024:15:59:34 +0200] "GET /tag/%D9%88%D8%AA%D8%AD%D8%B0%D8%B1/ HTTP/2" 200 37207 "-" "Mozilla/5.0 (compatible; ImagesiftBot; +imagesift.com)"
74.80.208.56 - - [28/Sep/2024:15:59:35 +0200] "GET /%D8%A7%D9%84%D8%B3%D9%88%D8%AF%D8%A7%D9%86-%D8%A7%D8%AD%D8%AA%D8%AC%D8%A7%D8%AC%D8%A7%D8%AA-%D9%88%D8%AA%D9%87%D8%AF%D9%8A%D8%AF-%D8%A8%D8%A5%D8%BA%D9%84%D8%A7%D9%82-%D9%88%D8%B2%D8%A7%D8%B1%D8%A9/ HTTP/2" 200 32830 "-" "Mozilla/5.0 (compatible; ImagesiftBot; +imagesift.com)"
74.80.208.56 - - [28/Sep/2024:15:59:36 +0200] "GET /wp-json/wp/v2/tags/9586 HTTP/2" 200 290 "-" "Mozilla/5.0 (compatible; ImagesiftBot; +imagesift.com)"
74.80.208.56 - - [28/Sep/2024:15:59:37 +0200] "GET /tag/%D9%84%D9%82%D8%A7%D8%A1%D8%A7%D8%AA/ HTTP/2" 200 26490 "-" "Mozilla/5.0 (compatible; ImagesiftBot; +imagesift.com)"
74.80.208.56 - - [28/Sep/2024:15:59:38 +0200] "GET /wp-json/wp/v2/posts/29787 HTTP/2" 200 3257 "-" "Mozilla/5.0 (compatible; ImagesiftBot; +imagesift.com)"
74.80.208.56 - - [28/Sep/2024:15:59:39 +0200] "GET /%D8%AA%D8%A7%D8%AC%D9%8A%D9%84-%D9%85%D8%A8%D8%A7%D8%B1%D9%8A%D8%A7%D8%AA-%D8%A7%D9%84%D8%AC%D9%88%D9%84%D8%A9-%D9%A1%D9%A8-%D9%85%D9%86-%D9%85%D8%B3%D8%A7%D8%A8%D9%82%D8%A9-%D8%A7%D9%84%D9%85%D9%85/feed/ HTTP/2" 200 741 "-" "Mozilla/5.0 (compatible; ImagesiftBot; +imagesift.com)"
74.80.208.56 - - [28/Sep/2024:15:59:40 +0200] "GET /%D8%B5%D8%A7%D9%86%D8%B9-%D9%85%D8%AD%D8%AA%D9%88%D9%89-%D9%8A%D9%83%D8%B4%D9%81-%D8%B7%D8%B1%D9%8A%D9%82%D8%A9-%D9%84%D8%AD%D8%B0%D9%81-%D8%B1%D8%B3%D8%A7%D8%A6%D9%84-%D8%A7%D9%84%D9%88%D8%A7%D8%AA/ HTTP/2" 200 31663 "-" "Mozilla/5.0 (compatible; ImagesiftBot; +imagesift.com)"
74.80.208.56 - - [28/Sep/2024:15:59:42 +0200] "GET /tag/%D9%88%D8%A7%D9%84%D8%AA%D9%85%D8%AF%D9%8A%D8%AF/feed/ HTTP/2" 200 2365 "-" "Mozilla/5.0 (compatible; ImagesiftBot; +imagesift.com)"
74.80.208.56 - - [28/Sep/2024:15:58:17 +0200] "GET /%D8%A5%D9%8A%D9%84%D9%88%D9%86-%D9%85%D8%A7%D8%B3%D9%83-%D9%8A%D8%AA%D9%87%D9%85-%D8%A5%D8%AF%D8%A7%D8%B1%D8%A9-%D8%AA%D9%88%D9%8A%D8%AA%D8%B1-%D8%A8%D9%85%D9%82%D8%A7%D9%88%D9%85%D8%A9-%D8%B7%D9%84/ HTTP/2" 200 26161 "-" "Mozilla/5.0 (compatible; ImagesiftBot; +imagesift.com)"
74.80.208.56 - - [28/Sep/2024:15:58:18 +0200] "GET /wp-json/wp/v2/posts/8672 HTTP/2" 200 1958 "-" "Mozilla/5.0 (compatible; ImagesiftBot; +imagesift.com)"
74.80.208.56 - - [28/Sep/2024:15:58:19 +0200] "GET /%D9%8A%D8%A8%D8%AF%D9%88-%D8%A7%D9%84%D8%B9%D8%A7%D9%84%D9%85-%D9%85%D8%B8%D9%84%D9%85%D8%A7-%D8%A8%D8%A7%D9%84%D9%86%D8%B3%D8%A8%D8%A9-%D9%84%D9%85%D9%86-%D9%8A%D8%BA%D8%B7%D9%8A-%D8%B9%D9%8A%D9%86/ HTTP/2" 404 22422 "-" "Mozilla/5.0 (compatible; ImagesiftBot; +imagesift.com)"
74.80.208.56 - - [28/Sep/2024:15:58:20 +0200] "GET /%D9%85%D8%A7-%D8%A8%D9%8A%D9%86-%D8%AA%D8%B1%D8%A7%D9%85%D8%A8-%D9%88%D8%A7%D9%84%D8%A8%D8%B9%D8%A7%D8%AA%D9%8A-%D8%A7%D9%84%D9%86%D9%8A%D9%84%D9%8A%D9%86/ HTTP/2" 200 31980 "-" "Mozilla/5.0 (compatible; ImagesiftBot; +imagesift.com)"
52.167.144.174 - - [28/Sep/2024:15:58:27 +0200] "GET /awdqs/k2456162.html HTTP/2" 200 42405 "-" "Mozilla/5.0 AppleWebKit/537.36 (KHTML, like Gecko; compatible; bingbot/2.0; +http://www.bing.com/bingbot.htm) Chrome/116.0.1938.76 Safari/537.36"
77.75.78.161 - - [28/Sep/2024:15:58:31 +0200] "GET /wgtlt/t2966941.html HTTP/1.1" 404 20661 "-" "Mozilla/5.0 (compatible; SeznamBot/4.0; +http://napoveda.seznam.cz/seznambot-intro/)"
77.75.78.161 - - [28/Sep/2024:15:58:35 +0200] "GET /wxzkl/s2611546.html HTTP/1.1" 404 20657 "-" "Mozilla/5.0 (compatible; SeznamBot/4.0; +http://napoveda.seznam.cz/seznambot-intro/)"
77.75.78.161 - - [28/Sep/2024:15:58:40 +0200] "GET /moyec/l1486623.html HTTP/1.1" 404 20658 "-" "Mozilla/5.0 (compatible; SeznamBot/4.0; +http://napoveda.seznam.cz/seznambot-intro/)"
185.170.167.18 - - [28/Sep/2024:15:58:45 +0200] "GET /3xa50n/maplestory-curryishott-banned.html HTTP/1.1" 404 20684 "-" "Mozilla/5.0 (compatible; BacklinksExtendedBot)"
77.75.78.161 - - [28/Sep/2024:15:58:46 +0200] "GET /phvrw/s205844.html HTTP/1.1" 404 20654 "-" "Mozilla/5.0 (compatible; SeznamBot/4.0; +http://napoveda.seznam.cz/seznambot-intro/)"
104.161.90.23 - - [28/Sep/2024:15:58:51 +0200] "GET /wp-content/uploads/2023/02/%D9%85%D8%AD%D9%85%D8%AF-%D9%81%D8%B1%D8%AD.png HTTP/1.1" 200 266564 "-" "Opera/9.96.(Windows NT 6.1; lo-LA) Presto/2.9.185 Version/10.00"
74.80.208.56 - - [28/Sep/2024:15:58:59 +0200] "GET /tag/%D8%A7%D9%84%D9%83%D8%A8%D9%8A%D8%B1%D8%A9/ HTTP/2" 200 0 "-" "Mozilla/5.0 (compatible; ImagesiftBot; +imagesift.com)"
85.208.96.196 - - [28/Sep/2024:15:59:22 +0200] "GET /%D8%B4%D8%A7%D9%87%D8%AF-%D8%A8%D8%A7%D9%84%D9%81%D9%8A%D8%AF%D9%8A%D9%88-%D8%AE%D9%84%D8%A7%D9%84-%D8%AD%D9%81%D9%84-%D8%A8%D8%A7%D9%84%D9%85%D8%B3%D8%B1%D8%AD-%D8%A7%D9%84%D9%81%D9%86%D8%A7/ HTTP/1.1" 403 0 "-" "Mozilla/5.0 (compatible; SemrushBot/7~bl; +http://www.semrush.com/bot.html)"
52.167.144.174 - - [28/Sep/2024:15:59:31 +0200] "GET /wxlcx/d1603563.html HTTP/2" 200 41782 "-" "Mozilla/5.0 AppleWebKit/537.36 (KHTML, like Gecko; compatible; bingbot/2.0; +http://www.bing.com/bingbot.htm) Chrome/116.0.1938.76 Safari/537.36"
77.75.78.161 - - [28/Sep/2024:15:59:33 +0200] "GET /dcmdd/i2055006.html HTTP/1.1" 404 20661 "-" "Mozilla/5.0 (compatible; SeznamBot/4.0; +http://napoveda.seznam.cz/seznambot-intro/)"
77.75.78.161 - - [28/Sep/2024:15:59:40 +0200] "GET /yeoed/e166960.html HTTP/1.1" 404 20652 "-" "Mozilla/5.0 (compatible; SeznamBot/4.0; +http://napoveda.seznam.cz/seznambot-intro/)"
