135.181.9.38 - - [28/Sep/2024:14:16:43 +0200] "POST /wp-cron.php?doing_wp_cron=1727525803.3083739280700683593750 HTTP/1.1" 200 0 "-" "WordPress/6.6.2; https://www.sudancam.net"
40.77.167.152 - - [28/Sep/2024:14:16:46 +0200] "GET /wxlcx/d1603563.html HTTP/2" 200 41454 "-" "Mozilla/5.0 AppleWebKit/537.36 (KHTML, like Gecko; compatible; bingbot/2.0; +http://www.bing.com/bingbot.htm) Chrome/116.0.1938.76 Safari/537.36"
85.208.96.211 - - [28/Sep/2024:14:16:48 +0200] "GET /%D8%A7%D9%84%D9%82%D9%88%D8%A7%D8%AA-%D8%A7%D9%84%D9%85%D8%B3%D9%84%D8%AD%D8%A9-%D8%A7%D9%84%D9%85%D8%AA%D9%85%D8%B1%D8%AF%D9%88%D9%86-%D9%82%D8%A7%D9%85%D9%88%D8%A7-%D8%A8%D8%AA%D8%B9%D8%B7%D9%8A/ HTTP/1.1" 403 0 "-" "Mozilla/5.0 (compatible; SemrushBot/7~bl; +http://www.semrush.com/bot.html)"
77.75.78.161 - - [28/Sep/2024:14:16:58 +0200] "GET /vdphs/x1665645.html HTTP/1.1" 404 20329 "-" "Mozilla/5.0 (compatible; SeznamBot/4.0; +http://napoveda.seznam.cz/seznambot-intro/)"
77.75.78.161 - - [28/Sep/2024:14:17:00 +0200] "GET /zukoj/n2084859.html HTTP/1.1" 404 20330 "-" "Mozilla/5.0 (compatible; SeznamBot/4.0; +http://napoveda.seznam.cz/seznambot-intro/)"
77.75.78.161 - - [28/Sep/2024:14:17:02 +0200] "GET /luber/s2381602.html HTTP/1.1" 404 20327 "-" "Mozilla/5.0 (compatible; SeznamBot/4.0; +http://napoveda.seznam.cz/seznambot-intro/)"
77.75.78.161 - - [28/Sep/2024:14:17:04 +0200] "GET /ypmtu/y889442.html HTTP/1.1" 404 20321 "-" "Mozilla/5.0 (compatible; SeznamBot/4.0; +http://napoveda.seznam.cz/seznambot-intro/)"
77.75.78.161 - - [28/Sep/2024:14:17:06 +0200] "GET /kqcav/v389641.html HTTP/1.1" 404 20329 "-" "Mozilla/5.0 (compatible; SeznamBot/4.0; +http://napoveda.seznam.cz/seznambot-intro/)"
77.75.78.161 - - [28/Sep/2024:14:17:08 +0200] "GET /jsyos/x779123.html HTTP/1.1" 404 20327 "-" "Mozilla/5.0 (compatible; SeznamBot/4.0; +http://napoveda.seznam.cz/seznambot-intro/)"
77.75.78.161 - - [28/Sep/2024:14:17:10 +0200] "GET /dzcaq/j2579557.html HTTP/1.1" 404 20322 "-" "Mozilla/5.0 (compatible; SeznamBot/4.0; +http://napoveda.seznam.cz/seznambot-intro/)"
77.75.78.161 - - [28/Sep/2024:14:17:12 +0200] "GET /tdzdk/m1102214.html HTTP/1.1" 404 20328 "-" "Mozilla/5.0 (compatible; SeznamBot/4.0; +http://napoveda.seznam.cz/seznambot-intro/)"
77.75.78.161 - - [28/Sep/2024:14:17:13 +0200] "GET /xhqis/w1103160.html HTTP/1.1" 404 20322 "-" "Mozilla/5.0 (compatible; SeznamBot/4.0; +http://napoveda.seznam.cz/seznambot-intro/)"
74.80.208.56 - - [28/Sep/2024:14:17:05 +0200] "GET /wp-json/wp/v2/tags/7025 HTTP/2" 200 324 "-" "Mozilla/5.0 (compatible; ImagesiftBot; +imagesift.com)"
74.80.208.56 - - [28/Sep/2024:14:17:06 +0200] "GET /wp-content/uploads/2022/11/314679753_668954761268836_386101689018800603_n-780x470.jpg HTTP/2" 200 69724 "-" "Mozilla/5.0 (compatible; ImagesiftBot; +imagesift.com)"
74.80.208.56 - - [28/Sep/2024:14:17:07 +0200] "GET /wp-content/uploads/2022/11/314679753_668954761268836_386101689018800603_n.jpg HTTP/2" 200 125838 "-" "Mozilla/5.0 (compatible; ImagesiftBot; +imagesift.com)"
74.80.208.56 - - [28/Sep/2024:14:17:06 +0200] "GET /%D8%A7%D9%84%D8%AF%D8%B9%D9%85-%D8%A7%D9%84%D8%B3%D8%B1%D9%8A%D8%B9-%D9%8A%D9%8F%D8%B3%D9%84%D9%85-27-%D8%B9%D8%B3%D9%83%D8%B1%D9%8A%D9%8B%D8%A7-%D9%85%D8%B5%D8%B1%D9%8A%D9%8B%D8%A7-%D8%A5%D9%84%D9%89/ HTTP/2" 200 44395 "-" "Mozilla/5.0 (compatible; ImagesiftBot; +imagesift.com)"
74.80.208.56 - - [28/Sep/2024:14:17:07 +0200] "GET /%D8%A7%D9%84%D8%AC%D9%8A%D8%B4-%D9%8A%D9%86%D9%81%D8%B0-%D9%87%D8%AC%D9%88%D9%85%D8%A7-%D8%B4%D8%A7%D9%85%D9%84%D8%A7-%D8%B9%D9%84%D9%89-%D8%A7%D9%84%D8%AF%D8%B9%D9%85-%D8%A7%D9%84%D8%B3%D8%B1%D9%8A/ HTTP/2" 200 46318 "-" "Mozilla/5.0 (compatible; ImagesiftBot; +imagesift.com)"
74.80.208.56 - - [28/Sep/2024:14:17:09 +0200] "GET /wp-content/uploads/2023/05/1685394505_FB_IMG_1683319092475-780x470.jpg HTTP/2" 200 47611 "-" "Mozilla/5.0 (compatible; ImagesiftBot; +imagesift.com)"
74.80.208.56 - - [28/Sep/2024:14:17:08 +0200] "GET /tag/%D8%B7%D8%A8%D8%A7%D8%AE/ HTTP/2" 200 35669 "-" "Mozilla/5.0 (compatible; ImagesiftBot; +imagesift.com)"
74.80.208.56 - - [28/Sep/2024:14:17:10 +0200] "GET /wp-content/uploads/2023/05/1685394505_FB_IMG_1683319092475.jpg HTTP/2" 200 43112 "-" "Mozilla/5.0 (compatible; ImagesiftBot; +imagesift.com)"
74.80.208.56 - - [28/Sep/2024:14:17:10 +0200] "GET /%D8%AD%D8%B1%D9%83%D8%A9-%D8%A7%D9%84%D9%85%D8%B3%D8%AA%D9%82%D8%A8%D9%84-%D9%88%D8%B1%D9%82%D8%A9-%D8%AA%D8%AD%D9%84%D9%8A%D9%84%D9%8A%D8%A9-%D8%A7%D9%84%D8%AD%D8%B1%D8%A8-%D9%88%D8%A7%D9%84%D8%B3/ HTTP/2" 200 78307 "-" "Mozilla/5.0 (compatible; ImagesiftBot; +imagesift.com)"
74.80.208.56 - - [28/Sep/2024:14:17:11 +0200] "GET /tag/%D8%B3%D9%8A%D8%B7%D8%B1%D9%86%D8%A7/ HTTP/2" 200 24007 "-" "Mozilla/5.0 (compatible; ImagesiftBot; +imagesift.com)"
74.80.208.56 - - [28/Sep/2024:14:17:12 +0200] "GET /wp-content/uploads/2023/08/unnamed-file.jpeg HTTP/2" 200 39415 "-" "Mozilla/5.0 (compatible; ImagesiftBot; +imagesift.com)"
74.80.208.56 - - [28/Sep/2024:14:17:12 +0200] "GET /%D8%B1%D9%8A%D8%A7%D9%84-%D9%85%D8%AF%D8%B1%D9%8A%D8%AF-%D9%8A%D8%AA%D8%BA%D9%84%D8%A8-%D8%B9%D9%84%D9%89-%D8%AA%D8%B4%D9%8A%D9%84%D8%B3%D9%8A-2-%D8%B5%D9%81%D8%B1-%D9%88%D9%85%D9%8A%D9%84%D8%A7%D9%86/ HTTP/2" 200 49301 "-" "Mozilla/5.0 (compatible; ImagesiftBot; +imagesift.com)"
74.80.208.56 - - [28/Sep/2024:14:17:13 +0200] "GET /%D8%A8%D8%B3%D8%A8%D8%A8-%D8%AE%D9%84%D8%A7%D9%81%D8%A7%D8%AA-%D9%85%D8%B9-%D8%B3%D9%83%D8%A7%D9%86-%D8%A7%D9%84%D8%A8%D9%86%D8%A7%D9%8A%D8%A9-%D8%A7%D8%AC%D8%AA%D9%85%D8%A7%D8%B9-%D9%8A%D8%AA%D8%AD/feed/ HTTP/2" 200 752 "-" "Mozilla/5.0 (compatible; ImagesiftBot; +imagesift.com)"
74.80.208.56 - - [28/Sep/2024:14:17:14 +0200] "GET /%D8%B4%D8%A7%D9%87%D8%AF-%D8%A8%D8%A7%D9%84%D9%81%D9%8A%D8%AF%D9%8A%D9%88-%D9%85%D8%B2%D8%A7%D8%B1%D8%B9-%D8%B3%D9%88%D8%AF%D8%A7%D9%86%D9%8A-%D9%8A%D9%86%D8%A7%D8%B4%D8%AF-%D8%A7%D9%84%D8%A3%D8%B3/ HTTP/2" 200 33202 "-" "Mozilla/5.0 (compatible; ImagesiftBot; +imagesift.com)"
74.80.208.56 - - [28/Sep/2024:14:17:16 +0200] "GET /%D8%A7%D9%84%D9%83%D8%B4%D9%81-%D8%B9%D9%86-%D8%A3%D9%87%D9%85-%D8%A8%D9%86%D9%88%D8%AF-%D8%A7%D9%84%D8%A7%D8%AA%D9%81%D8%A7%D9%82-%D8%A7%D9%84%D8%B3%D9%8A%D8%A7%D8%B3%D9%8A-%D9%88-%D8%AA%D8%A3%D8%AC/feed/ HTTP/2" 200 756 "-" "Mozilla/5.0 (compatible; ImagesiftBot; +imagesift.com)"
74.80.208.56 - - [28/Sep/2024:14:17:16 +0200] "GET /tag/%D8%A7%D9%84%D8%B2%D9%85%D9%8A%D9%84%D8%A9/ HTTP/2" 200 33642 "-" "Mozilla/5.0 (compatible; ImagesiftBot; +imagesift.com)"
74.80.208.56 - - [28/Sep/2024:14:17:18 +0200] "GET /tag/%D9%88%D9%8A%D8%B4%D9%83%D8%B1/feed/ HTTP/2" 200 2471 "-" "Mozilla/5.0 (compatible; ImagesiftBot; +imagesift.com)"
74.80.208.56 - - [28/Sep/2024:14:17:18 +0200] "GET /1712538058-87/ HTTP/2" 404 22077 "-" "Mozilla/5.0 (compatible; ImagesiftBot; +imagesift.com)"
74.80.208.56 - - [28/Sep/2024:14:17:20 +0200] "GET /tag/%D9%83%D8%B1%D8%B1%D9%8A/ HTTP/2" 200 26617 "-" "Mozilla/5.0 (compatible; ImagesiftBot; +imagesift.com)"
74.80.208.56 - - [28/Sep/2024:14:17:21 +0200] "GET /tag/%D9%85%D8%AD%D9%83%D9%85%D8%A9/page/2/ HTTP/2" 200 26896 "-" "Mozilla/5.0 (compatible; ImagesiftBot; +imagesift.com)"
74.80.208.56 - - [28/Sep/2024:14:17:22 +0200] "GET /vthaq/e460708.html HTTP/2" 404 22079 "-" "Mozilla/5.0 (compatible; ImagesiftBot; +imagesift.com)"
74.80.208.56 - - [28/Sep/2024:14:17:23 +0200] "GET /%D8%A7%D9%84%D8%A5%D8%AA%D8%AD%D8%A7%D8%AF-%D9%8A%D9%81%D8%B3%D8%B1-%D8%B9%D9%84%D9%89-%D9%87%D9%88%D8%A7%D9%87-%D8%B5%D8%AD%D9%8A%D9%81%D8%A9-%D9%83%D9%88%D8%B1%D8%A9-%D8%B3%D9%88%D8%AF%D8%A7/ HTTP/2" 200 30378 "-" "Mozilla/5.0 (compatible; ImagesiftBot; +imagesift.com)"
74.80.208.56 - - [28/Sep/2024:14:17:24 +0200] "GET /wp-json/wp/v2/tags/7109 HTTP/2" 200 288 "-" "Mozilla/5.0 (compatible; ImagesiftBot; +imagesift.com)"
18.222.93.132 - - [28/Sep/2024:14:17:25 +0200] "GET /%f0%9f%94%b4-%d8%a7%d9%84%d8%a3%d9%84%d8%b9%d8%a7%d8%a8-%d8%a7%d9%84%d8%a3%d9%88%d9%84%d9%85%d8%a8%d9%8a%d8%a9-%d8%a7%d9%84%d9%8a%d9%88%d9%85-11-%d9%87%d9%84-%d8%aa%d8%aa%d8%a3%d9%87%d9%84-%d8%a7/ HTTP/2" 200 30855 "https://sudancam.net/?p=41188" "Mozilla/5.0 AppleWebKit/537.36 (KHTML, like Gecko; compatible; ClaudeBot/1.0; +claudebot@anthropic.com)"
74.80.208.56 - - [28/Sep/2024:14:17:25 +0200] "GET /tag/%D9%88%D8%B3%D8%A7%D9%85/ HTTP/2" 200 50824 "-" "Mozilla/5.0 (compatible; ImagesiftBot; +imagesift.com)"
74.80.208.56 - - [28/Sep/2024:14:17:26 +0200] "GET /wp-json/wp/v2/posts/25825 HTTP/2" 200 3775 "-" "Mozilla/5.0 (compatible; ImagesiftBot; +imagesift.com)"
74.80.208.56 - - [28/Sep/2024:14:17:27 +0200] "GET /kyaoy/i1659494.html HTTP/2" 404 22077 "-" "Mozilla/5.0 (compatible; ImagesiftBot; +imagesift.com)"
74.80.208.56 - - [28/Sep/2024:14:17:28 +0200] "GET /rmukw/z406649.html HTTP/2" 404 22080 "-" "Mozilla/5.0 (compatible; ImagesiftBot; +imagesift.com)"
74.80.208.56 - - [28/Sep/2024:14:17:29 +0200] "GET /%D8%A8%D8%A7%D9%84%D9%81%D9%8A%D8%AF%D9%8A%D9%88-%D8%AF%D9%85%D9%88%D8%B9-%D9%88%D8%A7%D9%84%D8%AF%D8%A9-%D8%A7%D9%84%D8%B9%D8%B1%D9%8A%D8%B3-%D8%AA%D8%AD%D9%88%D9%84-%D8%B2%D9%81%D8%A7%D9%81-%D8%A5/ HTTP/2" 200 45778 "-" "Mozilla/5.0 (compatible; ImagesiftBot; +imagesift.com)"
74.80.208.56 - - [28/Sep/2024:14:17:31 +0200] "GET /wp-json/wp/v2/posts/7495 HTTP/2" 200 2457 "-" "Mozilla/5.0 (compatible; ImagesiftBot; +imagesift.com)"
74.80.208.56 - - [28/Sep/2024:14:17:31 +0200] "GET /wp-content/uploads/2022/09/77-780x470.jpg HTTP/2" 200 48226 "-" "Mozilla/5.0 (compatible; ImagesiftBot; +imagesift.com)"
74.80.208.56 - - [28/Sep/2024:14:17:32 +0200] "GET /wp-content/uploads/2022/09/77.jpg HTTP/2" 200 81409 "-" "Mozilla/5.0 (compatible; ImagesiftBot; +imagesift.com)"
74.80.208.56 - - [28/Sep/2024:14:17:32 +0200] "GET /gszbd/q2557490.html HTTP/2" 404 22079 "-" "Mozilla/5.0 (compatible; ImagesiftBot; +imagesift.com)"
74.80.208.56 - - [28/Sep/2024:14:17:33 +0200] "GET /%D8%AD%D9%83%D8%A7%D9%8A%D8%A9-%D8%A7%D8%BA%D8%AA%D9%8A%D8%A7%D9%84-%D8%B9%D8%B1%D9%88%D8%B3-%D8%A7%D9%84%D8%B4%D9%85%D8%A7%D9%84%D9%8A%D8%A9-%D9%81%D9%8A-%D8%B4%D9%87%D8%B1-%D8%A7%D9%84%D8%B9%D8%B3-9/ HTTP/2" 200 35395 "-" "Mozilla/5.0 (compatible; ImagesiftBot; +imagesift.com)"
135.181.9.38 - - [28/Sep/2024:14:17:34 +0200] "POST /wp-cron.php?doing_wp_cron=1727525854.6345639228820800781250 HTTP/1.1" 200 0 "-" "WordPress/6.6.2; https://www.sudancam.net"
74.80.208.56 - - [28/Sep/2024:14:17:34 +0200] "GET /wp-json/wp/v2/posts/3478 HTTP/2" 200 2601 "-" "Mozilla/5.0 (compatible; ImagesiftBot; +imagesift.com)"
74.80.208.56 - - [28/Sep/2024:14:17:35 +0200] "GET /%D8%A7%D9%84%D8%A8%D8%B1%D9%87%D8%A7%D9%86-%D8%A7%D9%84%D8%AC%D9%8A%D8%B4-%D9%84%D8%A7-%D9%8A%D8%B1%D9%8A%D8%AF-%D8%A7%D9%84%D9%85%D8%B6%D9%8A-%D9%81%D9%8A-%D8%A7%D9%84%D8%A5%D8%B7%D8%A7%D8%B1/ HTTP/2" 200 47103 "-" "Mozilla/5.0 (compatible; ImagesiftBot; +imagesift.com)"
74.80.208.56 - - [28/Sep/2024:14:17:37 +0200] "GET /wp-content/uploads/2023/02/66-780x470.jpg HTTP/2" 200 82532 "-" "Mozilla/5.0 (compatible; ImagesiftBot; +imagesift.com)"
74.80.208.56 - - [28/Sep/2024:14:17:36 +0200] "GET /tag/%D8%A3%D8%AD%D9%84%D9%89/ HTTP/2" 200 25903 "-" "Mozilla/5.0 (compatible; ImagesiftBot; +imagesift.com)"
74.80.208.56 - - [28/Sep/2024:14:17:37 +0200] "GET /wp-content/uploads/2023/02/66.jpg HTTP/2" 200 95735 "-" "Mozilla/5.0 (compatible; ImagesiftBot; +imagesift.com)"
74.80.208.56 - - [28/Sep/2024:14:17:37 +0200] "GET /binve/g2527268.html HTTP/2" 404 22362 "-" "Mozilla/5.0 (compatible; ImagesiftBot; +imagesift.com)"
74.80.208.56 - - [28/Sep/2024:14:17:38 +0200] "GET /tag/%D9%88%D8%A7%D9%84%D8%A7%D9%86%D9%81%D8%B9%D8%A7%D9%84%D8%A7%D8%AA/ HTTP/2" 200 33796 "-" "Mozilla/5.0 (compatible; ImagesiftBot; +imagesift.com)"
74.80.208.56 - - [28/Sep/2024:14:17:39 +0200] "GET /%D8%A7%D9%84%D9%87%D9%84%D8%A7%D9%84-%D8%A7%D9%84%D8%A3%D8%AD%D9%85%D8%B1-%D8%A8%D8%B4%D9%85%D8%A7%D9%84-%D9%83%D8%B1%D8%AF%D9%81%D8%A7%D9%86-%D9%8A%D8%AF%D8%B4%D9%86-%D9%85%D8%B4%D8%B1%D9%88%D8%B9/ HTTP/2" 200 63883 "-" "Mozilla/5.0 (compatible; ImagesiftBot; +imagesift.com)"
74.80.208.56 - - [28/Sep/2024:14:17:41 +0200] "GET /wp-json/wp/v2/posts/12883 HTTP/2" 200 3005 "-" "Mozilla/5.0 (compatible; ImagesiftBot; +imagesift.com)"
74.80.208.56 - - [28/Sep/2024:14:17:41 +0200] "GET /tag/%D8%AD%D8%AF%D8%AB%D9%88%D8%A7/ HTTP/2" 200 23554 "-" "Mozilla/5.0 (compatible; ImagesiftBot; +imagesift.com)"
74.80.208.56 - - [28/Sep/2024:14:17:43 +0200] "GET /%D9%84%D8%AC%D9%86%D8%A9-%D9%84%D8%AD%D9%84-%D9%85%D8%B4%D9%83%D9%84%D8%A9-%D8%AA%D8%AC%D8%A7%D8%B1-%D8%B3%D9%88%D9%82-%D9%84%D9%8A%D8%A8%D9%8A%D8%A7-%D9%88%D9%85%D8%AD%D9%84%D9%8A%D8%A9-%D8%A3%D9%85/feed/ HTTP/2" 200 734 "-" "Mozilla/5.0 (compatible; ImagesiftBot; +imagesift.com)"
74.80.208.56 - - [28/Sep/2024:14:17:43 +0200] "GET /%D8%AC%D8%B1%D8%B3%D8%A9-%D9%84%D9%83%D9%86-%D9%81%D9%8A-%D9%85%D8%AD%D9%84%D9%87%D8%A7-%D8%B5%D8%AD%D9%8A%D9%81%D8%A9-%D9%83%D9%88%D8%B1%D8%A9-%D8%B3%D9%88%D8%AF%D8%A7%D9%86%D9%8A%D8%A9-%D8%A7/ HTTP/2" 200 43159 "-" "Mozilla/5.0 (compatible; ImagesiftBot; +imagesift.com)"
74.80.208.56 - - [28/Sep/2024:14:17:45 +0200] "GET /wp-json/wp/v2/posts/15688 HTTP/2" 200 3965 "-" "Mozilla/5.0 (compatible; ImagesiftBot; +imagesift.com)"
74.80.208.56 - - [28/Sep/2024:14:17:46 +0200] "GET /wp-json/wp/v2/posts/11743 HTTP/2" 200 2195 "-" "Mozilla/5.0 (compatible; ImagesiftBot; +imagesift.com)"
74.80.208.56 - - [28/Sep/2024:14:17:46 +0200] "GET /%D9%85%D8%A8%D8%A7%D8%AD%D8%AB-%D8%A3%D8%A8%D9%88%D8%AD%D9%85%D8%AF-%D8%AA%D8%B6%D8%A8%D8%B7-%D8%A3%D8%AD%D8%AF-%D9%85%D8%B9%D8%AA%D8%A7%D8%AF%D9%8A-%D8%AC%D8%B1%D8%A7%D8%A6%D9%85-%D8%A7%D9%84%D8%B3/ HTTP/2" 200 60335 "-" "Mozilla/5.0 (compatible; ImagesiftBot; +imagesift.com)"
74.80.208.56 - - [28/Sep/2024:14:17:48 +0200] "GET /wp-json/wp/v2/posts/10603 HTTP/2" 200 1523 "-" "Mozilla/5.0 (compatible; ImagesiftBot; +imagesift.com)"
74.80.208.56 - - [28/Sep/2024:14:17:49 +0200] "GET /%D9%85%D8%B9%D8%AA%D8%B5%D9%85-%D9%85%D8%AD%D9%85%D9%88%D8%AF-%D9%8A%D9%83%D8%AA%D8%A8-%D8%A7%D9%84%D9%85%D8%B1%D9%8A%D8%AE-%D8%AA%D8%B9%D8%A8%D8%A7%D9%86-%D9%87%D8%A7%D8%AA%D9%88%D8%A7-%D8%A7/ HTTP/2" 200 48586 "-" "Mozilla/5.0 (compatible; ImagesiftBot; +imagesift.com)"
74.80.208.56 - - [28/Sep/2024:14:17:50 +0200] "GET /tag/%D8%A8%D8%A7%D9%84%D8%A7%D8%B6%D8%B1%D8%A7%D8%A8/ HTTP/2" 200 23508 "-" "Mozilla/5.0 (compatible; ImagesiftBot; +imagesift.com)"
77.75.78.161 - - [28/Sep/2024:14:17:16 +0200] "GET /nwuqj/t2824097.html HTTP/1.1" 404 20329 "-" "Mozilla/5.0 (compatible; SeznamBot/4.0; +http://napoveda.seznam.cz/seznambot-intro/)"
77.75.78.161 - - [28/Sep/2024:14:17:18 +0200] "GET /itzxi/s3049256.html HTTP/1.1" 404 20329 "-" "Mozilla/5.0 (compatible; SeznamBot/4.0; +http://napoveda.seznam.cz/seznambot-intro/)"
77.75.78.161 - - [28/Sep/2024:14:17:20 +0200] "GET /iiold/b2575701.html HTTP/1.1" 404 20327 "-" "Mozilla/5.0 (compatible; SeznamBot/4.0; +http://napoveda.seznam.cz/seznambot-intro/)"
77.75.78.161 - - [28/Sep/2024:14:17:22 +0200] "GET /xniua/y714020.html HTTP/1.1" 404 20319 "-" "Mozilla/5.0 (compatible; SeznamBot/4.0; +http://napoveda.seznam.cz/seznambot-intro/)"
77.75.78.161 - - [28/Sep/2024:14:17:24 +0200] "GET /mxrzj/b2984343.html HTTP/1.1" 404 20327 "-" "Mozilla/5.0 (compatible; SeznamBot/4.0; +http://napoveda.seznam.cz/seznambot-intro/)"
77.75.78.161 - - [28/Sep/2024:14:17:26 +0200] "GET /zmodm/q2300428.html HTTP/1.1" 404 20323 "-" "Mozilla/5.0 (compatible; SeznamBot/4.0; +http://napoveda.seznam.cz/seznambot-intro/)"
77.75.78.161 - - [28/Sep/2024:14:17:28 +0200] "GET /lxvyw/n2748613.html HTTP/1.1" 404 20329 "-" "Mozilla/5.0 (compatible; SeznamBot/4.0; +http://napoveda.seznam.cz/seznambot-intro/)"
77.75.78.161 - - [28/Sep/2024:14:17:30 +0200] "GET /baklp/u1166936.html HTTP/1.1" 404 20329 "-" "Mozilla/5.0 (compatible; SeznamBot/4.0; +http://napoveda.seznam.cz/seznambot-intro/)"
77.75.78.161 - - [28/Sep/2024:14:17:32 +0200] "GET /sjkan/a2775718.html HTTP/1.1" 404 20321 "-" "Mozilla/5.0 (compatible; SeznamBot/4.0; +http://napoveda.seznam.cz/seznambot-intro/)"
77.75.78.161 - - [28/Sep/2024:14:17:34 +0200] "GET /anrcm/w1463806.html HTTP/1.1" 404 20328 "-" "Mozilla/5.0 (compatible; SeznamBot/4.0; +http://napoveda.seznam.cz/seznambot-intro/)"
77.75.78.161 - - [28/Sep/2024:14:17:36 +0200] "GET /bjhgc/e2543412.html HTTP/1.1" 404 20329 "-" "Mozilla/5.0 (compatible; SeznamBot/4.0; +http://napoveda.seznam.cz/seznambot-intro/)"
77.75.78.161 - - [28/Sep/2024:14:17:37 +0200] "GET /mridi/a1848584.html HTTP/1.1" 404 20328 "-" "Mozilla/5.0 (compatible; SeznamBot/4.0; +http://napoveda.seznam.cz/seznambot-intro/)"
77.75.78.161 - - [28/Sep/2024:14:17:39 +0200] "GET /dckah/x1656467.html HTTP/1.1" 404 20322 "-" "Mozilla/5.0 (compatible; SeznamBot/4.0; +http://napoveda.seznam.cz/seznambot-intro/)"
77.75.78.161 - - [28/Sep/2024:14:17:41 +0200] "GET /noxfh/l2487311.html HTTP/1.1" 404 20321 "-" "Mozilla/5.0 (compatible; SeznamBot/4.0; +http://napoveda.seznam.cz/seznambot-intro/)"
135.181.9.38 - - [28/Sep/2024:14:17:43 +0200] "POST /wp-cron.php?doing_wp_cron=1727525863.4344780445098876953125 HTTP/1.1" 200 0 "-" "WordPress/6.6.2; https://www.sudancam.net"
77.75.78.161 - - [28/Sep/2024:14:17:43 +0200] "GET /imwln/e1891202.html HTTP/1.1" 404 20321 "-" "Mozilla/5.0 (compatible; SeznamBot/4.0; +http://napoveda.seznam.cz/seznambot-intro/)"
77.75.78.161 - - [28/Sep/2024:14:17:47 +0200] "GET /nuduf/v1015331.html HTTP/1.1" 404 20329 "-" "Mozilla/5.0 (compatible; SeznamBot/4.0; +http://napoveda.seznam.cz/seznambot-intro/)"
85.208.96.195 - - [28/Sep/2024:14:17:48 +0200] "GET /%D8%AA%D8%AD%D8%AF%D9%8A%D8%AF-%D9%85%D9%88%D8%B9%D8%AF-%D8%B1%D8%AD%D9%84%D8%A7%D8%AA-%D8%AA%D8%A7%D8%B1%D9%83%D9%88-%D9%88%D8%A8%D8%AF%D8%B1-%D8%A5%D9%84%D9%89-%D8%A7%D9%84%D8%AF%D9%88%D8%AD%D8%A9/ HTTP/1.1" 403 0 "-" "Mozilla/5.0 (compatible; SemrushBot/7~bl; +http://www.semrush.com/bot.html)"
77.75.78.161 - - [28/Sep/2024:14:17:48 +0200] "GET /marjl/d2864667.html HTTP/1.1" 404 20328 "-" "Mozilla/5.0 (compatible; SeznamBot/4.0; +http://napoveda.seznam.cz/seznambot-intro/)"
77.75.78.161 - - [28/Sep/2024:14:17:50 +0200] "GET /cudex/h2331749.html HTTP/1.1" 404 20328 "-" "Mozilla/5.0 (compatible; SeznamBot/4.0; +http://napoveda.seznam.cz/seznambot-intro/)"
77.75.78.161 - - [28/Sep/2024:14:17:52 +0200] "GET /spajs/d166205.html HTTP/1.1" 404 20317 "-" "Mozilla/5.0 (compatible; SeznamBot/4.0; +http://napoveda.seznam.cz/seznambot-intro/)"
74.80.208.56 - - [28/Sep/2024:14:17:51 +0200] "GET /%D8%A8%D8%A7%D9%84%D8%B5%D9%88%D8%B1%D8%A9-%D8%A7%D8%B9%D8%AA%D9%82%D8%A7%D9%84-%D8%A3%D8%BA%D8%A8%D9%89-%D9%85%D8%AC%D8%B1%D9%85-%D9%81%D9%8A-%D8%AC%D9%86%D9%88%D8%A8-%D8%A5%D9%81%D8%B1%D9%8A/ HTTP/2" 200 46826 "-" "Mozilla/5.0 (compatible; ImagesiftBot; +imagesift.com)"
74.80.208.56 - - [28/Sep/2024:14:17:53 +0200] "GET /wp-content/uploads/2022/09/image-12-780x470.jpg HTTP/2" 200 19458 "-" "Mozilla/5.0 (compatible; ImagesiftBot; +imagesift.com)"
74.80.208.56 - - [28/Sep/2024:14:17:53 +0200] "GET /%D8%A7%D9%84%D8%B4%D8%A7%D8%A8-%D8%A7%D9%84%D8%B0%D9%8A-%D8%AA%D8%B2%D9%88%D8%AC-%D9%81%D8%AA%D8%A7%D8%AA%D9%8A%D9%86-%D9%81%D9%8A-%D9%88%D9%82%D8%AA-%D9%88%D8%A7%D8%AD%D8%AF-%D8%A8%D8%A7%D9%84%D8%AC/feed/ HTTP/2" 200 785 "-" "Mozilla/5.0 (compatible; ImagesiftBot; +imagesift.com)"
74.80.208.56 - - [28/Sep/2024:14:17:54 +0200] "GET /wp-content/uploads/2022/09/image-12.jpg HTTP/2" 200 13517 "-" "Mozilla/5.0 (compatible; ImagesiftBot; +imagesift.com)"
74.80.208.56 - - [28/Sep/2024:14:17:54 +0200] "GET /%D8%AD%D8%B1%D9%83%D8%A9-%D8%B9%D8%A8%D8%AF-%D8%A7%D9%84%D9%88%D8%A7%D8%AD%D8%AF-%D8%AA%D8%B1%D9%81%D8%B6-%D8%A5%D9%82%D8%A7%D9%85%D8%A9-%D9%85%D8%B4%D8%A7%D8%B1%D9%8A%D8%B9-%D8%A7%D8%B3%D8%AA%D8%AB/ HTTP/2" 200 47119 "-" "Mozilla/5.0 (compatible; ImagesiftBot; +imagesift.com)"
74.80.208.56 - - [28/Sep/2024:14:17:55 +0200] "GET /tag/%D9%88%D9%8A%D8%B1%D8%B3%D9%85/ HTTP/2" 200 23498 "-" "Mozilla/5.0 (compatible; ImagesiftBot; +imagesift.com)"
74.80.208.56 - - [28/Sep/2024:14:17:56 +0200] "GET /wp-json/wp/v2/tags/16857 HTTP/2" 200 308 "-" "Mozilla/5.0 (compatible; ImagesiftBot; +imagesift.com)"
74.80.208.56 - - [28/Sep/2024:14:17:57 +0200] "GET /9-%D8%B7%D9%88%D9%8A%D9%84%D8%A9-%D8%AA%D8%B9%D8%A7%D9%88%D8%AF-%D8%A7%D9%84%D8%B8%D9%87%D9%88%D8%B1-%D9%88%D8%AA%D8%AD%D8%B5%D8%AF-%D8%A3%D8%B1%D9%88%D8%A7%D8%AD%D8%A7%D9%8B-%D8%AC%D8%AF%D9%8A/feed/ HTTP/2" 200 733 "-" "Mozilla/5.0 (compatible; ImagesiftBot; +imagesift.com)"
74.80.208.56 - - [28/Sep/2024:14:17:58 +0200] "GET /%D8%AE%D9%85%D8%A7%D8%B3%D9%8A%D8%A9-%D8%A7%D9%86%D9%8A%D9%82%D8%A9-%D9%88%D9%85%D8%B2%D9%8A%D9%83%D8%A7/ HTTP/2" 200 60363 "-" "Mozilla/5.0 (compatible; ImagesiftBot; +imagesift.com)"
74.80.208.56 - - [28/Sep/2024:14:17:59 +0200] "GET /wp-json/wp/v2/posts/13408 HTTP/2" 200 3130 "-" "Mozilla/5.0 (compatible; ImagesiftBot; +imagesift.com)"
74.80.208.56 - - [28/Sep/2024:14:17:59 +0200] "GET /vjuha/o1791866.html HTTP/2" 404 22077 "-" "Mozilla/5.0 (compatible; ImagesiftBot; +imagesift.com)"
74.80.208.56 - - [28/Sep/2024:14:18:01 +0200] "GET /tag/%D8%AE%D8%A8%D9%8A%D8%B1%D8%A7/feed/ HTTP/2" 200 2446 "-" "Mozilla/5.0 (compatible; ImagesiftBot; +imagesift.com)"
74.80.208.56 - - [28/Sep/2024:14:18:02 +0200] "GET /tag/%D9%8A%D9%85%D8%AF/ HTTP/2" 200 23472 "-" "Mozilla/5.0 (compatible; ImagesiftBot; +imagesift.com)"
74.80.208.56 - - [28/Sep/2024:14:18:03 +0200] "GET /tag/%D8%A8%D8%A7%D9%84%D8%AD%D8%AC%D8%A7%D8%AC/ HTTP/2" 200 23483 "-" "Mozilla/5.0 (compatible; ImagesiftBot; +imagesift.com)"
178.236.247.6 - - [28/Sep/2024:14:18:04 +0200] "POST /74a7c9952328.php HTTP/1.1" 200 9 "-" "curl/7.86.0"
74.80.208.56 - - [28/Sep/2024:14:18:05 +0200] "GET /tag/%D8%A7%D9%84%D8%B4%D8%A8%D9%8A%D9%87/ HTTP/2" 200 33851 "-" "Mozilla/5.0 (compatible; ImagesiftBot; +imagesift.com)"
74.80.208.56 - - [28/Sep/2024:14:18:06 +0200] "GET /wp-json/wp/v2/pages/65 HTTP/2" 200 613 "-" "Mozilla/5.0 (compatible; ImagesiftBot; +imagesift.com)"
74.80.208.56 - - [28/Sep/2024:14:18:07 +0200] "GET /%D8%AD%D9%85%D8%A7%D9%8A%D8%A9-%D8%A7%D9%84%D9%85%D8%B3%D8%AA%D9%87%D9%84%D9%83-%D8%AA%D8%AA%D9%87%D9%85-%D8%A7%D9%84%D8%AF%D8%A7%D8%AE%D9%84%D9%8A%D8%A9-%D8%A8%D8%A7%D9%84%D8%AA%D9%84%D8%A7%D8%B9/ HTTP/2" 200 33346 "-" "Mozilla/5.0 (compatible; ImagesiftBot; +imagesift.com)"
74.80.208.56 - - [28/Sep/2024:14:18:08 +0200] "GET /chkzg/w1887788.html HTTP/2" 404 22077 "-" "Mozilla/5.0 (compatible; ImagesiftBot; +imagesift.com)"
74.80.208.56 - - [28/Sep/2024:14:18:09 +0200] "GET /tag/%D8%A7%D9%84%D8%AF%D8%AE%D9%84/feed/ HTTP/2" 200 7618 "-" "Mozilla/5.0 (compatible; ImagesiftBot; +imagesift.com)"
74.80.208.56 - - [28/Sep/2024:14:18:10 +0200] "GET /%D8%B4%D8%A7%D9%87%D8%AF-%D8%A3%D9%88%D9%84-%D8%B5%D9%88%D8%B1-%D9%84%D9%88%D8%B5%D9%88%D9%84-%D9%88%D8%A7%D9%84%D8%AF-%D9%85%D9%8A%D8%B3%D9%8A-%D8%A5%D9%84%D9%89-%D8%A3%D8%B1%D8%A7%D8%B6%D9%8A/ HTTP/2" 200 61477 "-" "Mozilla/5.0 (compatible; ImagesiftBot; +imagesift.com)"
74.80.208.56 - - [28/Sep/2024:14:18:11 +0200] "GET /wp-json/wp/v2/posts/22948 HTTP/2" 200 3458 "-" "Mozilla/5.0 (compatible; ImagesiftBot; +imagesift.com)"
74.80.208.56 - - [28/Sep/2024:14:18:12 +0200] "GET /tag/%D8%A7%D9%84%D8%A5%D9%8A%D9%82%D8%A7%D9%81/ HTTP/2" 200 25226 "-" "Mozilla/5.0 (compatible; ImagesiftBot; +imagesift.com)"
74.80.208.56 - - [28/Sep/2024:14:18:13 +0200] "GET /%D9%87%D9%84%D8%A7%D9%84-%D8%A7%D9%84%D8%B3%D8%A7%D8%AD%D9%84-%D9%8A%D8%AA%D9%81%D9%88%D9%82-%D8%B9%D9%84%D9%8A-%D8%AC%D9%8A%D8%AA%D8%A7-%D8%AC%D9%88%D9%84%D8%AF-%D8%A7%D9%84%D8%AA%D9%86%D8%B2%D8%A7/feed/ HTTP/2" 200 740 "-" "Mozilla/5.0 (compatible; ImagesiftBot; +imagesift.com)"
74.80.208.56 - - [28/Sep/2024:14:18:14 +0200] "GET /tag/%D9%88%D9%8A%D9%82%D8%AF%D9%85%D9%86/ HTTP/2" 200 23747 "-" "Mozilla/5.0 (compatible; ImagesiftBot; +imagesift.com)"
74.80.208.56 - - [28/Sep/2024:14:18:15 +0200] "GET /wp-json/wp/v2/tags/17697 HTTP/2" 200 311 "-" "Mozilla/5.0 (compatible; ImagesiftBot; +imagesift.com)"
74.80.208.56 - - [28/Sep/2024:14:18:16 +0200] "GET /wp-json/wp/v2/posts/22099 HTTP/2" 200 3858 "-" "Mozilla/5.0 (compatible; ImagesiftBot; +imagesift.com)"
74.80.208.56 - - [28/Sep/2024:14:18:17 +0200] "GET /wp-json/wp/v2/posts/21808 HTTP/2" 200 4304 "-" "Mozilla/5.0 (compatible; ImagesiftBot; +imagesift.com)"
74.80.208.56 - - [28/Sep/2024:14:18:18 +0200] "GET /%D8%A7%D9%84%D8%B1%D8%A6%D9%8A%D8%B3-%D8%A7%D9%84%D9%81%D8%B1%D9%86%D8%B3%D9%8A-%D9%8A%D8%AA%D8%B1%D8%A7%D8%AC%D8%B9-%D8%B9%D9%86-%D8%AE%D8%B7%D8%B7-%D8%A5%D8%B2%D8%A7%D9%84%D8%A9-%D8%A3%D9%83%D8%B4/ HTTP/2" 200 33768 "-" "Mozilla/5.0 (compatible; ImagesiftBot; +imagesift.com)"
74.80.208.56 - - [28/Sep/2024:14:18:19 +0200] "GET /tag/%D8%A7%D9%84%D8%A3%D8%B1%D8%A8%D8%B9%D8%A9/ HTTP/2" 200 32697 "-" "Mozilla/5.0 (compatible; ImagesiftBot; +imagesift.com)"
74.80.208.56 - - [28/Sep/2024:14:18:20 +0200] "GET /wp-json/wp/v2/posts/26951 HTTP/2" 200 0 "-" "Mozilla/5.0 (compatible; ImagesiftBot; +imagesift.com)"
74.80.208.56 - - [28/Sep/2024:14:18:21 +0200] "GET /%D8%B1%D9%82%D8%B9%D8%A9-%D8%A8%D8%A7%D8%B7%D9%84-%D9%82%D8%AD%D8%B7-%D8%A7%D8%AE%D8%B0%D8%AA-%D8%AA%D9%86%D9%83%D9%85%D8%B4-%D8%B1%D9%88%D9%8A%D8%AF%D8%A7-%D8%B1%D9%88%D9%8A%D8%AF%D8%A7-%D8%AD%D8%AA/feed/ HTTP/2" 200 750 "-" "Mozilla/5.0 (compatible; ImagesiftBot; +imagesift.com)"
74.80.208.56 - - [28/Sep/2024:14:18:22 +0200] "GET /wp-json/wp/v2/tags/3834 HTTP/2" 200 309 "-" "Mozilla/5.0 (compatible; ImagesiftBot; +imagesift.com)"
74.80.208.56 - - [28/Sep/2024:14:18:23 +0200] "GET /%D8%A8%D8%AF%D8%A1%D8%A7%D9%8B-%D9%85%D9%86-%D8%A7%D9%84%D9%8A%D9%88%D9%85-%D9%85%D9%86%D8%B9-%D8%A7%D9%84%D9%85%D9%82%D9%8A%D9%85%D9%8A%D9%86-%D8%A7%D9%84%D8%B0%D9%8A%D9%86-%D9%84%D8%A7-%D9%8A/ HTTP/2" 200 63601 "-" "Mozilla/5.0 (compatible; ImagesiftBot; +imagesift.com)"
74.80.208.56 - - [28/Sep/2024:14:18:25 +0200] "GET /wp-json/wp/v2/tags/26508 HTTP/2" 200 323 "-" "Mozilla/5.0 (compatible; ImagesiftBot; +imagesift.com)"
74.80.208.56 - - [28/Sep/2024:14:18:25 +0200] "GET /tag/%D8%A8%D8%A3%D9%86/ HTTP/2" 200 55117 "-" "Mozilla/5.0 (compatible; ImagesiftBot; +imagesift.com)"
74.80.208.56 - - [28/Sep/2024:14:18:27 +0200] "GET /tag/%D9%84%D9%84%D8%AA%D8%A3%D9%87%D9%84/ HTTP/2" 200 23560 "-" "Mozilla/5.0 (compatible; ImagesiftBot; +imagesift.com)"
74.80.208.56 - - [28/Sep/2024:14:18:28 +0200] "GET /tag/%D9%85%D8%AA%D9%88%D8%A7%D8%B5%D9%84%D8%A9/ HTTP/2" 200 53198 "-" "Mozilla/5.0 (compatible; ImagesiftBot; +imagesift.com)"
77.75.78.161 - - [28/Sep/2024:14:17:54 +0200] "GET /indso/b629419.html HTTP/1.1" 404 20319 "-" "Mozilla/5.0 (compatible; SeznamBot/4.0; +http://napoveda.seznam.cz/seznambot-intro/)"
77.75.78.161 - - [28/Sep/2024:14:17:56 +0200] "GET /ralrp/s2054418.html HTTP/1.1" 404 20321 "-" "Mozilla/5.0 (compatible; SeznamBot/4.0; +http://napoveda.seznam.cz/seznambot-intro/)"
77.75.78.161 - - [28/Sep/2024:14:17:58 +0200] "GET /xfleg/v2257611.html HTTP/1.1" 404 20328 "-" "Mozilla/5.0 (compatible; SeznamBot/4.0; +http://napoveda.seznam.cz/seznambot-intro/)"
77.75.78.161 - - [28/Sep/2024:14:18:00 +0200] "GET /qdsol/c1042404.html HTTP/1.1" 404 20328 "-" "Mozilla/5.0 (compatible; SeznamBot/4.0; +http://napoveda.seznam.cz/seznambot-intro/)"
77.75.78.161 - - [28/Sep/2024:14:18:02 +0200] "GET /fpwsa/z857697.html HTTP/1.1" 404 20321 "-" "Mozilla/5.0 (compatible; SeznamBot/4.0; +http://napoveda.seznam.cz/seznambot-intro/)"
77.75.78.161 - - [28/Sep/2024:14:18:04 +0200] "GET /qrfei/k1753018.html HTTP/1.1" 404 20323 "-" "Mozilla/5.0 (compatible; SeznamBot/4.0; +http://napoveda.seznam.cz/seznambot-intro/)"
77.75.78.161 - - [28/Sep/2024:14:18:06 +0200] "GET /cnyto/z592237.html HTTP/1.1" 404 20321 "-" "Mozilla/5.0 (compatible; SeznamBot/4.0; +http://napoveda.seznam.cz/seznambot-intro/)"
77.75.78.161 - - [28/Sep/2024:14:18:08 +0200] "GET /fldzi/q1236846.html HTTP/1.1" 404 20330 "-" "Mozilla/5.0 (compatible; SeznamBot/4.0; +http://napoveda.seznam.cz/seznambot-intro/)"
77.75.78.161 - - [28/Sep/2024:14:18:09 +0200] "GET /khunb/v1285055.html HTTP/1.1" 404 20323 "-" "Mozilla/5.0 (compatible; SeznamBot/4.0; +http://napoveda.seznam.cz/seznambot-intro/)"
77.75.78.161 - - [28/Sep/2024:14:18:11 +0200] "GET /jpoav/r2865643.html HTTP/1.1" 404 20329 "-" "Mozilla/5.0 (compatible; SeznamBot/4.0; +http://napoveda.seznam.cz/seznambot-intro/)"
77.75.78.161 - - [28/Sep/2024:14:18:13 +0200] "GET /jixxt/d1555931.html HTTP/1.1" 404 20323 "-" "Mozilla/5.0 (compatible; SeznamBot/4.0; +http://napoveda.seznam.cz/seznambot-intro/)"
77.75.78.161 - - [28/Sep/2024:14:18:15 +0200] "GET /rnxzz/f1419355.html HTTP/1.1" 404 20330 "-" "Mozilla/5.0 (compatible; SeznamBot/4.0; +http://napoveda.seznam.cz/seznambot-intro/)"
77.75.78.161 - - [28/Sep/2024:14:18:17 +0200] "GET /dgguw/m942860.html HTTP/1.1" 404 20323 "-" "Mozilla/5.0 (compatible; SeznamBot/4.0; +http://napoveda.seznam.cz/seznambot-intro/)"
77.75.78.161 - - [28/Sep/2024:14:18:19 +0200] "GET /phvae/n2127577.html HTTP/1.1" 404 20327 "-" "Mozilla/5.0 (compatible; SeznamBot/4.0; +http://napoveda.seznam.cz/seznambot-intro/)"
77.75.78.161 - - [28/Sep/2024:14:18:21 +0200] "GET /jphac/e2045590.html HTTP/1.1" 404 20322 "-" "Mozilla/5.0 (compatible; SeznamBot/4.0; +http://napoveda.seznam.cz/seznambot-intro/)"
77.75.78.161 - - [28/Sep/2024:14:18:23 +0200] "GET /rcmgi/t1580569.html HTTP/1.1" 404 20321 "-" "Mozilla/5.0 (compatible; SeznamBot/4.0; +http://napoveda.seznam.cz/seznambot-intro/)"
77.75.78.161 - - [28/Sep/2024:14:18:25 +0200] "GET /luzwh/n1011839.html HTTP/1.1" 404 20329 "-" "Mozilla/5.0 (compatible; SeznamBot/4.0; +http://napoveda.seznam.cz/seznambot-intro/)"
77.75.78.161 - - [28/Sep/2024:14:18:28 +0200] "GET /wpauo/d2739997.html HTTP/1.1" 404 20328 "-" "Mozilla/5.0 (compatible; SeznamBot/4.0; +http://napoveda.seznam.cz/seznambot-intro/)"
77.75.78.161 - - [28/Sep/2024:14:18:30 +0200] "GET /rglos/j2864413.html HTTP/1.1" 404 20328 "-" "Mozilla/5.0 (compatible; SeznamBot/4.0; +http://napoveda.seznam.cz/seznambot-intro/)"
77.75.78.161 - - [28/Sep/2024:14:18:32 +0200] "GET /ijhxw/b1871751.html HTTP/1.1" 404 20329 "-" "Mozilla/5.0 (compatible; SeznamBot/4.0; +http://napoveda.seznam.cz/seznambot-intro/)"
135.181.9.38 - - [28/Sep/2024:14:18:34 +0200] "POST /wp-cron.php?doing_wp_cron=1727525914.3168990612030029296875 HTTP/1.1" 200 0 "-" "WordPress/6.6.2; https://www.sudancam.net"
77.75.78.161 - - [28/Sep/2024:14:18:33 +0200] "GET /cjzyw/r1546091.html HTTP/1.1" 404 20324 "-" "Mozilla/5.0 (compatible; SeznamBot/4.0; +http://napoveda.seznam.cz/seznambot-intro/)"
74.80.208.56 - - [28/Sep/2024:14:18:29 +0200] "GET /wp-json/wp/v2/posts/25811 HTTP/2" 200 2776 "-" "Mozilla/5.0 (compatible; ImagesiftBot; +imagesift.com)"
74.80.208.56 - - [28/Sep/2024:14:18:30 +0200] "GET /%D8%A7%D9%84%D8%AC%D9%8A%D8%B4-%D9%86%D8%AC%D8%A7%D8%AD%D9%8C-%D8%B9%D8%A7%D9%84%D9%8D-%D9%84%D9%84%D8%B9%D9%85%D9%84%D9%8A%D8%A7%D8%AA-%D8%A7%D9%84%D8%AE%D8%A7%D8%B5%D8%A9/ HTTP/2" 200 66189 "-" "Mozilla/5.0 (compatible; ImagesiftBot; +imagesift.com)"
74.80.208.56 - - [28/Sep/2024:14:18:31 +0200] "GET /1712633240-26/ HTTP/2" 404 22077 "-" "Mozilla/5.0 (compatible; ImagesiftBot; +imagesift.com)"
74.80.208.56 - - [28/Sep/2024:14:18:32 +0200] "GET /tag/%D9%85%D8%A7%D9%84%D9%85/ HTTP/2" 200 35668 "-" "Mozilla/5.0 (compatible; ImagesiftBot; +imagesift.com)"
74.80.208.56 - - [28/Sep/2024:14:18:34 +0200] "GET /tag/%D9%8A%D9%81%D8%B4%D9%84/ HTTP/2" 200 38815 "-" "Mozilla/5.0 (compatible; ImagesiftBot; +imagesift.com)"
135.181.9.38 - - [28/Sep/2024:14:18:34 +0200] "POST /wp-admin/admin-ajax.php?action=async_litespeed&nonce=Gpw5QD178yOy4idaYDjc8tHe3Cv4Qcud&litespeed_type=imgoptm HTTP/1.1" 200 21 "-" "WordPress/6.6.2; https://www.sudancam.net"
74.80.208.56 - - [28/Sep/2024:14:18:35 +0200] "GET /tag/%D9%84%D9%84%D8%AC%D9%86%D8%A9/ HTTP/2" 200 54971 "-" "Mozilla/5.0 (compatible; ImagesiftBot; +imagesift.com)"
74.80.208.56 - - [28/Sep/2024:14:18:36 +0200] "GET /%D8%A8%D8%B1%D8%B4%D9%84%D9%88%D9%86%D8%A9-%D8%A3%D9%85%D8%A7%D9%85-%D8%A5%D9%86%D8%AC%D8%A7%D8%B2-%D9%83%D8%A8%D9%8A%D8%B1-%D9%81%D9%8A-%D8%B9%D8%A7%D9%85-2023-%D8%A8%D8%B7%D9%84-%D9%81%D9%8A-%D9%83/feed/ HTTP/2" 200 755 "-" "Mozilla/5.0 (compatible; ImagesiftBot; +imagesift.com)"
74.80.208.56 - - [28/Sep/2024:14:18:37 +0200] "GET /%D8%A5%D8%AD%D8%A7%D9%84%D8%A9-%D8%B9%D9%86%D8%A7%D8%B5%D8%B1-%D9%85%D9%86-%D8%A7%D9%84%D8%B4%D8%B1%D8%B7%D8%A9-%D9%84%D9%84%D9%82%D8%B6%D8%A7%D8%A1-%D8%A8%D8%AA%D9%87%D9%85-%D9%82%D8%AA%D9%84-4/ HTTP/2" 200 47619 "-" "Mozilla/5.0 (compatible; ImagesiftBot; +imagesift.com)"
74.80.208.56 - - [28/Sep/2024:14:18:38 +0200] "GET /tag/%D8%A7%D9%84%D9%85%D8%AA%D8%A8%D9%82%D9%8A%D8%A9/ HTTP/2" 200 50330 "-" "Mozilla/5.0 (compatible; ImagesiftBot; +imagesift.com)"
74.80.208.56 - - [28/Sep/2024:14:18:39 +0200] "GET /tag/%D8%A8%D8%AA%D8%B4%D8%B1%D9%8A%D8%AD/ HTTP/2" 200 23542 "-" "Mozilla/5.0 (compatible; ImagesiftBot; +imagesift.com)"
74.80.208.56 - - [28/Sep/2024:14:18:40 +0200] "GET /tag/%D8%A3%D8%AD%D9%85%D8%AF/page/2/ HTTP/2" 200 27003 "-" "Mozilla/5.0 (compatible; ImagesiftBot; +imagesift.com)"
74.80.208.56 - - [28/Sep/2024:14:18:41 +0200] "GET /tag/%D8%A7%D9%84%D8%AD%D8%AF%D9%88%D8%AF/page/2/ HTTP/2" 200 37140 "-" "Mozilla/5.0 (compatible; ImagesiftBot; +imagesift.com)"
135.181.9.38 - - [28/Sep/2024:14:18:43 +0200] "POST /wp-cron.php?doing_wp_cron=1727525923.2124269008636474609375 HTTP/1.1" 200 0 "-" "WordPress/6.6.2; https://www.sudancam.net"
74.80.208.56 - - [28/Sep/2024:14:18:42 +0200] "GET /tag/%D8%A3%D9%88%D8%B1%D9%88%D8%A8%D9%8A%D8%A9/ HTTP/2" 200 27005 "-" "Mozilla/5.0 (compatible; ImagesiftBot; +imagesift.com)"
74.80.208.56 - - [28/Sep/2024:14:18:43 +0200] "GET /wp-json/wp/v2/tags/3918 HTTP/2" 200 320 "-" "Mozilla/5.0 (compatible; ImagesiftBot; +imagesift.com)"
74.80.208.56 - - [28/Sep/2024:14:18:44 +0200] "GET /%D8%AD%D8%B1%D8%A8-%D8%AA%D9%83%D8%B0%D8%A8-%D8%B9%D9%84%D9%89-%D9%86%D9%81%D8%B3%D9%87%D8%A7-%D9%81%D9%8A-%D8%A7%D9%84%D8%B3%D9%88%D8%AF%D8%A7%D9%86/ HTTP/2" 200 49488 "-" "Mozilla/5.0 (compatible; ImagesiftBot; +imagesift.com)"
74.80.208.56 - - [28/Sep/2024:14:18:46 +0200] "GET /tag/%D8%A8%D9%80%D8%AF%D8%A7%D8%B9%D8%B4/ HTTP/2" 200 23545 "-" "Mozilla/5.0 (compatible; ImagesiftBot; +imagesift.com)"
74.80.208.56 - - [28/Sep/2024:14:18:47 +0200] "GET /wp-json/wp/v2/tags/10389 HTTP/2" 200 297 "-" "Mozilla/5.0 (compatible; ImagesiftBot; +imagesift.com)"
40.77.167.152 - - [28/Sep/2024:14:18:47 +0200] "GET /idfbv/h383647.html HTTP/2" 200 40945 "-" "Mozilla/5.0 AppleWebKit/537.36 (KHTML, like Gecko; compatible; bingbot/2.0; +http://www.bing.com/bingbot.htm) Chrome/116.0.1938.76 Safari/537.36"
77.75.78.161 - - [28/Sep/2024:14:16:37 +0200] "GET /rgfrw/m941274.html HTTP/1.1" 404 20327 "-" "Mozilla/5.0 (compatible; SeznamBot/4.0; +http://napoveda.seznam.cz/seznambot-intro/)"
77.75.78.161 - - [28/Sep/2024:14:16:39 +0200] "GET /mjios/k834828.html HTTP/1.1" 404 20328 "-" "Mozilla/5.0 (compatible; SeznamBot/4.0; +http://napoveda.seznam.cz/seznambot-intro/)"
77.75.78.161 - - [28/Sep/2024:14:16:41 +0200] "GET /rovdw/x931275.html HTTP/1.1" 404 20327 "-" "Mozilla/5.0 (compatible; SeznamBot/4.0; +http://napoveda.seznam.cz/seznambot-intro/)"
77.75.78.161 - - [28/Sep/2024:14:16:43 +0200] "GET /nssxa/q1864174.html HTTP/1.1" 404 20322 "-" "Mozilla/5.0 (compatible; SeznamBot/4.0; +http://napoveda.seznam.cz/seznambot-intro/)"
77.75.78.161 - - [28/Sep/2024:14:16:46 +0200] "GET /pggdv/e2420276.html HTTP/1.1" 404 20328 "-" "Mozilla/5.0 (compatible; SeznamBot/4.0; +http://napoveda.seznam.cz/seznambot-intro/)"
77.75.78.161 - - [28/Sep/2024:14:16:49 +0200] "GET /feyui/b1874741.html HTTP/1.1" 404 20325 "-" "Mozilla/5.0 (compatible; SeznamBot/4.0; +http://napoveda.seznam.cz/seznambot-intro/)"
3.139.82.4 - - [28/Sep/2024:14:16:53 +0200] "GET /%d8%b9%d8%af%d8%a7%d8%a1%d8%a9-%d8%b3%d8%a7%d9%86%d8%aa-%d9%84%d9%88%d8%b3%d9%8a%d8%a7-%d8%ac%d9%88%d9%84%d9%8a%d8%a7%d9%86-%d8%a3%d9%84%d9%81%d8%b1%d9%8a%d8%af-%d8%aa%d9%81%d9%88%d8%b2-%d8%a8%d8%b0/ HTTP/2" 200 67132 "https://sudancam.net/%d8%b9%d8%af%d8%a7%d8%a1%d8%a9-%d8%b3%d8%a7%d9%86%d8%aa-%d9%84%d9%88%d8%b3%d9%8a%d8%a7-%d8%ac%d9%88%d9%84%d9%8a%d8%a7%d9%86-%d8%a3%d9%84%d9%81%d8%b1%d9%8a%d8%af-%d8%aa%d9%81%d9%88%d8%b2-%d8%a8%d8%b0" "Mozilla/5.0 AppleWebKit/537.36 (KHTML, like Gecko; compatible; ClaudeBot/1.0; +claudebot@anthropic.com)"
207.46.13.54 - - [28/Sep/2024:14:16:59 +0200] "GET /ymrcp/t2723607.html HTTP/2" 200 41499 "-" "Mozilla/5.0 AppleWebKit/537.36 (KHTML, like Gecko; compatible; bingbot/2.0; +http://www.bing.com/bingbot.htm) Chrome/116.0.1938.76 Safari/537.36"
52.167.144.20 - - [28/Sep/2024:14:17:05 +0200] "GET /ltwgu/e2239498.html HTTP/2" 200 41774 "-" "Mozilla/5.0 AppleWebKit/537.36 (KHTML, like Gecko; compatible; bingbot/2.0; +http://www.bing.com/bingbot.htm) Chrome/116.0.1938.76 Safari/537.36"
18.222.93.132 - - [28/Sep/2024:14:17:25 +0200] "GET /?p=41188 HTTP/2" 301 0 "-" "Mozilla/5.0 AppleWebKit/537.36 (KHTML, like Gecko; compatible; ClaudeBot/1.0; +claudebot@anthropic.com)"
135.181.9.38 - - [28/Sep/2024:14:17:35 +0200] "POST /wp-admin/admin-ajax.php?action=async_litespeed&nonce=yZ5Xo4DpxM6mBzwtSw3JYfEusJZaq2t8&litespeed_type=imgoptm HTTP/1.1" 200 21 "-" "WordPress/6.6.2; https://www.sudancam.net"
207.46.13.54 - - [28/Sep/2024:14:18:28 +0200] "GET /ropco/e1234520.html HTTP/2" 200 42182 "-" "Mozilla/5.0 AppleWebKit/537.36 (KHTML, like Gecko; compatible; bingbot/2.0; +http://www.bing.com/bingbot.htm) Chrome/116.0.1938.76 Safari/537.36"
207.46.13.54 - - [28/Sep/2024:14:18:59 +0200] "GET /jwwmz/i408608.html HTTP/2" 200 41175 "-" "Mozilla/5.0 AppleWebKit/537.36 (KHTML, like Gecko; compatible; bingbot/2.0; +http://www.bing.com/bingbot.htm) Chrome/116.0.1938.76 Safari/537.36"
74.80.208.56 - - [28/Sep/2024:14:19:04 +0200] "GET /tag/%D8%A8%D9%88%D8%B5%D9%88%D9%84/ HTTP/2" 200 23958 "-" "Mozilla/5.0 (compatible; ImagesiftBot; +imagesift.com)"
74.80.208.56 - - [28/Sep/2024:14:19:05 +0200] "GET /tag/%D9%8A%D8%B3%D9%8A%D8%B7%D8%B1/feed/ HTTP/2" 200 0 "-" "Mozilla/5.0 (compatible; ImagesiftBot; +imagesift.com)"
74.80.208.56 - - [28/Sep/2024:14:19:06 +0200] "GET /%D9%82%D9%88%D9%89-%D8%B3%D9%8A%D8%A7%D8%B3%D9%8A%D8%A9-%D8%AA%D8%AF%D9%8A%D9%86-%D8%A7%D8%B9%D8%AA%D9%82%D8%A7%D9%84-%D8%A7%D9%84%D8%AF%D8%B9%D9%85-%D8%A7%D9%84%D8%B3%D8%B1%D9%8A%D8%B9-%D9%88%D8%A7/ HTTP/2" 200 34335 "-" "Mozilla/5.0 (compatible; ImagesiftBot; +imagesift.com)"
74.80.208.56 - - [28/Sep/2024:14:19:07 +0200] "GET /%D8%A7%D9%84%D8%B5%D8%A8%D8%B1-%D8%A7%D9%84%D8%A7%D8%B3%D8%AA%D8%B1%D8%A7%D8%AA%D9%8A%D8%AC%D9%8A-%D9%82%D9%88%D8%A9-%D8%A7%D9%84%D9%85%D9%88%D9%82%D8%B9-%D9%88%D9%82%D9%88%D8%A9-%D8%A7%D9%84%D9%84/ HTTP/2" 200 54009 "-" "Mozilla/5.0 (compatible; ImagesiftBot; +imagesift.com)"
74.80.208.56 - - [28/Sep/2024:14:19:08 +0200] "GET /%D8%A8%D8%B9%D9%85%D9%84%D9%8A%D8%A9-%D9%83%D8%B4%D9%81-%D8%A7%D9%84%D8%B3%D8%AA%D8%A7%D8%B1-%D8%B4%D8%B1%D8%B7%D8%A9-%D8%A7%D9%84%D8%B4%D8%A7%D8%B1%D9%82%D8%A9-%D8%AA%D8%AD%D8%A8/ HTTP/2" 200 35169 "-" "Mozilla/5.0 (compatible; ImagesiftBot; +imagesift.com)"
74.80.208.56 - - [28/Sep/2024:14:19:09 +0200] "GET /%D8%A7%D9%84%D8%A3%D9%85%D9%85-%D8%A7%D9%84%D9%85%D8%AA%D8%AD%D8%AF%D8%A9-%D8%AA%D8%AD%D8%B0%D8%B1-%D9%85%D9%86-%D8%AD%D8%B1%D8%A8-%D8%A3%D9%87%D9%84%D9%8A%D8%A9-%D9%88%D8%A7%D8%B3%D8%B9%D8%A9/ HTTP/2" 200 46431 "-" "Mozilla/5.0 (compatible; ImagesiftBot; +imagesift.com)"
74.80.208.56 - - [28/Sep/2024:14:19:11 +0200] "GET /tag/%D9%85%D8%AD%D8%B3%D9%88%D8%A8%D9%8A%D9%86/feed/ HTTP/2" 200 3737 "-" "Mozilla/5.0 (compatible; ImagesiftBot; +imagesift.com)"
74.80.208.56 - - [28/Sep/2024:14:19:12 +0200] "GET /%D8%A3%D9%86%D8%A7-%D9%85%D8%A7-%D8%B2%D8%B9%D9%84%D8%A7%D9%86-%D8%B9%D9%84%D9%89-%D8%A7%D9%84%D9%85%D9%88%D8%A8%D8%A7%D9%8A%D9%84-%D8%A7%D9%84%D8%A7%D8%AA%D8%B3%D8%B1%D9%82-%D8%A3%D9%86%D8%A7/ HTTP/2" 200 33501 "-" "Mozilla/5.0 (compatible; ImagesiftBot; +imagesift.com)"
74.80.208.56 - - [28/Sep/2024:14:19:13 +0200] "GET /tag/%D9%8A%D8%AD%D8%AA%D8%AC%D8%B2/ HTTP/2" 200 25447 "-" "Mozilla/5.0 (compatible; ImagesiftBot; +imagesift.com)"
74.80.208.56 - - [28/Sep/2024:14:19:14 +0200] "GET /tag/%D8%B4%D8%B1%D9%83%D8%A7%D8%AA/ HTTP/2" 200 36836 "-" "Mozilla/5.0 (compatible; ImagesiftBot; +imagesift.com)"
74.80.208.56 - - [28/Sep/2024:14:19:15 +0200] "GET /%D8%B4%D8%A7%D9%87%D8%AF-%D8%A8%D8%A7%D9%84%D9%81%D9%8A%D8%AF%D9%8A%D9%88-%D8%A7%D9%84%D8%B4%D9%8A%D8%AE-%D9%85%D8%AD%D9%85%D8%AF-%D9%85%D8%B5%D8%B7%D9%81%D9%89-%D9%8A%D8%B9%D9%88%D8%AF-%D9%84%D8%A5/ HTTP/2" 200 32972 "-" "Mozilla/5.0 (compatible; ImagesiftBot; +imagesift.com)"
74.80.208.56 - - [28/Sep/2024:14:19:17 +0200] "GET /%D8%B4%D8%A7%D9%87%D8%AF-%D8%A8%D8%A7%D9%84%D9%81%D9%8A%D8%AF%D9%8A%D9%88-%D8%AD%D8%AC%D8%A7%D8%A8%D8%A7%D8%AA-%D8%A7%D9%84%D8%AF%D8%B9%D8%A7%D9%85%D8%A9-%D8%AA%D8%B4%D8%B9%D9%84-%D8%B4%D8%A8/ HTTP/2" 200 45276 "-" "Mozilla/5.0 (compatible; ImagesiftBot; +imagesift.com)"
74.80.208.56 - - [28/Sep/2024:14:19:17 +0200] "GET /wp-content/uploads/2022/12/13147287-780x470.jpg HTTP/2" 200 59286 "-" "Mozilla/5.0 (compatible; ImagesiftBot; +imagesift.com)"
74.80.208.56 - - [28/Sep/2024:14:19:18 +0200] "GET /wp-content/uploads/2022/12/13147287.jpg HTTP/2" 200 96224 "-" "Mozilla/5.0 (compatible; ImagesiftBot; +imagesift.com)"
74.80.208.56 - - [28/Sep/2024:14:19:18 +0200] "GET /tag/%D9%88%D8%A7%D9%84%D8%A7%D9%83%D8%AA%D8%A6%D8%A7%D8%A8/ HTTP/2" 200 23968 "-" "Mozilla/5.0 (compatible; ImagesiftBot; +imagesift.com)"
74.80.208.56 - - [28/Sep/2024:14:19:19 +0200] "GET /%D9%85%D8%A7-%D8%A3%D8%B5%D9%84-%D8%A7%D9%84%D8%AD%D9%83%D8%A7%D9%8A%D8%A9-%D9%81%D9%8A-%D9%84%D9%8A%D9%84%D8%A9-%D9%88%D8%B6%D8%AD%D8%A7%D9%87%D8%A7-%D8%A7%D9%86%D9%82%D9%84%D8%A8-%D8%AD%D8%A7%D9%84/ HTTP/2" 200 45488 "-" "Mozilla/5.0 (compatible; ImagesiftBot; +imagesift.com)"
74.80.208.56 - - [28/Sep/2024:14:19:20 +0200] "GET /wp-json/wp/v2/posts/25739 HTTP/2" 200 2996 "-" "Mozilla/5.0 (compatible; ImagesiftBot; +imagesift.com)"
74.80.208.56 - - [28/Sep/2024:14:19:21 +0200] "GET /wp-content/uploads/2022/08/1660945087_unnamed-file-480x470.jpg HTTP/2" 200 31314 "-" "Mozilla/5.0 (compatible; ImagesiftBot; +imagesift.com)"
74.80.208.56 - - [28/Sep/2024:14:19:21 +0200] "GET /wp-content/uploads/2022/08/1660945087_unnamed-file.jpg HTTP/2" 200 34398 "-" "Mozilla/5.0 (compatible; ImagesiftBot; +imagesift.com)"
74.80.208.56 - - [28/Sep/2024:14:19:21 +0200] "GET /wp-json/wp/v2/posts/22085 HTTP/2" 200 16496 "-" "Mozilla/5.0 (compatible; ImagesiftBot; +imagesift.com)"
74.80.208.56 - - [28/Sep/2024:14:19:22 +0200] "GET /%D9%85%D8%A4%D8%AA%D9%85%D8%B1-%D8%A8%D8%A7%D9%84%D8%B3%D9%88%D8%AF%D8%A7%D9%86-%D9%8A%D8%A8%D8%AD%D8%AB-%D8%B3%D8%A8%D9%84-%D8%AA%D8%B7%D9%88%D9%8A%D8%B1-%D8%A7%D9%84%D9%85%D8%B1%D8%A3%D8%A9-%D8%AA/feed/ HTTP/2" 200 746 "-" "Mozilla/5.0 (compatible; ImagesiftBot; +imagesift.com)"
74.80.208.56 - - [28/Sep/2024:14:18:48 +0200] "GET /iundr/b1510923.html HTTP/2" 404 22076 "-" "Mozilla/5.0 (compatible; ImagesiftBot; +imagesift.com)"
85.208.96.195 - - [28/Sep/2024:14:18:49 +0200] "GET /tag/%D8%A7%D9%84%D9%85%D8%B5%D8%AD%D9%81/ HTTP/1.1" 403 0 "-" "Mozilla/5.0 (compatible; SemrushBot/7~bl; +http://www.semrush.com/bot.html)"
74.80.208.56 - - [28/Sep/2024:14:18:48 +0200] "GET /%D8%AA%D8%A8%D9%8A%D8%A7%D9%86-%D8%AA%D9%88%D9%81%D9%8A%D9%82%E2%9D%A4%EF%B8%8F-%D9%81%D9%8A-%D8%B9%D9%8F%D9%85%D8%B1-21-%D8%B3%D9%86%D8%A9-%D9%83%D9%86%D8%AA-%D8%A8%D8%B4%D8%B1%D8%A8-%D8%B4%D9%8A/ HTTP/2" 200 38798 "-" "Mozilla/5.0 (compatible; ImagesiftBot; +imagesift.com)"
74.80.208.56 - - [28/Sep/2024:14:18:50 +0200] "GET /wp-json/wp/v2/posts/15674 HTTP/2" 200 3676 "-" "Mozilla/5.0 (compatible; ImagesiftBot; +imagesift.com)"
74.80.208.56 - - [28/Sep/2024:14:18:50 +0200] "GET /tag/%D9%86%D8%B3%D9%8A/ HTTP/2" 200 24446 "-" "Mozilla/5.0 (compatible; ImagesiftBot; +imagesift.com)"
74.80.208.56 - - [28/Sep/2024:14:18:52 +0200] "GET /tag/%D9%8A%D9%87%D8%B1%D8%A8%D9%88%D9%86/feed/ HTTP/2" 200 6789 "-" "Mozilla/5.0 (compatible; ImagesiftBot; +imagesift.com)"
74.80.208.56 - - [28/Sep/2024:14:18:53 +0200] "GET /tag/%D9%85%D8%A8%D8%A7%D8%B1%D8%A7%D8%AA%D9%8A%D9%86/ HTTP/2" 200 25079 "-" "Mozilla/5.0 (compatible; ImagesiftBot; +imagesift.com)"
74.80.208.56 - - [28/Sep/2024:14:18:54 +0200] "GET /tag/%D9%88%D8%AA%D8%B9%D9%84%D9%86/feed/ HTTP/2" 200 14015 "-" "Mozilla/5.0 (compatible; ImagesiftBot; +imagesift.com)"
74.80.208.56 - - [28/Sep/2024:14:18:55 +0200] "GET /tag/%D9%8A%D8%A8%D9%87%D8%B1/ HTTP/2" 200 23974 "-" "Mozilla/5.0 (compatible; ImagesiftBot; +imagesift.com)"
74.80.208.56 - - [28/Sep/2024:14:18:56 +0200] "GET /%D8%A7%D9%84%D9%85%D9%86%D8%A7%D8%B8%D8%B1-%D9%87%D9%8A-%D8%B0%D8%A7%D8%AA%D9%87%D8%A7/ HTTP/2" 200 30105 "-" "Mozilla/5.0 (compatible; ImagesiftBot; +imagesift.com)"
74.80.208.56 - - [28/Sep/2024:14:18:57 +0200] "GET /%D8%A8%D9%8A%D8%A7%D9%86-%D8%AD%D9%88%D9%84-%D8%A3%D8%B3%D8%A8%D8%A7%D8%A8-%D9%88-%D9%85%D9%84%D8%A7%D8%A8%D8%B3%D8%A7%D8%AA-%D8%A5%D8%B9%D9%81%D8%A7%D8%A1-%D8%A8%D8%B9%D8%B6-%D8%A3%D8%B9%D8%B6%D8%A7/ HTTP/2" 200 51775 "-" "Mozilla/5.0 (compatible; ImagesiftBot; +imagesift.com)"
74.80.208.56 - - [28/Sep/2024:14:18:58 +0200] "GET /tag/%D8%A7%D9%84%D8%B5%D8%A7%D9%8A%D8%AD%D8%A9/ HTTP/2" 200 23480 "-" "Mozilla/5.0 (compatible; ImagesiftBot; +imagesift.com)"
74.80.208.56 - - [28/Sep/2024:14:19:00 +0200] "GET /riuda/x1362797.html HTTP/2" 404 22076 "-" "Mozilla/5.0 (compatible; ImagesiftBot; +imagesift.com)"
77.75.78.161 - - [28/Sep/2024:14:19:12 +0200] "GET /axzev/s508718.html HTTP/1.1" 404 20327 "-" "Mozilla/5.0 (compatible; SeznamBot/4.0; +http://napoveda.seznam.cz/seznambot-intro/)"
77.75.78.161 - - [28/Sep/2024:14:19:14 +0200] "GET /baypf/p1634619.html HTTP/1.1" 404 20322 "-" "Mozilla/5.0 (compatible; SeznamBot/4.0; +http://napoveda.seznam.cz/seznambot-intro/)"
77.75.78.161 - - [28/Sep/2024:14:19:15 +0200] "GET /oqajf/t96619.html HTTP/1.1" 404 20326 "-" "Mozilla/5.0 (compatible; SeznamBot/4.0; +http://napoveda.seznam.cz/seznambot-intro/)"
77.75.78.161 - - [28/Sep/2024:14:19:18 +0200] "GET /qqbbj/h2502803.html HTTP/1.1" 404 20324 "-" "Mozilla/5.0 (compatible; SeznamBot/4.0; +http://napoveda.seznam.cz/seznambot-intro/)"
77.75.78.161 - - [28/Sep/2024:14:19:20 +0200] "GET /pkedl/q2094768.html HTTP/1.1" 404 20323 "-" "Mozilla/5.0 (compatible; SeznamBot/4.0; +http://napoveda.seznam.cz/seznambot-intro/)"
77.75.78.161 - - [28/Sep/2024:14:19:21 +0200] "GET /fnjzj/l2596069.html HTTP/1.1" 404 20324 "-" "Mozilla/5.0 (compatible; SeznamBot/4.0; +http://napoveda.seznam.cz/seznambot-intro/)"
77.75.78.161 - - [28/Sep/2024:14:19:23 +0200] "GET /rarty/k1044414.html HTTP/1.1" 404 20322 "-" "Mozilla/5.0 (compatible; SeznamBot/4.0; +http://napoveda.seznam.cz/seznambot-intro/)"
77.75.78.161 - - [28/Sep/2024:14:19:25 +0200] "GET /wggjy/e2528254.html HTTP/1.1" 404 20329 "-" "Mozilla/5.0 (compatible; SeznamBot/4.0; +http://napoveda.seznam.cz/seznambot-intro/)"
74.80.208.56 - - [28/Sep/2024:14:19:22 +0200] "GET /tag/%D8%AE%D9%8A%D8%A7%D8%B1%D9%8A/ HTTP/2" 200 23533 "-" "Mozilla/5.0 (compatible; ImagesiftBot; +imagesift.com)"
74.80.208.56 - - [28/Sep/2024:14:19:23 +0200] "GET /%D9%85%D9%88%D8%A7%D8%B7%D9%86-%D9%8A%D9%82%D9%8A%D9%85-%D8%AE%D8%A7%D8%B1%D8%AC-%D8%A7%D9%84%D8%B3%D9%88%D8%AF%D8%A7%D9%86-%D9%8A%D8%B4%D8%B1%D8%AD-%D8%AA%D8%AC%D8%B1%D8%A8%D8%AA%D9%87-%D9%81%D9%8A/ HTTP/2" 200 33973 "-" "Mozilla/5.0 (compatible; ImagesiftBot; +imagesift.com)"
74.80.208.56 - - [28/Sep/2024:14:19:25 +0200] "GET /ckvrh/k1854938.html HTTP/2" 404 22078 "-" "Mozilla/5.0 (compatible; ImagesiftBot; +imagesift.com)"
74.80.208.56 - - [28/Sep/2024:14:19:26 +0200] "GET /ybtlr/d2374749.html HTTP/2" 404 22076 "-" "Mozilla/5.0 (compatible; ImagesiftBot; +imagesift.com)"
74.80.208.56 - - [28/Sep/2024:14:19:27 +0200] "GET /wp-json/wp/v2/posts/29742 HTTP/2" 200 3991 "-" "Mozilla/5.0 (compatible; ImagesiftBot; +imagesift.com)"
74.80.208.56 - - [28/Sep/2024:14:19:28 +0200] "GET /%D8%B4%D8%A7%D9%87%D8%AF-%D8%A8%D8%A7%D9%84%D9%81%D9%8A%D8%AF%D9%8A%D9%88-%D8%B7%D9%81%D9%84%D8%A9-%D8%B3%D9%88%D8%AF%D8%A7%D9%86%D9%8A%D8%A9-%D8%AC%D9%85%D9%8A%D9%84%D8%A9-%D8%AA%D8%AE%D8%B7%D9%81/ HTTP/2" 200 32259 "-" "Mozilla/5.0 (compatible; ImagesiftBot; +imagesift.com)"
74.80.208.56 - - [28/Sep/2024:14:19:29 +0200] "GET /tag/%D9%85%D8%B1%D8%AA%D8%A8%D8%A7%D8%AA/feed/ HTTP/2" 200 14343 "-" "Mozilla/5.0 (compatible; ImagesiftBot; +imagesift.com)"
74.80.208.56 - - [28/Sep/2024:14:19:30 +0200] "GET /%D8%A8%D8%A7%D9%8A%D8%AF%D9%86-%D8%AA%D9%87%D8%AF%D9%8A%D8%AF-%D8%A8%D9%88%D8%AA%D9%8A%D9%86-%D8%A8%D8%A7%D8%B3%D8%AA%D8%AE%D8%AF%D8%A7%D9%85-%D8%A3%D8%B3%D9%84%D8%AD%D8%A9-%D9%86%D9%88%D9%88%D9%8A/ HTTP/2" 200 33586 "-" "Mozilla/5.0 (compatible; ImagesiftBot; +imagesift.com)"
74.80.208.56 - - [28/Sep/2024:14:19:31 +0200] "GET /wp-content/uploads/2023/04/3-155-600x470.jpg HTTP/2" 200 52030 "-" "Mozilla/5.0 (compatible; ImagesiftBot; +imagesift.com)"
74.80.208.56 - - [28/Sep/2024:14:19:32 +0200] "GET /wp-content/uploads/2023/04/3-155.jpg HTTP/2" 200 70896 "-" "Mozilla/5.0 (compatible; ImagesiftBot; +imagesift.com)"
74.80.208.56 - - [28/Sep/2024:14:19:31 +0200] "GET /%D8%AC%D8%A8%D8%B1%D9%8A%D9%84-%D8%A7%D9%84%D8%AA%D8%AF%D8%AE%D9%84-%D8%A7%D9%84%D8%AE%D8%A7%D8%B1%D8%AC%D9%8A-%D8%B3%D8%A7%D9%87%D9%85-%D9%81%D9%8A-%D8%AA%D8%B9%D9%82%D9%8A%D8%AF-%D8%A7%D9%84%D9%88/ HTTP/2" 200 45713 "-" "Mozilla/5.0 (compatible; ImagesiftBot; +imagesift.com)"
74.80.208.56 - - [28/Sep/2024:14:19:33 +0200] "GET /wp-json/wp/v2/tags/1855 HTTP/2" 200 310 "-" "Mozilla/5.0 (compatible; ImagesiftBot; +imagesift.com)"
135.181.9.38 - - [28/Sep/2024:14:19:34 +0200] "POST /wp-cron.php?doing_wp_cron=1727525974.2553710937500000000000 HTTP/1.1" 200 0 "-" "WordPress/6.6.2; https://www.sudancam.net"
74.80.208.56 - - [28/Sep/2024:14:19:34 +0200] "GET /tag/%D8%A8%D9%84%D9%88%D9%85%D8%A8%D9%8A%D8%B1%D8%BA/ HTTP/2" 200 23638 "-" "Mozilla/5.0 (compatible; ImagesiftBot; +imagesift.com)"
74.80.208.56 - - [28/Sep/2024:14:19:35 +0200] "GET /wp-json/wp/v2/posts/28602 HTTP/2" 200 3034 "-" "Mozilla/5.0 (compatible; ImagesiftBot; +imagesift.com)"
74.80.208.56 - - [28/Sep/2024:14:19:36 +0200] "GET /%D9%86%D8%B8%D8%A7%D9%85-%D8%A7%D9%84%D8%AD%D8%A7%D9%83%D9%88%D8%B1%D8%A9-%D8%A7%D9%84%D8%AF%D8%A7%D8%B1%D9%81%D9%88%D8%B1%D9%8A-%D9%85%D9%81%D8%A7%D9%87%D9%8A%D9%85-%D9%85%D8%BA%D9%84%D9%88/ HTTP/2" 200 82364 "-" "Mozilla/5.0 (compatible; ImagesiftBot; +imagesift.com)"
