Your IP : 3.135.206.254


Current Path : /proc/self/root/home/sudancam/access-logs/
Upload File :
Current File : //proc/self/root/home/sudancam/access-logs/sudancam.net-ssl_log

135.181.9.38 - - [28/Sep/2024:14:14:43 +0200] "POST /wp-cron.php?doing_wp_cron=1727525683.8248848915100097656250 HTTP/1.1" 200 0 "-" "WordPress/6.6.2; https://www.sudancam.net"
74.80.208.56 - - [28/Sep/2024:14:14:43 +0200] "GET /wp-json/wp/v2/tags/18069 HTTP/2" 200 347 "-" "Mozilla/5.0 (compatible; ImagesiftBot; +imagesift.com)"
52.167.144.20 - - [28/Sep/2024:14:14:43 +0200] "GET /ogpji/x2944793.html HTTP/2" 200 41960 "-" "Mozilla/5.0 AppleWebKit/537.36 (KHTML, like Gecko; compatible; bingbot/2.0; +http://www.bing.com/bingbot.htm) Chrome/116.0.1938.76 Safari/537.36"
74.80.208.56 - - [28/Sep/2024:14:14:44 +0200] "GET /wp-json/wp/v2/posts/12983 HTTP/2" 200 4673 "-" "Mozilla/5.0 (compatible; ImagesiftBot; +imagesift.com)"
52.167.144.20 - - [28/Sep/2024:14:14:44 +0200] "GET /xcpuf/j2426027.html HTTP/2" 200 41356 "-" "Mozilla/5.0 AppleWebKit/537.36 (KHTML, like Gecko; compatible; bingbot/2.0; +http://www.bing.com/bingbot.htm) Chrome/116.0.1938.76 Safari/537.36"
74.80.208.56 - - [28/Sep/2024:14:14:44 +0200] "GET /%D9%88%D8%B3%D8%B7-%D8%AF%D8%A7%D8%B1%D9%81%D9%88%D8%B1-%D8%AA%D9%82%D8%B1%D8%B1-%D8%B1%D8%B3%D9%85%D9%8A%D8%A7-%D9%81%D8%AA%D8%AD-%D8%A7%D9%84%D8%AD%D8%AF%D9%88%D8%AF-%D9%85%D8%B9-%D8%A3/ HTTP/2" 200 33662 "-" "Mozilla/5.0 (compatible; ImagesiftBot; +imagesift.com)"
74.80.208.56 - - [28/Sep/2024:14:14:46 +0200] "GET /wp-content/uploads/2023/03/FB_IMG_1657060322806-780x470.jpg HTTP/2" 200 43818 "-" "Mozilla/5.0 (compatible; ImagesiftBot; +imagesift.com)"
74.80.208.56 - - [28/Sep/2024:14:14:46 +0200] "GET /%D8%A7%D9%81%D8%AA%D8%AA%D8%A7%D8%AD-%D9%85%D9%84%D8%B9%D8%A8-%D9%84%D9%88%D8%B3%D9%8A%D9%84-%D8%A3%D9%83%D8%A8%D8%B1-%D9%85%D9%84%D8%A7%D8%B9%D8%A8-%D8%A7%D9%84%D8%A8%D8%B7%D9%88%D9%84%D8%A9-%D9%88/ HTTP/2" 200 52679 "-" "Mozilla/5.0 (compatible; ImagesiftBot; +imagesift.com)"
185.191.171.4 - - [28/Sep/2024:14:14:47 +0200] "GET /%D8%A7%D9%84%D8%AC%D9%8A%D8%B4-%D8%A7%D9%84%D8%B3%D9%88%D8%AF%D8%A7%D9%86%D9%8A-%D8%A7%D9%86%D8%AA%D8%B5%D8%B1-%D8%B9%D9%86%D8%AF%D9%85%D8%A7-%D8%A7%D8%AE%D8%AA%D9%81%D9%89-%D8%AD%D9%85%D9%8A%D8%AF/ HTTP/1.1" 403 0 "-" "Mozilla/5.0 (compatible; SemrushBot/7~bl; +http://www.semrush.com/bot.html)"
74.80.208.56 - - [28/Sep/2024:14:14:47 +0200] "GET /wp-content/uploads/2023/03/FB_IMG_1657060322806.jpg HTTP/2" 200 60621 "-" "Mozilla/5.0 (compatible; ImagesiftBot; +imagesift.com)"
74.80.208.56 - - [28/Sep/2024:14:14:47 +0200] "GET /wp-json/wp/v2/posts/3374 HTTP/2" 200 1742 "-" "Mozilla/5.0 (compatible; ImagesiftBot; +imagesift.com)"
74.80.208.56 - - [28/Sep/2024:14:14:48 +0200] "GET /tag/%D8%B1%D8%AF%D9%87/ HTTP/2" 200 24079 "-" "Mozilla/5.0 (compatible; ImagesiftBot; +imagesift.com)"
74.80.208.56 - - [28/Sep/2024:14:14:49 +0200] "GET /tag/%D9%88%D8%A7%D9%84%D8%A7%D9%86%D8%AA%D9%82%D8%A7%D8%AF%D8%A7%D8%AA/ HTTP/2" 200 24802 "-" "Mozilla/5.0 (compatible; ImagesiftBot; +imagesift.com)"
74.80.208.56 - - [28/Sep/2024:14:14:50 +0200] "GET /tag/%D9%88%D8%A7%D9%84%D8%AB%D8%A7%D9%86%D9%8A%D8%A9/feed/ HTTP/2" 200 4632 "-" "Mozilla/5.0 (compatible; ImagesiftBot; +imagesift.com)"
74.80.208.56 - - [28/Sep/2024:14:14:51 +0200] "GET /ckqnf/h1290527.html HTTP/2" 404 22077 "-" "Mozilla/5.0 (compatible; ImagesiftBot; +imagesift.com)"
18.225.72.245 - - [28/Sep/2024:14:14:51 +0200] "GET /%d8%ad%d8%a7%d9%84%d8%a7%d8%aa-%d8%a5%d8%ac%d9%87%d8%a7%d8%b6-%d9%88%d8%a7%d8%ba%d8%aa%d8%b5%d8%a7%d8%a8-%d9%84%d9%81%d8%aa%d9%8a%d8%a7%d8%aa-%d8%b3%d9%88%d8%af%d8%a7%d9%86%d9%8a%d8%a7%d8%aa-%d8%a8/ HTTP/2" 200 33870 "https://sudancam.net/%d8%ad%d8%a7%d9%84%d8%a7%d8%aa-%d8%a5%d8%ac%d9%87%d8%a7%d8%b6-%d9%88%d8%a7%d8%ba%d8%aa%d8%b5%d8%a7%d8%a8-%d9%84%d9%81%d8%aa%d9%8a%d8%a7%d8%aa-%d8%b3%d9%88%d8%af%d8%a7%d9%86%d9%8a%d8%a7%d8%aa-%d8%a8" "Mozilla/5.0 AppleWebKit/537.36 (KHTML, like Gecko; compatible; ClaudeBot/1.0; +claudebot@anthropic.com)"
74.80.208.56 - - [28/Sep/2024:14:14:52 +0200] "GET /tuxqe/p439867.html HTTP/2" 404 22080 "-" "Mozilla/5.0 (compatible; ImagesiftBot; +imagesift.com)"
74.80.208.56 - - [28/Sep/2024:14:14:53 +0200] "GET /%D9%85%D8%A7%D9%84%D9%83-%D8%B9%D9%82%D8%A7%D8%B1-%D8%A7%D9%84%D8%AC%D9%8A%D8%B4-%D8%A7%D9%84%D8%B3%D9%88%D8%AF%D8%A7%D9%86%D9%8A-%D8%B3%D9%88%D9%81-%D9%8A%D9%86%D8%AA%D8%B5%D8%B1-%D9%81%D9%8A-%D9%87/ HTTP/2" 200 44027 "-" "Mozilla/5.0 (compatible; ImagesiftBot; +imagesift.com)"
74.80.208.56 - - [28/Sep/2024:14:14:54 +0200] "GET /%D8%AE%D8%B1%D8%AC-%D9%84%D9%8A%D8%AC%D9%84%D8%B3-%D8%A3%D9%85%D8%A7%D9%85-%D8%A7%D9%84%D9%85%D9%86%D8%B2%D9%84-%D9%88%D9%83%D9%86%D8%AA-%D8%B3%D8%A3%D9%84%D8%AD%D9%82-%D8%A8%D9%87-%D8%A5%D9%84%D8%A7/ HTTP/2" 200 75230 "-" "Mozilla/5.0 (compatible; ImagesiftBot; +imagesift.com)"
74.80.208.56 - - [28/Sep/2024:14:14:56 +0200] "GET /tag/%D8%A7%D9%84%D8%AC%D8%A8%D9%84/page/2/ HTTP/2" 200 26749 "-" "Mozilla/5.0 (compatible; ImagesiftBot; +imagesift.com)"
74.80.208.56 - - [28/Sep/2024:14:14:57 +0200] "GET /wp-content/uploads/2022/05/383.jpg HTTP/2" 200 38740 "-" "Mozilla/5.0 (compatible; ImagesiftBot; +imagesift.com)"
74.80.208.56 - - [28/Sep/2024:14:14:57 +0200] "GET /%D9%85%D8%AD%D9%85%D8%AF-%D8%A3%D8%A8%D9%88%D8%B2%D9%8A%D8%AF-%D9%83%D8%B1%D9%88%D9%85-%D9%8A%D9%83%D8%AA%D8%A8-%D9%87%D8%B0%D8%A7-%D8%A3%D9%88-%D8%A7%D9%84%D9%85%D9%88%D8%AA/ HTTP/2" 200 47363 "-" "Mozilla/5.0 (compatible; ImagesiftBot; +imagesift.com)"
74.80.208.56 - - [28/Sep/2024:14:14:58 +0200] "GET /tag/%D9%84%D9%84%D9%88%D8%B7%D9%86/feed/ HTTP/2" 200 12210 "-" "Mozilla/5.0 (compatible; ImagesiftBot; +imagesift.com)"
74.80.208.56 - - [28/Sep/2024:14:14:59 +0200] "GET /wp-content/uploads/2023/09/%D8%A7%D8%A8%D9%88%D8%B2%D9%8A%D8%AF-%D9%83%D8%B1%D9%88%D9%85.jpg HTTP/2" 200 34830 "-" "Mozilla/5.0 (compatible; ImagesiftBot; +imagesift.com)"
74.80.208.56 - - [28/Sep/2024:14:14:59 +0200] "GET /%D8%BA%D9%8A%D8%A7%D8%A8-%D8%AA%D8%A7%D9%85-%D9%84%D9%84%D9%82%D9%8A%D8%A7%D8%AF%D8%A7%D8%AA-%D8%A7%D9%84%D8%B4%D8%A8%D8%A7%D8%A8%D9%8A%D8%A9-%D8%A7%D9%84%D9%83%D9%8A%D8%B2%D8%A7%D9%86%D9%8A%D8%A9/feed/ HTTP/2" 200 762 "-" "Mozilla/5.0 (compatible; ImagesiftBot; +imagesift.com)"
74.80.208.56 - - [28/Sep/2024:14:15:00 +0200] "GET /ykfrm/a1268498.html HTTP/2" 404 22076 "-" "Mozilla/5.0 (compatible; ImagesiftBot; +imagesift.com)"
74.80.208.56 - - [28/Sep/2024:14:15:01 +0200] "GET /tag/%D8%A7%D9%84%D8%AD%D9%83%D8%A7%D9%8A%D8%A9/ HTTP/2" 200 0 "-" "Mozilla/5.0 (compatible; ImagesiftBot; +imagesift.com)"
74.80.208.56 - - [28/Sep/2024:14:15:02 +0200] "GET /%D8%AE%D8%B3%D8%B1-%D8%A7%D9%84%D8%B3%D9%88%D8%AF%D8%A7%D9%86-%D9%83%D8%AB%D9%8A%D8%B1%D8%A7%D9%8B-%D8%A8%D8%AA%D8%B3%D8%B1%D9%8A%D8%AD-%D9%87%D9%8A%D8%A6%D8%A9-%D8%A7%D9%84%D8%B9%D9%85%D9%84%D9%8A/ HTTP/2" 200 0 "-" "Mozilla/5.0 (compatible; ImagesiftBot; +imagesift.com)"
74.80.208.56 - - [28/Sep/2024:14:15:03 +0200] "GET /tag/%D8%A7%D9%84%D8%A3%D9%85%D9%86%D9%8A/feed/ HTTP/2" 200 17060 "-" "Mozilla/5.0 (compatible; ImagesiftBot; +imagesift.com)"
74.80.208.56 - - [28/Sep/2024:14:15:04 +0200] "GET /tag/%D8%A8%D9%86%D9%88%D9%83/ HTTP/2" 200 24446 "-" "Mozilla/5.0 (compatible; ImagesiftBot; +imagesift.com)"
74.80.208.56 - - [28/Sep/2024:14:15:05 +0200] "GET /tag/%D9%88%D8%A7%D9%84%D9%85%D9%83%D8%A7%D9%86/feed/ HTTP/2" 200 2054 "-" "Mozilla/5.0 (compatible; ImagesiftBot; +imagesift.com)"
74.80.208.56 - - [28/Sep/2024:14:15:06 +0200] "GET /wp-json/wp/v2/tags/8368 HTTP/2" 200 347 "-" "Mozilla/5.0 (compatible; ImagesiftBot; +imagesift.com)"
74.80.208.56 - - [28/Sep/2024:14:15:07 +0200] "GET /wp-json/wp/v2/categories/1 HTTP/2" 200 319 "-" "Mozilla/5.0 (compatible; ImagesiftBot; +imagesift.com)"
74.80.208.56 - - [28/Sep/2024:14:15:08 +0200] "GET /%D8%A7%D9%84%D9%85%D8%BA%D8%B1%D8%A8-%D9%8A%D9%81%D9%88%D8%B2-%D8%A8%D8%AA%D9%86%D8%B8%D9%8A%D9%85-%D8%A3%D9%85%D9%85-%D8%A3%D9%81%D8%B1%D9%8A%D9%82%D9%8A%D8%A7-2025%D8%8C-%D9%88%D8%A8%D8%B7%D9%88/ HTTP/2" 200 32490 "-" "Mozilla/5.0 (compatible; ImagesiftBot; +imagesift.com)"
74.80.208.56 - - [28/Sep/2024:14:15:09 +0200] "GET /wp-content/uploads/2023/09/moroco_07-780x470.jpg HTTP/2" 200 91398 "-" "Mozilla/5.0 (compatible; ImagesiftBot; +imagesift.com)"
77.75.78.161 - - [28/Sep/2024:14:14:43 +0200] "GET /zeqdb/g98712.html HTTP/1.1" 404 20320 "-" "Mozilla/5.0 (compatible; SeznamBot/4.0; +http://napoveda.seznam.cz/seznambot-intro/)"
77.75.78.161 - - [28/Sep/2024:14:14:45 +0200] "GET /rdtef/m2026722.html HTTP/1.1" 404 20327 "-" "Mozilla/5.0 (compatible; SeznamBot/4.0; +http://napoveda.seznam.cz/seznambot-intro/)"
77.75.78.161 - - [28/Sep/2024:14:14:47 +0200] "GET /gdgsd/j2457617.html HTTP/1.1" 404 20328 "-" "Mozilla/5.0 (compatible; SeznamBot/4.0; +http://napoveda.seznam.cz/seznambot-intro/)"
77.75.78.161 - - [28/Sep/2024:14:14:49 +0200] "GET /qnbxx/b2190043.html HTTP/1.1" 404 20323 "-" "Mozilla/5.0 (compatible; SeznamBot/4.0; +http://napoveda.seznam.cz/seznambot-intro/)"
18.225.72.245 - - [28/Sep/2024:14:14:50 +0200] "GET /%d8%ad%d8%a7%d9%84%d8%a7%d8%aa-%d8%a5%d8%ac%d9%87%d8%a7%d8%b6-%d9%88%d8%a7%d8%ba%d8%aa%d8%b5%d8%a7%d8%a8-%d9%84%d9%81%d8%aa%d9%8a%d8%a7%d8%aa-%d8%b3%d9%88%d8%af%d8%a7%d9%86%d9%8a%d8%a7%d8%aa-%d8%a8 HTTP/2" 301 0 "-" "Mozilla/5.0 AppleWebKit/537.36 (KHTML, like Gecko; compatible; ClaudeBot/1.0; +claudebot@anthropic.com)"
77.75.78.161 - - [28/Sep/2024:14:14:51 +0200] "GET /jrrej/d1642147.html HTTP/1.1" 404 20322 "-" "Mozilla/5.0 (compatible; SeznamBot/4.0; +http://napoveda.seznam.cz/seznambot-intro/)"
77.75.78.161 - - [28/Sep/2024:14:14:54 +0200] "GET /bywzo/p2811431.html HTTP/1.1" 404 20323 "-" "Mozilla/5.0 (compatible; SeznamBot/4.0; +http://napoveda.seznam.cz/seznambot-intro/)"
77.75.78.161 - - [28/Sep/2024:14:14:55 +0200] "GET /dsnnx/g898602.html HTTP/1.1" 404 20326 "-" "Mozilla/5.0 (compatible; SeznamBot/4.0; +http://napoveda.seznam.cz/seznambot-intro/)"
77.75.78.161 - - [28/Sep/2024:14:14:57 +0200] "GET /fhxgn/w1492302.html HTTP/1.1" 404 20322 "-" "Mozilla/5.0 (compatible; SeznamBot/4.0; +http://napoveda.seznam.cz/seznambot-intro/)"
77.75.78.161 - - [28/Sep/2024:14:14:59 +0200] "GET /apmrx/j1997339.html HTTP/1.1" 404 20323 "-" "Mozilla/5.0 (compatible; SeznamBot/4.0; +http://napoveda.seznam.cz/seznambot-intro/)"
77.75.78.161 - - [28/Sep/2024:14:15:01 +0200] "GET /vhklk/n2995977.html HTTP/1.1" 404 20329 "-" "Mozilla/5.0 (compatible; SeznamBot/4.0; +http://napoveda.seznam.cz/seznambot-intro/)"
77.75.78.161 - - [28/Sep/2024:14:15:04 +0200] "GET /ppqjs/q831298.html HTTP/1.1" 404 20322 "-" "Mozilla/5.0 (compatible; SeznamBot/4.0; +http://napoveda.seznam.cz/seznambot-intro/)"
3.144.227.9 - - [28/Sep/2024:14:15:06 +0200] "GET /tag/%d9%88%d9%84%d8%a7%d9%8a%d9%84%d8%b2/ HTTP/2" 200 23544 "https://sudancam.net/tag/%d9%88%d9%84%d8%a7%d9%8a%d9%84%d8%b2" "Mozilla/5.0 AppleWebKit/537.36 (KHTML, like Gecko; compatible; ClaudeBot/1.0; +claudebot@anthropic.com)"
77.75.78.161 - - [28/Sep/2024:14:15:06 +0200] "GET /wzxfz/w2872824.html HTTP/1.1" 404 20324 "-" "Mozilla/5.0 (compatible; SeznamBot/4.0; +http://napoveda.seznam.cz/seznambot-intro/)"
77.75.78.161 - - [28/Sep/2024:14:15:08 +0200] "GET /drafq/y1707922.html HTTP/1.1" 404 20321 "-" "Mozilla/5.0 (compatible; SeznamBot/4.0; +http://napoveda.seznam.cz/seznambot-intro/)"
77.75.78.161 - - [28/Sep/2024:14:15:10 +0200] "GET /irsiy/h1012743.html HTTP/1.1" 404 20321 "-" "Mozilla/5.0 (compatible; SeznamBot/4.0; +http://napoveda.seznam.cz/seznambot-intro/)"
77.75.78.161 - - [28/Sep/2024:14:15:12 +0200] "GET /nzfyv/k1782112.html HTTP/1.1" 404 20330 "-" "Mozilla/5.0 (compatible; SeznamBot/4.0; +http://napoveda.seznam.cz/seznambot-intro/)"
77.75.78.161 - - [28/Sep/2024:14:15:13 +0200] "GET /sqcod/s2541060.html HTTP/1.1" 404 20328 "-" "Mozilla/5.0 (compatible; SeznamBot/4.0; +http://napoveda.seznam.cz/seznambot-intro/)"
77.75.78.161 - - [28/Sep/2024:14:15:15 +0200] "GET /ugxzz/e3056834.html HTTP/1.1" 404 20324 "-" "Mozilla/5.0 (compatible; SeznamBot/4.0; +http://napoveda.seznam.cz/seznambot-intro/)"
77.75.78.161 - - [28/Sep/2024:14:15:17 +0200] "GET /fnirs/n1717609.html HTTP/1.1" 404 20327 "-" "Mozilla/5.0 (compatible; SeznamBot/4.0; +http://napoveda.seznam.cz/seznambot-intro/)"
74.80.208.56 - - [28/Sep/2024:14:15:09 +0200] "GET /%D8%A7%D9%84%D8%A3%D9%87%D9%84%D9%8A-%D8%A7%D9%84%D9%85%D8%B5%D8%B1%D9%8A-%D9%8A%D9%83%D8%B1%D9%91%D8%B3-%D8%B9%D9%82%D8%AF%D8%AA%D9%87-%D9%84%D9%84%D8%A3%D9%86%D8%AF%D9%8A%D8%A9-%D8%A7/ HTTP/2" 200 46720 "-" "Mozilla/5.0 (compatible; ImagesiftBot; +imagesift.com)"
74.80.208.56 - - [28/Sep/2024:14:15:10 +0200] "GET /tag/%D9%88%D8%A7%D9%84%D8%AA%D8%AD%D9%82%D9%8A%D9%82%D8%A7%D8%AA/ HTTP/2" 200 52941 "-" "Mozilla/5.0 (compatible; ImagesiftBot; +imagesift.com)"
74.80.208.56 - - [28/Sep/2024:14:15:12 +0200] "GET /rxlmu/z1231499.html HTTP/2" 404 22078 "-" "Mozilla/5.0 (compatible; ImagesiftBot; +imagesift.com)"
74.80.208.56 - - [28/Sep/2024:14:15:13 +0200] "GET /wp-json/wp/v2/posts/18651 HTTP/2" 404 125 "-" "Mozilla/5.0 (compatible; ImagesiftBot; +imagesift.com)"
74.80.208.56 - - [28/Sep/2024:14:15:13 +0200] "GET /%D8%A7%D8%AC%D8%AA%D9%85%D8%A7%D8%B9-%D9%85%D8%B1%D8%AA%D9%82%D8%A8-%D9%84%D9%82%D9%88%D9%89-%D8%A7%D9%84%D8%A7%D8%B7%D8%A7%D8%B1%D9%8A-%D9%84%D8%A8%D8%AD%D8%AB-%D8%A8%D8%AF%D8%A7%D8%A6%D9%84-%D8%AA/ HTTP/2" 200 46218 "-" "Mozilla/5.0 (compatible; ImagesiftBot; +imagesift.com)"
74.80.208.56 - - [28/Sep/2024:14:15:15 +0200] "GET /qtuxr/y858476.html HTTP/2" 404 22080 "-" "Mozilla/5.0 (compatible; ImagesiftBot; +imagesift.com)"
74.80.208.56 - - [28/Sep/2024:14:15:15 +0200] "GET /wp-content/uploads/2023/04/314679753_668954761268836_386101689018800603_n-780x470.jpg HTTP/2" 200 69724 "-" "Mozilla/5.0 (compatible; ImagesiftBot; +imagesift.com)"
74.80.208.56 - - [28/Sep/2024:14:15:16 +0200] "GET /wp-content/uploads/2023/04/314679753_668954761268836_386101689018800603_n.jpg HTTP/2" 200 130741 "-" "Mozilla/5.0 (compatible; ImagesiftBot; +imagesift.com)"
74.80.208.56 - - [28/Sep/2024:14:15:16 +0200] "GET /%D8%A5%D8%B9%D9%84%D8%A7%D9%86-%D9%86%D8%AA%D8%A7%D8%A6%D8%AC-%D8%A7%D9%84%D8%AA%D8%AD%D9%82%D9%8A%D9%82-%D9%81%D9%8A-%D8%A7%D8%AD%D8%AF%D8%A7%D8%AB-%D8%A8%D9%84%D9%8A%D9%84-%D9%88%D8%AA%D9%88%D8%B1/ HTTP/2" 200 46683 "-" "Mozilla/5.0 (compatible; ImagesiftBot; +imagesift.com)"
74.80.208.56 - - [28/Sep/2024:14:15:17 +0200] "GET /%D8%A7%D8%AA%D8%AD%D8%A7%D8%AF-%D8%A7%D9%84%D9%83%D8%B1%D8%A9-%D9%8A%D9%88%D8%A7%D9%81%D9%82-%D8%B9%D9%84%D9%89-%D8%A7%D9%84%D8%AA%D9%85%D8%A7%D8%B3-%D9%8A%D9%82%D8%B6%D9%8A-%D8%A8%D8%A7%D9%84%D9%85/ HTTP/2" 200 45981 "-" "Mozilla/5.0 (compatible; ImagesiftBot; +imagesift.com)"
207.46.13.54 - - [28/Sep/2024:14:15:17 +0200] "GET /ftpsi/x420921.html HTTP/2" 200 41746 "-" "Mozilla/5.0 AppleWebKit/537.36 (KHTML, like Gecko; compatible; bingbot/2.0; +http://www.bing.com/bingbot.htm) Chrome/116.0.1938.76 Safari/537.36"
74.80.208.56 - - [28/Sep/2024:14:15:18 +0200] "GET /tag/%D9%85%D9%86%D8%AA%D8%AC%D9%8A/feed/ HTTP/2" 200 4115 "-" "Mozilla/5.0 (compatible; ImagesiftBot; +imagesift.com)"
3.15.22.160 - - [28/Sep/2024:14:15:19 +0200] "GET /wp-json/oembed/1.0/embed?format=xml&url=https%3A%2F%2Fwww.sudancam.net%2F%25d9%2586%25d9%2582%25d8%25a7%25d8%25a8%25d8%25a9-%25d8%25a7%25d9%2584%25d8%25b5%25d8%25ad%25d9%2581%25d9%258a%25d9%258a%25d9%2586-%25d8%25a7%25d9%2584%25d8%25b3%25d9%2588%25d8%25af%25d8%25a7%25d9%2586%25d9%258a%25d9%258a%25d9%2586-%25d8%25aa%25d8%25aa%25d8%25a8%25d9%2586%25d9%2589-%25d8%25ad%25d9%2585%25d9%2584%25d8%25a9%2F HTTP/2" 200 1536 "-" "Mozilla/5.0 AppleWebKit/537.36 (KHTML, like Gecko; compatible; ClaudeBot/1.0; +claudebot@anthropic.com)"
74.80.208.56 - - [28/Sep/2024:14:15:19 +0200] "GET /wp-json/wp/v2/posts/17511 HTTP/2" 200 5300 "-" "Mozilla/5.0 (compatible; ImagesiftBot; +imagesift.com)"
74.80.208.56 - - [28/Sep/2024:14:15:20 +0200] "GET /tag/%D9%88%D8%A7%D9%84%D8%B2%D9%86%D9%82/feed/ HTTP/2" 200 2364 "-" "Mozilla/5.0 (compatible; ImagesiftBot; +imagesift.com)"
74.80.208.56 - - [28/Sep/2024:14:15:20 +0200] "GET /%D8%B4%D8%A7%D9%87%D8%AF-%D8%A8%D8%A7%D9%84%D9%81%D9%8A%D8%AF%D9%8A%D9%88-%D8%B3%D8%A7%D8%A6%D9%84-%D8%A3%D8%B3%D9%88%D8%AF-%D8%A8%D9%86%D8%A7%D9%81%D9%88%D8%B1%D8%A9-%D8%B1%D9%88%D9%85%D8%A7%D9%86/ HTTP/2" 200 32627 "-" "Mozilla/5.0 (compatible; ImagesiftBot; +imagesift.com)"
74.80.208.56 - - [28/Sep/2024:14:15:22 +0200] "GET /tag/%D9%87%D8%A7%D8%AC/ HTTP/2" 200 25244 "-" "Mozilla/5.0 (compatible; ImagesiftBot; +imagesift.com)"
74.80.208.56 - - [28/Sep/2024:14:15:23 +0200] "GET /%D8%A8%D8%A5%D9%86%D9%82%D8%B7%D8%A7%D8%B9-%D8%A7%D9%84%D9%83%D9%87%D8%B1%D8%A8%D8%A7%D8%A1-%D9%8A%D8%AA%D8%AD%D9%88%D9%84-%D8%AD%D9%8A%D9%86%D8%A7-%D8%A7%D9%84%D9%89-%D8%AD%D8%A7%D9%84%D8%A9-%D9%85/ HTTP/2" 200 50700 "-" "Mozilla/5.0 (compatible; ImagesiftBot; +imagesift.com)"
74.80.208.56 - - [28/Sep/2024:14:15:24 +0200] "GET /tag/%D8%A7%D9%84%D9%84%D8%AD%D9%88%D9%85/feed/ HTTP/2" 200 14644 "-" "Mozilla/5.0 (compatible; ImagesiftBot; +imagesift.com)"
74.80.208.56 - - [28/Sep/2024:14:15:25 +0200] "GET /a-skin-cream-thats-proven-to-work/ HTTP/2" 200 45716 "-" "Mozilla/5.0 (compatible; ImagesiftBot; +imagesift.com)"
74.80.208.56 - - [28/Sep/2024:14:15:28 +0200] "GET /wp-content/uploads/2015/01/9325995752_e4ecc539f2_o.jpg HTTP/2" 200 204570 "-" "Mozilla/5.0 (compatible; ImagesiftBot; +imagesift.com)"
74.80.208.56 - - [28/Sep/2024:14:15:27 +0200] "GET /tag/%D8%B9%D8%A7%D9%88%D8%B2%D9%8A%D9%86/ HTTP/2" 200 27079 "-" "Mozilla/5.0 (compatible; ImagesiftBot; +imagesift.com)"
74.80.208.56 - - [28/Sep/2024:14:15:28 +0200] "GET /%D8%AC%D8%B1%D9%8A%D9%85%D8%A9-%D9%85%D9%8F%D9%81%D8%AC%D8%B9%D8%A9-%D8%A8%D9%80%D9%85%D9%8A%D8%AA-%D8%A7%D9%84%D8%B3%D9%88%D8%AF%D8%A7%D9%86-%D8%A7%D9%84%D9%86%D9%8A%D9%84%D9%8A/ HTTP/2" 200 31246 "-" "Mozilla/5.0 (compatible; ImagesiftBot; +imagesift.com)"
74.80.208.56 - - [28/Sep/2024:14:15:30 +0200] "GET /tag/%D9%84%D9%85%D8%AD%D9%84%D9%8A%D8%A9/feed/ HTTP/2" 200 10275 "-" "Mozilla/5.0 (compatible; ImagesiftBot; +imagesift.com)"
74.80.208.56 - - [28/Sep/2024:14:15:30 +0200] "GET /%D8%A8%D8%B3%D8%A8%D8%A8-%D8%A7%D9%84%D8%B1%D8%AE%D8%B5%D8%A9-%D9%85%D8%AC%D9%84%D8%B3-%D8%A7%D9%84%D9%85%D9%87%D9%86-%D8%A7%D9%84%D9%85%D9%88%D8%B3%D9%8A%D9%82%D9%8A%D8%A9-%D9%8A%D9%83%D8%B0%D8%A8/ HTTP/2" 200 31886 "-" "Mozilla/5.0 (compatible; ImagesiftBot; +imagesift.com)"
74.80.208.56 - - [28/Sep/2024:14:15:32 +0200] "GET /wp-json/wp/v2/posts/29856 HTTP/2" 200 4449 "-" "Mozilla/5.0 (compatible; ImagesiftBot; +imagesift.com)"
74.80.208.56 - - [28/Sep/2024:14:15:33 +0200] "GET /tag/%D8%A7%D9%84%D8%B9%D8%B2%D9%85/ HTTP/2" 200 25453 "-" "Mozilla/5.0 (compatible; ImagesiftBot; +imagesift.com)"
74.80.208.56 - - [28/Sep/2024:14:15:34 +0200] "GET /tag/%D8%AA%D8%AD%D9%85%D9%8A%D9%84%D9%87%D8%A7/ HTTP/2" 200 23516 "-" "Mozilla/5.0 (compatible; ImagesiftBot; +imagesift.com)"
135.181.9.38 - - [28/Sep/2024:14:15:34 +0200] "POST /wp-admin/admin-ajax.php?action=async_litespeed&nonce=N8bIA7DXik283HRA0bsOnaVZQdul4tuo&litespeed_type=imgoptm HTTP/1.1" 200 21 "-" "WordPress/6.6.2; https://www.sudancam.net"
74.80.208.56 - - [28/Sep/2024:14:15:35 +0200] "GET /tag/%D9%84%D8%AA%D9%82%D9%8A%D9%8A%D9%85/ HTTP/2" 200 24401 "-" "Mozilla/5.0 (compatible; ImagesiftBot; +imagesift.com)"
74.80.208.56 - - [28/Sep/2024:14:15:36 +0200] "GET /%D8%A8%D9%8A%D8%A7%D9%86-%D9%84%D9%84%D8%B5%D8%AD%D8%A9-%D8%A8%D9%83%D8%B4%D9%81-%D8%A7%D9%86%D8%AA%D9%87%D8%A7%D9%83%D8%A7%D8%AA-%D8%A7%D9%84%D8%AF%D8%B9%D9%85-%D8%A7%D9%84%D8%B3%D8%B1%D9%8A%D8%B9/ HTTP/2" 200 45785 "-" "Mozilla/5.0 (compatible; ImagesiftBot; +imagesift.com)"
74.80.208.56 - - [28/Sep/2024:14:15:38 +0200] "GET /%D9%85%D8%B5%D8%B1-%D8%B3%D9%86%D8%AF-%D9%84%D9%84%D8%B3%D9%88%D8%AF%D8%A7%D9%86-%D9%88%D8%B9%D9%85%D9%82-%D9%88%D8%B1%D8%A7%D8%A8%D8%B7%D8%A9-%D9%84%D8%A7-%D8%AA%D9%86%D9%81%D8%B5%D9%85-%D8%B9%D8%B1/ HTTP/2" 200 62797 "-" "Mozilla/5.0 (compatible; ImagesiftBot; +imagesift.com)"
74.80.208.56 - - [28/Sep/2024:14:15:39 +0200] "GET /wp-content/uploads/2023/05/%D9%82%D8%A7%D8%B3%D9%85.jpg.webp.webp HTTP/2" 200 36560 "-" "Mozilla/5.0 (compatible; ImagesiftBot; +imagesift.com)"
74.80.208.56 - - [28/Sep/2024:14:15:39 +0200] "GET /tag/%D8%A7%D8%B3%D8%AA%D8%AB%D9%85%D8%A7%D8%B1%D8%A7%D8%AA%D9%87%D8%A7/ HTTP/2" 200 52317 "-" "Mozilla/5.0 (compatible; ImagesiftBot; +imagesift.com)"
77.75.78.161 - - [28/Sep/2024:14:15:19 +0200] "GET /ckgho/d877851.html HTTP/1.1" 404 20320 "-" "Mozilla/5.0 (compatible; SeznamBot/4.0; +http://napoveda.seznam.cz/seznambot-intro/)"
77.75.78.161 - - [28/Sep/2024:14:15:21 +0200] "GET /qcnnb/u1979228.html HTTP/1.1" 404 20323 "-" "Mozilla/5.0 (compatible; SeznamBot/4.0; +http://napoveda.seznam.cz/seznambot-intro/)"
77.75.78.161 - - [28/Sep/2024:14:15:23 +0200] "GET /fgoda/a122522.html HTTP/1.1" 404 20318 "-" "Mozilla/5.0 (compatible; SeznamBot/4.0; +http://napoveda.seznam.cz/seznambot-intro/)"
77.75.78.161 - - [28/Sep/2024:14:15:25 +0200] "GET /kvulh/w1593156.html HTTP/1.1" 404 20323 "-" "Mozilla/5.0 (compatible; SeznamBot/4.0; +http://napoveda.seznam.cz/seznambot-intro/)"
77.75.78.161 - - [28/Sep/2024:14:15:27 +0200] "GET /ggkuw/m2221202.html HTTP/1.1" 404 20328 "-" "Mozilla/5.0 (compatible; SeznamBot/4.0; +http://napoveda.seznam.cz/seznambot-intro/)"
3.138.37.191 - - [28/Sep/2024:14:15:28 +0200] "GET /wp-json/wp/v2/posts/41118 HTTP/2" 200 3554 "-" "Mozilla/5.0 AppleWebKit/537.36 (KHTML, like Gecko; compatible; ClaudeBot/1.0; +claudebot@anthropic.com)"
77.75.78.161 - - [28/Sep/2024:14:15:29 +0200] "GET /iruyd/l382351.html HTTP/1.1" 404 20327 "-" "Mozilla/5.0 (compatible; SeznamBot/4.0; +http://napoveda.seznam.cz/seznambot-intro/)"
77.75.78.161 - - [28/Sep/2024:14:15:31 +0200] "GET /zzqff/j947017.html HTTP/1.1" 404 20323 "-" "Mozilla/5.0 (compatible; SeznamBot/4.0; +http://napoveda.seznam.cz/seznambot-intro/)"
77.75.78.161 - - [28/Sep/2024:14:15:33 +0200] "GET /huzbm/k1539662.html HTTP/1.1" 404 20330 "-" "Mozilla/5.0 (compatible; SeznamBot/4.0; +http://napoveda.seznam.cz/seznambot-intro/)"
66.249.64.15 - - [28/Sep/2024:14:15:34 +0200] "GET /snknz/i2625732.html HTTP/1.1" 200 41884 "-" "Mozilla/5.0 (Linux; Android 6.0.1; Nexus 5X Build/MMB29P) AppleWebKit/537.36 (KHTML, like Gecko) Chrome/128.0.6613.137 Mobile Safari/537.36 (compatible; GoogleOther)"
77.75.78.161 - - [28/Sep/2024:14:15:35 +0200] "GET /hnfuh/c2526172.html HTTP/1.1" 404 20322 "-" "Mozilla/5.0 (compatible; SeznamBot/4.0; +http://napoveda.seznam.cz/seznambot-intro/)"
77.75.78.161 - - [28/Sep/2024:14:15:38 +0200] "GET /nntxh/d458913.html HTTP/1.1" 404 20327 "-" "Mozilla/5.0 (compatible; SeznamBot/4.0; +http://napoveda.seznam.cz/seznambot-intro/)"
77.75.78.161 - - [28/Sep/2024:14:15:39 +0200] "GET /bxblt/o728128.html HTTP/1.1" 404 20327 "-" "Mozilla/5.0 (compatible; SeznamBot/4.0; +http://napoveda.seznam.cz/seznambot-intro/)"
77.75.78.161 - - [28/Sep/2024:14:15:41 +0200] "GET /oabid/l1694467.html HTTP/1.1" 404 20322 "-" "Mozilla/5.0 (compatible; SeznamBot/4.0; +http://napoveda.seznam.cz/seznambot-intro/)"
135.181.9.38 - - [28/Sep/2024:14:15:43 +0200] "POST /wp-cron.php?doing_wp_cron=1727525743.1232619285583496093750 HTTP/1.1" 200 0 "-" "WordPress/6.6.2; https://www.sudancam.net"
77.75.78.161 - - [28/Sep/2024:14:15:43 +0200] "GET /rtvxg/e178036.html HTTP/1.1" 404 20327 "-" "Mozilla/5.0 (compatible; SeznamBot/4.0; +http://napoveda.seznam.cz/seznambot-intro/)"
77.75.78.161 - - [28/Sep/2024:14:15:45 +0200] "GET /lsygj/d234377.html HTTP/1.1" 404 20327 "-" "Mozilla/5.0 (compatible; SeznamBot/4.0; +http://napoveda.seznam.cz/seznambot-intro/)"
77.75.78.161 - - [28/Sep/2024:14:15:47 +0200] "GET /saxos/u2149164.html HTTP/1.1" 404 20327 "-" "Mozilla/5.0 (compatible; SeznamBot/4.0; +http://napoveda.seznam.cz/seznambot-intro/)"
77.75.78.161 - - [28/Sep/2024:14:15:49 +0200] "GET /picku/i2682360.html HTTP/1.1" 404 20322 "-" "Mozilla/5.0 (compatible; SeznamBot/4.0; +http://napoveda.seznam.cz/seznambot-intro/)"
77.75.78.161 - - [28/Sep/2024:14:15:51 +0200] "GET /mhhxf/k434610.html HTTP/1.1" 404 20328 "-" "Mozilla/5.0 (compatible; SeznamBot/4.0; +http://napoveda.seznam.cz/seznambot-intro/)"
77.75.78.161 - - [28/Sep/2024:14:15:53 +0200] "GET /xztwp/i2467340.html HTTP/1.1" 404 20323 "-" "Mozilla/5.0 (compatible; SeznamBot/4.0; +http://napoveda.seznam.cz/seznambot-intro/)"
74.80.208.56 - - [28/Sep/2024:14:15:40 +0200] "GET /tag/%D9%88%D8%AD%D8%B1%D9%83%D8%A7%D8%AA/feed/ HTTP/2" 200 15605 "-" "Mozilla/5.0 (compatible; ImagesiftBot; +imagesift.com)"
74.80.208.56 - - [28/Sep/2024:14:15:41 +0200] "GET /%D8%AD%D9%85%D9%8A%D8%AF%D8%AA%D9%8A-%D9%8A%D9%82%D9%88%D9%84-%D8%A5%D9%86-%D8%AE%D9%84%D8%A7%D9%81%D9%87-%D9%84%D9%8A%D8%B3-%D9%85%D8%B9-%D8%A7%D9%84%D8%AC%D9%8A%D8%B4-%D8%A5%D9%86%D9%85/feed/ HTTP/2" 200 748 "-" "Mozilla/5.0 (compatible; ImagesiftBot; +imagesift.com)"
74.80.208.56 - - [28/Sep/2024:14:15:42 +0200] "GET /wp-json/wp/v2/posts/25062 HTTP/2" 200 2055 "-" "Mozilla/5.0 (compatible; ImagesiftBot; +imagesift.com)"
74.80.208.56 - - [28/Sep/2024:14:15:43 +0200] "GET /tag/%D8%A8%D9%85%D8%A8%D8%A7%D8%B1%D9%83%D8%A9/ HTTP/2" 200 23593 "-" "Mozilla/5.0 (compatible; ImagesiftBot; +imagesift.com)"
74.80.208.56 - - [28/Sep/2024:14:15:44 +0200] "GET /tag/%D8%A8%D8%A7%D9%84%D8%B7%D8%A7%D9%82%D8%A9/ HTTP/2" 200 23495 "-" "Mozilla/5.0 (compatible; ImagesiftBot; +imagesift.com)"
74.80.208.56 - - [28/Sep/2024:14:15:45 +0200] "GET /tag/%D8%B2%D9%8A%D8%AF/page/3/ HTTP/2" 200 25516 "-" "Mozilla/5.0 (compatible; ImagesiftBot; +imagesift.com)"
74.80.208.56 - - [28/Sep/2024:14:15:46 +0200] "GET /tag/%D9%85%D8%AD%D9%83%D9%85%D8%A9/feed/ HTTP/2" 200 17694 "-" "Mozilla/5.0 (compatible; ImagesiftBot; +imagesift.com)"
74.80.208.56 - - [28/Sep/2024:14:15:47 +0200] "GET /tag/%D8%AD%D8%B3%D9%86/ HTTP/2" 200 26822 "-" "Mozilla/5.0 (compatible; ImagesiftBot; +imagesift.com)"
74.80.208.56 - - [28/Sep/2024:14:15:49 +0200] "GET /tag/%D8%A7%D9%84%D8%B1%D9%88%D8%A8%D9%8A/ HTTP/2" 200 35251 "-" "Mozilla/5.0 (compatible; ImagesiftBot; +imagesift.com)"
74.80.208.56 - - [28/Sep/2024:14:15:50 +0200] "GET /tag/%D9%88%D8%AA%D8%AC%D8%AF/ HTTP/2" 200 23560 "-" "Mozilla/5.0 (compatible; ImagesiftBot; +imagesift.com)"
74.80.208.56 - - [28/Sep/2024:14:15:51 +0200] "GET /%D9%86%D9%8A%D9%88%D9%83%D8%A7%D8%B3%D9%84-%D9%8A%D8%A8%D8%AA%D8%B9%D8%AF-%D9%81%D9%8A-%D8%A7%D9%84%D9%85%D8%B1%D9%83%D8%B2-%D8%A7%D9%84%D8%AB%D8%A7%D9%84%D8%AB-%D9%88%D8%AA%D9%88%D8%AA%D9%86%D9%87/ HTTP/2" 200 0 "-" "Mozilla/5.0 (compatible; ImagesiftBot; +imagesift.com)"
74.80.208.56 - - [28/Sep/2024:14:15:52 +0200] "GET /wp-json/wp/v2/posts/15774 HTTP/2" 200 3721 "-" "Mozilla/5.0 (compatible; ImagesiftBot; +imagesift.com)"
74.80.208.56 - - [28/Sep/2024:14:15:53 +0200] "GET /%D8%A7%D9%84%D9%86%D9%8A%D8%A7%D8%A8%D8%A9-%D8%A7%D9%84%D8%B9%D8%A7%D9%85%D8%A9-%D8%A7%D9%84%D9%85%D8%B5%D8%B1%D9%8A%D8%A9-%D8%AA%D8%B5%D8%AF%D8%B1%D8%A7%D9%8B-%D9%82%D8%B1%D8%A7%D8%B1%D8%A7%D9%8B/ HTTP/2" 200 32143 "-" "Mozilla/5.0 (compatible; ImagesiftBot; +imagesift.com)"
74.80.208.56 - - [28/Sep/2024:14:15:56 +0200] "GET /%D9%83%D8%B1%D8%A9-%D8%A7%D9%84%D9%85%D8%B6%D8%B1%D8%A8-%D8%A7%D9%84%D8%AA%D9%88%D9%86%D8%B3%D9%8A%D8%A9-%D8%A3%D9%86%D8%B3-%D8%AC%D8%A7%D8%A8%D8%B1-%D8%AA%D8%A8%D9%84%D8%BA-%D8%A7%D9%84%D8%AF%D9%88/ HTTP/2" 200 30429 "-" "Mozilla/5.0 (compatible; ImagesiftBot; +imagesift.com)"
74.80.208.56 - - [28/Sep/2024:14:15:57 +0200] "GET /tag/%D9%85%D9%86%D8%B9%D9%8A%D8%A9/feed/ HTTP/2" 200 4359 "-" "Mozilla/5.0 (compatible; ImagesiftBot; +imagesift.com)"
74.80.208.56 - - [28/Sep/2024:14:15:58 +0200] "GET /tag/%D8%A7%D9%84%D8%AA%D8%A7%D8%B3%D8%B9%D8%A9/feed/ HTTP/2" 200 17108 "-" "Mozilla/5.0 (compatible; ImagesiftBot; +imagesift.com)"
74.80.208.56 - - [28/Sep/2024:14:15:59 +0200] "GET /tag/%D8%A7%D9%84%D8%B1%D8%A8%D8%A7%D8%A8%D8%A9/page/2/ HTTP/2" 200 26913 "-" "Mozilla/5.0 (compatible; ImagesiftBot; +imagesift.com)"
74.80.208.56 - - [28/Sep/2024:14:16:00 +0200] "GET /tag/%D9%8A%D8%B4%D9%88%D9%81%D9%88%D8%A7/feed/ HTTP/2" 200 3149 "-" "Mozilla/5.0 (compatible; ImagesiftBot; +imagesift.com)"
74.80.208.56 - - [28/Sep/2024:14:16:01 +0200] "GET /%D8%B4%D8%A7%D9%87%D8%AF-%D8%A8%D8%A7%D9%84%D8%B5%D9%88%D8%B1-%D8%A7%D9%84%D9%85%D8%B0%D9%8A%D8%B9%D8%A9-%D8%AA%D8%B3%D8%A7%D8%A8%D9%8A%D8%AD-%D8%AE%D8%A7%D8%B7%D8%B1-%D8%AA%D8%A8%D9%87%D8%B1-%D8%A7/ HTTP/2" 200 31766 "-" "Mozilla/5.0 (compatible; ImagesiftBot; +imagesift.com)"
74.80.208.56 - - [28/Sep/2024:14:16:02 +0200] "GET /tag/%D8%AA%D9%81%D8%AC%D8%B1/ HTTP/2" 200 55010 "-" "Mozilla/5.0 (compatible; ImagesiftBot; +imagesift.com)"
74.80.208.56 - - [28/Sep/2024:14:16:03 +0200] "GET /wp-json/wp/v2/posts/18579 HTTP/2" 200 4978 "-" "Mozilla/5.0 (compatible; ImagesiftBot; +imagesift.com)"
74.80.208.56 - - [28/Sep/2024:14:16:04 +0200] "GET /%D8%A7%D9%84%D9%85%D9%86%D8%AA%D8%AE%D8%A8-%D8%A7%D9%84%D9%88%D8%B7%D9%86%D9%8A-%D9%8A%D8%B9%D8%B3%D9%83%D8%B1-%D8%A8%D8%AC%D9%8A%D8%A7%D8%AF-%D8%A7%D9%84%D8%B5%D9%86%D8%A7%D8%B9%D9%8A%D8%A9-%D9%88/ HTTP/2" 200 45272 "-" "Mozilla/5.0 (compatible; ImagesiftBot; +imagesift.com)"
40.77.167.152 - - [28/Sep/2024:14:16:06 +0200] "GET /xfycs/n1232891.html HTTP/2" 200 42181 "-" "Mozilla/5.0 AppleWebKit/537.36 (KHTML, like Gecko; compatible; bingbot/2.0; +http://www.bing.com/bingbot.htm) Chrome/116.0.1938.76 Safari/537.36"
74.80.208.56 - - [28/Sep/2024:14:16:05 +0200] "GET /tag/%D9%8A%D8%AA%D8%AF%D8%B1%D8%A8/page/2/ HTTP/2" 200 25859 "-" "Mozilla/5.0 (compatible; ImagesiftBot; +imagesift.com)"
74.80.208.56 - - [28/Sep/2024:14:16:07 +0200] "GET /wp-content/uploads/2022/05/%D8%A8%D8%B1%D9%87%D8%A7%D9%86-%D8%AA%D9%8A%D8%A9-%D8%A7%D9%84%D9%85%D9%86%D8%AA%D8%AE%D8%A8-780x470.png HTTP/2" 200 642993 "-" "Mozilla/5.0 (compatible; ImagesiftBot; +imagesift.com)"
66.249.64.13 - - [28/Sep/2024:14:16:07 +0200] "GET /pjtxq/y1123338.html HTTP/1.1" 200 41393 "-" "Mozilla/5.0 (Linux; Android 6.0.1; Nexus 5X Build/MMB29P) AppleWebKit/537.36 (KHTML, like Gecko) Chrome/128.0.6613.137 Mobile Safari/537.36 (compatible; GoogleOther)"
74.80.208.56 - - [28/Sep/2024:14:16:07 +0200] "GET /tag/%D8%A5%D9%85%D8%A7%D8%B1%D8%A7%D8%AA%D9%8A%D8%A9/ HTTP/2" 200 25169 "-" "Mozilla/5.0 (compatible; ImagesiftBot; +imagesift.com)"
74.80.208.56 - - [28/Sep/2024:14:16:09 +0200] "GET /wp-content/uploads/2022/05/%D8%A8%D8%B1%D9%87%D8%A7%D9%86-%D8%AA%D9%8A%D8%A9-%D8%A7%D9%84%D9%85%D9%86%D8%AA%D8%AE%D8%A8.png HTTP/2" 200 1137140 "-" "Mozilla/5.0 (compatible; ImagesiftBot; +imagesift.com)"
74.80.208.56 - - [28/Sep/2024:14:16:08 +0200] "GET /%D8%B4%D8%A7%D9%87%D8%AF-%D8%A8%D8%A7%D9%84%D9%81%D9%8A%D8%AF%D9%8A%D9%88-%D9%81%D9%8A-%D9%85%D8%A8%D8%A7%D8%AF%D8%B1%D8%A9-%D9%88%D8%AC%D8%AF%D8%AA-%D8%A7%D9%84%D8%A5%D8%B4%D8%A7%D8%AF%D8%A9-%D9%88/ HTTP/2" 200 45072 "-" "Mozilla/5.0 (compatible; ImagesiftBot; +imagesift.com)"
74.80.208.56 - - [28/Sep/2024:14:16:10 +0200] "GET /%D8%A7%D9%84%D8%B9%D9%82%D9%88%D8%A8%D8%A7%D8%AA-%D8%AA%D8%B4%D9%85%D9%84-%D8%A7%D9%84%D8%AD%D8%A8%D8%B3-%D9%88%D8%A7%D9%84%D8%BA%D8%B1%D8%A7%D9%85%D8%A9-%D9%82%D8%B7%D8%B1-%D8%AA%D8%AD%D8%B0%D8%B1/ HTTP/2" 200 47052 "-" "Mozilla/5.0 (compatible; ImagesiftBot; +imagesift.com)"
74.80.208.56 - - [28/Sep/2024:14:16:11 +0200] "GET /%D8%B3%D8%B9%D8%B1-%D9%88%D9%85%D9%88%D8%A7%D8%B5%D9%81%D8%A7%D8%AA-%D9%87%D8%A7%D8%AA%D9%81-%D8%A3%D9%88%D8%A8%D9%88-%D8%B1%D9%8A%D9%86%D9%88-4-%D9%81%D9%8A-%D9%85%D8%B5%D8%B1-%D9%85%D9%86%D8%A7/ HTTP/2" 200 47657 "-" "Mozilla/5.0 (compatible; ImagesiftBot; +imagesift.com)"
74.80.208.56 - - [28/Sep/2024:14:16:12 +0200] "GET /wp-content/uploads/2022/10/%D9%83%D8%A7%D8%B3-%D8%A7%D9%84%D8%B9%D8%A7%D9%84%D9%85-722x470.png HTTP/2" 200 418697 "-" "Mozilla/5.0 (compatible; ImagesiftBot; +imagesift.com)"
74.80.208.56 - - [28/Sep/2024:14:16:12 +0200] "GET /wp-json/wp/v2/posts/17439 HTTP/2" 200 3134 "-" "Mozilla/5.0 (compatible; ImagesiftBot; +imagesift.com)"
74.80.208.56 - - [28/Sep/2024:14:16:14 +0200] "GET /wp-content/uploads/2022/10/%D9%83%D8%A7%D8%B3-%D8%A7%D9%84%D8%B9%D8%A7%D9%84%D9%85.png HTTP/2" 200 620714 "-" "Mozilla/5.0 (compatible; ImagesiftBot; +imagesift.com)"
74.80.208.56 - - [28/Sep/2024:14:16:14 +0200] "GET /tag/%D8%AC%D9%8A%D8%B1%D8%A7%D9%86/ HTTP/2" 200 23884 "-" "Mozilla/5.0 (compatible; ImagesiftBot; +imagesift.com)"
40.77.167.152 - - [28/Sep/2024:14:16:15 +0200] "GET /frxun/l2320443.html HTTP/2" 200 41813 "-" "Mozilla/5.0 AppleWebKit/537.36 (KHTML, like Gecko; compatible; bingbot/2.0; +http://www.bing.com/bingbot.htm) Chrome/116.0.1938.76 Safari/537.36"
74.80.208.56 - - [28/Sep/2024:14:16:15 +0200] "GET /%D8%B4%D8%A7%D9%87%D8%AF-%D8%A8%D8%A7%D9%84%D9%81%D9%8A%D8%AF%D9%8A%D9%88-%D8%B9%D8%B1%D9%88%D8%B3-%D8%B3%D9%88%D8%AF%D8%A7%D9%86%D9%8A%D8%A9-%D8%AA%D9%82%D8%AF%D9%85-%D9%81%D8%A7%D8%B5%D9%84-%D9%85/ HTTP/2" 200 32994 "-" "Mozilla/5.0 (compatible; ImagesiftBot; +imagesift.com)"
74.80.208.56 - - [28/Sep/2024:14:16:16 +0200] "GET /wp-json/wp/v2/posts/35127 HTTP/2" 200 5884 "-" "Mozilla/5.0 (compatible; ImagesiftBot; +imagesift.com)"
74.80.208.56 - - [28/Sep/2024:14:16:17 +0200] "GET /%D8%AD%D8%A7%D8%B2%D9%85-%D9%82%D8%A7%D9%84-%D8%A7%D9%84%D8%AD%D9%82-%D9%88%D9%84%D8%A7-%D9%85%D8%AC%D8%A7%D9%84-%D9%84%D9%84%D8%B1%D9%87%D9%82/ HTTP/2" 200 45822 "-" "Mozilla/5.0 (compatible; ImagesiftBot; +imagesift.com)"
74.80.208.56 - - [28/Sep/2024:14:16:18 +0200] "GET /%D9%88%D8%B2%D8%A7%D8%B1%D8%A9-%D8%A7%D9%84%D9%85%D8%A7%D9%84%D9%8A%D8%A9-%D9%88%D9%84%D8%A7%D9%8A%D8%A9-%D8%A7%D9%84%D8%AE%D8%B1%D8%B7%D9%88%D9%85-%D8%AA%D9%84%D8%AA%D8%B2%D9%85-%D8%A8%D8%AF%D9%81/ HTTP/2" 200 31981 "-" "Mozilla/5.0 (compatible; ImagesiftBot; +imagesift.com)"
74.80.208.56 - - [28/Sep/2024:14:16:20 +0200] "GET /%D8%B4%D8%A7%D9%87%D8%AF-%D8%A8%D8%A7%D9%84%D9%81%D9%8A%D8%AF%D9%8A%D9%88-%D8%A7%D9%84%D8%A5%D8%B9%D9%84%D8%A7%D9%85%D9%8A-%D8%A7%D9%84%D8%B3%D9%88%D8%AF%D8%A7%D9%86%D9%8A-%D8%AD%D8%A7%D8%B2%D9%85/ HTTP/2" 200 0 "-" "Mozilla/5.0 (compatible; ImagesiftBot; +imagesift.com)"
74.80.208.56 - - [28/Sep/2024:14:16:21 +0200] "GET /tag/%D8%A7%D9%84%D8%A7%D9%86%D9%87%D9%8A%D8%A7%D8%B1/feed/ HTTP/2" 200 22723 "-" "Mozilla/5.0 (compatible; ImagesiftBot; +imagesift.com)"
74.80.208.56 - - [28/Sep/2024:14:16:22 +0200] "GET /wp-json/wp/v2/tags/1772 HTTP/2" 200 300 "-" "Mozilla/5.0 (compatible; ImagesiftBot; +imagesift.com)"
74.80.208.56 - - [28/Sep/2024:14:16:23 +0200] "GET /tag/%D9%84%D8%A3%D9%88%D9%83%D8%B1%D8%A7%D9%86%D9%8A%D8%A7/ HTTP/2" 200 27113 "-" "Mozilla/5.0 (compatible; ImagesiftBot; +imagesift.com)"
74.80.208.56 - - [28/Sep/2024:14:16:24 +0200] "GET /%D8%A7%D8%AC%D8%AA%D9%85%D8%A7%D8%B9-%D8%A7%D9%84%D9%84%D8%AC%D9%86%D8%A9-%D8%A7%D9%84%D9%82%D8%A7%D9%86%D9%88%D9%86%D9%8A%D8%A9-%D8%A8%D8%A7%D9%84%D9%85%D8%B1%D9%8A%D8%AE/ HTTP/2" 200 30305 "-" "Mozilla/5.0 (compatible; ImagesiftBot; +imagesift.com)"
74.80.208.56 - - [28/Sep/2024:14:16:25 +0200] "GET /wp-content/uploads/2022/08/C76384EE-5ED7-4DCC-B0D0-A3E7CC0C9F1C-780x470.jpeg HTTP/2" 200 53735 "-" "Mozilla/5.0 (compatible; ImagesiftBot; +imagesift.com)"
74.80.208.56 - - [28/Sep/2024:14:16:25 +0200] "GET /wp-json/wp/v2/posts/25839 HTTP/2" 200 2297 "-" "Mozilla/5.0 (compatible; ImagesiftBot; +imagesift.com)"
74.80.208.56 - - [28/Sep/2024:14:16:26 +0200] "GET /wp-content/uploads/2022/08/C76384EE-5ED7-4DCC-B0D0-A3E7CC0C9F1C.jpeg HTTP/2" 200 80148 "-" "Mozilla/5.0 (compatible; ImagesiftBot; +imagesift.com)"
74.80.208.56 - - [28/Sep/2024:14:16:26 +0200] "GET /tag/%D9%88%D8%AA%D9%88%D9%82%D8%B9/ HTTP/2" 200 23505 "-" "Mozilla/5.0 (compatible; ImagesiftBot; +imagesift.com)"
74.80.208.56 - - [28/Sep/2024:14:16:27 +0200] "GET /%D9%88%D8%A7%D9%84%D9%8A-%D8%B4%D9%85%D8%A7%D9%84-%D9%83%D8%B1%D8%AF%D9%81%D8%A7%D9%86-%D9%8A%D8%B4%D8%A7%D8%B1%D9%83-%D8%A7%D9%84%D8%B7%D8%B1%D9%8A%D9%82%D8%A9-%D8%A7%D9%84%D8%A7%D8%B3%D9%85%D8%A7/ HTTP/2" 200 33017 "-" "Mozilla/5.0 (compatible; ImagesiftBot; +imagesift.com)"
74.80.208.56 - - [28/Sep/2024:14:16:29 +0200] "GET /tag/%D8%A7%D9%84%D8%B4%D8%A7%D9%85%D9%84/page/2/ HTTP/2" 200 24375 "-" "Mozilla/5.0 (compatible; ImagesiftBot; +imagesift.com)"
74.80.208.56 - - [28/Sep/2024:14:16:30 +0200] "GET /%D9%86%D8%AF%D8%A7%D8%A1-%D8%A3%D8%AE%D9%8A%D8%B1-%D9%84%D8%A5%D9%86%D9%82%D8%A7%D8%B0-%D8%A7%D9%84%D9%81%D8%AA%D8%B1%D8%A9-%D8%A7%D9%84%D8%A7%D9%86%D8%AA%D9%82%D8%A7%D9%84%D9%8A%D8%A9-%D9%81%D9%8A/ HTTP/2" 200 52669 "-" "Mozilla/5.0 (compatible; ImagesiftBot; +imagesift.com)"
74.80.208.56 - - [28/Sep/2024:14:16:31 +0200] "GET /tag/%D8%A7%D9%84%D8%B5%D9%88%D9%81%D9%8A%D8%A9/ HTTP/2" 200 25867 "-" "Mozilla/5.0 (compatible; ImagesiftBot; +imagesift.com)"
77.75.78.161 - - [28/Sep/2024:14:15:55 +0200] "GET /khcbg/x2792485.html HTTP/1.1" 404 20324 "-" "Mozilla/5.0 (compatible; SeznamBot/4.0; +http://napoveda.seznam.cz/seznambot-intro/)"
77.75.78.161 - - [28/Sep/2024:14:15:57 +0200] "GET /ofsfw/j2374079.html HTTP/1.1" 404 20322 "-" "Mozilla/5.0 (compatible; SeznamBot/4.0; +http://napoveda.seznam.cz/seznambot-intro/)"
77.75.78.161 - - [28/Sep/2024:14:15:59 +0200] "GET /cccmt/r2605201.html HTTP/1.1" 404 20327 "-" "Mozilla/5.0 (compatible; SeznamBot/4.0; +http://napoveda.seznam.cz/seznambot-intro/)"
77.75.78.161 - - [28/Sep/2024:14:16:01 +0200] "GET /dfnhz/e1719082.html HTTP/1.1" 404 20322 "-" "Mozilla/5.0 (compatible; SeznamBot/4.0; +http://napoveda.seznam.cz/seznambot-intro/)"
77.75.78.161 - - [28/Sep/2024:14:16:03 +0200] "GET /cdyke/r963223.html HTTP/1.1" 404 20320 "-" "Mozilla/5.0 (compatible; SeznamBot/4.0; +http://napoveda.seznam.cz/seznambot-intro/)"
178.236.247.6 - - [28/Sep/2024:14:16:05 +0200] "POST /74a7c9952328.php HTTP/1.1" 200 9 "-" "curl/7.86.0"
77.75.78.161 - - [28/Sep/2024:14:16:05 +0200] "GET /jmntx/d1615523.html HTTP/1.1" 404 20329 "-" "Mozilla/5.0 (compatible; SeznamBot/4.0; +http://napoveda.seznam.cz/seznambot-intro/)"
77.75.78.161 - - [28/Sep/2024:14:16:08 +0200] "GET /zpgad/j1460491.html HTTP/1.1" 404 20323 "-" "Mozilla/5.0 (compatible; SeznamBot/4.0; +http://napoveda.seznam.cz/seznambot-intro/)"
77.75.78.161 - - [28/Sep/2024:14:16:10 +0200] "GET /ucvzh/j2646663.html HTTP/1.1" 404 20324 "-" "Mozilla/5.0 (compatible; SeznamBot/4.0; +http://napoveda.seznam.cz/seznambot-intro/)"
77.75.78.161 - - [28/Sep/2024:14:16:12 +0200] "GET /sjeaw/z447729.html HTTP/1.1" 404 20327 "-" "Mozilla/5.0 (compatible; SeznamBot/4.0; +http://napoveda.seznam.cz/seznambot-intro/)"
3.145.51.153 - - [28/Sep/2024:14:16:12 +0200] "GET /tag/%d8%a5%d8%b3%d8%aa%d8%b9%d8%a7%d8%af%d8%a9 HTTP/2" 301 0 "-" "Mozilla/5.0 AppleWebKit/537.36 (KHTML, like Gecko; compatible; ClaudeBot/1.0; +claudebot@anthropic.com)"
3.145.51.153 - - [28/Sep/2024:14:16:13 +0200] "GET /tag/%d8%a5%d8%b3%d8%aa%d8%b9%d8%a7%d8%af%d8%a9/ HTTP/2" 200 23556 "https://sudancam.net/tag/%d8%a5%d8%b3%d8%aa%d8%b9%d8%a7%d8%af%d8%a9" "Mozilla/5.0 AppleWebKit/537.36 (KHTML, like Gecko; compatible; ClaudeBot/1.0; +claudebot@anthropic.com)"
77.75.78.161 - - [28/Sep/2024:14:16:14 +0200] "GET /cowgs/z601831.html HTTP/1.1" 404 20320 "-" "Mozilla/5.0 (compatible; SeznamBot/4.0; +http://napoveda.seznam.cz/seznambot-intro/)"
77.75.78.161 - - [28/Sep/2024:14:16:16 +0200] "GET /sjtxs/a694470.html HTTP/1.1" 404 20326 "-" "Mozilla/5.0 (compatible; SeznamBot/4.0; +http://napoveda.seznam.cz/seznambot-intro/)"
77.75.78.161 - - [28/Sep/2024:14:16:18 +0200] "GET /paljw/e2286870.html HTTP/1.1" 404 20324 "-" "Mozilla/5.0 (compatible; SeznamBot/4.0; +http://napoveda.seznam.cz/seznambot-intro/)"
77.75.78.161 - - [28/Sep/2024:14:16:23 +0200] "GET /ecpdo/u1315266.html HTTP/1.1" 404 20321 "-" "Mozilla/5.0 (compatible; SeznamBot/4.0; +http://napoveda.seznam.cz/seznambot-intro/)"
77.75.78.161 - - [28/Sep/2024:14:16:25 +0200] "GET /nfpym/b163421.html HTTP/1.1" 404 20321 "-" "Mozilla/5.0 (compatible; SeznamBot/4.0; +http://napoveda.seznam.cz/seznambot-intro/)"
77.75.78.161 - - [28/Sep/2024:14:16:27 +0200] "GET /owwum/o425254.html HTTP/1.1" 404 20326 "-" "Mozilla/5.0 (compatible; SeznamBot/4.0; +http://napoveda.seznam.cz/seznambot-intro/)"
77.75.78.161 - - [28/Sep/2024:14:16:28 +0200] "GET /jqqdh/q1749514.html HTTP/1.1" 404 20332 "-" "Mozilla/5.0 (compatible; SeznamBot/4.0; +http://napoveda.seznam.cz/seznambot-intro/)"
77.75.78.161 - - [28/Sep/2024:14:16:30 +0200] "GET /kfxiw/k2783996.html HTTP/1.1" 404 20324 "-" "Mozilla/5.0 (compatible; SeznamBot/4.0; +http://napoveda.seznam.cz/seznambot-intro/)"
77.75.78.161 - - [28/Sep/2024:14:16:33 +0200] "GET /trzjl/z460495.html HTTP/1.1" 404 20322 "-" "Mozilla/5.0 (compatible; SeznamBot/4.0; +http://napoveda.seznam.cz/seznambot-intro/)"
77.75.78.161 - - [28/Sep/2024:14:16:34 +0200] "GET /eqziq/b2293965.html HTTP/1.1" 404 20331 "-" "Mozilla/5.0 (compatible; SeznamBot/4.0; +http://napoveda.seznam.cz/seznambot-intro/)"
3.15.206.25 - - [28/Sep/2024:14:16:32 +0200] "GET /wp-json/oembed/1.0/embed?url=https%3A%2F%2Fwww.sudancam.net%2F%25f0%259f%2594%25b4-%25d8%25a7%25d9%2584%25d8%25a3%25d9%2584%25d8%25b9%25d8%25a7%25d8%25a8-%25d8%25a7%25d9%2584%25d8%25a3%25d9%2588%25d9%2584%25d9%2585%25d8%25a8%25d9%258a%25d8%25a9-%25d8%25a7%25d9%2584%25d9%258a%25d9%2588%25d9%2585-11-%25d9%2587%25d9%2584-%25d8%25aa%25d8%25aa%25d8%25a3%25d9%2587%25d9%2584-%25d8%25a7%2F HTTP/2" 200 1461 "-" "Mozilla/5.0 AppleWebKit/537.36 (KHTML, like Gecko; compatible; ClaudeBot/1.0; +claudebot@anthropic.com)"
74.80.208.56 - - [28/Sep/2024:14:16:33 +0200] "GET /wp-content/uploads/2023/02/1676321137_unnamed-file.jpg HTTP/2" 200 26225 "-" "Mozilla/5.0 (compatible; ImagesiftBot; +imagesift.com)"
74.80.208.56 - - [28/Sep/2024:14:16:33 +0200] "GET /wp-json/wp/v2/tags/686 HTTP/2" 200 321 "-" "Mozilla/5.0 (compatible; ImagesiftBot; +imagesift.com)"
74.80.208.56 - - [28/Sep/2024:14:16:34 +0200] "GET /wp-json/wp/v2/posts/21045 HTTP/2" 200 3062 "-" "Mozilla/5.0 (compatible; ImagesiftBot; +imagesift.com)"
74.80.208.56 - - [28/Sep/2024:14:16:34 +0200] "GET /wp-json/wp/v2/tags/22865 HTTP/2" 200 332 "-" "Mozilla/5.0 (compatible; ImagesiftBot; +imagesift.com)"
74.80.208.56 - - [28/Sep/2024:14:16:35 +0200] "GET /%D8%B4%D8%A7%D9%87%D8%AF-%D8%A8%D8%A7%D9%84%D9%81%D9%8A%D8%AF%D9%8A%D9%88-%D9%88%D8%A7%D9%84%D8%B5%D9%88%D8%B1%D8%A9-%D8%A8%D8%B9%D8%AF-%D8%A5%D8%B9%D9%84%D8%A7%D9%86%D9%87-%D8%AF%D8%B9%D9%85-%D8%B9/ HTTP/2" 200 33768 "-" "Mozilla/5.0 (compatible; ImagesiftBot; +imagesift.com)"
74.80.208.56 - - [28/Sep/2024:14:16:37 +0200] "GET /wp-json/wp/v2/tags/3068 HTTP/2" 200 306 "-" "Mozilla/5.0 (compatible; ImagesiftBot; +imagesift.com)"
74.80.208.56 - - [28/Sep/2024:14:16:37 +0200] "GET /tag/%D8%AA%D9%8A%D8%B3%D9%84%D8%A7/ HTTP/2" 200 52979 "-" "Mozilla/5.0 (compatible; ImagesiftBot; +imagesift.com)"
74.80.208.56 - - [28/Sep/2024:14:16:38 +0200] "GET /%D8%A7%D9%84%D8%B4%D8%B9%D8%A8%D9%8A-%D9%8A%D8%AA%D9%87%D9%85-%D9%85%D8%AC%D9%85%D9%88%D8%B9%D8%A9-%D9%85%D9%86-%D9%83%D9%88%D8%A7%D8%AF%D8%B1%D9%87-%D8%A8%D9%85%D9%88%D8%A7%D9%84%D8%A7%D8%A9-%D8%A7/ HTTP/2" 200 49956 "-" "Mozilla/5.0 (compatible; ImagesiftBot; +imagesift.com)"
74.80.208.56 - - [28/Sep/2024:14:16:40 +0200] "GET /%D8%A8%D8%B1%D9%85%D8%A9-%D9%86%D8%A7%D8%B5%D8%B1-%D8%A5%D9%86-%D9%83%D8%A7%D9%86-%D8%AE%D8%B1%D9%88%D8%AC-%D8%A7%D9%84%D8%AC%D9%86%D8%B1%D8%A7%D9%84-%D8%A7%D9%84%D8%A8%D8%B1%D9%87%D8%A7%D9%86/ HTTP/2" 200 31131 "-" "Mozilla/5.0 (compatible; ImagesiftBot; +imagesift.com)"
74.80.208.56 - - [28/Sep/2024:14:16:41 +0200] "GET /wp-content/uploads/2022/06/1655231804_unnamed-file.jpg HTTP/2" 200 67786 "-" "Mozilla/5.0 (compatible; ImagesiftBot; +imagesift.com)"
74.80.208.56 - - [28/Sep/2024:14:16:42 +0200] "GET /tag/%D9%88%D9%81%D8%AF/feed/ HTTP/2" 200 14005 "-" "Mozilla/5.0 (compatible; ImagesiftBot; +imagesift.com)"
74.80.208.56 - - [28/Sep/2024:14:16:42 +0200] "GET /wp-content/uploads/2023/08/%D8%A7%D9%84%D9%84%D9%87-%D8%A8%D8%B1%D9%85%D8%A9-%D9%86%D8%A7%D8%B5%D8%B1-640x470.jpg HTTP/2" 200 23550 "-" "Mozilla/5.0 (compatible; ImagesiftBot; +imagesift.com)"
74.80.208.56 - - [28/Sep/2024:14:16:43 +0200] "GET /wp-content/uploads/2023/08/%D8%A7%D9%84%D9%84%D9%87-%D8%A8%D8%B1%D9%85%D8%A9-%D9%86%D8%A7%D8%B5%D8%B1.jpg HTTP/2" 200 19990 "-" "Mozilla/5.0 (compatible; ImagesiftBot; +imagesift.com)"
74.80.208.56 - - [28/Sep/2024:14:16:42 +0200] "GET /ogfsh/d1271413.html HTTP/2" 404 22075 "-" "Mozilla/5.0 (compatible; ImagesiftBot; +imagesift.com)"
74.80.208.56 - - [28/Sep/2024:14:16:44 +0200] "GET /%D8%A8%D8%B1%D9%81%D9%82%D8%AA%D9%87-%D8%A7%D9%84%D9%81%D8%B1%D9%8A%D9%82-%D8%AC%D9%85%D8%B9%D8%A9-%D9%85%D8%AD%D9%85%D8%AF-%D8%AD%D9%82%D8%A7%D8%B1-%D9%85%D9%86%D8%A7%D9%88%D9%8A-%D9%8A%D8%B5%D9%84/ HTTP/2" 200 44464 "-" "Mozilla/5.0 (compatible; ImagesiftBot; +imagesift.com)"
74.80.208.56 - - [28/Sep/2024:14:16:45 +0200] "GET /wp-json/wp/v2/posts/28702 HTTP/2" 200 3444 "-" "Mozilla/5.0 (compatible; ImagesiftBot; +imagesift.com)"
74.80.208.56 - - [28/Sep/2024:14:16:45 +0200] "GET /tag/%D8%A7%D9%84%D8%B7%D8%A7%D9%84%D8%A8%D8%A9/feed/ HTTP/2" 200 3602 "-" "Mozilla/5.0 (compatible; ImagesiftBot; +imagesift.com)"
74.80.208.56 - - [28/Sep/2024:14:16:46 +0200] "GET /tag/%D8%A3%D9%88%D9%84%D9%88%D9%8A%D8%A7%D8%AA/feed/ HTTP/2" 200 4763 "-" "Mozilla/5.0 (compatible; ImagesiftBot; +imagesift.com)"
74.80.208.56 - - [28/Sep/2024:14:16:47 +0200] "GET /tag/%D9%85%D8%B4%D8%B7%D9%88%D9%87%D8%A7/feed/ HTTP/2" 200 3460 "-" "Mozilla/5.0 (compatible; ImagesiftBot; +imagesift.com)"
74.80.208.56 - - [28/Sep/2024:14:16:48 +0200] "GET /%D9%84%D8%A7%D9%88%D8%AA%D8%A7%D8%B1%D9%88-%D9%85%D8%A7%D8%B1%D8%AA%D9%8A%D9%86%D9%8A%D8%B2-%D9%85%D9%86-%D8%AA%D9%87%D8%AF%D9%8A%D8%AF-%D8%A2%D9%85%D8%A7%D9%84-%D9%85%D9%8A%D8%B3%D9%8A-%D9%81%D9%8A/ HTTP/2" 200 33430 "-" "Mozilla/5.0 (compatible; ImagesiftBot; +imagesift.com)"
3.139.82.4 - - [28/Sep/2024:14:16:52 +0200] "GET /%d8%b9%d8%af%d8%a7%d8%a1%d8%a9-%d8%b3%d8%a7%d9%86%d8%aa-%d9%84%d9%88%d8%b3%d9%8a%d8%a7-%d8%ac%d9%88%d9%84%d9%8a%d8%a7%d9%86-%d8%a3%d9%84%d9%81%d8%b1%d9%8a%d8%af-%d8%aa%d9%81%d9%88%d8%b2-%d8%a8%d8%b0 HTTP/2" 301 0 "-" "Mozilla/5.0 AppleWebKit/537.36 (KHTML, like Gecko; compatible; ClaudeBot/1.0; +claudebot@anthropic.com)"
74.80.208.56 - - [28/Sep/2024:14:16:52 +0200] "GET /%D8%B3%D9%82%D9%88%D8%B7-%D8%B3%D9%84%D9%83-%D9%85%D9%86-%D8%B9%D9%85%D9%88%D8%AF-%D8%A7%D9%84%D9%83%D9%87%D8%B1%D8%A8%D8%A7%D8%A1-%D8%B9%D9%84%D9%89-%D8%A3%D8%AD%D8%AF-%D8%A7%D9%84%D9%85%D9%86%D8%A7/ HTTP/2" 200 62614 "-" "Mozilla/5.0 (compatible; ImagesiftBot; +imagesift.com)"
74.80.208.56 - - [28/Sep/2024:14:16:54 +0200] "GET /tag/%D8%AD%D8%B8%D8%B1/ HTTP/2" 200 55167 "-" "Mozilla/5.0 (compatible; ImagesiftBot; +imagesift.com)"
74.80.208.56 - - [28/Sep/2024:14:16:55 +0200] "GET /tag/%D9%87%D9%88%D9%8A%D8%AA%D9%87/feed/ HTTP/2" 200 3836 "-" "Mozilla/5.0 (compatible; ImagesiftBot; +imagesift.com)"
74.80.208.56 - - [28/Sep/2024:14:16:56 +0200] "GET /wp-json/wp/v2/posts/10617 HTTP/2" 200 2168 "-" "Mozilla/5.0 (compatible; ImagesiftBot; +imagesift.com)"
74.80.208.56 - - [28/Sep/2024:14:16:57 +0200] "GET /tag/%D9%82%D9%84%D8%A8/ HTTP/2" 200 27006 "-" "Mozilla/5.0 (compatible; ImagesiftBot; +imagesift.com)"
74.80.208.56 - - [28/Sep/2024:14:16:58 +0200] "GET /wp-json/wp/v2/posts/15760 HTTP/2" 200 2460 "-" "Mozilla/5.0 (compatible; ImagesiftBot; +imagesift.com)"
74.80.208.56 - - [28/Sep/2024:14:16:59 +0200] "GET /wp-json/wp/v2/posts/5815 HTTP/2" 200 1908 "-" "Mozilla/5.0 (compatible; ImagesiftBot; +imagesift.com)"
74.80.208.56 - - [28/Sep/2024:14:16:59 +0200] "GET /wp-json/wp/v2/tags/32516 HTTP/2" 200 327 "-" "Mozilla/5.0 (compatible; ImagesiftBot; +imagesift.com)"
74.80.208.56 - - [28/Sep/2024:14:17:00 +0200] "GET /%D8%AA%D9%88%D9%82%D9%8A%D8%B9-%D8%B9%D9%82%D8%AF-%D9%85%D8%B4%D8%B1%D9%88%D8%B9-%D9%84%D8%A5%D9%86%D8%B4%D8%A7%D8%A1-%D8%A7%D9%84%D8%B1%D8%B5%D9%8A%D9%81-%D8%A7%D9%84%D8%AB%D8%A7%D9%86%D9%8A-%D8%A8/ HTTP/2" 200 0 "-" "Mozilla/5.0 (compatible; ImagesiftBot; +imagesift.com)"
74.80.208.56 - - [28/Sep/2024:14:17:01 +0200] "GET /%D8%A8%D8%B9%D8%AF-%D8%A7%D8%AA%D9%87%D8%A7%D9%85%D9%87-%D8%A8%D8%A7%D9%84%D8%A7%D8%BA%D8%AA%D8%B5%D8%A7%D8%A8-%D8%B2%D9%88%D8%AC%D8%A9-%D8%AD%D9%83%D9%8A%D9%85%D9%8A-%D8%AA%D8%A8%D8%AF%D8%A3-%D8%A5/feed/ HTTP/2" 200 762 "-" "Mozilla/5.0 (compatible; ImagesiftBot; +imagesift.com)"
74.80.208.56 - - [28/Sep/2024:14:17:02 +0200] "GET /wp-json/wp/v2/posts/14620 HTTP/2" 200 9263 "-" "Mozilla/5.0 (compatible; ImagesiftBot; +imagesift.com)"
74.80.208.56 - - [28/Sep/2024:14:17:03 +0200] "GET /wp-json/wp/v2/posts/5701 HTTP/2" 200 2416 "-" "Mozilla/5.0 (compatible; ImagesiftBot; +imagesift.com)"
74.80.208.56 - - [28/Sep/2024:14:17:04 +0200] "GET /%D8%A7%D9%84%D8%AD%D8%B3%D9%86-%D9%8A%D8%B9%D8%B2%D8%B2-%D8%AA%D9%82%D8%A7%D8%B1%D8%A8-%D8%A7%D9%84%D8%A3%D8%B5%D9%84-%D9%88%D8%A7%D9%84%D8%AD%D8%B1%D9%8A%D8%A9-%D9%88%D8%A7%D9%84%D8%AA/ HTTP/2" 200 34849 "-" "Mozilla/5.0 (compatible; ImagesiftBot; +imagesift.com)"
3.144.227.9 - - [28/Sep/2024:14:15:05 +0200] "GET /tag/%d9%88%d9%84%d8%a7%d9%8a%d9%84%d8%b2 HTTP/2" 301 0 "-" "Mozilla/5.0 AppleWebKit/537.36 (KHTML, like Gecko; compatible; ClaudeBot/1.0; +claudebot@anthropic.com)"
135.181.9.38 - - [28/Sep/2024:14:15:34 +0200] "POST /wp-cron.php?doing_wp_cron=1727525734.0514628887176513671875 HTTP/1.1" 200 0 "-" "WordPress/6.6.2; https://www.sudancam.net"
85.208.96.196 - - [28/Sep/2024:14:15:47 +0200] "GET /%D8%A5%D9%84-%D8%AC%D9%8A-%D8%AA%D8%B9%D8%AA%D8%B2%D9%85-%D8%A7%D9%84%D9%83%D8%B4%D9%81-%D8%B9%D9%86-%D8%A3%D9%83%D8%A8%D8%B1-%D8%AA%D9%84%D9%81%D8%B2%D9%8A%D9%88%D9%86-%D8%A8%D8%AA%D9%83%D9%86/ HTTP/1.1" 403 0 "-" "Mozilla/5.0 (compatible; SemrushBot/7~bl; +http://www.semrush.com/bot.html)"
18.118.2.225 - - [28/Sep/2024:14:16:26 +0200] "GET /wp-content/uploads/2024/08/Velo2-780x470.jpg HTTP/2" 200 87533 "-" "Mozilla/5.0 AppleWebKit/537.36 (KHTML, like Gecko; compatible; ClaudeBot/1.0; +claudebot@anthropic.com)"
135.181.9.38 - - [28/Sep/2024:14:16:34 +0200] "POST /wp-cron.php?doing_wp_cron=1727525794.5097579956054687500000 HTTP/1.1" 200 0 "-" "WordPress/6.6.2; https://www.sudancam.net"
135.181.9.38 - - [28/Sep/2024:14:16:34 +0200] "POST /wp-admin/admin-ajax.php?action=async_litespeed&nonce=MsYyQSc4mLUYUiPd7bZGl91Gy8ZomWDP&litespeed_type=imgoptm HTTP/1.1" 200 21 "-" "WordPress/6.6.2; https://www.sudancam.net"
66.249.64.14 - - [28/Sep/2024:14:16:42 +0200] "GET /qmvch/f1101271.html HTTP/1.1" 200 42586 "-" "Mozilla/5.0 (Linux; Android 6.0.1; Nexus 5X Build/MMB29P) AppleWebKit/537.36 (KHTML, like Gecko) Chrome/128.0.6613.137 Mobile Safari/537.36 (compatible; Googlebot/2.1; +http://www.google.com/bot.html)"
