74.80.208.56 - - [28/Sep/2024:15:28:22 +0200] "GET /%D8%A7%D9%84%D9%86%D8%A7%D8%A6%D8%A8-%D8%A7%D9%84%D8%B9%D8%A7%D9%85-%D9%8A%D8%AD%D9%84-%D9%86%D9%8A%D8%A7%D8%A8%D8%A9-%D8%AA%D9%81%D9%83%D9%8A%D9%83-%D8%A7%D9%84%D8%AA%D9%85%D9%83%D9%8A%D9%86-%D8%A8/ HTTP/2" 200 33026 "-" "Mozilla/5.0 (compatible; ImagesiftBot; +imagesift.com)"
74.80.208.56 - - [28/Sep/2024:15:28:24 +0200] "GET /tag/%D9%87%D8%AF%D9%81/feed/ HTTP/2" 200 12559 "-" "Mozilla/5.0 (compatible; ImagesiftBot; +imagesift.com)"
74.80.208.56 - - [28/Sep/2024:15:28:25 +0200] "GET /%D8%B7%D8%A8%D9%8A%D8%A8-%D9%8A%D8%AD%D8%B0%D8%B1-%D9%85%D9%86-%D8%A7%D9%84%D9%85%D8%B2%D8%A7%D8%AD-%D9%85%D8%B9-%D9%87%D8%B0%D9%87-%D8%A7%D9%84%D9%81%D8%A6%D8%A9-%D9%85%D9%86-%D8%A7%D9%84%D9%85/feed/ HTTP/2" 200 749 "-" "Mozilla/5.0 (compatible; ImagesiftBot; +imagesift.com)"
74.80.208.56 - - [28/Sep/2024:15:28:26 +0200] "GET /%D9%86%D8%B4%D8%B7%D8%A7%D8%A1-%D9%82%D9%88%D8%A9-%D9%85%D9%86-%D8%A7%D9%84%D8%AF%D8%B9%D9%85-%D8%A7%D9%84%D8%B3%D8%B1%D9%8A%D8%B9-%D8%AA%D8%BA%D8%AA%D8%A7%D9%84-%D9%88%D8%AA%D8%BA%D8%AA%D8%B5%D8%A8/ HTTP/2" 200 32584 "-" "Mozilla/5.0 (compatible; ImagesiftBot; +imagesift.com)"
74.80.208.56 - - [28/Sep/2024:15:28:27 +0200] "GET /tag/%D9%84%D8%A8%D8%B9%D8%B6/ HTTP/2" 200 35821 "-" "Mozilla/5.0 (compatible; ImagesiftBot; +imagesift.com)"
74.80.208.56 - - [28/Sep/2024:15:28:28 +0200] "GET /wp-json/wp/v2/posts/29597 HTTP/2" 200 4640 "-" "Mozilla/5.0 (compatible; ImagesiftBot; +imagesift.com)"
74.80.208.56 - - [28/Sep/2024:15:28:29 +0200] "GET /tag/%D8%A3%D9%85%D9%85%D9%8A%D9%88%D9%86/ HTTP/2" 200 24774 "-" "Mozilla/5.0 (compatible; ImagesiftBot; +imagesift.com)"
74.80.208.56 - - [28/Sep/2024:15:28:30 +0200] "GET /%D8%A7%D8%AA%D9%81%D8%A7%D9%82-%D8%AC%D9%88%D8%A8%D8%A7-%D9%85%D8%A3%D8%B2%D9%82-%D8%A7%D9%84%D8%A7%D9%86%D9%82%D9%84%D8%A7%D8%A8-%D9%88%D8%A7%D9%84%D8%AA%D8%B7%D8%A8%D9%8A%D9%82-%D9%88%D8%A7%D9%84/ HTTP/2" 200 61876 "-" "Mozilla/5.0 (compatible; ImagesiftBot; +imagesift.com)"
74.80.208.56 - - [28/Sep/2024:15:28:32 +0200] "GET /tag/%D8%A2%D9%81%D8%B1%D9%88/ HTTP/2" 200 53852 "-" "Mozilla/5.0 (compatible; ImagesiftBot; +imagesift.com)"
51.75.126.150 - - [28/Sep/2024:15:28:43 +0200] "GET /wp-content/plugins/updraftplus/vendor/guzzle/guzzle/src/Guzzle/Service/Description/product_music.php HTTP/2" 301 0 "-" "Mozilla/5.0 (Macintosh; Intel Mac OS X 10_15_7) AppleWebKit/537.36 (KHTML, like Gecko) Chrome/120.0.0.0 Safari/537.36"
3.145.52.188 - - [28/Sep/2024:15:28:51 +0200] "GET /%d8%a7%d9%82%d8%aa%d8%b5%d8%a7%d8%af%d9%8a%d8%a7-%d9%85%d8%a7%d8%b0%d8%a7-%d8%b3%d9%8a%d9%82%d8%af%d9%85-%d8%a8%d9%88%d8%aa%d9%8a%d9%86-%d9%84%d9%83%d9%8a%d9%85-%d8%ac%d9%88%d9%86%d8%ba-%d8%a3%d9%88 HTTP/2" 301 0 "-" "Mozilla/5.0 AppleWebKit/537.36 (KHTML, like Gecko; compatible; ClaudeBot/1.0; +claudebot@anthropic.com)"
74.80.208.56 - - [28/Sep/2024:15:29:31 +0200] "GET /tag/%D8%B5%D8%B1%D8%AE%D8%A7%D8%AA/ HTTP/2" 200 24178 "-" "Mozilla/5.0 (compatible; ImagesiftBot; +imagesift.com)"
74.80.208.56 - - [28/Sep/2024:15:29:32 +0200] "GET /wp-content/uploads/2022/10/%D8%A7%D9%84%D9%84%D9%87-%D8%AD%D9%85%D8%AF%D9%88%D9%83.jpg HTTP/2" 200 44214 "-" "Mozilla/5.0 (compatible; ImagesiftBot; +imagesift.com)"
77.75.78.161 - - [28/Sep/2024:15:29:31 +0200] "GET /fcfto/o437266.html HTTP/1.1" 404 20320 "-" "Mozilla/5.0 (compatible; SeznamBot/4.0; +http://napoveda.seznam.cz/seznambot-intro/)"
74.80.208.56 - - [28/Sep/2024:15:29:32 +0200] "GET /tag/%D8%A7%D9%84%D8%AD%D9%84%D9%88/ HTTP/2" 200 36727 "-" "Mozilla/5.0 (compatible; ImagesiftBot; +imagesift.com)"
74.80.208.56 - - [28/Sep/2024:15:29:33 +0200] "GET /tag/%D8%A7%D9%84%D8%AE%D8%A7%D8%A6%D9%86/ HTTP/2" 200 25643 "-" "Mozilla/5.0 (compatible; ImagesiftBot; +imagesift.com)"
77.75.78.161 - - [28/Sep/2024:15:29:34 +0200] "GET /faytc/q1259934.html HTTP/1.1" 404 20321 "-" "Mozilla/5.0 (compatible; SeznamBot/4.0; +http://napoveda.seznam.cz/seznambot-intro/)"
74.80.208.56 - - [28/Sep/2024:15:29:34 +0200] "GET /tag/%D8%A7%D9%84%D9%85%D8%AA%D8%A8%D9%82%D9%8A/ HTTP/2" 200 23672 "-" "Mozilla/5.0 (compatible; ImagesiftBot; +imagesift.com)"
135.181.9.38 - - [28/Sep/2024:15:29:35 +0200] "POST /wp-admin/admin-ajax.php?action=async_litespeed&nonce=G4W6eT2KFLBeslp4r7rTGwuJ2DxYJ6bj&litespeed_type=imgoptm HTTP/1.1" 200 21 "-" "WordPress/6.6.2; https://www.sudancam.net"
74.80.208.56 - - [28/Sep/2024:15:29:35 +0200] "GET /%D8%AD%D9%83%D9%88%D9%85%D8%A9-%D8%A7%D9%84%D9%86%D9%8A%D9%84-%D8%A7%D9%84%D8%A3%D8%B2%D8%B1%D9%82-%D8%AA%D8%AC%D9%85%D8%AF-%D9%86%D8%B4%D8%A7%D8%B7-%D9%85%D8%A8%D8%A7%D8%AF%D8%B1%D8%A9-%D9%86%D8%B3/ HTTP/2" 200 34033 "-" "Mozilla/5.0 (compatible; ImagesiftBot; +imagesift.com)"
74.80.208.56 - - [28/Sep/2024:15:29:36 +0200] "GET /cdkxg/q2574572.html HTTP/2" 404 22077 "-" "Mozilla/5.0 (compatible; ImagesiftBot; +imagesift.com)"
77.75.78.161 - - [28/Sep/2024:15:29:37 +0200] "GET /ejaou/q2573740.html HTTP/1.1" 404 20322 "-" "Mozilla/5.0 (compatible; SeznamBot/4.0; +http://napoveda.seznam.cz/seznambot-intro/)"
74.80.208.56 - - [28/Sep/2024:15:29:38 +0200] "GET /tag/%D9%88%D8%A7%D9%84%D8%BA%D9%86%D8%A7%D8%A1/feed/ HTTP/2" 200 0 "-" "Mozilla/5.0 (compatible; ImagesiftBot; +imagesift.com)"
74.80.208.56 - - [28/Sep/2024:15:29:38 +0200] "GET /tag/%D8%AC%D9%84%D8%A8/feed/ HTTP/2" 200 4615 "-" "Mozilla/5.0 (compatible; ImagesiftBot; +imagesift.com)"
74.80.208.56 - - [28/Sep/2024:15:29:39 +0200] "GET /%D9%88%D9%84%D8%A7%D9%8A%D8%A9-%D8%A7%D9%84%D9%82%D8%B6%D8%A7%D8%B1%D9%81-%D8%AA%D9%85%D9%87%D9%84-%D9%85%D9%88%D8%B8%D9%81%D9%8A-%D8%A7%D9%84%D9%85%D9%86%D8%B8%D9%85%D8%A7%D8%AA-48-%D8%B3%D8%A7%D8%B9/ HTTP/2" 200 32344 "-" "Mozilla/5.0 (compatible; ImagesiftBot; +imagesift.com)"
74.80.208.56 - - [28/Sep/2024:15:29:41 +0200] "GET /tag/%D8%A7%D9%84%D9%85%D8%B3%D8%A7%D9%84/feed/ HTTP/2" 200 3376 "-" "Mozilla/5.0 (compatible; ImagesiftBot; +imagesift.com)"
74.80.208.56 - - [28/Sep/2024:15:29:42 +0200] "GET /wp-json/wp/v2/posts/27303 HTTP/2" 200 2620 "-" "Mozilla/5.0 (compatible; ImagesiftBot; +imagesift.com)"
77.75.78.161 - - [28/Sep/2024:15:29:42 +0200] "GET /ewvpu/l1889103.html HTTP/1.1" 404 20321 "-" "Mozilla/5.0 (compatible; SeznamBot/4.0; +http://napoveda.seznam.cz/seznambot-intro/)"
74.80.208.56 - - [28/Sep/2024:15:29:43 +0200] "GET /koghr/c1031848.html HTTP/2" 404 22076 "-" "Mozilla/5.0 (compatible; ImagesiftBot; +imagesift.com)"
77.75.78.161 - - [28/Sep/2024:15:29:53 +0200] "GET /wvpge/f586523.html HTTP/1.1" 404 20327 "-" "Mozilla/5.0 (compatible; SeznamBot/4.0; +http://napoveda.seznam.cz/seznambot-intro/)"
74.80.208.56 - - [28/Sep/2024:15:30:03 +0200] "GET /tag/%D9%81%D9%8A%D9%83%D9%85%D8%A3%D9%88%D9%84%D8%A7%D8%AF%D9%8A/ HTTP/2" 200 35506 "-" "Mozilla/5.0 (compatible; ImagesiftBot; +imagesift.com)"
74.80.208.56 - - [28/Sep/2024:15:30:04 +0200] "GET /wp-json/wp/v2/tags/451 HTTP/2" 200 316 "-" "Mozilla/5.0 (compatible; ImagesiftBot; +imagesift.com)"
74.80.208.56 - - [28/Sep/2024:15:30:04 +0200] "GET /%D9%85%D9%86%D8%A7%D9%88%D9%8A-%D9%84%D8%AF%D9%8A%D9%86%D8%A7-%D9%85%D8%B9%D9%84%D9%88%D9%85%D8%A7%D8%AA-%D9%88%D8%AA%D9%87%D8%AF%D9%8A%D8%AF%D8%A7%D8%AA-%D8%B5%D9%88%D8%AA%D9%8A%D8%A9-%D9%88%D9%85/ HTTP/2" 200 0 "-" "Mozilla/5.0 (compatible; ImagesiftBot; +imagesift.com)"
74.80.208.56 - - [28/Sep/2024:15:30:06 +0200] "GET /tag/%D9%84%D8%B9%D9%85%D9%84%D9%87%D8%A7/ HTTP/2" 200 33687 "-" "Mozilla/5.0 (compatible; ImagesiftBot; +imagesift.com)"
85.208.96.199 - - [28/Sep/2024:15:30:07 +0200] "GET /%D8%A7%D9%84%D9%86%D8%B3%D8%B1-%D8%A7%D9%84%D9%85%D8%AA%D8%B9%D8%B7%D8%B4-%D9%84%D9%84%D8%A7%D9%86%D8%AA%D8%B5%D8%A7%D8%B1%D8%A7%D8%AA-%D9%8A%D8%B9%D9%85%D9%82-%D8%AC%D8%B1%D8%A7%D8%AD-%D8%A7%D9%84/ HTTP/1.1" 403 0 "-" "Mozilla/5.0 (compatible; SemrushBot/7~bl; +http://www.semrush.com/bot.html)"
74.80.208.56 - - [28/Sep/2024:15:30:07 +0200] "GET /%D9%8A%D9%86%D9%85%D8%A7-%D9%83%D8%A7%D9%86-%D8%A7%D9%84%D9%82%D8%AD%D8%A7%D8%AA%D8%A9-%D9%8A%D8%AA%D9%81%D8%B1%D8%AC%D9%88%D9%86-%D8%B9%D9%84%D9%8A-%D8%A7%D9%86%D8%AA%D9%87%D8%A7%D9%83%D8%A7%D8%AA/ HTTP/2" 200 26150 "-" "Mozilla/5.0 (compatible; ImagesiftBot; +imagesift.com)"
74.80.208.56 - - [28/Sep/2024:15:30:08 +0200] "GET /%D9%85%D9%82%D8%AA%D9%84-5-%D8%A3%D8%B4%D8%AE%D8%A7%D8%B5-%D9%88%D8%A5%D8%AD%D8%B1%D8%A7%D9%82-%D9%85%D9%82%D8%B1-%D8%A3%D9%85%D9%86%D9%8A-%D9%81%D9%8A-%D8%A3%D8%B9%D9%85%D8%A7%D9%84-%D8%B9%D9%86/ HTTP/2" 200 55497 "-" "Mozilla/5.0 (compatible; ImagesiftBot; +imagesift.com)"
74.80.208.56 - - [28/Sep/2024:15:30:09 +0200] "GET /wp-json/wp/v2/tags/16210 HTTP/2" 200 332 "-" "Mozilla/5.0 (compatible; ImagesiftBot; +imagesift.com)"
207.46.13.154 - - [28/Sep/2024:15:30:10 +0200] "GET /nmvdb/y2856082.html HTTP/2" 200 43487 "-" "Mozilla/5.0 AppleWebKit/537.36 (KHTML, like Gecko; compatible; bingbot/2.0; +http://www.bing.com/bingbot.htm) Chrome/116.0.1938.76 Safari/537.36"
74.80.208.56 - - [28/Sep/2024:15:30:10 +0200] "GET /wp-json/wp/v2/tags/17278 HTTP/2" 200 325 "-" "Mozilla/5.0 (compatible; ImagesiftBot; +imagesift.com)"
74.80.208.56 - - [28/Sep/2024:15:30:11 +0200] "GET /tag/%D8%A8%D8%A7%D9%84%D8%B1%D8%AC%D9%88%D8%B9/ HTTP/2" 200 25091 "-" "Mozilla/5.0 (compatible; ImagesiftBot; +imagesift.com)"
74.80.208.56 - - [28/Sep/2024:15:30:12 +0200] "GET /wp-json/wp/v2/posts/16026 HTTP/2" 200 3538 "-" "Mozilla/5.0 (compatible; ImagesiftBot; +imagesift.com)"
74.80.208.56 - - [28/Sep/2024:15:30:13 +0200] "GET /%D9%85%D9%86%D8%B3%D9%82%D9%8A%D8%A9-%D8%A7%D9%84%D9%86%D8%A7%D8%B2%D8%AD%D9%8A%D9%86-%D8%AA%D9%83%D8%B4%D9%81-%D8%B9%D9%86-%D8%B6%D8%AD%D8%A7%D9%8A%D8%A7-%D8%AC%D8%AF%D8%AF-%D9%84%D9%84/ HTTP/2" 200 32978 "-" "Mozilla/5.0 (compatible; ImagesiftBot; +imagesift.com)"
74.80.208.56 - - [28/Sep/2024:15:30:15 +0200] "GET /tag/%D8%AD%D8%B3%D9%86%D9%8A/ HTTP/2" 200 0 "-" "Mozilla/5.0 (compatible; ImagesiftBot; +imagesift.com)"
74.80.208.56 - - [28/Sep/2024:15:30:15 +0200] "GET /%D8%B4%D8%A7%D9%87%D8%AF-%D8%A8%D8%A7%D9%84%D9%81%D9%8A%D8%AF%D9%8A%D9%88-%D8%A7%D9%84%D8%B4%D9%8A%D8%AE-%D8%A7%D9%84%D8%B1%D8%A7%D8%AD%D9%84-%D9%85%D8%AD%D9%85%D8%AF-%D8%B3%D9%8A%D8%AF-%D8%AD%D8%A7/ HTTP/2" 200 46492 "-" "Mozilla/5.0 (compatible; ImagesiftBot; +imagesift.com)"
74.80.208.56 - - [28/Sep/2024:15:30:17 +0200] "GET /tag/%D8%A7%D9%84%D8%AE%D8%AC%D9%88%D9%84/ HTTP/2" 200 0 "-" "Mozilla/5.0 (compatible; ImagesiftBot; +imagesift.com)"
74.80.208.56 - - [28/Sep/2024:15:30:18 +0200] "GET /tag/%D9%85%D9%87%D8%A7%D9%85/ HTTP/2" 200 0 "-" "Mozilla/5.0 (compatible; ImagesiftBot; +imagesift.com)"
74.80.208.56 - - [28/Sep/2024:15:30:19 +0200] "GET /tag/%D9%88%D8%A7%D9%81%D8%AA%D8%B9%D8%A7%D9%84/ HTTP/2" 200 0 "-" "Mozilla/5.0 (compatible; ImagesiftBot; +imagesift.com)"
74.80.208.56 - - [28/Sep/2024:15:30:20 +0200] "GET /%D8%A7%D9%84%D9%85%D8%B9%D8%B1%D9%83%D8%A9-%D8%A7%D9%84%D9%83%D9%84%D8%A7%D9%85%D9%8A%D8%A9-%D8%A7%D9%84%D8%A2%D9%86-%D8%AA%D8%AD%D8%AA%D8%AF%D9%85-%D8%A8%D9%8A%D9%86-%D8%B3%D9%84%D9%83-%D9%88%D8%B9/ HTTP/2" 200 44477 "-" "Mozilla/5.0 (compatible; ImagesiftBot; +imagesift.com)"
3.145.52.188 - - [28/Sep/2024:15:28:52 +0200] "GET /%d8%a7%d9%82%d8%aa%d8%b5%d8%a7%d8%af%d9%8a%d8%a7-%d9%85%d8%a7%d8%b0%d8%a7-%d8%b3%d9%8a%d9%82%d8%af%d9%85-%d8%a8%d9%88%d8%aa%d9%8a%d9%86-%d9%84%d9%83%d9%8a%d9%85-%d8%ac%d9%88%d9%86%d8%ba-%d8%a3%d9%88/ HTTP/2" 200 62376 "https://sudancam.net/%d8%a7%d9%82%d8%aa%d8%b5%d8%a7%d8%af%d9%8a%d8%a7-%d9%85%d8%a7%d8%b0%d8%a7-%d8%b3%d9%8a%d9%82%d8%af%d9%85-%d8%a8%d9%88%d8%aa%d9%8a%d9%86-%d9%84%d9%83%d9%8a%d9%85-%d8%ac%d9%88%d9%86%d8%ba-%d8%a3%d9%88" "Mozilla/5.0 AppleWebKit/537.36 (KHTML, like Gecko; compatible; ClaudeBot/1.0; +claudebot@anthropic.com)"
85.208.96.211 - - [28/Sep/2024:15:29:06 +0200] "GET /quran/translate-bg-36.html HTTP/1.1" 403 0 "-" "Mozilla/5.0 (compatible; SemrushBot/7~bl; +http://www.semrush.com/bot.html)"
66.249.64.15 - - [28/Sep/2024:15:29:19 +0200] "GET /ocrah/h1947729.html HTTP/1.1" 200 42124 "-" "Mozilla/5.0 (Linux; Android 6.0.1; Nexus 5X Build/MMB29P) AppleWebKit/537.36 (KHTML, like Gecko) Chrome/128.0.6613.137 Mobile Safari/537.36 (compatible; GoogleOther)"
84.255.40.228 - - [28/Sep/2024:15:29:34 +0200] "GET /wp-content/plugins/updraftplus/vendor/guzzle/guzzle/src/Guzzle/Service/Description/product_music.php HTTP/2" 301 0 "-" "Mozilla/5.0 (Macintosh; Intel Mac OS X 10_15_7) AppleWebKit/537.36 (KHTML, like Gecko) Chrome/120.0.0.0 Safari/537.36"
66.249.64.14 - - [28/Sep/2024:15:29:42 +0200] "GET /qfpkf/z1322837.html HTTP/1.1" 200 42465 "-" "Mozilla/5.0 (Linux; Android 6.0.1; Nexus 5X Build/MMB29P) AppleWebKit/537.36 (KHTML, like Gecko) Chrome/128.0.6613.137 Mobile Safari/537.36 (compatible; GoogleOther)"
185.170.167.18 - - [28/Sep/2024:15:29:42 +0200] "GET /%D8%A7%D9%84%D8%AE%D8%B1%D8%B7%D9%88%D9%85-%D8%AA%D9%86%D8%AF%D8%AF-%D8%A8%D8%AA%D8%B5%D8%B1%D9%8A%D8%AD%D8%A7%D8%AA-%D8%A7%D9%84%D8%B3%D9%81%D9%8A%D8%B1-%D8%A7%D9%84%D8%A3%D9%85%D9%8A%D8%B1%D9%83/ HTTP/1.1" 200 33475 "-" "Mozilla/5.0 (compatible; BacklinksExtendedBot)"
66.249.64.14 - - [28/Sep/2024:15:29:58 +0200] "GET /xxjkc/s937172.html HTTP/1.1" 200 43690 "-" "Mozilla/5.0 (Linux; Android 6.0.1; Nexus 5X Build/MMB29P) AppleWebKit/537.36 (KHTML, like Gecko) Chrome/128.0.6613.137 Mobile Safari/537.36 (compatible; Googlebot/2.1; +http://www.google.com/bot.html)"
52.167.144.137 - - [28/Sep/2024:15:29:58 +0200] "GET /tcjhs/n518541.html HTTP/2" 200 41492 "-" "Mozilla/5.0 AppleWebKit/537.36 (KHTML, like Gecko; compatible; bingbot/2.0; +http://www.bing.com/bingbot.htm) Chrome/116.0.1938.76 Safari/537.36"
207.46.13.154 - - [28/Sep/2024:15:29:59 +0200] "GET /dwuqm/m1136560.html HTTP/2" 200 42543 "-" "Mozilla/5.0 AppleWebKit/537.36 (KHTML, like Gecko; compatible; bingbot/2.0; +http://www.bing.com/bingbot.htm) Chrome/116.0.1938.76 Safari/537.36"
178.236.247.6 - - [28/Sep/2024:15:30:04 +0200] "POST /74a7c9952328.php HTTP/1.1" 200 9 "-" "curl/7.86.0"
77.75.78.161 - - [28/Sep/2024:15:30:15 +0200] "GET /xszxu/d912457.html HTTP/1.1" 404 20324 "-" "Mozilla/5.0 (compatible; SeznamBot/4.0; +http://napoveda.seznam.cz/seznambot-intro/)"
74.80.208.56 - - [28/Sep/2024:15:30:31 +0200] "GET /%D8%A7%D9%83%D8%AA%D8%B4%D8%A7%D9%81-%D9%83%D9%88%D9%83%D8%A8-%D9%84%D9%8A%D8%B3-%D9%84%D9%87-%D9%85%D8%AB%D9%8A%D9%84/feed/ HTTP/2" 200 651 "-" "Mozilla/5.0 (compatible; ImagesiftBot; +imagesift.com)"
74.80.208.56 - - [28/Sep/2024:15:30:32 +0200] "GET /%D8%AD%D8%B3%D9%86-%D8%A5%D8%B3%D9%85%D8%A7%D8%B9%D9%8A%D9%84-%D8%A7%D9%84%D8%AB%D9%88%D8%B1%D8%A7%D8%AA-%D8%A7%D9%84%D9%83%D8%B0%D9%88%D8%A8%D8%A9-%D9%88%D8%A7%D9%84%D9%83%D8%AF%D9%8A%D8%B3-%D8%AF/ HTTP/2" 200 0 "-" "Mozilla/5.0 (compatible; ImagesiftBot; +imagesift.com)"
74.80.208.56 - - [28/Sep/2024:15:30:33 +0200] "GET /tag/%D8%A8%D8%AA%D8%AE%D9%81%D9%8A%D8%B6%D8%A7%D8%AA/ HTTP/2" 200 23685 "-" "Mozilla/5.0 (compatible; ImagesiftBot; +imagesift.com)"
135.181.9.38 - - [28/Sep/2024:15:30:37 +0200] "POST /wp-admin/admin-ajax.php?action=async_litespeed&nonce=3QreSyPzDr6wxdsFapagDuRsZnEWJXj9&litespeed_type=imgoptm HTTP/1.1" 200 21 "-" "WordPress/6.6.2; https://www.sudancam.net"
77.75.78.161 - - [28/Sep/2024:15:30:28 +0200] "GET /pzcwn/k574776.html HTTP/1.1" 404 20322 "-" "Mozilla/5.0 (compatible; SeznamBot/4.0; +http://napoveda.seznam.cz/seznambot-intro/)"
18.226.251.70 - - [28/Sep/2024:15:30:29 +0200] "GET /tag/%d8%a8%d8%a7%d9%84%d9%85%d8%b3%d8%a7%d8%a8%d9%82%d8%a9/ HTTP/2" 200 23526 "https://sudancam.net/tag/%d8%a8%d8%a7%d9%84%d9%85%d8%b3%d8%a7%d8%a8%d9%82%d8%a9" "Mozilla/5.0 AppleWebKit/537.36 (KHTML, like Gecko; compatible; ClaudeBot/1.0; +claudebot@anthropic.com)"
47.91.104.88 - - [28/Sep/2024:15:30:32 +0200] "GET /assets/images/exif.php HTTP/1.1" 404 20313 "-" "Mozilla/5.0 (Macintosh; Intel Mac OS X 10_15_7) AppleWebKit/537.36 (KHTML, like Gecko) Chrome/120.0.0.0 Safari/537.36"
74.80.208.56 - - [28/Sep/2024:15:30:36 +0200] "GET /tag/%D8%A7%D9%84%D8%B3%D9%84%D8%A7%D8%AD/ HTTP/2" 200 39335 "-" "Mozilla/5.0 (compatible; ImagesiftBot; +imagesift.com)"
74.80.208.56 - - [28/Sep/2024:15:30:37 +0200] "GET /%D9%84%D8%AC%D9%86%D8%A9-%D8%A7%D9%84%D9%85%D9%86%D8%AA%D8%AE%D8%A8%D8%A7%D8%AA-%D8%A7%D9%84%D9%88%D8%B7%D9%86%D9%8A%D8%A9-%D8%AA%D8%AC%D8%AA%D9%85%D8%B9-%D8%B8%D9%87%D8%B1-%D8%A7%D9%84%D9%8A%D9%88/ HTTP/2" 200 0 "-" "Mozilla/5.0 (compatible; ImagesiftBot; +imagesift.com)"
74.80.208.56 - - [28/Sep/2024:15:30:39 +0200] "GET /tag/%D9%85%D8%AA%D9%82%D8%B7%D8%B9/ HTTP/2" 200 0 "-" "Mozilla/5.0 (compatible; ImagesiftBot; +imagesift.com)"
74.80.208.56 - - [28/Sep/2024:15:30:40 +0200] "GET /%D8%A7%D9%84%D8%AA%D9%83%D8%A7%D9%8A%D8%A7-%D9%85%D9%88%D8%B1%D9%88%D8%AB-%D8%B5%D9%88%D9%81%D9%8A-%D9%84%D9%85%D8%AD%D8%A7%D8%B1%D8%A8%D8%A9-%D8%A7%D9%84%D8%AC%D9%88%D8%B9-%D9%81%D9%8A/ HTTP/2" 200 40220 "-" "Mozilla/5.0 (compatible; ImagesiftBot; +imagesift.com)"
74.80.208.56 - - [28/Sep/2024:15:30:44 +0200] "GET /%D8%B4%D8%A7%D9%87%D8%AF-%D8%A8%D8%A7%D9%84%D9%81%D9%8A%D8%AF%D9%8A%D9%88-%D8%A7%D9%84%D9%81%D9%86%D8%A7%D9%86%D8%A9-%D8%A5%D9%8A%D9%85%D8%A7%D9%86-%D8%A7%D9%84%D8%B4%D8%B1%D9%8A%D9%81-%D8%AA%D9%87/ HTTP/2" 200 0 "-" "Mozilla/5.0 (compatible; ImagesiftBot; +imagesift.com)"
74.80.208.56 - - [28/Sep/2024:15:30:45 +0200] "GET /tag/%D8%A7%D9%84%D8%B3%D9%8A%D8%A7%D8%B3%D8%A7%D8%AA/ HTTP/2" 200 35210 "-" "Mozilla/5.0 (compatible; ImagesiftBot; +imagesift.com)"
74.80.208.56 - - [28/Sep/2024:15:30:48 +0200] "GET /%D8%A5%D8%B1%D8%AC%D8%A7%D8%A1-%D9%85%D9%88%D8%B9%D8%AF-%D9%88%D8%B1%D8%B4%D8%A9-%D8%A7%D9%84%D8%A5%D8%B5%D9%84%D8%A7%D8%AD-%D8%A7%D9%84%D8%A3%D9%85%D9%86%D9%8A-%D9%88%D8%A7%D9%84%D8%B9%D8%B3%D9%83/ HTTP/2" 200 0 "-" "Mozilla/5.0 (compatible; ImagesiftBot; +imagesift.com)"
74.80.208.56 - - [28/Sep/2024:15:30:49 +0200] "GET /tag/%D8%A7%D9%84%D9%85%D8%B4%D8%A7%D9%83%D9%84/ HTTP/2" 200 0 "-" "Mozilla/5.0 (compatible; ImagesiftBot; +imagesift.com)"
74.80.208.56 - - [28/Sep/2024:15:30:50 +0200] "GET /%D8%A8%D8%B1%D9%85%D8%A9-%D9%82%D8%B6%D8%A7%D9%8A%D8%A7-%D8%A7%D9%84%D8%B4%D8%B1%D9%82-%D8%B3%D8%AA%D8%AD%D9%84-%D8%A8%D8%B9%D8%AF-%D8%AD%D9%84-%D8%AE%D9%84%D8%A7%D9%81%D8%A7%D8%AA-%D9%82%D9%8A/feed/ HTTP/2" 200 746 "-" "Mozilla/5.0 (compatible; ImagesiftBot; +imagesift.com)"
74.80.208.56 - - [28/Sep/2024:15:30:52 +0200] "GET /aemcu/d1088061.html HTTP/2" 200 0 "-" "Mozilla/5.0 (compatible; ImagesiftBot; +imagesift.com)"
77.75.78.161 - - [28/Sep/2024:15:30:52 +0200] "GET /uhpbc/o2867720.html HTTP/1.1" 404 20328 "-" "Mozilla/5.0 (compatible; SeznamBot/4.0; +http://napoveda.seznam.cz/seznambot-intro/)"
74.80.208.56 - - [28/Sep/2024:15:30:53 +0200] "GET /wp-json/wp/v2/posts/10344 HTTP/2" 200 2747 "-" "Mozilla/5.0 (compatible; ImagesiftBot; +imagesift.com)"
74.80.208.56 - - [28/Sep/2024:15:30:53 +0200] "GET /%D8%A7%D9%84%D8%A7%D8%AA%D9%81%D8%A7%D9%82-%D8%A7%D9%84%D9%86%D9%88%D9%88%D9%8A-%D9%84%D9%86%D8%AF%D9%86-%D9%88%D8%A8%D8%B1%D9%84%D9%8A%D9%86-%D9%88%D8%A8%D8%A7%D8%B1%D9%8A%D8%B3-%D8%AA%D8%B4%D9%83/ HTTP/2" 200 46785 "-" "Mozilla/5.0 (compatible; ImagesiftBot; +imagesift.com)"
135.181.9.38 - - [28/Sep/2024:15:30:44 +0200] "POST /wp-cron.php?doing_wp_cron=1727530244.9306569099426269531250 HTTP/1.1" 200 0 "-" "WordPress/6.6.2; https://www.sudancam.net"
77.75.78.161 - - [28/Sep/2024:15:30:55 +0200] "GET /kgrrd/m335864.html HTTP/1.1" 404 20321 "-" "Mozilla/5.0 (compatible; SeznamBot/4.0; +http://napoveda.seznam.cz/seznambot-intro/)"
77.75.78.161 - - [28/Sep/2024:15:31:00 +0200] "GET /aibcu/l2189975.html HTTP/1.1" 404 20320 "-" "Mozilla/5.0 (compatible; SeznamBot/4.0; +http://napoveda.seznam.cz/seznambot-intro/)"
74.80.208.56 - - [28/Sep/2024:15:31:00 +0200] "GET /wp-json/wp/v2/posts/18292 HTTP/2" 200 0 "-" "Mozilla/5.0 (compatible; ImagesiftBot; +imagesift.com)"
52.167.144.187 - - [28/Sep/2024:15:31:00 +0200] "GET /fhoum/e2836224.html HTTP/2" 200 41316 "-" "Mozilla/5.0 AppleWebKit/537.36 (KHTML, like Gecko; compatible; bingbot/2.0; +http://www.bing.com/bingbot.htm) Chrome/116.0.1938.76 Safari/537.36"
74.80.208.56 - - [28/Sep/2024:15:31:02 +0200] "GET /%D8%B3%D8%B9%D8%B1-%D8%A7%D9%84%D8%AF%D8%B1%D9%87%D9%85-%D8%A7%D9%84%D8%A7%D9%85%D8%A7%D8%B1%D8%A7%D8%AA%D9%8A-%D9%81%D9%8A-%D8%A7%D9%84%D8%A8%D9%86%D9%88%D9%83-%D9%84%D9%8A%D9%88%D9%85-%D8%A7-122/feed/ HTTP/2" 200 742 "-" "Mozilla/5.0 (compatible; ImagesiftBot; +imagesift.com)"
74.80.208.56 - - [28/Sep/2024:15:31:03 +0200] "GET /tag/%D8%AD%D8%B1%D8%A7%D8%B1%D8%A9/ HTTP/2" 200 38251 "-" "Mozilla/5.0 (compatible; ImagesiftBot; +imagesift.com)"
74.80.208.56 - - [28/Sep/2024:15:31:04 +0200] "GET /tag/%D8%A7%D9%84%D9%85%D8%A7%D9%84/ HTTP/2" 200 39611 "-" "Mozilla/5.0 (compatible; ImagesiftBot; +imagesift.com)"
74.80.208.56 - - [28/Sep/2024:15:31:06 +0200] "GET /%D8%A7%D9%84%D8%AC%D9%85%D8%A7%D9%87%D9%8A%D8%B1-%D8%A7%D9%84%D9%85%D8%BA%D8%A7%D8%B1%D8%A8%D9%8A%D8%A9-%D9%88%D8%A7%D9%84%D8%A3%D9%81%D8%B1%D9%8A%D9%82%D9%8A%D8%A9-%D8%AA%D8%AD%D8%A8%D8%B3-%D8%A3/feed/ HTTP/2" 200 776 "-" "Mozilla/5.0 (compatible; ImagesiftBot; +imagesift.com)"
74.80.208.56 - - [28/Sep/2024:15:31:07 +0200] "GET /tag/%D8%A7%D8%B9%D8%AA%D9%85%D8%A7%D8%AF%D8%A7/feed/ HTTP/2" 200 1856 "-" "Mozilla/5.0 (compatible; ImagesiftBot; +imagesift.com)"
85.208.96.195 - - [28/Sep/2024:15:31:07 +0200] "GET /tag/%D8%A7%D9%84%D8%A7%D8%A8%D8%AA%D8%AF%D8%A7%D8%A6%D9%8A%D8%A9/ HTTP/1.1" 200 25284 "-" "Mozilla/5.0 (compatible; SemrushBot/7~bl; +http://www.semrush.com/bot.html)"
74.80.208.56 - - [28/Sep/2024:15:31:07 +0200] "GET /tag/%D8%AA%D8%A8%D9%86%D9%8A%D9%87%D8%A7/ HTTP/2" 200 23605 "-" "Mozilla/5.0 (compatible; ImagesiftBot; +imagesift.com)"
74.80.208.56 - - [28/Sep/2024:15:31:09 +0200] "GET /wp-json/wp/v2/posts/12009 HTTP/2" 200 6344 "-" "Mozilla/5.0 (compatible; ImagesiftBot; +imagesift.com)"
74.80.208.56 - - [28/Sep/2024:15:31:09 +0200] "GET /wp-json/wp/v2/posts/22689 HTTP/2" 200 7146 "-" "Mozilla/5.0 (compatible; ImagesiftBot; +imagesift.com)"
74.80.208.56 - - [28/Sep/2024:15:31:10 +0200] "GET /%D8%B9%D8%A7%D8%AC%D9%84-%D9%8A%D8%A7%D8%B3%D8%B1-%D8%A7%D9%84%D8%B9%D8%B7%D8%A7-%D9%82%D9%88%D8%A7%D8%AA-%D8%A7%D9%84%D8%AF%D8%B9%D9%85-%D8%A7%D9%84%D8%B3%D8%B1%D9%8A%D8%B9-%D8%A7%D9%82%D8%AA/ HTTP/2" 200 30704 "-" "Mozilla/5.0 (compatible; ImagesiftBot; +imagesift.com)"
74.80.208.56 - - [28/Sep/2024:15:31:12 +0200] "GET /tag/%D9%8A%D8%B3%D8%AA%D9%84%D8%B7%D9%81/feed/ HTTP/2" 200 0 "-" "Mozilla/5.0 (compatible; ImagesiftBot; +imagesift.com)"
77.75.78.161 - - [28/Sep/2024:15:31:12 +0200] "GET /kyoro/u468368.html HTTP/1.1" 404 20324 "-" "Mozilla/5.0 (compatible; SeznamBot/4.0; +http://napoveda.seznam.cz/seznambot-intro/)"
74.80.208.56 - - [28/Sep/2024:15:31:13 +0200] "GET /tag/%D9%84%D9%8050/ HTTP/2" 200 52365 "-" "Mozilla/5.0 (compatible; ImagesiftBot; +imagesift.com)"
74.80.208.56 - - [28/Sep/2024:15:31:14 +0200] "GET /wp-json/wp/v2/posts/16012 HTTP/2" 200 3607 "-" "Mozilla/5.0 (compatible; ImagesiftBot; +imagesift.com)"
135.181.9.38 - - [28/Sep/2024:15:29:34 +0200] "POST /wp-cron.php?doing_wp_cron=1727530174.8428859710693359375000 HTTP/1.1" 200 0 "-" "WordPress/6.6.2; https://www.sudancam.net"
52.167.144.137 - - [28/Sep/2024:15:29:35 +0200] "GET /sqqau/g74246.html HTTP/2" 200 40987 "-" "Mozilla/5.0 AppleWebKit/537.36 (KHTML, like Gecko; compatible; bingbot/2.0; +http://www.bing.com/bingbot.htm) Chrome/116.0.1938.76 Safari/537.36"
66.249.64.13 - - [28/Sep/2024:15:29:41 +0200] "GET /wjqge/m268030.html HTTP/1.1" 200 42075 "-" "Mozilla/5.0 (Linux; Android 6.0.1; Nexus 5X Build/MMB29P) AppleWebKit/537.36 (KHTML, like Gecko) Chrome/128.0.6613.137 Mobile Safari/537.36 (compatible; Googlebot/2.1; +http://www.google.com/bot.html)"
135.181.9.38 - - [28/Sep/2024:15:29:44 +0200] "POST /wp-cron.php?doing_wp_cron=1727530184.0843179225921630859375 HTTP/1.1" 200 0 "-" "WordPress/6.6.2; https://www.sudancam.net"
74.80.208.56 - - [28/Sep/2024:15:29:51 +0200] "GET /wp-json/wp/v2/posts/5760 HTTP/2" 200 2348 "-" "Mozilla/5.0 (compatible; ImagesiftBot; +imagesift.com)"
74.80.208.56 - - [28/Sep/2024:15:29:52 +0200] "GET /wp-json/wp/v2/tags/32461 HTTP/2" 200 324 "-" "Mozilla/5.0 (compatible; ImagesiftBot; +imagesift.com)"
20.15.133.174 - - [28/Sep/2024:15:29:52 +0200] "GET /paanc/i1027798.html HTTP/2" 200 41872 "-" "Mozilla/5.0 AppleWebKit/537.36 (KHTML, like Gecko; compatible; bingbot/2.0; +http://www.bing.com/bingbot.htm) Chrome/116.0.1938.76 Safari/537.36"
74.80.208.56 - - [28/Sep/2024:15:29:53 +0200] "GET /tag/%D9%85%D9%82%D8%AA%D9%84%D8%A5%D8%A8%D8%B1%D8%A7%D9%87%D9%8A%D9%85/ HTTP/2" 200 35291 "-" "Mozilla/5.0 (compatible; ImagesiftBot; +imagesift.com)"
74.80.208.56 - - [28/Sep/2024:15:29:54 +0200] "GET /wp-json/wp/v2/posts/1743 HTTP/2" 200 3021 "-" "Mozilla/5.0 (compatible; ImagesiftBot; +imagesift.com)"
74.80.208.56 - - [28/Sep/2024:15:29:55 +0200] "GET /tag/%D9%88%D8%AA%D8%AA%D9%88%D8%A7%D8%B5%D9%84/feed/ HTTP/2" 200 0 "-" "Mozilla/5.0 (compatible; ImagesiftBot; +imagesift.com)"
77.75.78.161 - - [28/Sep/2024:15:30:04 +0200] "GET /lvidc/r954591.html HTTP/1.1" 404 20320 "-" "Mozilla/5.0 (compatible; SeznamBot/4.0; +http://napoveda.seznam.cz/seznambot-intro/)"
45.236.169.162 - - [28/Sep/2024:15:30:09 +0200] "GET / HTTP/2" 200 42 "-" "Mozilla/5.0 (Macintosh; Intel Mac OS X 10_15_7) AppleWebKit/537.36 (KHTML, like Gecko) Chrome/120.0.0.0 Safari/537.36"
77.75.78.161 - - [28/Sep/2024:15:30:08 +0200] "GET /yifwl/i2141196.html HTTP/1.1" 404 20322 "-" "Mozilla/5.0 (compatible; SeznamBot/4.0; +http://napoveda.seznam.cz/seznambot-intro/)"
18.226.251.70 - - [28/Sep/2024:15:30:22 +0200] "GET /tag/%d8%a8%d8%a7%d9%84%d9%85%d8%b3%d8%a7%d8%a8%d9%82%d8%a9 HTTP/2" 301 0 "-" "Mozilla/5.0 AppleWebKit/537.36 (KHTML, like Gecko; compatible; ClaudeBot/1.0; +claudebot@anthropic.com)"
74.80.208.56 - - [28/Sep/2024:15:30:24 +0200] "GET /%D9%84%D8%AC%D9%86%D8%A9-%D8%A7%D9%84%D9%85%D8%B9%D9%84%D9%85%D9%8A%D9%86-%D8%A7%D9%84%D8%B3%D9%88%D8%AF%D8%A7%D9%86%D9%8A%D9%8A%D9%86-%D8%AA%D9%84%D9%88%D8%AD-%D8%A8%D8%A7%D9%84%D8%B9%D9%88%D8%AF/ HTTP/2" 200 26805 "-" "Mozilla/5.0 (compatible; ImagesiftBot; +imagesift.com)"
135.181.9.38 - - [28/Sep/2024:15:30:37 +0200] "POST /wp-cron.php?doing_wp_cron=1727530237.1001710891723632812500 HTTP/1.1" 200 0 "-" "WordPress/6.6.2; https://www.sudancam.net"
77.75.78.161 - - [28/Sep/2024:15:30:40 +0200] "GET /gijni/a1894422.html HTTP/1.1" 404 20330 "-" "Mozilla/5.0 (compatible; SeznamBot/4.0; +http://napoveda.seznam.cz/seznambot-intro/)"
66.249.64.13 - - [28/Sep/2024:15:31:00 +0200] "GET /ovgzg/m885842.html HTTP/1.1" 200 42491 "-" "Mozilla/5.0 (Linux; Android 6.0.1; Nexus 5X Build/MMB29P) AppleWebKit/537.36 (KHTML, like Gecko) Chrome/128.0.6613.137 Mobile Safari/537.36 (compatible; GoogleOther)"
66.249.64.13 - - [28/Sep/2024:15:31:21 +0200] "GET /sitemap_index_28.xml HTTP/1.1" 200 14346 "-" "Mozilla/5.0 (compatible; Googlebot/2.1; +http://www.google.com/bot.html)"
74.80.208.56 - - [28/Sep/2024:15:31:44 +0200] "GET /tag/%D9%85%D9%88%D8%B1%D8%AF%D9%8A/ HTTP/2" 200 23563 "-" "Mozilla/5.0 (compatible; ImagesiftBot; +imagesift.com)"
74.80.208.56 - - [28/Sep/2024:15:31:45 +0200] "GET /tag/%D8%A7%D9%84%D9%82%D8%A8%D8%B6/page/3/ HTTP/2" 200 0 "-" "Mozilla/5.0 (compatible; ImagesiftBot; +imagesift.com)"
74.80.208.56 - - [28/Sep/2024:15:31:46 +0200] "GET /tag/%D8%A7%D9%84%D8%B1%D8%B6%D9%8A/feed/ HTTP/2" 200 4799 "-" "Mozilla/5.0 (compatible; ImagesiftBot; +imagesift.com)"
74.80.208.56 - - [28/Sep/2024:15:31:48 +0200] "GET /%D8%A7%D9%84%D8%A3%D8%B1%D8%B5%D8%A7%D8%AF-%D8%A5%D8%B1%D8%AA%D9%81%D8%A7%D8%B9-%D9%81%D9%8A-%D8%AF%D8%B1%D8%AC%D8%A7%D8%AA-%D8%A7%D9%84%D8%AD%D8%B1%D8%A7%D8%B1%D8%A9-%D8%A7%D9%84%D8%B5%D8%BA%D8%B1/ HTTP/2" 200 44058 "-" "Mozilla/5.0 (compatible; ImagesiftBot; +imagesift.com)"
66.249.64.13 - - [28/Sep/2024:15:31:49 +0200] "GET /wnkli/o569892.html HTTP/1.1" 200 41640 "-" "Mozilla/5.0 (Linux; Android 6.0.1; Nexus 5X Build/MMB29P) AppleWebKit/537.36 (KHTML, like Gecko) Chrome/128.0.6613.137 Mobile Safari/537.36 (compatible; GoogleOther)"
216.244.66.232 - - [28/Sep/2024:15:31:50 +0200] "GET /robots.txt HTTP/1.1" 200 1741 "-" "Mozilla/5.0 (compatible; DotBot/1.2; +https://opensiteexplorer.org/dotbot; help@moz.com)"
74.80.208.56 - - [28/Sep/2024:15:31:51 +0200] "GET /saszo/x352775.html HTTP/2" 404 22079 "-" "Mozilla/5.0 (compatible; ImagesiftBot; +imagesift.com)"
74.80.208.56 - - [28/Sep/2024:15:31:52 +0200] "GET /wp-json/wp/v2/posts/9517 HTTP/2" 200 8493 "-" "Mozilla/5.0 (compatible; ImagesiftBot; +imagesift.com)"
74.80.208.56 - - [28/Sep/2024:15:31:53 +0200] "GET /%D9%85%D8%A7%D8%B0%D8%A7-%D8%AA%D8%B9%D9%86%D9%8A-%D8%A7%D9%84%D9%86%D9%82%D8%B7%D8%AA%D8%A7%D9%86-%D8%A7%D9%84%D8%AE%D8%B6%D8%B1%D8%A7%D8%A1-%D9%88%D8%A7%D9%84%D8%B5%D9%81%D8%B1%D8%A7%D8%A1-%D9%81/ HTTP/2" 200 43589 "-" "Mozilla/5.0 (compatible; ImagesiftBot; +imagesift.com)"
74.80.208.56 - - [28/Sep/2024:15:31:54 +0200] "GET /tag/%D9%85%D9%86%D8%B2%D9%84%D8%A7/feed/ HTTP/2" 200 5697 "-" "Mozilla/5.0 (compatible; ImagesiftBot; +imagesift.com)"
74.80.208.56 - - [28/Sep/2024:15:31:55 +0200] "GET /xvocp/o1524560.html HTTP/2" 404 22076 "-" "Mozilla/5.0 (compatible; ImagesiftBot; +imagesift.com)"
74.80.208.56 - - [28/Sep/2024:15:31:56 +0200] "GET /%D8%B3%D8%B9%D8%B1-%D8%A7%D9%84%D8%B1%D9%8A%D8%A7%D9%84-%D8%A7%D9%84%D8%B3%D8%B9%D9%88%D8%AF%D9%8A-%D9%81%D9%8A-%D8%A7%D9%84%D8%A8%D9%86%D9%88%D9%83-%D9%84%D9%8A%D9%88%D9%85-%D8%A7%D9%84%D8%A3-30/feed/ HTTP/2" 200 727 "-" "Mozilla/5.0 (compatible; ImagesiftBot; +imagesift.com)"
74.80.208.56 - - [28/Sep/2024:15:31:59 +0200] "GET /tag/%D9%82%D8%B1%D8%A7%D8%B1%D8%A7%D8%AA/page/2/ HTTP/2" 200 0 "-" "Mozilla/5.0 (compatible; ImagesiftBot; +imagesift.com)"
74.80.208.56 - - [28/Sep/2024:15:32:00 +0200] "GET /wp-json/wp/v2/posts/9403 HTTP/2" 200 3613 "-" "Mozilla/5.0 (compatible; ImagesiftBot; +imagesift.com)"
74.80.208.56 - - [28/Sep/2024:15:32:01 +0200] "GET /wp-json/wp/v2/tags/36104 HTTP/2" 200 317 "-" "Mozilla/5.0 (compatible; ImagesiftBot; +imagesift.com)"
74.80.208.56 - - [28/Sep/2024:15:32:02 +0200] "GET /11-9-%D8%A7%D9%84%D8%B0%D9%83%D8%B1%D9%8A-%D8%A7%D9%84%D8%A7%D9%88%D9%84%D9%8A-%D9%84%D9%85%D8%AC%D8%B2%D8%B1%D8%A9-%D9%88%D9%83%D8%A7%D9%84%D8%A9-%D8%A7%D9%84%D8%B3%D9%88%D8%AF%D8%A7%D9%86-%D9%84/ HTTP/2" 200 26014 "-" "Mozilla/5.0 (compatible; ImagesiftBot; +imagesift.com)"
74.80.208.56 - - [28/Sep/2024:15:32:04 +0200] "GET /tag/%D9%84%D9%84%D8%AC%D9%88%D9%84%D8%A9/ HTTP/2" 200 35207 "-" "Mozilla/5.0 (compatible; ImagesiftBot; +imagesift.com)"
74.80.208.56 - - [28/Sep/2024:15:32:13 +0200] "GET /wp-json/wp/v2/tags/20099 HTTP/2" 200 301 "-" "Mozilla/5.0 (compatible; ImagesiftBot; +imagesift.com)"
74.80.208.56 - - [28/Sep/2024:15:32:14 +0200] "GET /%D9%85%D8%AC%D8%AF%D9%8A-%D8%B4%D9%85%D8%B3-%D8%A7%D9%84%D8%AF%D9%8A%D9%86-%D9%8A%D9%83%D8%B4%D9%81-%D9%83%D9%88%D8%A7%D9%84%D9%8A%D8%B3-%D9%82%D8%B1%D8%A7%D8%B1-%D9%85%D8%B4%D8%A7%D8%B1%D9%83%D8%A9/ HTTP/2" 200 43765 "-" "Mozilla/5.0 (compatible; ImagesiftBot; +imagesift.com)"
74.80.208.56 - - [28/Sep/2024:15:32:22 +0200] "GET /%D9%85%D8%AA%D8%B9%D8%A9-%D8%A3%D9%86-%D8%AA%D9%83%D9%88%D9%86-%D9%81%D9%8A-%D8%A7%D9%84%D8%AB%D9%84%D8%A7%D8%AB%D9%8A%D9%86/ HTTP/2" 200 34389 "-" "Mozilla/5.0 (compatible; ImagesiftBot; +imagesift.com)"
74.80.208.56 - - [28/Sep/2024:15:32:25 +0200] "GET /%D9%88%D8%B2%D9%8A%D8%B1-%D8%A7%D9%84%D8%B2%D8%B1%D8%A7%D8%B9%D8%A9-%D8%A7%D9%84%D8%A5%D8%AA%D8%AD%D8%A7%D8%AF%D9%8A-%D9%8A%D9%82%D9%81-%D8%B9%D9%84%D9%89-%D8%A7%D9%84%D8%AA%D8%AD%D8%B6%D9%8A%D8%B1/ HTTP/2" 200 0 "-" "Mozilla/5.0 (compatible; ImagesiftBot; +imagesift.com)"
77.75.78.161 - - [28/Sep/2024:15:32:25 +0200] "GET /ofxfn/t302019.html HTTP/1.1" 404 20319 "-" "Mozilla/5.0 (compatible; SeznamBot/4.0; +http://napoveda.seznam.cz/seznambot-intro/)"
74.80.208.56 - - [28/Sep/2024:15:32:27 +0200] "GET /%D8%A7%D9%84%D9%87%D9%84%D8%A7%D9%84-%D9%8A%D8%B3%D8%AA%D8%A7%D9%86%D9%81-%D8%A7%D8%B9%D8%AF%D8%A7%D8%AF%D9%87-%D8%BA%D8%AF%D8%A7-%D8%A7%D9%84%D8%A7%D8%AB%D9%86%D9%8A%D9%86/ HTTP/2" 200 43125 "-" "Mozilla/5.0 (compatible; ImagesiftBot; +imagesift.com)"
77.75.78.161 - - [28/Sep/2024:15:32:31 +0200] "GET /yszcl/c2505476.html HTTP/1.1" 404 20329 "-" "Mozilla/5.0 (compatible; SeznamBot/4.0; +http://napoveda.seznam.cz/seznambot-intro/)"
77.75.78.161 - - [28/Sep/2024:15:32:34 +0200] "GET /zczjo/b2483427.html HTTP/1.1" 404 20331 "-" "Mozilla/5.0 (compatible; SeznamBot/4.0; +http://napoveda.seznam.cz/seznambot-intro/)"
85.208.96.208 - - [28/Sep/2024:15:32:39 +0200] "GET /%D9%87%D8%B2%D8%A9-%D8%B9%D9%86%D9%8A%D9%81%D8%A9/ HTTP/1.1" 200 58260 "-" "Mozilla/5.0 (compatible; SemrushBot/7~bl; +http://www.semrush.com/bot.html)"
77.75.78.161 - - [28/Sep/2024:15:32:40 +0200] "GET /pyclp/e2613248.html HTTP/1.1" 404 20322 "-" "Mozilla/5.0 (compatible; SeznamBot/4.0; +http://napoveda.seznam.cz/seznambot-intro/)"
135.181.9.38 - - [28/Sep/2024:15:32:43 +0200] "POST /wp-cron.php?doing_wp_cron=1727530363.1662149429321289062500 HTTP/1.1" 200 0 "-" "WordPress/6.6.2; https://www.sudancam.net"
77.75.78.161 - - [28/Sep/2024:15:32:44 +0200] "GET /tknil/l1589635.html HTTP/1.1" 404 20322 "-" "Mozilla/5.0 (compatible; SeznamBot/4.0; +http://napoveda.seznam.cz/seznambot-intro/)"
74.80.208.56 - - [28/Sep/2024:15:32:46 +0200] "GET /tag/%D9%88%D8%A7%D8%AA%D9%87%D8%A7%D9%85%D8%A7%D8%AA/ HTTP/2" 200 37029 "-" "Mozilla/5.0 (compatible; ImagesiftBot; +imagesift.com)"
74.80.208.56 - - [28/Sep/2024:15:32:47 +0200] "GET /wp-json/wp/v2/posts/28343 HTTP/2" 200 3110 "-" "Mozilla/5.0 (compatible; ImagesiftBot; +imagesift.com)"
74.80.208.56 - - [28/Sep/2024:15:32:48 +0200] "GET /tag/%D9%8A%D9%81%D8%B6%D9%84%D9%88%D9%86/ HTTP/2" 200 23504 "-" "Mozilla/5.0 (compatible; ImagesiftBot; +imagesift.com)"
74.80.208.56 - - [28/Sep/2024:15:32:50 +0200] "GET /wp-json/wp/v2/posts/4910 HTTP/2" 200 0 "-" "Mozilla/5.0 (compatible; ImagesiftBot; +imagesift.com)"
74.80.208.56 - - [28/Sep/2024:15:32:50 +0200] "GET /wp-json/wp/v2/tags/31611 HTTP/2" 200 318 "-" "Mozilla/5.0 (compatible; ImagesiftBot; +imagesift.com)"
77.75.78.161 - - [28/Sep/2024:15:32:50 +0200] "GET /htvhy/w2401028.html HTTP/1.1" 404 20322 "-" "Mozilla/5.0 (compatible; SeznamBot/4.0; +http://napoveda.seznam.cz/seznambot-intro/)"
74.80.208.56 - - [28/Sep/2024:15:32:52 +0200] "GET /%D9%87%D8%B4%D8%A7%D9%85-%D8%A7%D9%84%D8%B4%D9%88%D8%A7%D9%86%D9%8A-%D9%84%D9%83%D9%8A-%D9%86%D8%AA%D8%AC%D9%86%D8%A8-%D8%A7%D9%84%D8%A3%D8%AE%D8%B7%D8%A7%D8%A1-%D8%A7%D9%84%D8%B3%D8%A7%D8%A8%D9%82/ HTTP/2" 200 0 "-" "Mozilla/5.0 (compatible; ImagesiftBot; +imagesift.com)"
74.80.208.56 - - [28/Sep/2024:15:32:52 +0200] "GET /tag/%D8%B9%D8%B1%D9%85%D8%A7%D9%86/page/3/ HTTP/2" 200 0 "-" "Mozilla/5.0 (compatible; ImagesiftBot; +imagesift.com)"
74.80.208.56 - - [28/Sep/2024:15:32:54 +0200] "GET /wp-json/wp/v2/tags/32679 HTTP/2" 200 358 "-" "Mozilla/5.0 (compatible; ImagesiftBot; +imagesift.com)"
74.80.208.56 - - [28/Sep/2024:15:32:54 +0200] "GET /tag/%D8%A7%D9%84%D8%B9%D8%B1%D8%A8%D9%8A%D8%A9/ HTTP/2" 200 55124 "-" "Mozilla/5.0 (compatible; ImagesiftBot; +imagesift.com)"
74.80.208.56 - - [28/Sep/2024:15:31:14 +0200] "GET /%D8%A7%D9%84%D8%B3%D8%B9%D9%88%D8%AF%D9%8A%D8%A9-%D9%85%D8%AD%D8%A7%D8%B3%D8%A8%D8%A9-%D8%A7%D9%84%D9%85%D8%AA%D8%B3%D8%A8%D8%A8-%D9%81%D9%8A-%D8%A5%D8%AD%D8%AF%D9%89-%D8%AC%D9%87%D8%A7%D8%AA-%D8%A7/ HTTP/2" 200 0 "-" "Mozilla/5.0 (compatible; ImagesiftBot; +imagesift.com)"
74.80.208.56 - - [28/Sep/2024:15:31:16 +0200] "GET /tag/%D8%AA%D8%B4%D8%AA%D8%B1%D8%B7/ HTTP/2" 200 24625 "-" "Mozilla/5.0 (compatible; ImagesiftBot; +imagesift.com)"
74.80.208.56 - - [28/Sep/2024:15:31:17 +0200] "GET /tag/%D9%8A%D9%81%D8%A7%D8%AC%D9%8A/feed/ HTTP/2" 200 2437 "-" "Mozilla/5.0 (compatible; ImagesiftBot; +imagesift.com)"
74.80.208.56 - - [28/Sep/2024:15:31:18 +0200] "GET /%D9%83%D8%A3%D8%B3-%D8%A7%D9%84%D8%A3%D9%85%D9%85-%D8%A7%D9%84%D8%A3%D9%81%D8%B1%D9%8A%D9%82%D9%8A%D8%A9-2024-%D8%A7%D9%84%D9%85%D9%86%D8%AA%D8%AE%D8%A8%D8%A7%D8%AA-%D8%A7%D9%84%D9%85%D8%AA%D8%A3/ HTTP/2" 200 0 "-" "Mozilla/5.0 (compatible; ImagesiftBot; +imagesift.com)"
74.80.208.56 - - [28/Sep/2024:15:31:19 +0200] "GET /tag/%D8%A3%D9%86%D9%81%D9%82/ HTTP/2" 200 35796 "-" "Mozilla/5.0 (compatible; ImagesiftBot; +imagesift.com)"
66.249.64.13 - - [28/Sep/2024:15:31:25 +0200] "GET /gbmct/g2175202.html HTTP/1.1" 200 41756 "-" "Mozilla/5.0 (Linux; Android 6.0.1; Nexus 5X Build/MMB29P) AppleWebKit/537.36 (KHTML, like Gecko) Chrome/128.0.6613.137 Mobile Safari/537.36 (compatible; GoogleOther)"
77.75.78.161 - - [28/Sep/2024:15:31:27 +0200] "GET /amkin/i809658.html HTTP/1.1" 404 20321 "-" "Mozilla/5.0 (compatible; SeznamBot/4.0; +http://napoveda.seznam.cz/seznambot-intro/)"
77.75.78.161 - - [28/Sep/2024:15:31:29 +0200] "GET /nldqw/w404124.html HTTP/1.1" 404 20327 "-" "Mozilla/5.0 (compatible; SeznamBot/4.0; +http://napoveda.seznam.cz/seznambot-intro/)"
77.75.78.161 - - [28/Sep/2024:15:31:40 +0200] "GET /xblei/y1848452.html HTTP/1.1" 404 20325 "-" "Mozilla/5.0 (compatible; SeznamBot/4.0; +http://napoveda.seznam.cz/seznambot-intro/)"
185.170.167.18 - - [28/Sep/2024:15:31:41 +0200] "GET /%D8%A7%D8%B4%D8%AA%D8%A8%D8%A7%D9%83%D8%A7%D8%AA-%D9%85%D8%AA%D9%82%D8%B7%D8%B9%D8%A9-%D8%A8%D9%8A%D9%86-%D8%A7%D9%84%D8%AC%D9%8A%D8%B4-%D9%88%D8%A7%D9%84%D8%AF%D8%B9%D9%85-%D8%A7%D9%84%D8%B3%D8%B1/ HTTP/1.1" 200 31610 "-" "Mozilla/5.0 (compatible; BacklinksExtendedBot)"
74.80.208.56 - - [28/Sep/2024:15:32:16 +0200] "GET /tag/%D9%85%D9%81%D8%A8%D8%B1%D9%83/ HTTP/2" 200 23512 "-" "Mozilla/5.0 (compatible; ImagesiftBot; +imagesift.com)"
74.80.208.56 - - [28/Sep/2024:15:32:17 +0200] "GET /wp-json/wp/v2/posts/13135 HTTP/2" 200 0 "-" "Mozilla/5.0 (compatible; ImagesiftBot; +imagesift.com)"
74.80.208.56 - - [28/Sep/2024:15:32:18 +0200] "GET /nsdbw/d1547715.html HTTP/2" 404 22075 "-" "Mozilla/5.0 (compatible; ImagesiftBot; +imagesift.com)"
74.80.208.56 - - [28/Sep/2024:15:32:19 +0200] "GET /%D8%A7%D9%84%D8%AD%D9%83%D9%88%D9%85%D8%A9-%D8%AA%D8%AA%D8%B3%D9%84%D9%91%D9%85-%D9%85%D8%B3%D8%A7%D8%B9%D8%AF%D8%A7%D8%AA-%D8%B7%D8%A8%D9%8A%D8%A9-%D9%85%D9%86-%D8%A7%D9%84%D8%B5%D9%8A%D9%86/ HTTP/2" 200 0 "-" "Mozilla/5.0 (compatible; ImagesiftBot; +imagesift.com)"
74.80.208.56 - - [28/Sep/2024:15:32:20 +0200] "GET /%D8%A3%D8%B3%D9%88%D8%A7%D9%82-%D8%A7%D9%84%D9%82%D8%B6%D8%A7%D8%B1%D9%81-%D8%AA%D8%B3%D8%AA%D9%82%D8%A8%D9%84-%D9%85%D8%AD%D8%B5%D9%88%D9%84-%D8%A7%D9%84%D8%B3%D9%85%D8%B3%D9%85-%D8%A7%D9%84%D8%AC/ HTTP/2" 200 30721 "-" "Mozilla/5.0 (compatible; ImagesiftBot; +imagesift.com)"
77.75.78.161 - - [28/Sep/2024:15:31:44 +0200] "GET /wtgeq/b1607383.html HTTP/1.1" 404 20323 "-" "Mozilla/5.0 (compatible; SeznamBot/4.0; +http://napoveda.seznam.cz/seznambot-intro/)"
77.75.78.161 - - [28/Sep/2024:15:31:50 +0200] "GET /mgtfg/l1102265.html HTTP/1.1" 404 20321 "-" "Mozilla/5.0 (compatible; SeznamBot/4.0; +http://napoveda.seznam.cz/seznambot-intro/)"
77.75.78.161 - - [28/Sep/2024:15:31:53 +0200] "GET /muxqk/c2710226.html HTTP/1.1" 404 20324 "-" "Mozilla/5.0 (compatible; SeznamBot/4.0; +http://napoveda.seznam.cz/seznambot-intro/)"
40.77.167.235 - - [28/Sep/2024:15:31:54 +0200] "GET /wxlcx/d1603563.html HTTP/1.1" 200 830 "-" "Mozilla/5.0 AppleWebKit/537.36 (KHTML, like Gecko; compatible; bingbot/2.0; +http://www.bing.com/bingbot.htm) Chrome/116.0.1938.76 Safari/537.36"
77.75.78.161 - - [28/Sep/2024:15:31:56 +0200] "GET /eozfx/w2326512.html HTTP/1.1" 404 20322 "-" "Mozilla/5.0 (compatible; SeznamBot/4.0; +http://napoveda.seznam.cz/seznambot-intro/)"
74.80.208.56 - - [28/Sep/2024:15:32:08 +0200] "GET /%D8%A5%D8%AD%D8%B5%D8%A7%D8%A6%D9%8A%D8%A9-%D8%B1%D8%B3%D9%85%D9%8A%D8%A9-%D8%A7%D8%B1%D8%AA%D9%81%D8%A7%D8%B9-%D8%A3%D8%B3%D8%B9%D8%A7%D8%B1-%D8%A7%D9%84%D8%B3%D9%84%D8%B9-10-%D9%81%D9%8A-%D8%B3/ HTTP/2" 200 48436 "-" "Mozilla/5.0 (compatible; ImagesiftBot; +imagesift.com)"
74.80.208.56 - - [28/Sep/2024:15:32:09 +0200] "GET /%D8%B2%D8%BA%D9%86%D9%8A-%D9%81%D9%8A-%D8%B2%D9%82%D8%A7%D9%82-%D8%B6%D9%8A%D9%82-%D8%B5%D8%AD%D9%8A%D9%81%D8%A9-%D9%83%D9%88%D8%B1%D8%A9-%D8%B3%D9%88%D8%AF%D8%A7%D9%86%D9%8A%D8%A9-%D8%A7%D9%84/ HTTP/2" 200 30198 "-" "Mozilla/5.0 (compatible; ImagesiftBot; +imagesift.com)"
66.249.64.13 - - [28/Sep/2024:15:32:16 +0200] "GET /dhdlw/n1970303.html HTTP/1.1" 200 43099 "-" "Mozilla/5.0 (Linux; Android 6.0.1; Nexus 5X Build/MMB29P) AppleWebKit/537.36 (KHTML, like Gecko) Chrome/128.0.6613.137 Mobile Safari/537.36 (compatible; Googlebot/2.1; +http://www.google.com/bot.html)"
74.80.208.56 - - [28/Sep/2024:15:33:20 +0200] "GET /%D9%85%D9%82%D8%B1%D8%B1-%D8%A7%D9%84%D9%85%D8%AC%D9%84%D8%B3-%D8%A7%D9%84%D8%A3%D8%B9%D9%84%D9%89-%D9%84%D9%86%D8%B8%D8%A7%D8%B1%D8%A7%D8%AA-%D8%A7%D9%84%D8%A8%D8%AC%D8%A7-%D8%B9%D8%A8%D8%AF%D8%A7/ HTTP/2" 200 55379 "-" "Mozilla/5.0 (compatible; ImagesiftBot; +imagesift.com)"
74.80.208.56 - - [28/Sep/2024:15:33:21 +0200] "GET /%D9%85%D9%82%D8%AA%D8%B1%D8%AD-%D9%84%D8%A5%D9%82%D8%A7%D9%85%D8%A9-%D8%B9%D9%85%D8%A7%D8%B1%D8%A9-%D8%A7%D9%84%D8%B0%D9%87%D8%A8-%D8%A8%D9%85%D8%AF%D9%86%D9%8A/ HTTP/2" 200 30964 "-" "Mozilla/5.0 (compatible; ImagesiftBot; +imagesift.com)"
74.80.208.56 - - [28/Sep/2024:15:33:22 +0200] "GET /wp-json/wp/v2/posts/13121 HTTP/2" 200 2467 "-" "Mozilla/5.0 (compatible; ImagesiftBot; +imagesift.com)"
74.80.208.56 - - [28/Sep/2024:15:33:23 +0200] "GET /tag/%D8%B1%D8%B3%D8%A7%D9%84%D8%A9%D8%AE%D8%B7%D9%8A%D8%A9/ HTTP/2" 200 23562 "-" "Mozilla/5.0 (compatible; ImagesiftBot; +imagesift.com)"
74.80.208.56 - - [28/Sep/2024:15:33:25 +0200] "GET /tag/%D9%8A%D8%AA%D8%B9%D9%87%D8%AF/ HTTP/2" 200 55384 "-" "Mozilla/5.0 (compatible; ImagesiftBot; +imagesift.com)"
74.80.208.56 - - [28/Sep/2024:15:33:26 +0200] "GET /tag/%D8%A7%D9%84%D8%A3%D8%B7%D9%84%D8%B3quot/ HTTP/2" 200 24096 "-" "Mozilla/5.0 (compatible; ImagesiftBot; +imagesift.com)"
74.80.208.56 - - [28/Sep/2024:15:33:28 +0200] "GET /tag/%D8%A8%D8%B1%D8%A3%D8%B3%D9%85%D8%A7%D9%84/ HTTP/2" 200 23622 "-" "Mozilla/5.0 (compatible; ImagesiftBot; +imagesift.com)"
66.249.64.15 - - [28/Sep/2024:15:33:28 +0200] "GET /gtobp/n2258331.html HTTP/1.1" 200 42008 "-" "Mozilla/5.0 (Linux; Android 6.0.1; Nexus 5X Build/MMB29P) AppleWebKit/537.36 (KHTML, like Gecko) Chrome/128.0.6613.137 Mobile Safari/537.36 (compatible; GoogleOther)"
74.80.208.56 - - [28/Sep/2024:15:33:29 +0200] "GET /tag/%D9%85%D9%87%D8%A7%D8%B1%D8%A7%D8%AA/feed/ HTTP/2" 200 3802 "-" "Mozilla/5.0 (compatible; ImagesiftBot; +imagesift.com)"
74.80.208.56 - - [28/Sep/2024:15:33:30 +0200] "GET /tag/%D8%B1%D8%B3%D9%88%D9%85/ HTTP/2" 200 26390 "-" "Mozilla/5.0 (compatible; ImagesiftBot; +imagesift.com)"
74.80.208.56 - - [28/Sep/2024:15:33:31 +0200] "GET /tag/%D8%A8%D8%A7%D8%AD%D8%AB%D9%88%D9%86/feed/ HTTP/2" 200 3821 "-" "Mozilla/5.0 (compatible; ImagesiftBot; +imagesift.com)"
74.80.208.56 - - [28/Sep/2024:15:33:33 +0200] "GET /tag/%D8%A7%D9%84%D8%A7%D8%AA%D8%AC%D8%A7%D9%87/ HTTP/2" 200 24975 "-" "Mozilla/5.0 (compatible; ImagesiftBot; +imagesift.com)"
74.80.208.56 - - [28/Sep/2024:15:33:34 +0200] "GET /tag/%D8%A7%D9%84%D8%AD%D8%B8%D8%B1/ HTTP/2" 200 54992 "-" "Mozilla/5.0 (compatible; ImagesiftBot; +imagesift.com)"
74.80.208.56 - - [28/Sep/2024:15:33:36 +0200] "GET /%D8%A7%D9%84%D8%A7%D8%AA%D8%AD%D8%A7%D8%AF-%D8%A7%D9%84%D8%A3%D9%88%D8%B1%D9%88%D8%A8%D9%8A-%D9%85%D8%B3%D8%AA%D8%B9%D8%AF%D9%88%D9%86-%D9%84%D8%A7%D8%B3%D8%AA%D8%AE%D8%AF%D8%A7%D9%85-%D8%AC%D9%85/feed/ HTTP/2" 200 768 "-" "Mozilla/5.0 (compatible; ImagesiftBot; +imagesift.com)"
74.80.208.56 - - [28/Sep/2024:15:33:37 +0200] "GET /rqxyc/f1496887.html HTTP/2" 404 22077 "-" "Mozilla/5.0 (compatible; ImagesiftBot; +imagesift.com)"
74.80.208.56 - - [28/Sep/2024:15:33:38 +0200] "GET /%D8%A8%D9%86%D9%83-%D8%A7%D9%84%D9%86%D9%8A%D9%84-%D9%8A%D8%B9%D9%84%D9%86-%D8%A7%D8%B3%D8%AA%D8%B9%D8%A7%D8%AF%D8%A9-%D8%A7%D9%84%D8%B1%D8%A8%D8%B7-%D9%85%D8%B9-%D9%86%D8%B8%D8%A7%D9%85-%D8%B3%D9%88/ HTTP/2" 200 30971 "-" "Mozilla/5.0 (compatible; ImagesiftBot; +imagesift.com)"
74.80.208.56 - - [28/Sep/2024:15:33:39 +0200] "GET /%D8%A7%D8%B7%D9%84%D8%A7%D9%82-%D8%A7%D8%B3%D9%85-%D9%88%D8%A7%D9%84%D9%8A-%D9%83%D8%B3%D9%84%D8%A7-%D8%B9%D9%84%D9%8A-%D8%A7%D8%AD%D8%AF-%D8%AC%D8%B3%D9%88%D8%B1-%D8%A7%D9%84%D9%82%D8%A7%D8%B4/ HTTP/2" 200 65285 "-" "Mozilla/5.0 (compatible; ImagesiftBot; +imagesift.com)"
74.80.208.56 - - [28/Sep/2024:15:33:41 +0200] "GET /wp-json/wp/v2/posts/21521 HTTP/2" 200 2765 "-" "Mozilla/5.0 (compatible; ImagesiftBot; +imagesift.com)"
74.80.208.56 - - [28/Sep/2024:15:33:41 +0200] "GET /tag/%D8%AF%D8%B9%D9%88%D8%AA%D9%87%D8%A7/ HTTP/2" 200 23558 "-" "Mozilla/5.0 (compatible; ImagesiftBot; +imagesift.com)"
135.181.9.38 - - [28/Sep/2024:15:31:44 +0200] "POST /wp-cron.php?doing_wp_cron=1727530304.6499419212341308593750 HTTP/1.1" 200 0 "-" "WordPress/6.6.2; https://www.sudancam.net"
77.75.78.161 - - [28/Sep/2024:15:32:04 +0200] "GET /cubdc/a2910320.html HTTP/1.1" 404 20326 "-" "Mozilla/5.0 (compatible; SeznamBot/4.0; +http://napoveda.seznam.cz/seznambot-intro/)"
178.236.247.6 - - [28/Sep/2024:15:32:05 +0200] "POST /74a7c9952328.php HTTP/1.1" 200 9 "-" "curl/7.86.0"
77.75.78.161 - - [28/Sep/2024:15:32:08 +0200] "GET /canje/e3052206.html HTTP/1.1" 404 20321 "-" "Mozilla/5.0 (compatible; SeznamBot/4.0; +http://napoveda.seznam.cz/seznambot-intro/)"
185.170.167.18 - - [28/Sep/2024:15:32:15 +0200] "GET /tag/%D9%88%D8%A7%D8%AD%D8%AF/ HTTP/1.1" 200 36706 "-" "Mozilla/5.0 (compatible; BacklinksExtendedBot)"
135.181.9.38 - - [28/Sep/2024:15:32:34 +0200] "POST /wp-cron.php?doing_wp_cron=1727530354.0324599742889404296875 HTTP/1.1" 200 0 "-" "WordPress/6.6.2; https://www.sudancam.net"
135.181.9.38 - - [28/Sep/2024:15:32:34 +0200] "POST /wp-admin/admin-ajax.php?action=async_litespeed&nonce=Ez9xQ5lS866Jc4gr19V4zfe3SM8u50Mb&litespeed_type=imgoptm HTTP/1.1" 200 21 "-" "WordPress/6.6.2; https://www.sudancam.net"
74.80.208.56 - - [28/Sep/2024:15:33:00 +0200] "GET /tag/%D8%A7%D9%84%D8%AD%D8%B2%D9%86/ HTTP/2" 200 26070 "-" "Mozilla/5.0 (compatible; ImagesiftBot; +imagesift.com)"
74.80.208.56 - - [28/Sep/2024:15:33:01 +0200] "GET /wp-json/wp/v2/posts/9881 HTTP/2" 200 0 "-" "Mozilla/5.0 (compatible; ImagesiftBot; +imagesift.com)"
74.80.208.56 - - [28/Sep/2024:15:33:02 +0200] "GET /tag/%D8%A7%D8%B3%D8%AD%D9%82/page/2/ HTTP/2" 200 0 "-" "Mozilla/5.0 (compatible; ImagesiftBot; +imagesift.com)"
74.80.208.56 - - [28/Sep/2024:15:33:04 +0200] "GET /idlrn/f1634479.html HTTP/2" 404 22075 "-" "Mozilla/5.0 (compatible; ImagesiftBot; +imagesift.com)"
74.80.208.56 - - [28/Sep/2024:15:33:05 +0200] "GET /%D8%AC%D8%B1%D9%8A%D9%85%D8%A9-%D8%A8%D8%B4%D8%B9%D8%A9-%D8%A7%D9%84%D9%85%D8%AD%D9%83%D9%85%D8%A9-%D8%AA%D8%B5%D8%AF%D8%B1-%D8%AD%D9%83%D9%85%D9%87%D8%A7-%D8%B9%D9%84%D9%89-%D9%85%D8%BA%D8%AA/ HTTP/2" 200 42963 "-" "Mozilla/5.0 (compatible; ImagesiftBot; +imagesift.com)"
74.80.208.56 - - [28/Sep/2024:15:33:06 +0200] "GET /rotzi/f1736971.html HTTP/2" 404 22076 "-" "Mozilla/5.0 (compatible; ImagesiftBot; +imagesift.com)"
74.80.208.56 - - [28/Sep/2024:15:33:08 +0200] "GET /%D8%AA%D8%AD%D8%A7%D9%84%D9%81-%D9%84%D9%84%D8%AD%D8%B2%D8%A8-%D8%A7%D9%84%D8%B4%D9%8A%D9%88%D8%B9%D9%8A-%D8%A7%D9%84%D8%B3%D9%88%D8%AF%D8%A7%D9%86%D9%8A-%D9%88%D9%84%D8%AC%D8%A7%D9%86-%D9%85%D9%82/ HTTP/2" 200 49575 "-" "Mozilla/5.0 (compatible; ImagesiftBot; +imagesift.com)"
74.80.208.56 - - [28/Sep/2024:15:33:09 +0200] "GET /tag/%D9%85%D9%81%D8%A7%D9%88%D8%B6%D8%A7%D8%AA%D9%87/feed/ HTTP/2" 200 4332 "-" "Mozilla/5.0 (compatible; ImagesiftBot; +imagesift.com)"
74.80.208.56 - - [28/Sep/2024:15:33:10 +0200] "GET /ltscp/j2771021.html HTTP/2" 404 22076 "-" "Mozilla/5.0 (compatible; ImagesiftBot; +imagesift.com)"
185.191.171.13 - - [28/Sep/2024:15:33:12 +0200] "GET /quran/translate-ug-35.html HTTP/1.1" 403 0 "-" "Mozilla/5.0 (compatible; SemrushBot/7~bl; +http://www.semrush.com/bot.html)"
74.80.208.56 - - [28/Sep/2024:15:33:12 +0200] "GET /wp-json/wp/v2/posts/5750 HTTP/2" 200 4062 "-" "Mozilla/5.0 (compatible; ImagesiftBot; +imagesift.com)"
74.80.208.56 - - [28/Sep/2024:15:33:12 +0200] "GET /wp-json/wp/v2/posts/1733 HTTP/2" 200 3635 "-" "Mozilla/5.0 (compatible; ImagesiftBot; +imagesift.com)"
74.80.208.56 - - [28/Sep/2024:15:33:13 +0200] "GET /tag/%D8%B7%D8%B9%D9%88%D9%86/ HTTP/2" 200 23488 "-" "Mozilla/5.0 (compatible; ImagesiftBot; +imagesift.com)"
74.80.208.56 - - [28/Sep/2024:15:33:15 +0200] "GET /tag/%D8%A8%D8%A3%D9%86%D9%8A/ HTTP/2" 200 24221 "-" "Mozilla/5.0 (compatible; ImagesiftBot; +imagesift.com)"
74.80.208.56 - - [28/Sep/2024:15:33:16 +0200] "GET /tag/%D8%B8%D9%84%D9%85/ HTTP/2" 200 24963 "-" "Mozilla/5.0 (compatible; ImagesiftBot; +imagesift.com)"
74.80.208.56 - - [28/Sep/2024:15:33:18 +0200] "GET /tag/%D9%85%D8%AA%D8%AC%D8%B1/ HTTP/2" 200 33706 "-" "Mozilla/5.0 (compatible; ImagesiftBot; +imagesift.com)"
74.80.208.56 - - [28/Sep/2024:15:33:19 +0200] "GET /wp-json/wp/v2/posts/14261 HTTP/2" 200 2472 "-" "Mozilla/5.0 (compatible; ImagesiftBot; +imagesift.com)"
74.80.208.56 - - [28/Sep/2024:15:33:42 +0200] "GET /tag/%D9%8A%D8%B1%D8%AA%D9%83%D8%A8%D9%87%D8%A7/feed/ HTTP/2" 200 0 "-" "Mozilla/5.0 (compatible; ImagesiftBot; +imagesift.com)"
74.80.208.56 - - [28/Sep/2024:15:33:44 +0200] "GET /tag/%D8%A7%D9%84%D8%A8%D9%8A%D8%A8%D8%B3%D9%8A/ HTTP/2" 200 23740 "-" "Mozilla/5.0 (compatible; ImagesiftBot; +imagesift.com)"
74.80.208.56 - - [28/Sep/2024:15:33:45 +0200] "GET /tag/%D8%A8%D8%AF%D9%88%D9%8A/ HTTP/2" 200 24910 "-" "Mozilla/5.0 (compatible; ImagesiftBot; +imagesift.com)"
74.80.208.56 - - [28/Sep/2024:15:33:46 +0200] "GET /%D8%B5%D9%84%D8%A7%D8%AD-%D8%A7%D9%84%D8%AF%D9%8A%D9%86-%D8%B9%D9%88%D9%88%D8%B6%D8%A9-%D9%8A%D9%83%D8%AA%D8%A8-%D8%B7%D9%8A%D8%B1%D8%A9/feed/ HTTP/2" 200 677 "-" "Mozilla/5.0 (compatible; ImagesiftBot; +imagesift.com)"
74.80.208.56 - - [28/Sep/2024:15:33:47 +0200] "GET /tag/%D9%88%D8%A7%D9%84%D8%B1%D8%B2%D9%8A%D9%82%D8%A7%D8%AA/feed/ HTTP/2" 200 6384 "-" "Mozilla/5.0 (compatible; ImagesiftBot; +imagesift.com)"
74.80.208.56 - - [28/Sep/2024:15:33:48 +0200] "GET /%D8%B3%D9%84%D8%B7%D8%A7%D8%AA-%D8%B3%D8%AC%D9%86-%D8%A7%D9%84%D9%87%D8%AF%D9%89-%D8%AA%D9%85%D9%86%D8%B9-%D9%85%D8%AD%D8%A7%D9%85%D9%8A%D9%86-%D9%85%D9%86-%D9%85%D9%82%D8%A7%D8%A8%D9%84%D8%A9/ HTTP/2" 200 32424 "-" "Mozilla/5.0 (compatible; ImagesiftBot; +imagesift.com)"
74.80.208.56 - - [28/Sep/2024:15:33:49 +0200] "GET /wp-json/wp/v2/tags/15952 HTTP/2" 200 317 "-" "Mozilla/5.0 (compatible; ImagesiftBot; +imagesift.com)"
74.80.208.56 - - [28/Sep/2024:15:33:50 +0200] "GET /ysrfg/e2725022.html HTTP/2" 404 22075 "-" "Mozilla/5.0 (compatible; ImagesiftBot; +imagesift.com)"
74.80.208.56 - - [28/Sep/2024:15:33:51 +0200] "GET /tag/%D8%A8%D8%A7%D8%B7%D9%84/ HTTP/2" 200 25069 "-" "Mozilla/5.0 (compatible; ImagesiftBot; +imagesift.com)"
