Your IP : 18.191.93.12


Current Path : /proc/self/root/home/sudancam/access-logs/
Upload File :
Current File : //proc/self/root/home/sudancam/access-logs/bb.sudancam.net-ssl_log

85.208.96.207 - - [23/May/2024:14:19:09 +0200] "GET /calendar.php?action=dayview&calendar=1&day=5&month=9&year=2027 HTTP/1.1" 404 1238 "-" "Mozilla/5.0 (compatible; SemrushBot/7~bl; +http://www.semrush.com/bot.html)"
85.208.96.209 - - [23/May/2024:14:15:58 +0200] "GET /calendar.php?action=addevent&calendar=1&day=23&month=2&year=2022 HTTP/1.1" 404 1238 "-" "Mozilla/5.0 (compatible; SemrushBot/7~bl; +http://www.semrush.com/bot.html)"
85.208.96.208 - - [23/May/2024:14:16:41 +0200] "GET /calendar.php?calendar=1&month=12&year=2022 HTTP/1.1" 404 1238 "-" "Mozilla/5.0 (compatible; SemrushBot/7~bl; +http://www.semrush.com/bot.html)"
85.208.96.205 - - [23/May/2024:14:17:14 +0200] "GET /calendar.php?calendar=1&month=12&year=2019 HTTP/1.1" 404 1238 "-" "Mozilla/5.0 (compatible; SemrushBot/7~bl; +http://www.semrush.com/bot.html)"
85.208.96.198 - - [23/May/2024:14:17:48 +0200] "GET /forumdisplay.php?datecut=9999&fid=7&order=asc&prefix=0&sortby=views HTTP/1.1" 404 1238 "-" "Mozilla/5.0 (compatible; SemrushBot/7~bl; +http://www.semrush.com/bot.html)"
85.208.96.211 - - [23/May/2024:14:20:38 +0200] "GET /calendar.php?action=weekview&calendar=1&week=1797120000 HTTP/1.1" 404 1238 "-" "Mozilla/5.0 (compatible; SemrushBot/7~bl; +http://www.semrush.com/bot.html)"
85.208.96.211 - - [23/May/2024:14:22:36 +0200] "GET /calendar.php?action=dayview&calendar=1&day=30&month=8&year=2025 HTTP/1.1" 404 1238 "-" "Mozilla/5.0 (compatible; SemrushBot/7~bl; +http://www.semrush.com/bot.html)"
185.191.171.1 - - [23/May/2024:14:18:51 +0200] "GET /calendar.php?action=weekview&calendar=1&week=1425168000 HTTP/1.1" 404 1238 "-" "Mozilla/5.0 (compatible; SemrushBot/7~bl; +http://www.semrush.com/bot.html)"
185.191.171.9 - - [23/May/2024:14:24:41 +0200] "GET /calendar.php?action=addevent&calendar=1&day=1&month=9&year=2022 HTTP/1.1" 404 1238 "-" "Mozilla/5.0 (compatible; SemrushBot/7~bl; +http://www.semrush.com/bot.html)"
85.208.96.196 - - [23/May/2024:14:24:33 +0200] "GET /calendar.php?action=addevent&calendar=1&day=10&month=11&year=2014 HTTP/1.1" 404 1238 "-" "Mozilla/5.0 (compatible; SemrushBot/7~bl; +http://www.semrush.com/bot.html)"
85.208.96.202 - - [23/May/2024:14:28:47 +0200] "GET /calendar.php?action=dayview&calendar=1&day=2&month=6&year=2026 HTTP/1.1" 404 1238 "-" "Mozilla/5.0 (compatible; SemrushBot/7~bl; +http://www.semrush.com/bot.html)"
185.191.171.16 - - [23/May/2024:14:30:20 +0200] "GET /calendar.php?action=dayview&calendar=1&day=7&month=1&year=2018 HTTP/1.1" 404 1238 "-" "Mozilla/5.0 (compatible; SemrushBot/7~bl; +http://www.semrush.com/bot.html)"
85.208.96.205 - - [23/May/2024:14:30:32 +0200] "GET /calendar.php?action=weekview&calendar=1&week=1827964800 HTTP/1.1" 404 1238 "-" "Mozilla/5.0 (compatible; SemrushBot/7~bl; +http://www.semrush.com/bot.html)"
185.191.171.16 - - [23/May/2024:14:30:52 +0200] "GET /calendar.php?action=addevent&calendar=1&day=1&month=4&year=2025 HTTP/1.1" 404 1238 "-" "Mozilla/5.0 (compatible; SemrushBot/7~bl; +http://www.semrush.com/bot.html)"
85.208.96.193 - - [23/May/2024:14:31:27 +0200] "GET /calendar.php?action=addevent&calendar=1&day=17&month=8&year=2018 HTTP/1.1" 404 1238 "-" "Mozilla/5.0 (compatible; SemrushBot/7~bl; +http://www.semrush.com/bot.html)"
85.208.96.211 - - [23/May/2024:14:35:17 +0200] "GET /calendar.php?action=addevent&calendar=1&day=8&month=2&year=2028 HTTP/1.1" 404 1238 "-" "Mozilla/5.0 (compatible; SemrushBot/7~bl; +http://www.semrush.com/bot.html)"
185.191.171.7 - - [23/May/2024:14:36:42 +0200] "GET /calendar.php?action=addevent&calendar=1&day=1&month=7&year=2022 HTTP/1.1" 404 1238 "-" "Mozilla/5.0 (compatible; SemrushBot/7~bl; +http://www.semrush.com/bot.html)"
85.208.96.200 - - [23/May/2024:14:39:24 +0200] "GET /calendar.php?action=weekview&calendar=1&week=1567296000 HTTP/1.1" 404 1238 "-" "Mozilla/5.0 (compatible; SemrushBot/7~bl; +http://www.semrush.com/bot.html)"
85.208.96.203 - - [23/May/2024:14:41:03 +0200] "GET /calendar.php?action=addevent&calendar=1&day=16&month=9&year=2028 HTTP/1.1" 404 1238 "-" "Mozilla/5.0 (compatible; SemrushBot/7~bl; +http://www.semrush.com/bot.html)"
185.191.171.12 - - [23/May/2024:14:44:50 +0200] "GET /calendar.php?action=dayview&calendar=1&day=6&month=7&year=2023 HTTP/1.1" 404 1238 "-" "Mozilla/5.0 (compatible; SemrushBot/7~bl; +http://www.semrush.com/bot.html)"
85.208.96.204 - - [23/May/2024:14:49:02 +0200] "GET /calendar.php?action=addevent&calendar=1&day=9&month=1&year=2021 HTTP/1.1" 404 1238 "-" "Mozilla/5.0 (compatible; SemrushBot/7~bl; +http://www.semrush.com/bot.html)"
185.191.171.6 - - [23/May/2024:15:00:29 +0200] "GET /calendar.php?action=weekview&calendar=1&week=1845504000 HTTP/1.1" 404 1238 "-" "Mozilla/5.0 (compatible; SemrushBot/7~bl; +http://www.semrush.com/bot.html)"
185.191.171.7 - - [23/May/2024:15:01:11 +0200] "GET /calendar.php?action=dayview&calendar=1&day=4&month=5&year=2017 HTTP/1.1" 404 1238 "-" "Mozilla/5.0 (compatible; SemrushBot/7~bl; +http://www.semrush.com/bot.html)"
185.191.171.3 - - [23/May/2024:15:09:36 +0200] "GET /calendar.php?action=addevent&calendar=1&day=13&month=1&year=2027 HTTP/1.1" 404 1238 "-" "Mozilla/5.0 (compatible; SemrushBot/7~bl; +http://www.semrush.com/bot.html)"
85.208.96.201 - - [23/May/2024:15:11:37 +0200] "GET /calendar.php?action=addevent&calendar=1&day=29&month=4&year=2018 HTTP/1.1" 404 1238 "-" "Mozilla/5.0 (compatible; SemrushBot/7~bl; +http://www.semrush.com/bot.html)"
85.208.96.201 - - [23/May/2024:15:12:59 +0200] "GET /calendar.php?action=dayview&calendar=1&day=6&month=2&year=2025 HTTP/1.1" 404 1238 "-" "Mozilla/5.0 (compatible; SemrushBot/7~bl; +http://www.semrush.com/bot.html)"
185.191.171.2 - - [23/May/2024:15:15:02 +0200] "GET /calendar.php?action=dayview&calendar=1&day=22&month=2&year=2025 HTTP/1.1" 404 1238 "-" "Mozilla/5.0 (compatible; SemrushBot/7~bl; +http://www.semrush.com/bot.html)"
185.191.171.10 - - [23/May/2024:15:17:48 +0200] "GET /calendar.php?action=addevent&calendar=1&day=30&month=9&year=2020 HTTP/1.1" 404 1238 "-" "Mozilla/5.0 (compatible; SemrushBot/7~bl; +http://www.semrush.com/bot.html)"
85.208.96.198 - - [23/May/2024:14:38:21 +0200] "GET /calendar.php?action=addevent&calendar=1&day=15&month=2&year=2027 HTTP/1.1" 404 1238 "-" "Mozilla/5.0 (compatible; SemrushBot/7~bl; +http://www.semrush.com/bot.html)"
85.208.96.205 - - [23/May/2024:14:42:13 +0200] "GET /calendar.php?action=addevent&calendar=1&day=19&month=9&year=2021 HTTP/1.1" 404 1238 "-" "Mozilla/5.0 (compatible; SemrushBot/7~bl; +http://www.semrush.com/bot.html)"
85.208.96.195 - - [23/May/2024:14:44:52 +0200] "GET /calendar.php?action=dayview&calendar=1&day=30&month=12&year=2019 HTTP/1.1" 404 1238 "-" "Mozilla/5.0 (compatible; SemrushBot/7~bl; +http://www.semrush.com/bot.html)"
85.208.96.212 - - [23/May/2024:14:50:55 +0200] "GET /calendar.php?action=dayview&calendar=1&day=29&month=4&year=2017 HTTP/1.1" 404 1238 "-" "Mozilla/5.0 (compatible; SemrushBot/7~bl; +http://www.semrush.com/bot.html)"
185.191.171.10 - - [23/May/2024:14:51:18 +0200] "GET /calendar.php?action=dayview&calendar=1&day=16&month=1&year=2020 HTTP/1.1" 404 1238 "-" "Mozilla/5.0 (compatible; SemrushBot/7~bl; +http://www.semrush.com/bot.html)"
85.208.96.202 - - [23/May/2024:14:55:19 +0200] "GET /calendar.php?calendar=1&month=8&year=2014 HTTP/1.1" 404 1238 "-" "Mozilla/5.0 (compatible; SemrushBot/7~bl; +http://www.semrush.com/bot.html)"
85.208.96.207 - - [23/May/2024:14:56:01 +0200] "GET /calendar.php?action=dayview&calendar=1&day=18&month=4&year=2020 HTTP/1.1" 404 1238 "-" "Mozilla/5.0 (compatible; SemrushBot/7~bl; +http://www.semrush.com/bot.html)"
185.191.171.4 - - [23/May/2024:14:59:38 +0200] "GET /calendar.php?action=addevent&calendar=1&day=12&month=9&year=2026 HTTP/1.1" 404 1238 "-" "Mozilla/5.0 (compatible; SemrushBot/7~bl; +http://www.semrush.com/bot.html)"
185.191.171.4 - - [23/May/2024:15:00:00 +0200] "GET /calendar.php?action=addevent&calendar=1&day=7&month=8&year=2017 HTTP/1.1" 404 1238 "-" "Mozilla/5.0 (compatible; SemrushBot/7~bl; +http://www.semrush.com/bot.html)"
185.191.171.9 - - [23/May/2024:15:11:36 +0200] "GET /robots.txt HTTP/1.1" 404 1238 "-" "Mozilla/5.0 (compatible; SemrushBot/7~bl; +http://www.semrush.com/bot.html)"
85.208.96.201 - - [23/May/2024:14:26:18 +0200] "GET /forumdisplay.php?fid=7 HTTP/1.1" 404 1238 "-" "Mozilla/5.0 (compatible; SemrushBot/7~bl; +http://www.semrush.com/bot.html)"
185.191.171.4 - - [23/May/2024:14:37:44 +0200] "GET /calendar.php?action=dayview&calendar=1&day=8&month=9&year=2015 HTTP/1.1" 404 1238 "-" "Mozilla/5.0 (compatible; SemrushBot/7~bl; +http://www.semrush.com/bot.html)"
185.191.171.7 - - [23/May/2024:14:42:39 +0200] "GET /calendar.php?action=addevent&calendar=1&day=27&month=7&year=2020 HTTP/1.1" 404 1238 "-" "Mozilla/5.0 (compatible; SemrushBot/7~bl; +http://www.semrush.com/bot.html)"
185.191.171.17 - - [23/May/2024:14:42:51 +0200] "GET /calendar.php?action=dayview&calendar=1&day=29&month=9&year=2015 HTTP/1.1" 404 1238 "-" "Mozilla/5.0 (compatible; SemrushBot/7~bl; +http://www.semrush.com/bot.html)"
85.208.96.193 - - [23/May/2024:14:52:55 +0200] "GET /calendar.php?action=dayview&calendar=1&day=29&month=9&year=2019 HTTP/1.1" 404 1238 "-" "Mozilla/5.0 (compatible; SemrushBot/7~bl; +http://www.semrush.com/bot.html)"
185.191.171.5 - - [23/May/2024:15:00:56 +0200] "GET /calendar.php?action=dayview&calendar=1&day=30&month=8&year=2020 HTTP/1.1" 404 1238 "-" "Mozilla/5.0 (compatible; SemrushBot/7~bl; +http://www.semrush.com/bot.html)"
185.191.171.18 - - [23/May/2024:15:04:15 +0200] "GET /calendar.php?action=dayview&calendar=1&day=12&month=10&year=2019 HTTP/1.1" 404 1238 "-" "Mozilla/5.0 (compatible; SemrushBot/7~bl; +http://www.semrush.com/bot.html)"
85.208.96.202 - - [23/May/2024:15:05:39 +0200] "GET /calendar.php?action=addevent&calendar=1&day=3&month=5&year=2015 HTTP/1.1" 404 1238 "-" "Mozilla/5.0 (compatible; SemrushBot/7~bl; +http://www.semrush.com/bot.html)"
185.191.171.2 - - [23/May/2024:15:07:16 +0200] "GET /calendar.php?action=addevent&calendar=1&day=13&month=3&year=2025 HTTP/1.1" 404 1238 "-" "Mozilla/5.0 (compatible; SemrushBot/7~bl; +http://www.semrush.com/bot.html)"
185.191.171.18 - - [23/May/2024:15:08:28 +0200] "GET /calendar.php?action=weekview&calendar=1&week=1443312000 HTTP/1.1" 404 1238 "-" "Mozilla/5.0 (compatible; SemrushBot/7~bl; +http://www.semrush.com/bot.html)"
85.208.96.212 - - [23/May/2024:15:13:47 +0200] "GET /calendar.php?action=addevent&calendar=1&day=7&month=1&year=2019 HTTP/1.1" 404 1238 "-" "Mozilla/5.0 (compatible; SemrushBot/7~bl; +http://www.semrush.com/bot.html)"
185.191.171.15 - - [23/May/2024:15:19:27 +0200] "GET /calendar.php?action=addevent&calendar=1&day=29&month=8&year=2022 HTTP/1.1" 404 1238 "-" "Mozilla/5.0 (compatible; SemrushBot/7~bl; +http://www.semrush.com/bot.html)"
85.208.96.207 - - [23/May/2024:15:20:01 +0200] "GET /calendar.php?action=addevent&calendar=1&day=4&month=9&year=2018 HTTP/1.1" 404 1238 "-" "Mozilla/5.0 (compatible; SemrushBot/7~bl; +http://www.semrush.com/bot.html)"
85.208.96.205 - - [23/May/2024:15:25:07 +0200] "GET /calendar.php?action=addevent&calendar=1&day=30&month=7&year=2015 HTTP/1.1" 404 1238 "-" "Mozilla/5.0 (compatible; SemrushBot/7~bl; +http://www.semrush.com/bot.html)"
185.191.171.11 - - [23/May/2024:15:25:54 +0200] "GET /calendar.php?action=addevent&calendar=1&day=7&month=4&year=2018 HTTP/1.1" 404 1238 "-" "Mozilla/5.0 (compatible; SemrushBot/7~bl; +http://www.semrush.com/bot.html)"
185.191.171.10 - - [23/May/2024:15:28:14 +0200] "GET /calendar.php?action=dayview&calendar=1&day=23&month=1&year=2015 HTTP/1.1" 404 1238 "-" "Mozilla/5.0 (compatible; SemrushBot/7~bl; +http://www.semrush.com/bot.html)"
85.208.96.200 - - [23/May/2024:15:30:15 +0200] "GET /memberlist.php?order=descending&perpage=20&sort=username&username=H&username_match=begins HTTP/1.1" 404 1238 "-" "Mozilla/5.0 (compatible; SemrushBot/7~bl; +http://www.semrush.com/bot.html)"
185.191.171.16 - - [23/May/2024:15:30:28 +0200] "GET /calendar.php?action=dayview&calendar=1&day=13&month=5&year=2016 HTTP/1.1" 404 1238 "-" "Mozilla/5.0 (compatible; SemrushBot/7~bl; +http://www.semrush.com/bot.html)"
185.191.171.7 - - [23/May/2024:15:38:42 +0200] "GET /calendar.php?action=dayview&calendar=1&day=15&month=9&year=2015 HTTP/1.1" 404 1238 "-" "Mozilla/5.0 (compatible; SemrushBot/7~bl; +http://www.semrush.com/bot.html)"
185.191.171.18 - - [23/May/2024:15:39:46 +0200] "GET /calendar.php?action=addevent&calendar=1&day=26&month=7&year=2025 HTTP/1.1" 404 1238 "-" "Mozilla/5.0 (compatible; SemrushBot/7~bl; +http://www.semrush.com/bot.html)"
185.191.171.6 - - [23/May/2024:15:39:50 +0200] "GET /calendar.php?action=addevent&calendar=1&day=31&month=8&year=2016 HTTP/1.1" 404 1238 "-" "Mozilla/5.0 (compatible; SemrushBot/7~bl; +http://www.semrush.com/bot.html)"
85.208.96.203 - - [23/May/2024:15:49:29 +0200] "GET /calendar.php?action=weekview&calendar=1&week=1535846400 HTTP/1.1" 404 1238 "-" "Mozilla/5.0 (compatible; SemrushBot/7~bl; +http://www.semrush.com/bot.html)"
185.191.171.2 - - [23/May/2024:15:52:07 +0200] "GET /calendar.php?action=addevent&calendar=1&day=12&month=9&year=2015 HTTP/1.1" 404 1238 "-" "Mozilla/5.0 (compatible; SemrushBot/7~bl; +http://www.semrush.com/bot.html)"
85.208.96.203 - - [23/May/2024:16:01:10 +0200] "GET /calendar.php?action=addevent&calendar=1&day=12&month=4&year=2028 HTTP/1.1" 404 1238 "-" "Mozilla/5.0 (compatible; SemrushBot/7~bl; +http://www.semrush.com/bot.html)"
85.208.96.195 - - [23/May/2024:16:05:47 +0200] "GET /calendar.php?action=addevent&calendar=1&day=5&month=5&year=2019 HTTP/1.1" 404 1238 "-" "Mozilla/5.0 (compatible; SemrushBot/7~bl; +http://www.semrush.com/bot.html)"
185.191.171.1 - - [23/May/2024:16:06:49 +0200] "GET /calendar.php?action=dayview&calendar=1&day=7&month=12&year=2021 HTTP/1.1" 404 1238 "-" "Mozilla/5.0 (compatible; SemrushBot/7~bl; +http://www.semrush.com/bot.html)"
185.191.171.13 - - [23/May/2024:16:12:02 +0200] "GET /robots.txt HTTP/1.1" 404 1238 "-" "Mozilla/5.0 (compatible; SemrushBot/7~bl; +http://www.semrush.com/bot.html)"
185.191.171.15 - - [23/May/2024:16:12:03 +0200] "GET /calendar.php?action=dayview&calendar=1&day=26&month=2&year=2019 HTTP/1.1" 404 1238 "-" "Mozilla/5.0 (compatible; SemrushBot/7~bl; +http://www.semrush.com/bot.html)"
85.208.96.199 - - [23/May/2024:16:16:21 +0200] "GET /calendar.php?action=addevent&calendar=1&day=3&month=1&year=2017 HTTP/1.1" 404 1238 "-" "Mozilla/5.0 (compatible; SemrushBot/7~bl; +http://www.semrush.com/bot.html)"
85.208.96.197 - - [23/May/2024:16:19:12 +0200] "GET /calendar.php?action=dayview&calendar=1&day=11&month=11&year=2019 HTTP/1.1" 404 1238 "-" "Mozilla/5.0 (compatible; SemrushBot/7~bl; +http://www.semrush.com/bot.html)"
85.208.96.200 - - [23/May/2024:16:23:44 +0200] "GET /calendar.php?action=dayview&calendar=1&day=8&month=6&year=2019 HTTP/1.1" 404 1238 "-" "Mozilla/5.0 (compatible; SemrushBot/7~bl; +http://www.semrush.com/bot.html)"
185.191.171.16 - - [23/May/2024:16:24:11 +0200] "GET /calendar.php?action=addevent&calendar=1&day=3&month=12&year=2024 HTTP/1.1" 404 1238 "-" "Mozilla/5.0 (compatible; SemrushBot/7~bl; +http://www.semrush.com/bot.html)"
85.208.96.199 - - [23/May/2024:16:31:35 +0200] "GET /calendar.php?action=addevent&calendar=1&day=9&month=3&year=2025 HTTP/1.1" 404 1238 "-" "Mozilla/5.0 (compatible; SemrushBot/7~bl; +http://www.semrush.com/bot.html)"
85.208.96.197 - - [23/May/2024:15:26:26 +0200] "GET /calendar.php?action=addevent&calendar=1&day=21&month=4&year=2018 HTTP/1.1" 404 1238 "-" "Mozilla/5.0 (compatible; SemrushBot/7~bl; +http://www.semrush.com/bot.html)"
85.208.96.200 - - [23/May/2024:15:27:43 +0200] "GET /calendar.php?action=dayview&calendar=1&day=3&month=4&year=2023 HTTP/1.1" 404 1238 "-" "Mozilla/5.0 (compatible; SemrushBot/7~bl; +http://www.semrush.com/bot.html)"
85.208.96.203 - - [23/May/2024:15:35:43 +0200] "GET /calendar.php?action=dayview&calendar=1&day=21&month=12&year=2018 HTTP/1.1" 404 1238 "-" "Mozilla/5.0 (compatible; SemrushBot/7~bl; +http://www.semrush.com/bot.html)"
185.191.171.10 - - [23/May/2024:15:35:45 +0200] "GET /calendar.php?action=dayview&calendar=1&day=15&month=6&year=2018 HTTP/1.1" 404 1238 "-" "Mozilla/5.0 (compatible; SemrushBot/7~bl; +http://www.semrush.com/bot.html)"
185.191.171.12 - - [23/May/2024:15:39:59 +0200] "GET /calendar.php?action=addevent&calendar=1&day=5&month=10&year=2015 HTTP/1.1" 404 1238 "-" "Mozilla/5.0 (compatible; SemrushBot/7~bl; +http://www.semrush.com/bot.html)"
85.208.96.197 - - [23/May/2024:15:40:35 +0200] "GET /calendar.php?action=dayview&calendar=1&day=2&month=4&year=2024 HTTP/1.1" 404 1238 "-" "Mozilla/5.0 (compatible; SemrushBot/7~bl; +http://www.semrush.com/bot.html)"
185.191.171.18 - - [23/May/2024:15:42:01 +0200] "GET /calendar.php?action=dayview&calendar=1&day=18&month=8&year=2027 HTTP/1.1" 404 1238 "-" "Mozilla/5.0 (compatible; SemrushBot/7~bl; +http://www.semrush.com/bot.html)"
85.208.96.209 - - [23/May/2024:15:53:59 +0200] "GET /calendar.php?action=weekview&calendar=1&week=1788048000 HTTP/1.1" 404 1238 "-" "Mozilla/5.0 (compatible; SemrushBot/7~bl; +http://www.semrush.com/bot.html)"
85.208.96.193 - - [23/May/2024:15:58:59 +0200] "GET /calendar.php?action=addevent&calendar=1&day=21&month=5&year=2015 HTTP/1.1" 404 1238 "-" "Mozilla/5.0 (compatible; SemrushBot/7~bl; +http://www.semrush.com/bot.html)"
85.208.96.204 - - [23/May/2024:16:03:48 +0200] "GET /calendar.php?action=addevent&calendar=1&day=2&month=9&year=2015 HTTP/1.1" 404 1238 "-" "Mozilla/5.0 (compatible; SemrushBot/7~bl; +http://www.semrush.com/bot.html)"
185.191.171.10 - - [23/May/2024:16:03:57 +0200] "GET /calendar.php?action=addevent&calendar=1&day=18&month=4&year=2027 HTTP/1.1" 404 1238 "-" "Mozilla/5.0 (compatible; SemrushBot/7~bl; +http://www.semrush.com/bot.html)"
185.191.171.15 - - [23/May/2024:16:17:00 +0200] "GET /calendar.php?action=addevent&calendar=1&day=20&month=2&year=2017 HTTP/1.1" 404 1238 "-" "Mozilla/5.0 (compatible; SemrushBot/7~bl; +http://www.semrush.com/bot.html)"
185.191.171.14 - - [23/May/2024:16:20:00 +0200] "GET /calendar.php?action=weekview&calendar=1&week=1471132800 HTTP/1.1" 404 1238 "-" "Mozilla/5.0 (compatible; SemrushBot/7~bl; +http://www.semrush.com/bot.html)"
185.191.171.15 - - [23/May/2024:16:40:09 +0200] "GET /calendar.php?action=addevent&calendar=1&day=13&month=9&year=2015 HTTP/1.1" 404 1238 "-" "Mozilla/5.0 (compatible; SemrushBot/7~bl; +http://www.semrush.com/bot.html)"
185.191.171.9 - - [23/May/2024:16:45:53 +0200] "GET /calendar.php?action=addevent&calendar=1&day=29&month=3&year=2015 HTTP/1.1" 404 1238 "-" "Mozilla/5.0 (compatible; SemrushBot/7~bl; +http://www.semrush.com/bot.html)"
185.191.171.3 - - [23/May/2024:16:48:58 +0200] "GET /calendar.php?action=dayview&calendar=1&day=23&month=3&year=2027 HTTP/1.1" 404 1238 "-" "Mozilla/5.0 (compatible; SemrushBot/7~bl; +http://www.semrush.com/bot.html)"
85.208.96.195 - - [23/May/2024:16:52:44 +0200] "GET /calendar.php?action=dayview&calendar=1&day=10&month=3&year=2028 HTTP/1.1" 404 1238 "-" "Mozilla/5.0 (compatible; SemrushBot/7~bl; +http://www.semrush.com/bot.html)"
185.191.171.6 - - [23/May/2024:16:53:04 +0200] "GET /calendar.php?action=dayview&calendar=1&day=3&month=9&year=2028 HTTP/1.1" 404 1238 "-" "Mozilla/5.0 (compatible; SemrushBot/7~bl; +http://www.semrush.com/bot.html)"
85.208.96.193 - - [23/May/2024:15:26:30 +0200] "GET /calendar.php?action=addevent&calendar=1&day=14&month=9&year=2019 HTTP/1.1" 404 1238 "-" "Mozilla/5.0 (compatible; SemrushBot/7~bl; +http://www.semrush.com/bot.html)"
185.191.171.12 - - [23/May/2024:15:46:24 +0200] "GET /calendar.php?action=dayview&calendar=1&day=14&month=5&year=2024 HTTP/1.1" 404 1238 "-" "Mozilla/5.0 (compatible; SemrushBot/7~bl; +http://www.semrush.com/bot.html)"
85.208.96.199 - - [23/May/2024:15:47:50 +0200] "GET /calendar.php?action=addevent&calendar=1&day=31&month=10&year=2028 HTTP/1.1" 404 1238 "-" "Mozilla/5.0 (compatible; SemrushBot/7~bl; +http://www.semrush.com/bot.html)"
85.208.96.211 - - [23/May/2024:15:49:41 +0200] "GET /calendar.php?action=dayview&calendar=1&day=2&month=12&year=2028 HTTP/1.1" 404 1238 "-" "Mozilla/5.0 (compatible; SemrushBot/7~bl; +http://www.semrush.com/bot.html)"
85.208.96.210 - - [23/May/2024:15:54:48 +0200] "GET /calendar.php?action=addevent&calendar=1&day=3&month=11&year=2021 HTTP/1.1" 404 1238 "-" "Mozilla/5.0 (compatible; SemrushBot/7~bl; +http://www.semrush.com/bot.html)"
85.208.96.202 - - [23/May/2024:15:56:07 +0200] "GET /calendar.php?action=dayview&calendar=1&day=1&month=1&year=2026 HTTP/1.1" 404 1238 "-" "Mozilla/5.0 (compatible; SemrushBot/7~bl; +http://www.semrush.com/bot.html)"
85.208.96.195 - - [23/May/2024:15:57:52 +0200] "GET /calendar.php?action=addevent&calendar=1&day=19&month=10&year=2021 HTTP/1.1" 404 1238 "-" "Mozilla/5.0 (compatible; SemrushBot/7~bl; +http://www.semrush.com/bot.html)"
185.191.171.19 - - [23/May/2024:16:19:30 +0200] "GET /calendar.php?action=weekview&calendar=1&week=1632009600 HTTP/1.1" 404 1238 "-" "Mozilla/5.0 (compatible; SemrushBot/7~bl; +http://www.semrush.com/bot.html)"
85.208.96.208 - - [23/May/2024:16:24:54 +0200] "GET /forumdisplay.php?datecut=9999&fid=3&order=asc&prefix=0&sortby=replies HTTP/1.1" 404 1238 "-" "Mozilla/5.0 (compatible; SemrushBot/7~bl; +http://www.semrush.com/bot.html)"
51.81.46.212 - - [23/May/2024:16:25:41 +0200] "GET / HTTP/1.1" 200 1039 "-" "-"
85.208.96.210 - - [23/May/2024:16:28:26 +0200] "GET /calendar.php?action=dayview&calendar=1&day=21&month=11&year=2024 HTTP/1.1" 404 1238 "-" "Mozilla/5.0 (compatible; SemrushBot/7~bl; +http://www.semrush.com/bot.html)"
185.191.171.17 - - [23/May/2024:16:30:44 +0200] "GET /calendar.php?action=dayview&calendar=1&day=20&month=2&year=2023 HTTP/1.1" 404 1238 "-" "Mozilla/5.0 (compatible; SemrushBot/7~bl; +http://www.semrush.com/bot.html)"
85.208.96.205 - - [23/May/2024:16:41:40 +0200] "GET /calendar.php?action=addevent&calendar=1&day=24&month=4&year=2016 HTTP/1.1" 404 1238 "-" "Mozilla/5.0 (compatible; SemrushBot/7~bl; +http://www.semrush.com/bot.html)"
85.208.96.209 - - [23/May/2024:16:44:30 +0200] "GET /calendar.php?action=dayview&calendar=1&day=13&month=9&year=2025 HTTP/1.1" 404 1238 "-" "Mozilla/5.0 (compatible; SemrushBot/7~bl; +http://www.semrush.com/bot.html)"
185.191.171.11 - - [23/May/2024:17:08:42 +0200] "GET /calendar.php?action=dayview&calendar=1&day=2&month=1&year=2024 HTTP/1.1" 404 1238 "-" "Mozilla/5.0 (compatible; SemrushBot/7~bl; +http://www.semrush.com/bot.html)"
185.191.171.7 - - [23/May/2024:17:09:29 +0200] "GET /calendar.php?action=dayview&calendar=1&day=10&month=5&year=2022 HTTP/1.1" 404 1238 "-" "Mozilla/5.0 (compatible; SemrushBot/7~bl; +http://www.semrush.com/bot.html)"
85.208.96.199 - - [23/May/2024:17:14:53 +0200] "GET /calendar.php?action=addevent&calendar=1&day=1&month=11&year=2014 HTTP/1.1" 404 1238 "-" "Mozilla/5.0 (compatible; SemrushBot/7~bl; +http://www.semrush.com/bot.html)"
185.191.171.8 - - [23/May/2024:17:16:41 +0200] "GET /calendar.php?action=addevent&calendar=1&day=9&month=10&year=2017 HTTP/1.1" 404 1238 "-" "Mozilla/5.0 (compatible; SemrushBot/7~bl; +http://www.semrush.com/bot.html)"
85.208.96.211 - - [23/May/2024:17:16:44 +0200] "GET /calendar.php?action=dayview&calendar=1&day=25&month=8&year=2018 HTTP/1.1" 404 1238 "-" "Mozilla/5.0 (compatible; SemrushBot/7~bl; +http://www.semrush.com/bot.html)"
85.208.96.195 - - [23/May/2024:17:27:45 +0200] "GET /calendar.php?action=weekview&calendar=1&week=1486252800 HTTP/1.1" 404 1238 "-" "Mozilla/5.0 (compatible; SemrushBot/7~bl; +http://www.semrush.com/bot.html)"
185.191.171.5 - - [23/May/2024:16:42:04 +0200] "GET /calendar.php?action=dayview&calendar=1&day=16&month=11&year=2028 HTTP/1.1" 404 1238 "-" "Mozilla/5.0 (compatible; SemrushBot/7~bl; +http://www.semrush.com/bot.html)"
185.191.171.11 - - [23/May/2024:16:46:56 +0200] "GET /calendar.php?action=addevent&calendar=1&day=22&month=5&year=2024 HTTP/1.1" 404 1238 "-" "Mozilla/5.0 (compatible; SemrushBot/7~bl; +http://www.semrush.com/bot.html)"
185.191.171.13 - - [23/May/2024:16:48:01 +0200] "GET /calendar.php?action=dayview&calendar=1&day=3&month=12&year=2022 HTTP/1.1" 404 1238 "-" "Mozilla/5.0 (compatible; SemrushBot/7~bl; +http://www.semrush.com/bot.html)"
85.208.96.210 - - [23/May/2024:17:06:37 +0200] "GET /calendar.php?action=dayview&calendar=1&day=23&month=9&year=2018 HTTP/1.1" 404 1238 "-" "Mozilla/5.0 (compatible; SemrushBot/7~bl; +http://www.semrush.com/bot.html)"
185.191.171.15 - - [23/May/2024:17:11:21 +0200] "GET /calendar.php?action=weekview&calendar=1&week=1707609600 HTTP/1.1" 404 1238 "-" "Mozilla/5.0 (compatible; SemrushBot/7~bl; +http://www.semrush.com/bot.html)"
185.191.171.17 - - [23/May/2024:17:12:44 +0200] "GET /robots.txt HTTP/1.1" 404 1238 "-" "Mozilla/5.0 (compatible; SemrushBot/7~bl; +http://www.semrush.com/bot.html)"
185.191.171.18 - - [23/May/2024:17:17:38 +0200] "GET /calendar.php?action=dayview&calendar=1&day=28&month=9&year=2019 HTTP/1.1" 404 1238 "-" "Mozilla/5.0 (compatible; SemrushBot/7~bl; +http://www.semrush.com/bot.html)"
38.91.106.96 - - [23/May/2024:17:18:37 +0200] "GET /wp-admin/setup-config.php?step=1 HTTP/1.1" 404 1238 "-" "Mozlila/5.0 (Linux; Android 7.0; SM-G892A Bulid/NRD90M; wv) AppleWebKit/537.36 (KHTML, like Gecko) Version/4.0 Chrome/60.0.3112.107 Moblie Safari/537.36"
85.208.96.199 - - [23/May/2024:17:25:51 +0200] "GET /calendar.php?action=dayview&calendar=1&day=10&month=9&year=2027 HTTP/1.1" 404 1238 "-" "Mozilla/5.0 (compatible; SemrushBot/7~bl; +http://www.semrush.com/bot.html)"
85.208.96.200 - - [23/May/2024:17:33:19 +0200] "GET /calendar.php?action=dayview&calendar=1&day=31&month=3&year=2024 HTTP/1.1" 404 1238 "-" "Mozilla/5.0 (compatible; SemrushBot/7~bl; +http://www.semrush.com/bot.html)"
185.191.171.16 - - [23/May/2024:17:33:31 +0200] "GET /calendar.php?action=dayview&calendar=1&day=21&month=6&year=2016 HTTP/1.1" 404 1238 "-" "Mozilla/5.0 (compatible; SemrushBot/7~bl; +http://www.semrush.com/bot.html)"
185.191.171.1 - - [23/May/2024:17:34:24 +0200] "GET /calendar.php?action=addevent&calendar=1&day=24&month=4&year=2025 HTTP/1.1" 404 1238 "-" "Mozilla/5.0 (compatible; SemrushBot/7~bl; +http://www.semrush.com/bot.html)"
185.191.171.1 - - [23/May/2024:17:35:39 +0200] "GET /calendar.php?action=dayview&calendar=1&day=12&month=6&year=2028 HTTP/1.1" 404 1238 "-" "Mozilla/5.0 (compatible; SemrushBot/7~bl; +http://www.semrush.com/bot.html)"
185.191.171.9 - - [23/May/2024:16:56:02 +0200] "GET /calendar.php?action=dayview&calendar=1&day=11&month=8&year=2025 HTTP/1.1" 404 1238 "-" "Mozilla/5.0 (compatible; SemrushBot/7~bl; +http://www.semrush.com/bot.html)"
85.208.96.211 - - [23/May/2024:16:56:11 +0200] "GET /calendar.php?action=addevent&calendar=1&day=28&month=6&year=2017 HTTP/1.1" 404 1238 "-" "Mozilla/5.0 (compatible; SemrushBot/7~bl; +http://www.semrush.com/bot.html)"
85.208.96.196 - - [23/May/2024:17:02:03 +0200] "GET /calendar.php?action=dayview&calendar=1&day=11&month=8&year=2024 HTTP/1.1" 404 1238 "-" "Mozilla/5.0 (compatible; SemrushBot/7~bl; +http://www.semrush.com/bot.html)"
85.208.96.205 - - [23/May/2024:17:04:15 +0200] "GET /calendar.php?action=addevent&calendar=1&day=7&month=12&year=2014 HTTP/1.1" 404 1238 "-" "Mozilla/5.0 (compatible; SemrushBot/7~bl; +http://www.semrush.com/bot.html)"
85.208.96.200 - - [23/May/2024:17:05:05 +0200] "GET /calendar.php?action=dayview&calendar=1&day=24&month=3&year=2018 HTTP/1.1" 404 1238 "-" "Mozilla/5.0 (compatible; SemrushBot/7~bl; +http://www.semrush.com/bot.html)"
85.208.96.199 - - [23/May/2024:17:12:45 +0200] "GET /calendar.php?action=dayview&calendar=1&day=8&month=11&year=2028 HTTP/1.1" 404 1238 "-" "Mozilla/5.0 (compatible; SemrushBot/7~bl; +http://www.semrush.com/bot.html)"
185.191.171.15 - - [23/May/2024:17:13:18 +0200] "GET /calendar.php?action=dayview&calendar=1&day=16&month=7&year=2018 HTTP/1.1" 404 1238 "-" "Mozilla/5.0 (compatible; SemrushBot/7~bl; +http://www.semrush.com/bot.html)"
185.191.171.13 - - [23/May/2024:17:15:23 +0200] "GET /archive/index.php?forum-9.html HTTP/1.1" 404 1238 "-" "Mozilla/5.0 (compatible; SemrushBot/7~bl; +http://www.semrush.com/bot.html)"
85.208.96.208 - - [23/May/2024:17:18:12 +0200] "GET /calendar.php?action=addevent&calendar=1&day=13&month=5&year=2024 HTTP/1.1" 404 1238 "-" "Mozilla/5.0 (compatible; SemrushBot/7~bl; +http://www.semrush.com/bot.html)"
38.91.106.96 - - [23/May/2024:17:18:39 +0200] "GET /wordpress/wp-admin/setup-config.php?step=1 HTTP/1.1" 404 1238 "-" "Mozlila/5.0 (Linux; Android 7.0; SM-G892A Bulid/NRD90M; wv) AppleWebKit/537.36 (KHTML, like Gecko) Version/4.0 Chrome/60.0.3112.107 Moblie Safari/537.36"
85.208.96.210 - - [23/May/2024:17:20:28 +0200] "GET /calendar.php?action=dayview&calendar=1&day=3&month=6&year=2017 HTTP/1.1" 404 1238 "-" "Mozilla/5.0 (compatible; SemrushBot/7~bl; +http://www.semrush.com/bot.html)"
185.191.171.14 - - [23/May/2024:17:20:39 +0200] "GET /calendar.php?action=addevent&calendar=1&day=27&month=6&year=2015 HTTP/1.1" 404 1238 "-" "Mozilla/5.0 (compatible; SemrushBot/7~bl; +http://www.semrush.com/bot.html)"
185.191.171.19 - - [23/May/2024:17:23:38 +0200] "GET /calendar.php?action=dayview&calendar=1&day=23&month=8&year=2024 HTTP/1.1" 404 1238 "-" "Mozilla/5.0 (compatible; SemrushBot/7~bl; +http://www.semrush.com/bot.html)"
85.208.96.206 - - [23/May/2024:17:31:32 +0200] "GET /calendar.php?action=addevent&calendar=1&day=23&month=1&year=2021 HTTP/1.1" 404 1238 "-" "Mozilla/5.0 (compatible; SemrushBot/7~bl; +http://www.semrush.com/bot.html)"
85.208.96.211 - - [23/May/2024:17:41:22 +0200] "GET /calendar.php?action=weekview&calendar=1&week=1702166400 HTTP/1.1" 404 1238 "-" "Mozilla/5.0 (compatible; SemrushBot/7~bl; +http://www.semrush.com/bot.html)"
85.208.96.210 - - [23/May/2024:17:41:54 +0200] "GET /calendar.php?action=addevent&calendar=1&day=28&month=8&year=2026 HTTP/1.1" 404 1238 "-" "Mozilla/5.0 (compatible; SemrushBot/7~bl; +http://www.semrush.com/bot.html)"
85.208.96.196 - - [23/May/2024:17:45:42 +0200] "GET /calendar.php?action=addevent&calendar=1&day=4&month=8&year=2017 HTTP/1.1" 404 1238 "-" "Mozilla/5.0 (compatible; SemrushBot/7~bl; +http://www.semrush.com/bot.html)"
185.191.171.7 - - [23/May/2024:17:46:03 +0200] "GET /calendar.php?action=addevent&calendar=1&day=6&month=7&year=2018 HTTP/1.1" 404 1238 "-" "Mozilla/5.0 (compatible; SemrushBot/7~bl; +http://www.semrush.com/bot.html)"
185.191.171.17 - - [23/May/2024:17:47:10 +0200] "GET /calendar.php?action=addevent&calendar=1&day=15&month=5&year=2027 HTTP/1.1" 404 1238 "-" "Mozilla/5.0 (compatible; SemrushBot/7~bl; +http://www.semrush.com/bot.html)"
85.208.96.195 - - [23/May/2024:17:49:20 +0200] "GET /calendar.php?action=dayview&calendar=1&day=8&month=4&year=2026 HTTP/1.1" 404 1238 "-" "Mozilla/5.0 (compatible; SemrushBot/7~bl; +http://www.semrush.com/bot.html)"
185.191.171.9 - - [23/May/2024:17:50:41 +0200] "GET /forumdisplay.php?datecut=9999&fid=13&order=desc&prefix=0&sortby=subject HTTP/1.1" 404 1238 "-" "Mozilla/5.0 (compatible; SemrushBot/7~bl; +http://www.semrush.com/bot.html)"
185.191.171.14 - - [23/May/2024:17:52:30 +0200] "GET /calendar.php?action=dayview&calendar=1&day=27&month=1&year=2017 HTTP/1.1" 404 1238 "-" "Mozilla/5.0 (compatible; SemrushBot/7~bl; +http://www.semrush.com/bot.html)"
85.208.96.201 - - [23/May/2024:17:57:23 +0200] "GET /calendar.php?action=dayview&calendar=1&day=7&month=7&year=2017 HTTP/1.1" 404 1238 "-" "Mozilla/5.0 (compatible; SemrushBot/7~bl; +http://www.semrush.com/bot.html)"
185.191.171.2 - - [23/May/2024:17:59:05 +0200] "GET /calendar.php?action=addevent&calendar=1&day=15&month=4&year=2025 HTTP/1.1" 404 1238 "-" "Mozilla/5.0 (compatible; SemrushBot/7~bl; +http://www.semrush.com/bot.html)"
185.191.171.7 - - [23/May/2024:18:04:14 +0200] "GET /calendar.php?action=dayview&calendar=1&day=29&month=3&year=2020 HTTP/1.1" 404 1238 "-" "Mozilla/5.0 (compatible; SemrushBot/7~bl; +http://www.semrush.com/bot.html)"
85.208.96.208 - - [23/May/2024:17:49:27 +0200] "GET /calendar.php?action=weekview&calendar=1&week=1576368000 HTTP/1.1" 404 1238 "-" "Mozilla/5.0 (compatible; SemrushBot/7~bl; +http://www.semrush.com/bot.html)"
185.191.171.16 - - [23/May/2024:18:13:45 +0200] "GET /calendar.php?action=addevent&calendar=1&day=30&month=9&year=2021 HTTP/1.1" 404 1238 "-" "Mozilla/5.0 (compatible; SemrushBot/7~bl; +http://www.semrush.com/bot.html)"
185.191.171.18 - - [23/May/2024:18:14:16 +0200] "GET /memberlist.php?order=ascending&perpage=20&sort=regdate&username=B&username_match=begins HTTP/1.1" 404 1238 "-" "Mozilla/5.0 (compatible; SemrushBot/7~bl; +http://www.semrush.com/bot.html)"
185.191.171.1 - - [23/May/2024:18:15:37 +0200] "GET /calendar.php?action=addevent&calendar=1&day=25&month=9&year=2027 HTTP/1.1" 404 1238 "-" "Mozilla/5.0 (compatible; SemrushBot/7~bl; +http://www.semrush.com/bot.html)"
85.208.96.198 - - [23/May/2024:18:07:58 +0200] "GET /calendar.php?action=addevent&calendar=1&day=8&month=4&year=2026 HTTP/1.1" 404 1238 "-" "Mozilla/5.0 (compatible; SemrushBot/7~bl; +http://www.semrush.com/bot.html)"
85.208.96.206 - - [23/May/2024:18:13:15 +0200] "GET /robots.txt HTTP/1.1" 404 1238 "-" "Mozilla/5.0 (compatible; SemrushBot/7~bl; +http://www.semrush.com/bot.html)"
85.208.96.196 - - [23/May/2024:18:13:16 +0200] "GET /calendar.php?action=dayview&calendar=1&day=22&month=2&year=2028 HTTP/1.1" 404 1238 "-" "Mozilla/5.0 (compatible; SemrushBot/7~bl; +http://www.semrush.com/bot.html)"
185.191.171.4 - - [23/May/2024:18:19:45 +0200] "GET /calendar.php?action=dayview&calendar=1&day=9&month=5&year=2016 HTTP/1.1" 404 1238 "-" "Mozilla/5.0 (compatible; SemrushBot/7~bl; +http://www.semrush.com/bot.html)"
85.208.96.207 - - [23/May/2024:18:09:09 +0200] "GET /calendar.php?action=addevent&calendar=1&day=9&month=4&year=2022 HTTP/1.1" 404 1238 "-" "Mozilla/5.0 (compatible; SemrushBot/7~bl; +http://www.semrush.com/bot.html)"
85.208.96.196 - - [23/May/2024:18:09:25 +0200] "GET /calendar.php?action=dayview&calendar=1&day=2&month=3&year=2024 HTTP/1.1" 404 1238 "-" "Mozilla/5.0 (compatible; SemrushBot/7~bl; +http://www.semrush.com/bot.html)"
185.191.171.16 - - [23/May/2024:18:14:31 +0200] "GET /calendar.php?action=addevent&calendar=1&day=30&month=7&year=2018 HTTP/1.1" 404 1238 "-" "Mozilla/5.0 (compatible; SemrushBot/7~bl; +http://www.semrush.com/bot.html)"
185.191.171.13 - - [23/May/2024:18:15:19 +0200] "GET /calendar.php?action=addevent&calendar=1&day=21&month=4&year=2026 HTTP/1.1" 404 1238 "-" "Mozilla/5.0 (compatible; SemrushBot/7~bl; +http://www.semrush.com/bot.html)"
85.208.96.196 - - [23/May/2024:18:19:17 +0200] "GET /calendar.php?action=dayview&calendar=1&day=10&month=8&year=2021 HTTP/1.1" 404 1238 "-" "Mozilla/5.0 (compatible; SemrushBot/7~bl; +http://www.semrush.com/bot.html)"
185.191.171.15 - - [23/May/2024:18:27:38 +0200] "GET /calendar.php?action=dayview&calendar=1&day=18&month=8&year=2017 HTTP/1.1" 404 1238 "-" "Mozilla/5.0 (compatible; SemrushBot/7~bl; +http://www.semrush.com/bot.html)"
85.208.96.196 - - [23/May/2024:18:28:14 +0200] "GET /calendar.php?action=dayview&calendar=1&day=1&month=1&year=2028 HTTP/1.1" 404 1238 "-" "Mozilla/5.0 (compatible; SemrushBot/7~bl; +http://www.semrush.com/bot.html)"
185.191.171.10 - - [23/May/2024:18:34:06 +0200] "GET /calendar.php?action=addevent&calendar=1&day=21&month=3&year=2025 HTTP/1.1" 404 1238 "-" "Mozilla/5.0 (compatible; SemrushBot/7~bl; +http://www.semrush.com/bot.html)"
185.191.171.7 - - [23/May/2024:18:25:55 +0200] "GET /calendar.php?action=dayview&calendar=1&day=7&month=8&year=2024 HTTP/1.1" 404 1238 "-" "Mozilla/5.0 (compatible; SemrushBot/7~bl; +http://www.semrush.com/bot.html)"
185.191.171.9 - - [23/May/2024:18:33:39 +0200] "GET /calendar.php?action=addevent&calendar=1&day=2&month=1&year=2021 HTTP/1.1" 404 1238 "-" "Mozilla/5.0 (compatible; SemrushBot/7~bl; +http://www.semrush.com/bot.html)"
185.191.171.19 - - [23/May/2024:18:23:58 +0200] "GET /calendar.php?action=addevent&calendar=1&day=12&month=6&year=2018 HTTP/1.1" 404 1238 "-" "Mozilla/5.0 (compatible; SemrushBot/7~bl; +http://www.semrush.com/bot.html)"
85.208.96.197 - - [23/May/2024:18:25:13 +0200] "GET /member.php?action=emailuser&uid=1 HTTP/1.1" 404 1238 "-" "Mozilla/5.0 (compatible; SemrushBot/7~bl; +http://www.semrush.com/bot.html)"
185.191.171.4 - - [23/May/2024:18:29:28 +0200] "GET /calendar.php?action=dayview&calendar=1&day=10&month=11&year=2015 HTTP/1.1" 404 1238 "-" "Mozilla/5.0 (compatible; SemrushBot/7~bl; +http://www.semrush.com/bot.html)"
85.208.96.201 - - [23/May/2024:18:41:23 +0200] "GET /calendar.php?action=addevent&calendar=1&day=4&month=3&year=2018 HTTP/1.1" 404 1238 "-" "Mozilla/5.0 (compatible; SemrushBot/7~bl; +http://www.semrush.com/bot.html)"
85.208.96.207 - - [23/May/2024:18:41:44 +0200] "GET /calendar.php?action=addevent&calendar=1&day=3&month=3&year=2015 HTTP/1.1" 404 1238 "-" "Mozilla/5.0 (compatible; SemrushBot/7~bl; +http://www.semrush.com/bot.html)"
85.208.96.205 - - [23/May/2024:18:44:55 +0200] "GET /calendar.php?action=dayview&calendar=1&day=11&month=6&year=2028 HTTP/1.1" 404 1238 "-" "Mozilla/5.0 (compatible; SemrushBot/7~bl; +http://www.semrush.com/bot.html)"
185.191.171.2 - - [23/May/2024:18:48:55 +0200] "GET /calendar.php?action=dayview&calendar=1&day=15&month=10&year=2019 HTTP/1.1" 404 1238 "-" "Mozilla/5.0 (compatible; SemrushBot/7~bl; +http://www.semrush.com/bot.html)"
85.208.96.199 - - [23/May/2024:18:49:39 +0200] "GET /calendar.php?action=addevent&calendar=1&day=14&month=2&year=2024 HTTP/1.1" 404 1238 "-" "Mozilla/5.0 (compatible; SemrushBot/7~bl; +http://www.semrush.com/bot.html)"
185.191.171.4 - - [23/May/2024:18:48:06 +0200] "GET /showthread.php?pid=7&tid=3 HTTP/1.1" 404 1238 "-" "Mozilla/5.0 (compatible; SemrushBot/7~bl; +http://www.semrush.com/bot.html)"
185.191.171.19 - - [23/May/2024:18:48:23 +0200] "GET /calendar.php?action=addevent&calendar=1&day=15&month=9&year=2024 HTTP/1.1" 404 1238 "-" "Mozilla/5.0 (compatible; SemrushBot/7~bl; +http://www.semrush.com/bot.html)"
85.208.96.206 - - [23/May/2024:18:52:26 +0200] "GET /calendar.php?calendar=1&month=4&year=2020 HTTP/1.1" 404 1238 "-" "Mozilla/5.0 (compatible; SemrushBot/7~bl; +http://www.semrush.com/bot.html)"
85.208.96.208 - - [23/May/2024:18:53:58 +0200] "GET /calendar.php?action=dayview&calendar=1&day=7&month=4&year=2017 HTTP/1.1" 404 1238 "-" "Mozilla/5.0 (compatible; SemrushBot/7~bl; +http://www.semrush.com/bot.html)"
185.191.171.17 - - [23/May/2024:18:39:25 +0200] "GET /calendar.php?action=dayview&calendar=1&day=7&month=4&year=2015 HTTP/1.1" 404 1238 "-" "Mozilla/5.0 (compatible; SemrushBot/7~bl; +http://www.semrush.com/bot.html)"
38.91.106.96 - - [23/May/2024:19:00:09 +0200] "GET /wordpress/wp-admin/setup-config.php?step=1 HTTP/1.1" 404 1238 "-" "Mozlila/5.0 (Linux; Android 7.0; SM-G892A Bulid/NRD90M; wv) AppleWebKit/537.36 (KHTML, like Gecko) Version/4.0 Chrome/60.0.3112.107 Moblie Safari/537.36"
85.208.96.211 - - [23/May/2024:19:00:12 +0200] "GET /calendar.php?action=dayview&calendar=1&day=11&month=11&year=2021 HTTP/1.1" 404 1238 "-" "Mozilla/5.0 (compatible; SemrushBot/7~bl; +http://www.semrush.com/bot.html)"
185.191.171.7 - - [23/May/2024:19:02:37 +0200] "GET /calendar.php?action=dayview&calendar=1&day=28&month=7&year=2024 HTTP/1.1" 404 1238 "-" "Mozilla/5.0 (compatible; SemrushBot/7~bl; +http://www.semrush.com/bot.html)"
85.208.96.205 - - [23/May/2024:19:02:52 +0200] "GET /calendar.php?action=addevent&calendar=1&day=10&month=2&year=2016 HTTP/1.1" 404 1238 "-" "Mozilla/5.0 (compatible; SemrushBot/7~bl; +http://www.semrush.com/bot.html)"
185.191.171.2 - - [23/May/2024:18:57:23 +0200] "GET /calendar.php?action=dayview&calendar=1&day=8&month=1&year=2020 HTTP/1.1" 404 1238 "-" "Mozilla/5.0 (compatible; SemrushBot/7~bl; +http://www.semrush.com/bot.html)"
185.191.171.1 - - [23/May/2024:18:57:49 +0200] "GET /calendar.php?action=dayview&calendar=1&day=19&month=1&year=2023 HTTP/1.1" 404 1238 "-" "Mozilla/5.0 (compatible; SemrushBot/7~bl; +http://www.semrush.com/bot.html)"
85.208.96.201 - - [23/May/2024:19:01:17 +0200] "GET /calendar.php?action=dayview&calendar=1&day=20&month=7&year=2019 HTTP/1.1" 404 1238 "-" "Mozilla/5.0 (compatible; SemrushBot/7~bl; +http://www.semrush.com/bot.html)"
38.91.106.96 - - [23/May/2024:19:00:07 +0200] "GET /wp-admin/setup-config.php?step=1 HTTP/1.1" 404 1238 "-" "Mozlila/5.0 (Linux; Android 7.0; SM-G892A Bulid/NRD90M; wv) AppleWebKit/537.36 (KHTML, like Gecko) Version/4.0 Chrome/60.0.3112.107 Moblie Safari/537.36"
85.208.96.205 - - [23/May/2024:19:00:07 +0200] "GET /calendar.php?calendar=1&month=8&year=2024 HTTP/1.1" 404 1238 "-" "Mozilla/5.0 (compatible; SemrushBot/7~bl; +http://www.semrush.com/bot.html)"
185.191.171.6 - - [23/May/2024:19:08:05 +0200] "GET /calendar.php?action=dayview&calendar=1&day=15&month=10&year=2023 HTTP/1.1" 404 1238 "-" "Mozilla/5.0 (compatible; SemrushBot/7~bl; +http://www.semrush.com/bot.html)"
85.208.96.202 - - [23/May/2024:19:12:14 +0200] "GET /calendar.php?action=dayview&calendar=1&day=15&month=1&year=2028 HTTP/1.1" 404 1238 "-" "Mozilla/5.0 (compatible; SemrushBot/7~bl; +http://www.semrush.com/bot.html)"
85.208.96.195 - - [23/May/2024:19:04:07 +0200] "GET /calendar.php?action=dayview&calendar=1&day=15&month=2&year=2027 HTTP/1.1" 404 1238 "-" "Mozilla/5.0 (compatible; SemrushBot/7~bl; +http://www.semrush.com/bot.html)"
185.191.171.17 - - [23/May/2024:19:05:45 +0200] "GET /calendar.php?action=dayview&calendar=1&day=23&month=2&year=2017 HTTP/1.1" 404 1238 "-" "Mozilla/5.0 (compatible; SemrushBot/7~bl; +http://www.semrush.com/bot.html)"
85.208.96.205 - - [23/May/2024:19:06:25 +0200] "GET /calendar.php?action=dayview&calendar=1&day=19&month=4&year=2016 HTTP/1.1" 404 1238 "-" "Mozilla/5.0 (compatible; SemrushBot/7~bl; +http://www.semrush.com/bot.html)"
185.191.171.11 - - [23/May/2024:19:11:20 +0200] "GET /calendar.php?action=addevent&calendar=1&day=1&month=4&year=2019 HTTP/1.1" 404 1238 "-" "Mozilla/5.0 (compatible; SemrushBot/7~bl; +http://www.semrush.com/bot.html)"
85.208.96.209 - - [23/May/2024:19:17:41 +0200] "GET /calendar.php?action=addevent&calendar=1&day=7&month=9&year=2022 HTTP/1.1" 404 1238 "-" "Mozilla/5.0 (compatible; SemrushBot/7~bl; +http://www.semrush.com/bot.html)"
85.208.96.206 - - [23/May/2024:19:18:03 +0200] "GET /calendar.php?action=addevent&calendar=1&day=10&month=12&year=2026 HTTP/1.1" 404 1238 "-" "Mozilla/5.0 (compatible; SemrushBot/7~bl; +http://www.semrush.com/bot.html)"
185.191.171.14 - - [23/May/2024:19:18:34 +0200] "GET /calendar.php?action=addevent&calendar=1&day=4&month=7&year=2018 HTTP/1.1" 404 1238 "-" "Mozilla/5.0 (compatible; SemrushBot/7~bl; +http://www.semrush.com/bot.html)"
185.191.171.11 - - [23/May/2024:19:23:36 +0200] "GET /calendar.php?action=addevent&calendar=1&day=22&month=7&year=2020 HTTP/1.1" 404 1238 "-" "Mozilla/5.0 (compatible; SemrushBot/7~bl; +http://www.semrush.com/bot.html)"
185.191.171.3 - - [23/May/2024:19:24:39 +0200] "GET /calendar.php?action=addevent&calendar=1&day=12&month=4&year=2023 HTTP/1.1" 404 1238 "-" "Mozilla/5.0 (compatible; SemrushBot/7~bl; +http://www.semrush.com/bot.html)"
185.191.171.18 - - [23/May/2024:19:26:13 +0200] "GET /calendar.php?action=addevent&calendar=1&day=11&month=12&year=2023 HTTP/1.1" 404 1238 "-" "Mozilla/5.0 (compatible; SemrushBot/7~bl; +http://www.semrush.com/bot.html)"
185.191.171.19 - - [23/May/2024:19:26:26 +0200] "GET /calendar.php?action=dayview&calendar=1&day=19&month=7&year=2015 HTTP/1.1" 404 1238 "-" "Mozilla/5.0 (compatible; SemrushBot/7~bl; +http://www.semrush.com/bot.html)"
85.208.96.195 - - [23/May/2024:19:15:07 +0200] "GET /calendar.php?action=dayview&calendar=1&day=16&month=11&year=2018 HTTP/1.1" 404 1238 "-" "Mozilla/5.0 (compatible; SemrushBot/7~bl; +http://www.semrush.com/bot.html)"
85.208.96.206 - - [23/May/2024:19:16:26 +0200] "GET /calendar.php?action=dayview&calendar=1&day=22&month=4&year=2019 HTTP/1.1" 404 1238 "-" "Mozilla/5.0 (compatible; SemrushBot/7~bl; +http://www.semrush.com/bot.html)"
185.191.171.1 - - [23/May/2024:19:27:26 +0200] "GET /calendar.php?action=addevent&calendar=1&day=18&month=10&year=2021 HTTP/1.1" 404 1238 "-" "Mozilla/5.0 (compatible; SemrushBot/7~bl; +http://www.semrush.com/bot.html)"
85.208.96.201 - - [23/May/2024:19:13:30 +0200] "GET /robots.txt HTTP/1.1" 404 1238 "-" "Mozilla/5.0 (compatible; SemrushBot/7~bl; +http://www.semrush.com/bot.html)"
185.191.171.2 - - [23/May/2024:19:13:31 +0200] "GET /calendar.php?action=dayview&calendar=1&day=18&month=5&year=2020 HTTP/1.1" 404 1238 "-" "Mozilla/5.0 (compatible; SemrushBot/7~bl; +http://www.semrush.com/bot.html)"
85.208.96.211 - - [23/May/2024:19:19:24 +0200] "GET /calendar.php?action=addevent&calendar=1&day=26&month=12&year=2016 HTTP/1.1" 404 1238 "-" "Mozilla/5.0 (compatible; SemrushBot/7~bl; +http://www.semrush.com/bot.html)"
85.208.96.194 - - [23/May/2024:19:32:40 +0200] "GET /calendar.php?action=dayview&calendar=1&day=22&month=1&year=2018 HTTP/1.1" 404 1238 "-" "Mozilla/5.0 (compatible; SemrushBot/7~bl; +http://www.semrush.com/bot.html)"
85.208.96.208 - - [23/May/2024:19:43:25 +0200] "GET /calendar.php?action=dayview&calendar=1&day=25&month=4&year=2017 HTTP/1.1" 404 1238 "-" "Mozilla/5.0 (compatible; SemrushBot/7~bl; +http://www.semrush.com/bot.html)"
185.191.171.1 - - [23/May/2024:19:45:44 +0200] "GET /calendar.php?action=weekview&calendar=1&week=1537660800 HTTP/1.1" 404 1238 "-" "Mozilla/5.0 (compatible; SemrushBot/7~bl; +http://www.semrush.com/bot.html)"
185.191.171.12 - - [23/May/2024:19:30:47 +0200] "GET /calendar.php?action=dayview&calendar=1&day=12&month=2&year=2015 HTTP/1.1" 404 1238 "-" "Mozilla/5.0 (compatible; SemrushBot/7~bl; +http://www.semrush.com/bot.html)"
85.208.96.207 - - [23/May/2024:19:31:26 +0200] "GET /calendar.php?action=addevent&calendar=1&day=5&month=6&year=2021 HTTP/1.1" 404 1238 "-" "Mozilla/5.0 (compatible; SemrushBot/7~bl; +http://www.semrush.com/bot.html)"
85.208.96.203 - - [23/May/2024:19:31:38 +0200] "GET /calendar.php?action=addevent&calendar=1&day=10&month=3&year=2024 HTTP/1.1" 404 1238 "-" "Mozilla/5.0 (compatible; SemrushBot/7~bl; +http://www.semrush.com/bot.html)"
185.191.171.12 - - [23/May/2024:19:35:24 +0200] "GET /calendar.php?action=addevent&calendar=1&day=26&month=8&year=2022 HTTP/1.1" 404 1238 "-" "Mozilla/5.0 (compatible; SemrushBot/7~bl; +http://www.semrush.com/bot.html)"
85.208.96.205 - - [23/May/2024:19:42:49 +0200] "GET /calendar.php?action=addevent&calendar=1&day=10&month=9&year=2027 HTTP/1.1" 404 1238 "-" "Mozilla/5.0 (compatible; SemrushBot/7~bl; +http://www.semrush.com/bot.html)"
185.191.171.3 - - [23/May/2024:19:44:04 +0200] "GET /calendar.php?action=dayview&calendar=1&day=16&month=5&year=2025 HTTP/1.1" 404 1238 "-" "Mozilla/5.0 (compatible; SemrushBot/7~bl; +http://www.semrush.com/bot.html)"
85.208.96.193 - - [23/May/2024:19:31:40 +0200] "GET /calendar.php?action=addevent&calendar=1&day=6&month=9&year=2020 HTTP/1.1" 404 1238 "-" "Mozilla/5.0 (compatible; SemrushBot/7~bl; +http://www.semrush.com/bot.html)"
85.208.96.202 - - [23/May/2024:19:38:59 +0200] "GET /calendar.php?action=dayview&calendar=1&day=5&month=5&year=2023 HTTP/1.1" 404 1238 "-" "Mozilla/5.0 (compatible; SemrushBot/7~bl; +http://www.semrush.com/bot.html)"
185.191.171.13 - - [23/May/2024:19:39:32 +0200] "GET /calendar.php?action=weekview&calendar=1&week=1685232000 HTTP/1.1" 404 1238 "-" "Mozilla/5.0 (compatible; SemrushBot/7~bl; +http://www.semrush.com/bot.html)"
185.191.171.18 - - [23/May/2024:19:41:44 +0200] "GET /calendar.php?action=dayview&calendar=1&day=19&month=10&year=2020 HTTP/1.1" 404 1238 "-" "Mozilla/5.0 (compatible; SemrushBot/7~bl; +http://www.semrush.com/bot.html)"
85.208.96.200 - - [23/May/2024:19:51:46 +0200] "GET /calendar.php?action=dayview&calendar=1&day=3&month=12&year=2027 HTTP/1.1" 404 1238 "-" "Mozilla/5.0 (compatible; SemrushBot/7~bl; +http://www.semrush.com/bot.html)"
185.191.171.2 - - [23/May/2024:19:52:37 +0200] "GET /calendar.php?action=dayview&calendar=1&day=26&month=12&year=2026 HTTP/1.1" 404 1238 "-" "Mozilla/5.0 (compatible; SemrushBot/7~bl; +http://www.semrush.com/bot.html)"
85.208.96.196 - - [23/May/2024:19:53:36 +0200] "GET /calendar.php?action=addevent&calendar=1&day=24&month=8&year=2024 HTTP/1.1" 404 1238 "-" "Mozilla/5.0 (compatible; SemrushBot/7~bl; +http://www.semrush.com/bot.html)"
185.191.171.8 - - [23/May/2024:19:56:19 +0200] "GET /calendar.php?action=dayview&calendar=1&day=29&month=9&year=2028 HTTP/1.1" 404 1238 "-" "Mozilla/5.0 (compatible; SemrushBot/7~bl; +http://www.semrush.com/bot.html)"
185.191.171.7 - - [23/May/2024:19:56:47 +0200] "GET /calendar.php?action=weekview&calendar=1&week=1624147200 HTTP/1.1" 404 1238 "-" "Mozilla/5.0 (compatible; SemrushBot/7~bl; +http://www.semrush.com/bot.html)"
85.208.96.208 - - [23/May/2024:20:00:50 +0200] "GET /memberlist.php?order=descending&perpage=20&sort=username&username=C&username_match=begins HTTP/1.1" 404 1238 "-" "Mozilla/5.0 (compatible; SemrushBot/7~bl; +http://www.semrush.com/bot.html)"
85.208.96.209 - - [23/May/2024:20:01:01 +0200] "GET /calendar.php?calendar=1&month=8&year=2019 HTTP/1.1" 404 1238 "-" "Mozilla/5.0 (compatible; SemrushBot/7~bl; +http://www.semrush.com/bot.html)"
185.191.171.15 - - [23/May/2024:19:51:05 +0200] "GET /calendar.php?action=dayview&calendar=1&day=14&month=5&year=2018 HTTP/1.1" 404 1238 "-" "Mozilla/5.0 (compatible; SemrushBot/7~bl; +http://www.semrush.com/bot.html)"
185.191.171.6 - - [23/May/2024:19:56:49 +0200] "GET /calendar.php?action=dayview&calendar=1&day=21&month=3&year=2020 HTTP/1.1" 404 1238 "-" "Mozilla/5.0 (compatible; SemrushBot/7~bl; +http://www.semrush.com/bot.html)"
85.208.96.203 - - [23/May/2024:19:58:37 +0200] "GET /calendar.php?action=dayview&calendar=1&day=4&month=5&year=2023 HTTP/1.1" 404 1238 "-" "Mozilla/5.0 (compatible; SemrushBot/7~bl; +http://www.semrush.com/bot.html)"
185.191.171.2 - - [23/May/2024:19:48:14 +0200] "GET /calendar.php?action=dayview&calendar=1&day=26&month=10&year=2020 HTTP/1.1" 404 1238 "-" "Mozilla/5.0 (compatible; SemrushBot/7~bl; +http://www.semrush.com/bot.html)"
