66.249.65.173 - - [02/Jul/2024:14:15:29 +0200] "GET /cqrcf/i2045204.html HTTP/1.1" 200 43130 "-" "Mozilla/5.0 (Linux; Android 6.0.1; Nexus 5X Build/MMB29P) AppleWebKit/537.36 (KHTML, like Gecko) Chrome/125.0.6422.175 Mobile Safari/537.36 (compatible; Googlebot/2.1; +http://www.google.com/bot.html)"
66.249.70.108 - - [02/Jul/2024:14:15:31 +0200] "GET /hgnlw/o2239352.html HTTP/1.1" 200 42047 "-" "Mozilla/5.0 (Linux; Android 6.0.1; Nexus 5X Build/MMB29P) AppleWebKit/537.36 (KHTML, like Gecko) Chrome/125.0.6422.175 Mobile Safari/537.36 (compatible; Googlebot/2.1; +http://www.google.com/bot.html)"
66.249.70.109 - - [02/Jul/2024:14:15:32 +0200] "GET /hxzxj/z1960487.html HTTP/1.1" 200 43126 "-" "Mozilla/5.0 (Linux; Android 6.0.1; Nexus 5X Build/MMB29P) AppleWebKit/537.36 (KHTML, like Gecko) Chrome/125.0.6422.175 Mobile Safari/537.36 (compatible; Googlebot/2.1; +http://www.google.com/bot.html)"
66.249.70.109 - - [02/Jul/2024:14:15:32 +0200] "GET /scosx/j2967399.html HTTP/1.1" 200 42430 "-" "Mozilla/5.0 (Linux; Android 6.0.1; Nexus 5X Build/MMB29P) AppleWebKit/537.36 (KHTML, like Gecko) Chrome/125.0.6422.175 Mobile Safari/537.36 (compatible; Googlebot/2.1; +http://www.google.com/bot.html)"
66.249.70.108 - - [02/Jul/2024:14:15:33 +0200] "GET /vxfha/x1625995.html HTTP/1.1" 200 42920 "-" "Mozilla/5.0 (Linux; Android 6.0.1; Nexus 5X Build/MMB29P) AppleWebKit/537.36 (KHTML, like Gecko) Chrome/125.0.6422.175 Mobile Safari/537.36 (compatible; Googlebot/2.1; +http://www.google.com/bot.html)"
66.249.70.108 - - [02/Jul/2024:14:15:35 +0200] "GET /pzzgp/g101728.html HTTP/1.1" 200 42101 "-" "Mozilla/5.0 (Linux; Android 6.0.1; Nexus 5X Build/MMB29P) AppleWebKit/537.36 (KHTML, like Gecko) Chrome/125.0.6422.175 Mobile Safari/537.36 (compatible; Googlebot/2.1; +http://www.google.com/bot.html)"
66.249.70.109 - - [02/Jul/2024:14:15:35 +0200] "GET /rdxtf/w2697818.html HTTP/1.1" 200 41198 "-" "Mozilla/5.0 (Linux; Android 6.0.1; Nexus 5X Build/MMB29P) AppleWebKit/537.36 (KHTML, like Gecko) Chrome/125.0.6422.175 Mobile Safari/537.36 (compatible; Googlebot/2.1; +http://www.google.com/bot.html)"
147.45.78.15 - - [02/Jul/2024:14:22:12 +0200] "POST /74a7c9952328.php HTTP/1.1" 500 9 "-" "curl/7.86.0"
185.191.171.7 - - [02/Jul/2024:14:21:56 +0200] "GET /%D8%B4%D8%A7%D9%87%D8%AF-%D8%A8%D8%A7%D9%84%D9%81%D9%8A%D8%AF%D9%8A%D9%88-%D9%86%D8%AC%D9%85-%D8%A7%D9%84%D8%B3%D9%88%D8%B4%D9%8A%D8%A7%D9%84-%D9%85%D9%8A%D8%AF%D9%8A%D8%A7-%D8%A3%D8%AF%D8%B1%D9%88/ HTTP/1.1" 403 0 "-" "Mozilla/5.0 (compatible; SemrushBot/7~bl; +http://www.semrush.com/bot.html)"
52.167.144.207 - - [02/Jul/2024:14:22:09 +0200] "GET /wwmbm/y1692062.html HTTP/2" 200 41315 "-" "Mozilla/5.0 AppleWebKit/537.36 (KHTML, like Gecko; compatible; bingbot/2.0; +http://www.bing.com/bingbot.htm) Chrome/116.0.1938.76 Safari/537.36"
40.77.167.24 - - [02/Jul/2024:14:22:21 +0200] "GET /ecepo/i1487998.html HTTP/2" 200 41395 "-" "Mozilla/5.0 AppleWebKit/537.36 (KHTML, like Gecko; compatible; bingbot/2.0; +http://www.bing.com/bingbot.htm) Chrome/116.0.1938.76 Safari/537.36"
66.249.70.108 - - [02/Jul/2024:14:15:36 +0200] "GET /qyfiq/n562065.html HTTP/1.1" 200 42256 "-" "Mozilla/5.0 (Linux; Android 6.0.1; Nexus 5X Build/MMB29P) AppleWebKit/537.36 (KHTML, like Gecko) Chrome/125.0.6422.175 Mobile Safari/537.36 (compatible; Googlebot/2.1; +http://www.google.com/bot.html)"
66.249.70.108 - - [02/Jul/2024:14:15:37 +0200] "GET /wbjjt/w959510.html HTTP/1.1" 200 41855 "-" "Mozilla/5.0 (Linux; Android 6.0.1; Nexus 5X Build/MMB29P) AppleWebKit/537.36 (KHTML, like Gecko) Chrome/125.0.6422.175 Mobile Safari/537.36 (compatible; Googlebot/2.1; +http://www.google.com/bot.html)"
66.249.70.109 - - [02/Jul/2024:14:15:37 +0200] "GET /pojnn/p2432871.html HTTP/1.1" 200 41981 "-" "Mozilla/5.0 (Linux; Android 6.0.1; Nexus 5X Build/MMB29P) AppleWebKit/537.36 (KHTML, like Gecko) Chrome/125.0.6422.175 Mobile Safari/537.36 (compatible; Googlebot/2.1; +http://www.google.com/bot.html)"
207.46.13.14 - - [02/Jul/2024:14:15:38 +0200] "GET /irztu/l2905053.html HTTP/2" 200 41901 "-" "Mozilla/5.0 AppleWebKit/537.36 (KHTML, like Gecko; compatible; bingbot/2.0; +http://www.bing.com/bingbot.htm) Chrome/116.0.1938.76 Safari/537.36"
66.249.70.108 - - [02/Jul/2024:14:15:38 +0200] "GET /rrlnv/o175368.html HTTP/1.1" 200 41930 "-" "Mozilla/5.0 (Linux; Android 6.0.1; Nexus 5X Build/MMB29P) AppleWebKit/537.36 (KHTML, like Gecko) Chrome/125.0.6422.175 Mobile Safari/537.36 (compatible; Googlebot/2.1; +http://www.google.com/bot.html)"
66.249.70.96 - - [02/Jul/2024:14:15:38 +0200] "GET /jycyy/d919581.html HTTP/1.1" 200 42893 "-" "Mozilla/5.0 (Linux; Android 6.0.1; Nexus 5X Build/MMB29P) AppleWebKit/537.36 (KHTML, like Gecko) Chrome/125.0.6422.175 Mobile Safari/537.36 (compatible; Googlebot/2.1; +http://www.google.com/bot.html)"
66.249.70.108 - - [02/Jul/2024:14:15:39 +0200] "GET /rfalc/a2172050.html HTTP/1.1" 200 41510 "-" "Mozilla/5.0 (Linux; Android 6.0.1; Nexus 5X Build/MMB29P) AppleWebKit/537.36 (KHTML, like Gecko) Chrome/125.0.6422.175 Mobile Safari/537.36 (compatible; Googlebot/2.1; +http://www.google.com/bot.html)"
66.249.70.96 - - [02/Jul/2024:14:15:40 +0200] "GET /vftvg/f502829.html HTTP/1.1" 200 41159 "-" "Mozilla/5.0 (Linux; Android 6.0.1; Nexus 5X Build/MMB29P) AppleWebKit/537.36 (KHTML, like Gecko) Chrome/125.0.6422.175 Mobile Safari/537.36 (compatible; Googlebot/2.1; +http://www.google.com/bot.html)"
66.249.70.109 - - [02/Jul/2024:14:15:40 +0200] "GET /ytmlc/f2841841.html HTTP/1.1" 200 41370 "-" "Mozilla/5.0 (Linux; Android 6.0.1; Nexus 5X Build/MMB29P) AppleWebKit/537.36 (KHTML, like Gecko) Chrome/125.0.6422.175 Mobile Safari/537.36 (compatible; Googlebot/2.1; +http://www.google.com/bot.html)"
66.249.70.108 - - [02/Jul/2024:14:15:41 +0200] "GET /fqytc/i2615618.html HTTP/1.1" 200 43515 "-" "Mozilla/5.0 (Linux; Android 6.0.1; Nexus 5X Build/MMB29P) AppleWebKit/537.36 (KHTML, like Gecko) Chrome/125.0.6422.175 Mobile Safari/537.36 (compatible; Googlebot/2.1; +http://www.google.com/bot.html)"
85.208.96.198 - - [02/Jul/2024:14:15:48 +0200] "GET /%D9%88%D8%A7%D8%A6%D9%84-%D8%AC%D8%B3%D8%A7%D8%B1-%D8%B9%D9%86-%D9%87%D8%AC%D9%88%D9%85%D9%87-%D8%B9%D9%84%D9%89-%D9%85%D9%8A%D8%B1%D9%8A%D8%A7%D9%85-%D9%81%D8%A7%D8%B1%D8%B3-%D9%82%D9%84%D8%AA/ HTTP/1.1" 403 0 "-" "Mozilla/5.0 (compatible; SemrushBot/7~bl; +http://www.semrush.com/bot.html)"
147.45.78.15 - - [02/Jul/2024:14:16:13 +0200] "POST /74a7c9952328.php HTTP/1.1" 500 9 "-" "curl/7.86.0"
147.45.78.15 - - [02/Jul/2024:14:18:12 +0200] "POST /74a7c9952328.php HTTP/1.1" 500 9 "-" "curl/7.86.0"
135.181.9.38 - - [02/Jul/2024:14:18:26 +0200] "POST /wp-cron.php?doing_wp_cron=1719922706.9742469787597656250000 HTTP/1.1" 200 0 "-" "WordPress/6.5.3; https://www.sudancam.net"
147.45.78.15 - - [02/Jul/2024:14:20:13 +0200] "POST /74a7c9952328.php HTTP/1.1" 500 9 "-" "curl/7.86.0"
66.102.9.77 - - [02/Jul/2024:14:20:21 +0200] "HEAD /feed/ HTTP/1.1" 200 0 "-" "FeedBurner/1.0 (http://www.FeedBurner.com)"
66.249.70.109 - - [02/Jul/2024:14:15:27 +0200] "GET /ftgph/f3008683.html HTTP/1.1" 200 42424 "-" "Mozilla/5.0 (Linux; Android 6.0.1; Nexus 5X Build/MMB29P) AppleWebKit/537.36 (KHTML, like Gecko) Chrome/125.0.6422.175 Mobile Safari/537.36 (compatible; Googlebot/2.1; +http://www.google.com/bot.html)"
66.249.70.109 - - [02/Jul/2024:14:15:30 +0200] "GET /papsg/d744627.html HTTP/1.1" 200 41801 "-" "Mozilla/5.0 (Linux; Android 6.0.1; Nexus 5X Build/MMB29P) AppleWebKit/537.36 (KHTML, like Gecko) Chrome/125.0.6422.175 Mobile Safari/537.36 (compatible; Googlebot/2.1; +http://www.google.com/bot.html)"
66.249.70.109 - - [02/Jul/2024:14:15:31 +0200] "GET /egyjl/d2001831.html HTTP/1.1" 200 42191 "-" "Mozilla/5.0 (Linux; Android 6.0.1; Nexus 5X Build/MMB29P) AppleWebKit/537.36 (KHTML, like Gecko) Chrome/125.0.6422.175 Mobile Safari/537.36 (compatible; Googlebot/2.1; +http://www.google.com/bot.html)"
66.249.70.109 - - [02/Jul/2024:14:15:32 +0200] "GET /ufues/e376754.html HTTP/1.1" 200 41496 "-" "Mozilla/5.0 (Linux; Android 6.0.1; Nexus 5X Build/MMB29P) AppleWebKit/537.36 (KHTML, like Gecko) Chrome/125.0.6422.175 Mobile Safari/537.36 (compatible; Googlebot/2.1; +http://www.google.com/bot.html)"
66.249.70.110 - - [02/Jul/2024:14:15:37 +0200] "GET /qaqxx/h622509.html HTTP/1.1" 200 41602 "-" "Mozilla/5.0 (Linux; Android 6.0.1; Nexus 5X Build/MMB29P) AppleWebKit/537.36 (KHTML, like Gecko) Chrome/125.0.6422.175 Mobile Safari/537.36 (compatible; Googlebot/2.1; +http://www.google.com/bot.html)"
185.191.171.10 - - [02/Jul/2024:14:16:49 +0200] "GET /%D8%AA%D9%88%D9%82%D9%8A%D9%81-9%D9%85%D8%AA%D9%87%D9%85%D9%8A%D9%86-%D9%81%D9%8A-%D8%AD%D9%85%D9%84%D8%A9-%D8%B4%D9%85%D8%A7%D9%84-%D8%A3%D9%85%D8%AF%D8%B1%D9%85%D8%A7%D9%86/ HTTP/1.1" 403 0 "-" "Mozilla/5.0 (compatible; SemrushBot/7~bl; +http://www.semrush.com/bot.html)"
185.191.171.9 - - [02/Jul/2024:14:17:50 +0200] "GET /tag/%D8%A7%D9%84%D8%AC%D8%B1%D8%B0%D8%A7%D9%86/ HTTP/1.1" 403 0 "-" "Mozilla/5.0 (compatible; SemrushBot/7~bl; +http://www.semrush.com/bot.html)"
92.247.181.32 - - [02/Jul/2024:14:18:26 +0200] "GET /feed/ HTTP/1.1" 304 0 "https://www.sudancam.net/" "Inoreader/1.0 (+http://www.inoreader.com/feed-fetcher; 1 subscribers; )"
185.191.171.7 - - [02/Jul/2024:14:18:51 +0200] "GET /%D8%AD%D8%A7%D8%B2%D9%85-%D8%AD%D9%84%D9%85%D9%8A-%D9%85%D8%A7%D9%81%D9%8A-%D9%85%D9%84%D9%8A%D8%B4%D9%8A%D8%A7-%D8%A8%D8%AA%D8%AD%D9%83%D9%85-%D8%AF%D9%88%D9%84%D8%A9/ HTTP/1.1" 403 0 "-" "Mozilla/5.0 (compatible; SemrushBot/7~bl; +http://www.semrush.com/bot.html)"
66.249.70.110 - - [02/Jul/2024:14:19:01 +0200] "GET /qrxqa/z1784597.html HTTP/1.1" 200 42211 "-" "Mozilla/5.0 (Linux; Android 6.0.1; Nexus 5X Build/MMB29P) AppleWebKit/537.36 (KHTML, like Gecko) Chrome/125.0.6422.175 Mobile Safari/537.36 (compatible; GoogleOther)"
40.77.167.24 - - [02/Jul/2024:14:19:22 +0200] "GET /%D8%A7%D9%84%D8%A3%D9%87%D9%84%D9%8A-%D9%84%D9%84%D8%AB%D8%A3%D8%B1-%D9%88%D8%A7%D8%B3%D8%AA%D8%B9%D8%A7%D8%AF%D8%A9-%D8%A7%D9%84%D9%84%D9%82%D8%A8-%D9%88%D8%A7%D9%84%D9%88%D8%AF%D8%A7%D8%AF-%D9%85/ HTTP/2" 200 41838 "-" "Mozilla/5.0 AppleWebKit/537.36 (KHTML, like Gecko; compatible; bingbot/2.0; +http://www.bing.com/bingbot.htm) Chrome/116.0.1938.76 Safari/537.36"
135.181.9.38 - - [02/Jul/2024:14:20:22 +0200] "POST /wp-cron.php?doing_wp_cron=1719922822.0451190471649169921875 HTTP/1.1" 200 0 "-" "WordPress/6.5.3; https://www.sudancam.net"
40.77.167.24 - - [02/Jul/2024:14:20:23 +0200] "GET /tauoc/v2770227.html HTTP/2" 200 0 "-" "Mozilla/5.0 AppleWebKit/537.36 (KHTML, like Gecko; compatible; bingbot/2.0; +http://www.bing.com/bingbot.htm) Chrome/116.0.1938.76 Safari/537.36"
135.181.9.38 - - [02/Jul/2024:14:20:27 +0200] "POST /wp-admin/admin-ajax.php?action=async_litespeed&nonce=fa75a626a4&litespeed_type=imgoptm HTTP/1.1" 200 21 "-" "WordPress/6.5.3; https://www.sudancam.net"
66.249.70.110 - - [02/Jul/2024:14:15:30 +0200] "GET /ymzgd/f294647.html HTTP/1.1" 200 41438 "-" "Mozilla/5.0 (Linux; Android 6.0.1; Nexus 5X Build/MMB29P) AppleWebKit/537.36 (KHTML, like Gecko) Chrome/125.0.6422.175 Mobile Safari/537.36 (compatible; Googlebot/2.1; +http://www.google.com/bot.html)"
66.249.70.108 - - [02/Jul/2024:14:15:31 +0200] "GET /htafk/v832707.html HTTP/1.1" 200 41479 "-" "Mozilla/5.0 (Linux; Android 6.0.1; Nexus 5X Build/MMB29P) AppleWebKit/537.36 (KHTML, like Gecko) Chrome/125.0.6422.175 Mobile Safari/537.36 (compatible; Googlebot/2.1; +http://www.google.com/bot.html)"
66.249.70.108 - - [02/Jul/2024:14:15:34 +0200] "GET /ddpoj/f827309.html HTTP/1.1" 200 42719 "-" "Mozilla/5.0 (Linux; Android 6.0.1; Nexus 5X Build/MMB29P) AppleWebKit/537.36 (KHTML, like Gecko) Chrome/125.0.6422.175 Mobile Safari/537.36 (compatible; Googlebot/2.1; +http://www.google.com/bot.html)"
66.249.70.96 - - [02/Jul/2024:14:15:38 +0200] "GET /beusd/a1895202.html HTTP/1.1" 200 40886 "-" "Mozilla/5.0 (Linux; Android 6.0.1; Nexus 5X Build/MMB29P) AppleWebKit/537.36 (KHTML, like Gecko) Chrome/125.0.6422.175 Mobile Safari/537.36 (compatible; Googlebot/2.1; +http://www.google.com/bot.html)"
66.249.70.108 - - [02/Jul/2024:14:15:39 +0200] "GET /erfmi/a1673864.html HTTP/1.1" 200 43055 "-" "Mozilla/5.0 (Linux; Android 6.0.1; Nexus 5X Build/MMB29P) AppleWebKit/537.36 (KHTML, like Gecko) Chrome/125.0.6422.175 Mobile Safari/537.36 (compatible; Googlebot/2.1; +http://www.google.com/bot.html)"
185.191.171.2 - - [02/Jul/2024:14:16:29 +0200] "GET /robots.txt HTTP/1.1" 200 182 "-" "Mozilla/5.0 (compatible; SemrushBot/7~bl; +http://www.semrush.com/bot.html)"
66.249.70.110 - - [02/Jul/2024:14:16:36 +0200] "GET /fgiot/t968217.html HTTP/1.1" 200 41930 "-" "Mozilla/5.0 (Linux; Android 6.0.1; Nexus 5X Build/MMB29P) AppleWebKit/537.36 (KHTML, like Gecko) Chrome/125.0.6422.175 Mobile Safari/537.36 (compatible; GoogleOther)"
135.181.9.38 - - [02/Jul/2024:14:18:27 +0200] "POST /wp-admin/admin-ajax.php?action=async_litespeed&nonce=fa75a626a4&litespeed_type=imgoptm HTTP/1.1" 200 21 "-" "WordPress/6.5.3; https://www.sudancam.net"
85.208.96.202 - - [02/Jul/2024:14:19:55 +0200] "GET /%D8%B4%D8%A7%D9%87%D8%AF-%D8%A8%D8%A7%D9%84%D9%81%D9%8A%D8%AF%D9%8A%D9%88-%D8%B7%D9%81%D9%84-%D8%B3%D9%88%D8%AF%D8%A7%D9%86%D9%8A-%D9%8A%D8%B3%D9%88%D9%82-%D9%84%D8%AF%D8%B1%D8%A7%D8%AC%D8%AA%D9%87/ HTTP/1.1" 403 0 "-" "Mozilla/5.0 (compatible; SemrushBot/7~bl; +http://www.semrush.com/bot.html)"
85.208.96.193 - - [02/Jul/2024:14:20:55 +0200] "GET /%D8%AA%D9%81%D8%A7%D8%B5%D9%8A%D9%84-%D8%AC%D8%AF%D9%8A%D8%AF%D8%A9-%D8%B9%D9%86-%D8%B1%D8%AD%D9%84%D8%A9-%D8%A7%D9%84%D8%A8%D8%AD%D8%AB-%D8%B9%D9%86-%D8%BA%D8%B1%D9%82%D9%89-%D8%B7%D8%A8-%D8%A7%D9%84/ HTTP/1.1" 403 0 "-" "Mozilla/5.0 (compatible; SemrushBot/7~bl; +http://www.semrush.com/bot.html)"
66.249.70.109 - - [02/Jul/2024:14:21:27 +0200] "GET /fenxv/s2810108.html HTTP/1.1" 200 41843 "-" "Mozilla/5.0 (Linux; Android 6.0.1; Nexus 5X Build/MMB29P) AppleWebKit/537.36 (KHTML, like Gecko) Chrome/125.0.6422.175 Mobile Safari/537.36 (compatible; GoogleOther)"
157.55.39.56 - - [02/Jul/2024:14:22:44 +0200] "GET /%D9%85%D8%B1%D9%83%D8%B2-%D8%A7%D9%84%D8%AA%D8%AD%D9%83%D9%91%D9%85-%D8%A7%D9%84%D9%82%D9%88%D9%85%D9%8A-%D9%84%D9%84%D9%83%D9%87%D8%B1%D8%A8%D8%A7%D8%A1-%D9%81%D9%8A-%D8%A7%D9%84%D8%B3%D9%88%D8%AF/ HTTP/2" 200 42484 "-" "Mozilla/5.0 AppleWebKit/537.36 (KHTML, like Gecko; compatible; bingbot/2.0; +http://www.bing.com/bingbot.htm) Chrome/116.0.1938.76 Safari/537.36"
157.55.39.56 - - [02/Jul/2024:14:22:45 +0200] "GET /ghjjl/n1140643.html HTTP/2" 200 42169 "-" "Mozilla/5.0 AppleWebKit/537.36 (KHTML, like Gecko; compatible; bingbot/2.0; +http://www.bing.com/bingbot.htm) Chrome/116.0.1938.76 Safari/537.36"
216.244.66.232 - - [02/Jul/2024:14:23:51 +0200] "GET /robots.txt HTTP/1.1" 200 1741 "-" "Mozilla/5.0 (compatible; DotBot/1.2; +https://opensiteexplorer.org/dotbot; help@moz.com)"
147.45.78.15 - - [02/Jul/2024:14:26:16 +0200] "POST /74a7c9952328.php HTTP/1.1" 500 9 "-" "curl/7.86.0"
66.249.70.109 - - [02/Jul/2024:14:26:18 +0200] "GET /buecs/y2357246.html HTTP/1.1" 200 41916 "-" "Mozilla/5.0 (Linux; Android 6.0.1; Nexus 5X Build/MMB29P) AppleWebKit/537.36 (KHTML, like Gecko) Chrome/125.0.6422.175 Mobile Safari/537.36 (compatible; GoogleOther)"
85.208.96.203 - - [02/Jul/2024:14:26:59 +0200] "GET /quran/translate-cz-98.html HTTP/1.1" 403 0 "-" "Mozilla/5.0 (compatible; SemrushBot/7~bl; +http://www.semrush.com/bot.html)"
85.208.96.201 - - [02/Jul/2024:14:28:00 +0200] "GET /%D8%A7%D8%B3%D8%AD%D9%82-%D8%A7%D8%AD%D9%85%D8%AF-%D9%81%D8%B6%D9%84-%D8%A7%D9%84%D9%84%D9%87-%D9%8A%D9%83%D8%AA%D8%A8-%D9%88%D8%A7%D9%84%D8%AD%D9%83%D8%A7%D9%8A%D8%A9-5/ HTTP/1.1" 403 0 "-" "Mozilla/5.0 (compatible; SemrushBot/7~bl; +http://www.semrush.com/bot.html)"
185.191.171.2 - - [02/Jul/2024:14:29:01 +0200] "GET /%D9%85%D9%88%D9%82%D8%B9%D9%88-%D8%A7%D9%84%D8%A5%D8%B7%D8%A7%D8%B1%D9%8A-%D8%A5%D8%B7%D9%84%D8%A7%D9%82-%D8%A7%D9%84%D9%85%D8%B1%D8%AD%D9%84%D8%A9-%D8%A7%D9%84%D8%AB%D8%A7%D9%86%D9%8A/ HTTP/1.1" 403 0 "-" "Mozilla/5.0 (compatible; SemrushBot/7~bl; +http://www.semrush.com/bot.html)"
85.208.96.200 - - [02/Jul/2024:14:30:01 +0200] "GET /quran/translate-sd-53.html HTTP/1.1" 403 0 "-" "Mozilla/5.0 (compatible; SemrushBot/7~bl; +http://www.semrush.com/bot.html)"
85.208.96.199 - - [02/Jul/2024:14:33:03 +0200] "GET /%D9%83%D8%A7%D8%B3-%D8%AA%D8%AE%D8%B7%D8%B1-%D9%85%D8%AC%D9%84%D8%B3-%D8%B3%D9%88%D8%AF%D8%A7%D9%83%D8%A7%D9%84-%D8%A8%D8%AE%D8%B7%D9%88%D8%A9-%D8%A7%D9%84%D9%81%D9%8A%D9%81/ HTTP/1.1" 403 0 "-" "Mozilla/5.0 (compatible; SemrushBot/7~bl; +http://www.semrush.com/bot.html)"
66.249.70.110 - - [02/Jul/2024:14:33:34 +0200] "GET /jopqe/y1092268.html HTTP/1.1" 200 41200 "-" "Mozilla/5.0 (Linux; Android 6.0.1; Nexus 5X Build/MMB29P) AppleWebKit/537.36 (KHTML, like Gecko) Chrome/125.0.6422.175 Mobile Safari/537.36 (compatible; GoogleOther)"
85.208.96.198 - - [02/Jul/2024:14:34:04 +0200] "GET /tag/%D9%87%D8%A7%D8%B1%D8%A8%D8%A7/ HTTP/1.1" 403 0 "-" "Mozilla/5.0 (compatible; SemrushBot/7~bl; +http://www.semrush.com/bot.html)"
147.45.78.15 - - [02/Jul/2024:14:34:12 +0200] "POST /74a7c9952328.php HTTP/1.1" 500 9 "-" "curl/7.86.0"
52.167.144.223 - - [02/Jul/2024:14:35:21 +0200] "GET /ogwcy/w867028.html HTTP/2" 200 42043 "-" "Mozilla/5.0 AppleWebKit/537.36 (KHTML, like Gecko; compatible; bingbot/2.0; +http://www.bing.com/bingbot.htm) Chrome/116.0.1938.76 Safari/537.36"
40.77.167.33 - - [02/Jul/2024:14:38:24 +0200] "GET /flhaj/k3010742.html HTTP/2" 200 42292 "-" "Mozilla/5.0 AppleWebKit/537.36 (KHTML, like Gecko; compatible; bingbot/2.0; +http://www.bing.com/bingbot.htm) Chrome/116.0.1938.76 Safari/537.36"
66.249.70.109 - - [02/Jul/2024:14:38:25 +0200] "GET /abrpo/x510907.html HTTP/1.1" 200 41898 "-" "Mozilla/5.0 (Linux; Android 6.0.1; Nexus 5X Build/MMB29P) AppleWebKit/537.36 (KHTML, like Gecko) Chrome/125.0.6422.175 Mobile Safari/537.36 (compatible; GoogleOther)"
207.46.13.141 - - [02/Jul/2024:14:39:08 +0200] "GET /zexml/z1384483.html HTTP/2" 200 42549 "-" "Mozilla/5.0 AppleWebKit/537.36 (KHTML, like Gecko; compatible; bingbot/2.0; +http://www.bing.com/bingbot.htm) Chrome/116.0.1938.76 Safari/537.36"
207.46.13.141 - - [02/Jul/2024:14:39:49 +0200] "GET /cdyyn/y2891572.html HTTP/2" 200 42178 "-" "Mozilla/5.0 AppleWebKit/537.36 (KHTML, like Gecko; compatible; bingbot/2.0; +http://www.bing.com/bingbot.htm) Chrome/116.0.1938.76 Safari/537.36"
147.45.78.15 - - [02/Jul/2024:14:40:15 +0200] "POST /74a7c9952328.php HTTP/1.1" 500 9 "-" "curl/7.86.0"
66.249.70.108 - - [02/Jul/2024:14:41:46 +0200] "GET /vzxyc/e715092.html HTTP/1.1" 200 41598 "-" "Mozilla/5.0 (Linux; Android 6.0.1; Nexus 5X Build/MMB29P) AppleWebKit/537.36 (KHTML, like Gecko) Chrome/125.0.6422.175 Mobile Safari/537.36 (compatible; GoogleOther)"
185.191.171.16 - - [02/Jul/2024:14:22:56 +0200] "GET /%D8%A8%D8%B9%D8%AF-%D9%88%D9%81%D8%A7%D8%AA%D9%87-%D8%B4%D8%A7%D9%87%D8%AF-%D8%A5%D8%B9%D8%A7%D8%AF%D8%A9-%D9%86%D8%B4%D8%B1-%D9%85%D9%82%D8%B7%D8%B9-%D9%82%D8%AF%D9%8A%D9%85-%D9%84%D9%80-%D9%87/ HTTP/1.1" 403 0 "-" "Mozilla/5.0 (compatible; SemrushBot/7~bl; +http://www.semrush.com/bot.html)"
66.249.70.108 - - [02/Jul/2024:14:23:52 +0200] "GET /xuajp/r1227929.html HTTP/1.1" 200 41754 "-" "Mozilla/5.0 (Linux; Android 6.0.1; Nexus 5X Build/MMB29P) AppleWebKit/537.36 (KHTML, like Gecko) Chrome/125.0.6422.175 Mobile Safari/537.36 (compatible; GoogleOther)"
20.15.133.185 - - [02/Jul/2024:14:25:05 +0200] "GET /bipjw/k1884812.html HTTP/2" 200 41707 "-" "Mozilla/5.0 AppleWebKit/537.36 (KHTML, like Gecko; compatible; bingbot/2.0; +http://www.bing.com/bingbot.htm) Chrome/116.0.1938.76 Safari/537.36"
85.208.96.196 - - [02/Jul/2024:14:25:58 +0200] "GET /tag/%D8%A7%D9%84%D8%A5%D9%81%D8%B1%D8%A7%D8%AC/ HTTP/1.1" 403 0 "-" "Mozilla/5.0 (compatible; SemrushBot/7~bl; +http://www.semrush.com/bot.html)"
135.181.9.38 - - [02/Jul/2024:14:27:45 +0200] "POST /wp-admin/admin-ajax.php?action=async_litespeed&nonce=fa75a626a4&litespeed_type=imgoptm HTTP/1.1" 200 21 "-" "WordPress/6.5.3; https://www.sudancam.net"
216.244.66.232 - - [02/Jul/2024:14:27:44 +0200] "GET /%D9%83%D8%A3%D8%B3-%D8%A3%D9%85%D9%85-%D8%A3%D9%88%D8%B1%D9%88%D8%A8%D8%A7-%D8%AC%D8%AF%D9%88%D9%84-%D9%85%D8%A8%D8%A7%D8%B1%D9%8A%D8%A7%D8%AA-%D8%AB%D9%85%D9%86-%D8%A7%D9%84%D9%86%D9%87%D8%A7%D8%A6/ HTTP/1.1" 200 285548 "-" "Mozilla/5.0 (compatible; DotBot/1.2; +https://opensiteexplorer.org/dotbot; help@moz.com)"
147.45.78.15 - - [02/Jul/2024:14:28:16 +0200] "POST /74a7c9952328.php HTTP/1.1" 500 9 "-" "curl/7.86.0"
66.249.70.110 - - [02/Jul/2024:14:28:37 +0200] "GET /fbaxw/p2259997.html HTTP/1.1" 200 41477 "-" "Mozilla/5.0 (Linux; Android 6.0.1; Nexus 5X Build/MMB29P) AppleWebKit/537.36 (KHTML, like Gecko) Chrome/125.0.6422.175 Mobile Safari/537.36 (compatible; Googlebot/2.1; +http://www.google.com/bot.html)"
147.45.78.15 - - [02/Jul/2024:14:30:14 +0200] "POST /74a7c9952328.php HTTP/1.1" 500 9 "-" "curl/7.86.0"
40.77.167.33 - - [02/Jul/2024:14:32:45 +0200] "GET /%D9%85%D8%B1%D8%A7%D9%87%D9%82-%D9%85%D9%86-%D8%A8%D8%A7%D9%84%D9%8A-%D9%8A%D8%B9%D9%84%D9%86-%D8%A7%D9%84%D8%B2%D9%88%D8%A7%D8%AC-%D9%85%D9%86-%D8%A8%D9%82%D8%B1%D8%A9-%D9%88%D9%8A%D8%B5%D9%81%D9%87/ HTTP/2" 200 41768 "-" "Mozilla/5.0 AppleWebKit/537.36 (KHTML, like Gecko; compatible; bingbot/2.0; +http://www.bing.com/bingbot.htm) Chrome/116.0.1938.76 Safari/537.36"
85.208.96.208 - - [02/Jul/2024:14:35:04 +0200] "GET /%D8%A7%D9%84%D8%A8%D8%B1%D9%87%D8%A7%D9%86-%D9%8A%D8%AA%D9%84%D9%82%D9%89-%D8%A7%D9%84%D8%AA%D9%87%D9%86%D8%A6%D8%A9-%D9%85%D9%86-%D8%A7%D9%84%D8%B1%D8%A6%D9%8A%D8%B3-%D8%B9%D8%A8%D8%AF%D8%A7%D9%84/ HTTP/1.1" 403 0 "-" "Mozilla/5.0 (compatible; SemrushBot/7~bl; +http://www.semrush.com/bot.html)"
66.249.70.110 - - [02/Jul/2024:14:36:02 +0200] "GET /lfrwb/w1142810.html HTTP/1.1" 200 42566 "-" "Mozilla/5.0 (Linux; Android 6.0.1; Nexus 5X Build/MMB29P) AppleWebKit/537.36 (KHTML, like Gecko) Chrome/125.0.6422.175 Mobile Safari/537.36 (compatible; GoogleOther)"
147.45.78.15 - - [02/Jul/2024:14:36:11 +0200] "POST /74a7c9952328.php HTTP/1.1" 500 9 "-" "curl/7.86.0"
185.191.171.6 - - [02/Jul/2024:14:38:06 +0200] "GET /%D8%A7%D9%84%D8%A7%D9%86%D8%AA%D8%A7%D8%AC%D9%8A%D8%A9-%D8%B9%D8%A7%D9%84%D9%8A%D8%A9-%D9%88%D8%A7%D9%84%D8%A7%D8%B3%D8%B9%D8%A7%D8%B1-%D9%85%D8%AC%D8%B2%D9%8A%D8%A9-%D9%87%D8%B0%D8%A7-%D8%A7%D9%84/ HTTP/1.1" 403 0 "-" "Mozilla/5.0 (compatible; SemrushBot/7~bl; +http://www.semrush.com/bot.html)"
85.208.96.194 - - [02/Jul/2024:14:43:11 +0200] "GET /un6xee/eerste-tandendoosje.html HTTP/1.1" 403 0 "-" "Mozilla/5.0 (compatible; SemrushBot/7~bl; +http://www.semrush.com/bot.html)"
66.249.70.108 - - [02/Jul/2024:14:43:16 +0200] "GET /fxsza/d506623.html HTTP/1.1" 200 42269 "-" "Mozilla/5.0 (Linux; Android 6.0.1; Nexus 5X Build/MMB29P) AppleWebKit/537.36 (KHTML, like Gecko) Chrome/125.0.6422.175 Mobile Safari/537.36 (compatible; GoogleOther)"
85.208.96.207 - - [02/Jul/2024:14:23:57 +0200] "GET /quran/translate-dv-40.html HTTP/1.1" 403 0 "-" "Mozilla/5.0 (compatible; SemrushBot/7~bl; +http://www.semrush.com/bot.html)"
147.45.78.15 - - [02/Jul/2024:14:24:16 +0200] "POST /74a7c9952328.php HTTP/1.1" 500 9 "-" "curl/7.86.0"
85.208.96.207 - - [02/Jul/2024:14:24:58 +0200] "GET /%D9%86%D8%AF%D8%A7%D8%A1-%D8%A7%D9%84%D8%A3%D9%85%D9%8A%D9%86-%D8%A7%D9%84%D8%B9%D8%A7%D9%85-%D9%84%D8%AF%D8%B1%D8%A1-%D8%A2%D8%AB%D8%A7%D8%B1-%D8%A7%D9%84%D8%B3%D9%8A%D9%88%D9%84-%D9%88%D8%A7%D9%84/ HTTP/1.1" 403 0 "-" "Mozilla/5.0 (compatible; SemrushBot/7~bl; +http://www.semrush.com/bot.html)"
135.181.9.38 - - [02/Jul/2024:14:27:45 +0200] "POST /wp-cron.php?doing_wp_cron=1719923265.4236409664154052734375 HTTP/1.1" 200 0 "-" "WordPress/6.5.3; https://www.sudancam.net"
66.249.70.108 - - [02/Jul/2024:14:28:44 +0200] "GET /yradw/a2146648.html HTTP/1.1" 200 42398 "-" "Mozilla/5.0 (Linux; Android 6.0.1; Nexus 5X Build/MMB29P) AppleWebKit/537.36 (KHTML, like Gecko) Chrome/125.0.6422.175 Mobile Safari/537.36 (compatible; GoogleOther)"
85.208.96.208 - - [02/Jul/2024:14:31:02 +0200] "GET /%D8%A7%D8%B3%D8%AA%D9%85%D8%B1%D8%A7%D8%B1-%D8%A7%D9%84%D9%82%D8%AA%D8%A7%D9%84-%D9%8A%D8%AF%D9%81%D8%B9-%D9%85%D8%B2%D9%8A%D8%AF-%D9%85%D9%86-%D8%A7%D9%84%D8%B3%D9%88%D8%AF%D8%A7%D9%86%D9%8A%D9%8A/ HTTP/1.1" 403 0 "-" "Mozilla/5.0 (compatible; SemrushBot/7~bl; +http://www.semrush.com/bot.html)"
185.191.171.11 - - [02/Jul/2024:14:32:02 +0200] "GET /%D8%B4%D8%A7%D9%87%D8%AF-%D8%A8%D8%A7%D9%84%D8%B5%D9%88%D8%B1%D8%A9-%D9%81%D9%8A-%D9%85%D9%81%D8%A7%D8%AC%D8%A3%D8%A9-%D9%85%D8%AF%D9%88%D9%8A%D8%A9-%D8%A8%D8%B9%D8%AB%D8%A9-%D8%A7%D9%84%D9%85/ HTTP/1.1" 403 0 "-" "Mozilla/5.0 (compatible; SemrushBot/7~bl; +http://www.semrush.com/bot.html)"
147.45.78.15 - - [02/Jul/2024:14:32:14 +0200] "POST /74a7c9952328.php HTTP/1.1" 500 9 "-" "curl/7.86.0"
66.249.70.109 - - [02/Jul/2024:14:34:35 +0200] "GET /%D9%87%D9%8A%D8%A6%D8%A9-%D8%AD%D9%82%D9%88%D9%82%D9%8A%D8%A9-%D9%81%D9%8A-%D8%A7%D9%84%D8%B3%D9%88%D8%AF%D8%A7%D9%86-%D8%AA%D8%AF%D8%B9%D9%88-%D9%84%D8%AD%D9%85%D9%84%D8%A9-%D8%B4%D8%B9%D8%A8%D9%8A/ HTTP/1.1" 200 42769 "-" "Mozilla/5.0 (Linux; Android 6.0.1; Nexus 5X Build/MMB29P) AppleWebKit/537.36 (KHTML, like Gecko) Chrome/125.0.6422.175 Mobile Safari/537.36 (compatible; Googlebot/2.1; +http://www.google.com/bot.html)"
185.191.171.7 - - [02/Jul/2024:14:36:05 +0200] "GET /%D8%A7%D9%84%D8%B3%D9%88%D8%AF%D8%A7%D9%86-%D9%82%D8%B1%D8%A7%D8%B1-%D8%A8%D8%B2%D9%8A%D8%A7%D8%AF%D8%A9-%D8%A3%D8%B3%D8%B9%D8%A7%D8%B1-%D8%A7%D9%84%D8%A8%D9%86%D8%B2%D9%8A%D9%86-%D9%88%D8%AE%D9%81/ HTTP/1.1" 403 0 "-" "Mozilla/5.0 (compatible; SemrushBot/7~bl; +http://www.semrush.com/bot.html)"
185.191.171.8 - - [02/Jul/2024:14:37:05 +0200] "GET /tag/%D8%A8%D8%B3%D8%B1/ HTTP/1.1" 403 0 "-" "Mozilla/5.0 (compatible; SemrushBot/7~bl; +http://www.semrush.com/bot.html)"
66.249.70.110 - - [02/Jul/2024:14:37:12 +0200] "GET /sacpd/n2157685.html HTTP/1.1" 200 41954 "-" "Mozilla/5.0 (compatible; Googlebot/2.1; +http://www.google.com/bot.html)"
147.45.78.15 - - [02/Jul/2024:14:38:13 +0200] "POST /74a7c9952328.php HTTP/1.1" 500 9 "-" "curl/7.86.0"
85.208.96.212 - - [02/Jul/2024:14:39:07 +0200] "GET /%D8%A3%D8%B5%D8%AF%D9%82%D8%A7%D8%A1-%D9%88%D8%A3%D8%B5%D8%AD%D8%A7%D8%A8-%D9%88%D8%AC%D8%AF%D9%8A-%D8%B5%D8%A7%D9%84%D8%AD-%D9%8A%D9%85%D8%A7%D8%B1%D8%B3%D9%88%D9%86-%D8%A5%D9%86%D8%AA%D9%87%D8%A7/ HTTP/1.1" 403 0 "-" "Mozilla/5.0 (compatible; SemrushBot/7~bl; +http://www.semrush.com/bot.html)"
85.208.96.200 - - [02/Jul/2024:14:40:09 +0200] "GET /%D8%B4%D8%A7%D9%87%D8%AF-%D8%A8%D8%A7%D9%84%D8%B5%D9%88%D8%B1%D8%A9-%D9%88%D8%A7%D9%84%D9%81%D9%8A%D8%AF%D9%8A%D9%88-%D8%A7%D9%84%D8%B4%D8%A7%D8%B9%D8%B1%D8%A9-%D8%A7%D9%84%D8%B3%D9%88%D8%AF%D8%A7/ HTTP/1.1" 403 0 "-" "Mozilla/5.0 (compatible; SemrushBot/7~bl; +http://www.semrush.com/bot.html)"
85.208.96.212 - - [02/Jul/2024:14:41:09 +0200] "GET /tag/%D8%B2%D9%8A%D8%A7%D8%AF/ HTTP/1.1" 403 0 "-" "Mozilla/5.0 (compatible; SemrushBot/7~bl; +http://www.semrush.com/bot.html)"
66.249.70.108 - - [02/Jul/2024:14:43:40 +0200] "GET /tag/%D8%A7%D8%B1%D8%AF%D9%88%D9%84/ HTTP/1.1" 200 41537 "-" "Mozilla/5.0 (Linux; Android 6.0.1; Nexus 5X Build/MMB29P) AppleWebKit/537.36 (KHTML, like Gecko) Chrome/125.0.6422.175 Mobile Safari/537.36 (compatible; Googlebot/2.1; +http://www.google.com/bot.html)"
66.249.70.108 - - [02/Jul/2024:14:43:42 +0200] "GET /yfwdc/g172864.html HTTP/1.1" 200 41966 "-" "Mozilla/5.0 (Linux; Android 6.0.1; Nexus 5X Build/MMB29P) AppleWebKit/537.36 (KHTML, like Gecko) Chrome/125.0.6422.175 Mobile Safari/537.36 (compatible; Googlebot/2.1; +http://www.google.com/bot.html)"
66.249.70.109 - - [02/Jul/2024:14:43:43 +0200] "GET /fvpmt/z2443671.html HTTP/1.1" 200 41520 "-" "Mozilla/5.0 (Linux; Android 6.0.1; Nexus 5X Build/MMB29P) AppleWebKit/537.36 (KHTML, like Gecko) Chrome/125.0.6422.175 Mobile Safari/537.36 (compatible; Googlebot/2.1; +http://www.google.com/bot.html)"
66.249.70.108 - - [02/Jul/2024:14:43:47 +0200] "GET /oekkf/q2594202.html HTTP/1.1" 200 42378 "-" "Mozilla/5.0 (Linux; Android 6.0.1; Nexus 5X Build/MMB29P) AppleWebKit/537.36 (KHTML, like Gecko) Chrome/125.0.6422.175 Mobile Safari/537.36 (compatible; Googlebot/2.1; +http://www.google.com/bot.html)"
85.208.96.200 - - [02/Jul/2024:14:45:12 +0200] "GET /%D9%87%D9%86%D8%A7%D9%83-%D9%81%D8%B1%D9%82-%D8%A8%D9%8A%D9%86-%D8%A7%D9%84%D8%AC%D9%8A%D8%B4-%D9%88%D8%A7%D9%84%D8%AF%D8%B9%D9%85-%D8%A7%D9%84%D8%B3%D8%B1%D9%8A%D8%B9/ HTTP/1.1" 403 0 "-" "Mozilla/5.0 (compatible; SemrushBot/7~bl; +http://www.semrush.com/bot.html)"
147.45.78.15 - - [02/Jul/2024:14:46:14 +0200] "POST /74a7c9952328.php HTTP/1.1" 500 9 "-" "curl/7.86.0"
85.208.96.203 - - [02/Jul/2024:14:47:51 +0200] "GET /robots.txt HTTP/1.1" 200 182 "-" "Mozilla/5.0 (compatible; SemrushBot/7~bl; +http://www.semrush.com/bot.html)"
147.45.78.15 - - [02/Jul/2024:14:48:12 +0200] "POST /74a7c9952328.php HTTP/1.1" 500 9 "-" "curl/7.86.0"
81.167.26.57 - - [02/Jul/2024:14:48:53 +0200] "GET /robots.txt HTTP/1.1" 200 1741 "-" "Mozilla/5.0 (compatible; MJ12bot/v1.4.8; http://mj12bot.com/)"
81.167.26.57 - - [02/Jul/2024:14:48:55 +0200] "GET /%D8%AA%D9%88%D8%AA%D9%8A-%D8%AA%D9%83%D8%B3%D8%A8-%D8%A7%D9%84%D8%A7%D9%85%D9%84-%D9%88%D8%A7%D9%84%D9%81%D8%B1%D8%B3%D8%A7%D9%86-%D9%8A%D8%B9%D9%85%D9%82%D9%88%D9%86-%D8%AC%D8%B1%D8%A7%D8%AD-%D8%A7/?amp=1 HTTP/1.1" 403 0 "-" "Mozilla/5.0 (compatible; MJ12bot/v1.4.8; http://mj12bot.com/)"
81.167.26.57 - - [02/Jul/2024:14:48:56 +0200] "GET /%D8%AD%D9%8A-%D8%A7%D9%84%D8%B9%D8%B1%D8%A8-%D9%8A%D9%82%D9%8A%D9%84-%D9%87%D9%8A%D8%AB%D9%85-%D8%B3%D9%84%D9%85%D8%A7%D9%86/?amp=1 HTTP/1.1" 403 0 "-" "Mozilla/5.0 (compatible; MJ12bot/v1.4.8; http://mj12bot.com/)"
81.167.26.57 - - [02/Jul/2024:14:48:58 +0200] "GET /%D8%AE%D8%AA%D8%A7%D9%85-%D9%81%D8%B9%D8%A7%D9%84%D9%8A%D8%A7%D8%AA-%D8%A7%D9%84%D8%A7%D8%AD%D8%AA%D9%81%D8%A7%D9%84-%D8%A8%D8%A7%D9%84%D9%8A%D9%88%D9%85-%D8%A7%D9%84%D8%B9%D8%A7%D9%84%D9%85%D9%8A/?noamp=mobile HTTP/1.1" 403 0 "-" "Mozilla/5.0 (compatible; MJ12bot/v1.4.8; http://mj12bot.com/)"
81.167.26.57 - - [02/Jul/2024:14:48:59 +0200] "GET /%D8%AF%D9%83%D8%AA%D9%88%D8%B1-%D9%8A%D8%A7%D8%B3%D8%B1-%D8%A3%D8%A8%D9%91%D8%B4%D8%B1-%D9%8A%D9%83%D8%AA%D8%A8-%E2%99%A6%EF%B8%8F%D9%8A%D8%A7-%D9%83%D9%88%D8%B2%E2%80%BC%EF%B8%8F/?amp=1 HTTP/1.1" 403 0 "-" "Mozilla/5.0 (compatible; MJ12bot/v1.4.8; http://mj12bot.com/)"
81.167.26.57 - - [02/Jul/2024:14:49:02 +0200] "GET /%D8%AF%D9%83%D8%AA%D9%88%D8%B1-%D9%8A%D8%A7%D8%B3%D8%B1-%D8%A3%D8%A8%D9%91%D8%B4%D8%B1-%D9%8A%D9%83%D8%AA%D8%A8-%E2%99%A6%EF%B8%8F%D9%8A%D8%A7-%D9%83%D9%88%D8%B2%E2%80%BC%EF%B8%8F/?noamp=mobile HTTP/1.1" 403 0 "-" "Mozilla/5.0 (compatible; MJ12bot/v1.4.8; http://mj12bot.com/)"
81.167.26.57 - - [02/Jul/2024:14:49:03 +0200] "GET /%F0%9F%94%B4-%D8%AF%D9%83%D8%AA%D9%88%D8%B1-%D9%8A%D8%A7%D8%B3%D8%B1-%D8%A3%D8%A8%D9%91%D8%B4%D8%B1-%D9%8A%D9%83%D8%AA%D8%A8-%E2%99%A6%EF%B8%8F%D8%AD%D9%90%D8%B2%D9%90%D8%A8-%D9%85%D9%8E%D8%B7%D9%92/?amp=1 HTTP/1.1" 403 0 "-" "Mozilla/5.0 (compatible; MJ12bot/v1.4.8; http://mj12bot.com/)"
185.191.171.4 - - [02/Jul/2024:14:42:10 +0200] "GET /%D8%B3%D8%B9%D8%B1-%D8%A7%D9%84%D8%B1%D9%8A%D8%A7%D9%84-%D8%A7%D9%84%D8%B3%D8%B9%D9%88%D8%AF%D9%8A-%D9%85%D9%82%D8%A7%D8%A8%D9%84-%D8%A7%D9%84%D8%AC%D9%86%D9%8A%D9%87-%D8%A7%D9%84%D8%B3%D9%88%D8%AF-28/ HTTP/1.1" 403 0 "-" "Mozilla/5.0 (compatible; SemrushBot/7~bl; +http://www.semrush.com/bot.html)"
147.45.78.15 - - [02/Jul/2024:14:42:15 +0200] "POST /74a7c9952328.php HTTP/1.1" 500 9 "-" "curl/7.86.0"
66.249.70.109 - - [02/Jul/2024:14:43:43 +0200] "GET /ofdib/q2843178.html HTTP/1.1" 200 41547 "-" "Mozilla/5.0 (Linux; Android 6.0.1; Nexus 5X Build/MMB29P) AppleWebKit/537.36 (KHTML, like Gecko) Chrome/125.0.6422.175 Mobile Safari/537.36 (compatible; Googlebot/2.1; +http://www.google.com/bot.html)"
85.208.96.197 - - [02/Jul/2024:14:44:11 +0200] "GET /%D8%A7%D8%B1%D8%AA%D9%81%D8%A7%D8%B9-%D8%A3%D8%B3%D8%B9%D8%A7%D8%B1-%D8%A7%D9%84%D8%B7%D9%85%D8%A7%D8%B7%D9%85-%D9%88%D8%A7%D9%84%D8%AC%D8%B1%D8%AC%D9%8A%D8%B1-%D9%88%D8%A7%D9%84%D8%A8%D8%B7%D8%A7/ HTTP/1.1" 403 0 "-" "Mozilla/5.0 (compatible; SemrushBot/7~bl; +http://www.semrush.com/bot.html)"
147.45.78.15 - - [02/Jul/2024:14:44:15 +0200] "POST /74a7c9952328.php HTTP/1.1" 500 9 "-" "curl/7.86.0"
66.249.70.108 - - [02/Jul/2024:14:44:20 +0200] "GET /qvmtq/s2353652.html HTTP/1.1" 200 41887 "-" "Mozilla/5.0 (Linux; Android 6.0.1; Nexus 5X Build/MMB29P) AppleWebKit/537.36 (KHTML, like Gecko) Chrome/125.0.6422.175 Mobile Safari/537.36 (compatible; Googlebot/2.1; +http://www.google.com/bot.html)"
185.191.171.16 - - [02/Jul/2024:14:46:12 +0200] "GET /%D8%A7%D9%84%D8%AD%D8%B1%D9%8A%D8%A9-%D9%85%D9%86-%D8%BA%D9%8A%D8%B1-%D9%82%D8%A7%D9%86%D9%88%D9%86-%D9%84%D9%8A%D8%B3%D8%AA-%D8%B3%D9%88%D9%89-%D8%B3%D9%8A%D9%84-%D9%85%D8%AF%D9%85%D8%B1/ HTTP/1.1" 403 0 "-" "Mozilla/5.0 (compatible; SemrushBot/7~bl; +http://www.semrush.com/bot.html)"
85.208.96.207 - - [02/Jul/2024:14:48:14 +0200] "GET /quran/translate-ms-5.html HTTP/1.1" 403 0 "-" "Mozilla/5.0 (compatible; SemrushBot/7~bl; +http://www.semrush.com/bot.html)"
147.45.78.15 - - [02/Jul/2024:14:50:13 +0200] "POST /74a7c9952328.php HTTP/1.1" 500 9 "-" "curl/7.86.0"
85.208.96.196 - - [02/Jul/2024:14:50:15 +0200] "GET /%D8%A7%D9%84%D8%AF%D8%B9%D9%85-%D8%A7%D9%84%D8%B3%D8%B1%D9%8A%D8%B9-%D9%8A%D8%A8%D8%AF%D9%88-%D8%A7%D9%86%D9%87-%D8%AE%D8%B3%D8%B1-%D9%85%D9%88%D8%A7%D9%82%D8%B9%D9%87-%D8%A8%D8%A7%D9%84%D9%88%D9%84/ HTTP/1.1" 403 0 "-" "Mozilla/5.0 (compatible; SemrushBot/7~bl; +http://www.semrush.com/bot.html)"
52.167.144.238 - - [02/Jul/2024:14:50:56 +0200] "GET /oplbs/s2883766.html HTTP/2" 200 41710 "-" "Mozilla/5.0 AppleWebKit/537.36 (KHTML, like Gecko; compatible; bingbot/2.0; +http://www.bing.com/bingbot.htm) Chrome/116.0.1938.76 Safari/537.36"
20.15.133.185 - - [02/Jul/2024:14:52:24 +0200] "GET /awoif/w1345662.html HTTP/2" 200 41742 "-" "Mozilla/5.0 AppleWebKit/537.36 (KHTML, like Gecko; compatible; bingbot/2.0; +http://www.bing.com/bingbot.htm) Chrome/116.0.1938.76 Safari/537.36"
85.208.96.195 - - [02/Jul/2024:14:53:23 +0200] "GET /%D9%85%D9%82%D8%AA%D9%84-15-%D8%B4%D8%AE%D8%B5%D8%A7%D9%8B-%D9%81%D9%8A-%D9%87%D8%AC%D9%85%D8%A7%D8%AA-%D9%84%D9%84%D8%AF%D8%B9%D9%85-%D8%A7%D9%84%D8%B3%D8%B1%D9%8A%D8%B9-%D8%B9%D9%84%D9%89-%D9%82/ HTTP/1.1" 403 0 "-" "Mozilla/5.0 (compatible; SemrushBot/7~bl; +http://www.semrush.com/bot.html)"
185.170.167.18 - - [02/Jul/2024:14:53:33 +0200] "GET /robots.txt HTTP/1.1" 200 182 "-" "BacklinksExtendedBot"
147.45.78.15 - - [02/Jul/2024:14:54:14 +0200] "POST /74a7c9952328.php HTTP/1.1" 500 9 "-" "curl/7.86.0"
185.170.167.18 - - [02/Jul/2024:14:53:33 +0200] "GET /tag/%D8%A8%D8%A7%D9%84%D9%87%D9%84%D8%B9/ HTTP/1.1" 200 0 "-" "BacklinksExtendedBot"
66.249.70.108 - - [02/Jul/2024:14:54:42 +0200] "GET /wcfzr/b2214535.html HTTP/1.1" 200 42045 "-" "Mozilla/5.0 (Linux; Android 6.0.1; Nexus 5X Build/MMB29P) AppleWebKit/537.36 (KHTML, like Gecko) Chrome/125.0.6422.175 Mobile Safari/537.36 (compatible; GoogleOther)"
66.249.70.109 - - [02/Jul/2024:14:43:43 +0200] "GET /zgxmr/f966877.html HTTP/1.1" 200 42630 "-" "Mozilla/5.0 (Linux; Android 6.0.1; Nexus 5X Build/MMB29P) AppleWebKit/537.36 (KHTML, like Gecko) Chrome/125.0.6422.175 Mobile Safari/537.36 (compatible; Googlebot/2.1; +http://www.google.com/bot.html)"
66.249.70.109 - - [02/Jul/2024:14:45:25 +0200] "GET /%D8%B9%D8%A8%D8%AF-%D8%A7%D9%84%D9%88%D8%A7%D8%AD%D8%AF-%D9%86%D9%88%D8%B1-%D9%82%D8%AD%D8%AA-%D8%AE%D8%B0%D9%84%D8%AA-%D8%A7%D9%84%D8%AB%D9%88%D8%A7%D8%B1-%D9%88%D8%AD%D9%88%D9%84%D8%AA-%D9%85/ HTTP/1.1" 200 42230 "-" "Mozilla/5.0 (compatible; Googlebot/2.1; +http://www.google.com/bot.html)"
185.191.171.16 - - [02/Jul/2024:14:47:13 +0200] "GET /%D8%AD%D8%B3%D9%8A%D9%86-%D8%AE%D9%88%D8%AC%D9%84%D9%8A-%D8%A7%D9%84%D8%A7%D8%AA%D9%81%D8%A7%D9%82-%D8%A7%D9%84%D8%A5%D8%B7%D8%A7%D8%B1%D9%8A-%D9%84%D9%84%D8%AA%D8%B3%D9%88%D9%8A%D8%A9-%D9%85%D9%82/ HTTP/1.1" 403 0 "-" "Mozilla/5.0 (compatible; SemrushBot/7~bl; +http://www.semrush.com/bot.html)"
185.191.171.7 - - [02/Jul/2024:14:49:14 +0200] "GET /tag/%D8%A8%D8%B6%D9%84%D8%A7%D9%84%D9%87/ HTTP/1.1" 403 0 "-" "Mozilla/5.0 (compatible; SemrushBot/7~bl; +http://www.semrush.com/bot.html)"
66.249.70.108 - - [02/Jul/2024:14:51:21 +0200] "GET /cgpym/a2821504.html HTTP/1.1" 200 41382 "-" "Mozilla/5.0 (Linux; Android 6.0.1; Nexus 5X Build/MMB29P) AppleWebKit/537.36 (KHTML, like Gecko) Chrome/125.0.6422.175 Mobile Safari/537.36 (compatible; GoogleOther)"
147.45.78.15 - - [02/Jul/2024:14:52:14 +0200] "POST /74a7c9952328.php HTTP/1.1" 500 9 "-" "curl/7.86.0"
185.191.171.15 - - [02/Jul/2024:14:55:25 +0200] "GET /%D8%B4%D9%81%D8%A7%D8%A1-%D8%B7%D9%81%D9%84%D8%A9-%D9%85%D9%86-%D8%A7%D9%84%D8%B9%D9%85%D9%89-%D9%8A%D8%B0%D9%87%D9%84-%D8%A7%D9%84%D8%A3%D8%B7%D8%A8%D8%A7%D8%A1/ HTTP/1.1" 403 0 "-" "Mozilla/5.0 (compatible; SemrushBot/7~bl; +http://www.semrush.com/bot.html)"
157.55.39.53 - - [02/Jul/2024:14:55:54 +0200] "GET /xfxbk/a1522180.html HTTP/2" 200 43092 "-" "Mozilla/5.0 AppleWebKit/537.36 (KHTML, like Gecko; compatible; bingbot/2.0; +http://www.bing.com/bingbot.htm) Chrome/116.0.1938.76 Safari/537.36"
157.55.39.53 - - [02/Jul/2024:14:55:56 +0200] "GET /aptms/z2867211.html HTTP/2" 200 41834 "-" "Mozilla/5.0 AppleWebKit/537.36 (KHTML, like Gecko; compatible; bingbot/2.0; +http://www.bing.com/bingbot.htm) Chrome/116.0.1938.76 Safari/537.36"
85.208.96.212 - - [02/Jul/2024:14:51:16 +0200] "GET /%D9%84%D8%A7-%D9%8A%D8%AC%D8%AA%D9%85%D8%B9%D8%A7%D9%86-%D9%85%D8%B9%D8%A7-%D9%81%D9%8A-%D8%B3%D9%88%D8%AF%D8%A7%D9%86-%D8%A7%D9%84%D8%B9%D8%B2%D8%A9-%D9%87%D8%A7%D8%B1%D9%88%D9%86-%D9%88%D8%AF%D9%82/ HTTP/1.1" 403 0 "-" "Mozilla/5.0 (compatible; SemrushBot/7~bl; +http://www.semrush.com/bot.html)"
85.208.96.209 - - [02/Jul/2024:14:52:16 +0200] "GET /%D8%A7%D9%84%D8%AA%D8%A3%D9%83%D9%8A%D8%AF-%D8%B9%D9%84%D9%89-%D8%A7%D9%84%D8%AA%D8%B9%D8%A7%D9%88%D9%86-%D8%A8%D9%8A%D9%86-%D8%A7%D9%84%D8%B3%D9%88%D8%AF%D8%A7%D9%86-%D9%88%D8%AA%D8%B1%D9%83%D9%8A/ HTTP/1.1" 403 0 "-" "Mozilla/5.0 (compatible; SemrushBot/7~bl; +http://www.semrush.com/bot.html)"
85.208.96.211 - - [02/Jul/2024:14:54:24 +0200] "GET /quran/translate-sd-48.html HTTP/1.1" 403 0 "-" "Mozilla/5.0 (compatible; SemrushBot/7~bl; +http://www.semrush.com/bot.html)"
185.170.167.18 - - [02/Jul/2024:14:54:24 +0200] "GET /tag/%D8%A8%D8%A7%D9%84%D9%87%D9%84%D8%B9/ HTTP/1.1" 200 0 "-" "BacklinksExtendedBot"
147.45.78.15 - - [02/Jul/2024:14:56:16 +0200] "POST /74a7c9952328.php HTTP/1.1" 500 9 "-" "curl/7.86.0"
66.249.70.108 - - [02/Jul/2024:14:56:45 +0200] "GET /robots.txt HTTP/1.1" 200 128 "-" "Mozilla/5.0 (compatible; Googlebot/2.1; +http://www.google.com/bot.html)"
66.249.70.108 - - [02/Jul/2024:14:56:47 +0200] "GET /likdy/a1353180.html HTTP/1.1" 200 42400 "-" "Mozilla/5.0 (Linux; Android 6.0.1; Nexus 5X Build/MMB29P) AppleWebKit/537.36 (KHTML, like Gecko) Chrome/125.0.6422.175 Mobile Safari/537.36 (compatible; Googlebot/2.1; +http://www.google.com/bot.html)"
85.208.96.200 - - [02/Jul/2024:14:57:26 +0200] "GET /%D8%B5%D8%A8%D8%A7%D8%AD-%D9%85%D8%AD%D9%85%D8%AF-%D8%A7%D9%84%D8%AD%D8%B3%D9%86-%D8%AA%D9%83%D8%AA%D8%A8-%D8%A7%D9%84%D8%AA%D9%81%D9%83%D9%8A%D9%83-%D8%AC%D8%A7%D9%83%D9%85/ HTTP/1.1" 403 0 "-" "Mozilla/5.0 (compatible; SemrushBot/7~bl; +http://www.semrush.com/bot.html)"
52.167.144.24 - - [02/Jul/2024:14:57:55 +0200] "GET /%D8%B9%D8%B4%D9%8A%D8%A9-%D9%82%D9%85%D8%A9-%D9%84%D9%84%D8%A5%D9%8A%D8%BA%D8%A7%D8%AF-%D8%A7%D8%AC%D8%AA%D9%85%D8%A7%D8%B9-%D8%AB%D9%84%D8%A7%D8%AB%D9%8A-%D9%81%D9%8A-%D8%AC%D9%8A%D8%A8%D9%88%D8%AA/ HTTP/2" 200 42233 "-" "Mozilla/5.0 AppleWebKit/537.36 (KHTML, like Gecko; compatible; bingbot/2.0; +http://www.bing.com/bingbot.htm) Chrome/116.0.1938.76 Safari/537.36"
147.45.78.15 - - [02/Jul/2024:14:58:15 +0200] "POST /74a7c9952328.php HTTP/1.1" 500 9 "-" "curl/7.86.0"
66.249.70.109 - - [02/Jul/2024:14:58:20 +0200] "GET /tag/%D8%A7%D9%84%D8%B4%D8%A7%D9%85%D9%84/ HTTP/1.1" 200 43627 "-" "Mozilla/5.0 (Linux; Android 6.0.1; Nexus 5X Build/MMB29P) AppleWebKit/537.36 (KHTML, like Gecko) Chrome/125.0.6422.175 Mobile Safari/537.36 (compatible; Googlebot/2.1; +http://www.google.com/bot.html)"
66.249.70.109 - - [02/Jul/2024:14:58:22 +0200] "GET /jkisj/h1246197.html HTTP/1.1" 200 41591 "-" "Mozilla/5.0 (Linux; Android 6.0.1; Nexus 5X Build/MMB29P) AppleWebKit/537.36 (KHTML, like Gecko) Chrome/125.0.6422.175 Mobile Safari/537.36 (compatible; Googlebot/2.1; +http://www.google.com/bot.html)"
85.208.96.196 - - [02/Jul/2024:15:00:36 +0200] "GET /%D8%A8%D9%88%D8%AA%D9%8A%D9%86-%D9%8A%D8%AD%D8%B0%D8%B1-%D9%85%D9%86-%D8%AA%D8%AF%D8%A7%D8%B9%D9%8A%D8%A7%D8%AA-%D8%AE%D8%B7%D9%8A%D8%B1%D8%A9-%D9%84%D9%88%D8%B6%D8%B9-%D8%B3%D9%82%D9%81-%D9%84/ HTTP/1.1" 403 0 "-" "Mozilla/5.0 (compatible; SemrushBot/7~bl; +http://www.semrush.com/bot.html)"
52.167.144.24 - - [02/Jul/2024:15:01:15 +0200] "GET /%D9%82%D8%A8%D9%8A%D9%84%D8%A9-%D8%A7%D9%84%D8%A8%D8%B7%D8%A7%D8%AD%D9%8A%D9%86-%D8%AA%D8%B5%D8%AF%D8%B1-%D8%A8%D9%8A%D8%A7%D9%86%D8%A7-%D8%AA%D8%AA%D8%A8%D8%B1%D8%A3-%D9%81%D9%8A%D9%87-%D9%85%D9%86/ HTTP/2" 200 42941 "-" "Mozilla/5.0 AppleWebKit/537.36 (KHTML, like Gecko; compatible; bingbot/2.0; +http://www.bing.com/bingbot.htm) Chrome/116.0.1938.76 Safari/537.36"
85.208.96.206 - - [02/Jul/2024:15:01:37 +0200] "GET /%D8%B5%D8%AF%D9%8A%D9%82-%D9%85%D8%AD%D9%85%D8%AF-%D8%B9%D8%AB%D9%85%D8%A7%D9%86-%D8%A7%D9%84%D9%88%D9%8A%D9%84-%D9%84%D9%83%D9%85-%D9%85%D9%86-%D8%BA%D8%B6%D8%A8%D8%A9-%D8%A7%D9%84%D8%AF%D9%88%D9%84/ HTTP/1.1" 403 0 "-" "Mozilla/5.0 (compatible; SemrushBot/7~bl; +http://www.semrush.com/bot.html)"
66.249.70.109 - - [02/Jul/2024:15:01:39 +0200] "GET /shoiv/u550138.html HTTP/1.1" 200 42381 "-" "Mozilla/5.0 (Linux; Android 6.0.1; Nexus 5X Build/MMB29P) AppleWebKit/537.36 (KHTML, like Gecko) Chrome/125.0.6422.175 Mobile Safari/537.36 (compatible; Googlebot/2.1; +http://www.google.com/bot.html)"
157.55.39.53 - - [02/Jul/2024:15:02:11 +0200] "GET /pxbix/e1821418.html HTTP/2" 200 42101 "-" "Mozilla/5.0 AppleWebKit/537.36 (KHTML, like Gecko; compatible; bingbot/2.0; +http://www.bing.com/bingbot.htm) Chrome/116.0.1938.76 Safari/537.36"
147.45.78.15 - - [02/Jul/2024:15:02:15 +0200] "POST /74a7c9952328.php HTTP/1.1" 500 9 "-" "curl/7.86.0"
85.208.96.201 - - [02/Jul/2024:14:56:25 +0200] "GET /%D8%B4%D8%B1%D8%B7%D8%A9-%D8%B4%D9%85%D8%A7%D9%84-%D9%83%D8%B1%D8%AF%D9%81%D8%A7%D9%86-%D8%AA%D8%B2%D9%88%D8%B1-%D9%85%D8%B9%D8%B3%D9%83%D8%B1-%D8%A7%D9%84%D8%AA%D8%A8%D9%84%D8%AF%D9%8A-%D9%88%D8%AA/ HTTP/1.1" 403 0 "-" "Mozilla/5.0 (compatible; SemrushBot/7~bl; +http://www.semrush.com/bot.html)"
66.249.70.109 - - [02/Jul/2024:14:57:01 +0200] "GET /lzsdk/w819812.html HTTP/1.1" 200 42248 "-" "Mozilla/5.0 (Linux; Android 6.0.1; Nexus 5X Build/MMB29P) AppleWebKit/537.36 (KHTML, like Gecko) Chrome/125.0.6422.175 Mobile Safari/537.36 (compatible; Googlebot/2.1; +http://www.google.com/bot.html)"
66.249.70.109 - - [02/Jul/2024:14:58:12 +0200] "GET /rabtt/j760285.html HTTP/1.1" 200 41939 "-" "Mozilla/5.0 (Linux; Android 6.0.1; Nexus 5X Build/MMB29P) AppleWebKit/537.36 (KHTML, like Gecko) Chrome/125.0.6422.175 Mobile Safari/537.36 (compatible; GoogleOther)"
66.249.70.110 - - [02/Jul/2024:14:58:17 +0200] "GET /%D9%87%D9%84-%D9%8A%D8%AD%D8%B5%D9%84-%D8%B9%D9%84%D9%89-%D8%AB%D9%88%D8%A7%D8%A8-%D8%A7%D9%84%D8%AD%D8%AC-%D9%85%D9%86-%D8%AA%D9%82%D8%AF%D9%85-%D9%84%D9%84%D9%82%D8%B1%D8%B9%D8%A9-%D9%88%D9%84%D9%85/ HTTP/1.1" 200 41981 "-" "Mozilla/5.0 (Linux; Android 6.0.1; Nexus 5X Build/MMB29P) AppleWebKit/537.36 (KHTML, like Gecko) Chrome/125.0.6422.175 Mobile Safari/537.36 (compatible; Googlebot/2.1; +http://www.google.com/bot.html)"
66.249.70.108 - - [02/Jul/2024:14:58:20 +0200] "GET /un6xee/scripting-over-serial-link-with-minicom.html HTTP/1.1" 200 41774 "-" "Mozilla/5.0 (Linux; Android 6.0.1; Nexus 5X Build/MMB29P) AppleWebKit/537.36 (KHTML, like Gecko) Chrome/125.0.6422.175 Mobile Safari/537.36 (compatible; Googlebot/2.1; +http://www.google.com/bot.html)"
185.191.171.12 - - [02/Jul/2024:14:58:27 +0200] "GET /%D9%82%D9%88%D8%A7%D8%AA-%D8%A7%D9%84%D8%AF%D8%B9%D9%85-%D8%A7%D9%84%D8%B3%D8%B1%D9%8A%D8%B9-%D8%AA%D8%B5%D8%AF%D8%B1-%D8%A8%D9%8A%D8%A7%D9%86%D9%8B%D8%A7-%D8%B9%D8%A7%D8%AC%D9%84%D8%A7%D9%8B/ HTTP/1.1" 403 0 "-" "Mozilla/5.0 (compatible; SemrushBot/7~bl; +http://www.semrush.com/bot.html)"
185.191.171.12 - - [02/Jul/2024:14:59:28 +0200] "GET /quran/translate-es-44.html HTTP/1.1" 403 0 "-" "Mozilla/5.0 (compatible; SemrushBot/7~bl; +http://www.semrush.com/bot.html)"
147.45.78.15 - - [02/Jul/2024:15:00:15 +0200] "POST /74a7c9952328.php HTTP/1.1" 500 9 "-" "curl/7.86.0"
194.62.139.60 - - [02/Jul/2024:15:03:14 +0200] "POST /xmlrpc.php HTTP/1.1" 200 0 "-" "Mozilla/5.0 (Windows NT 10.0; Win64; x64) AppleWebKit/537.36 (KHTML, like Gecko) Chrome/114.0.0.0 Safari/537.36 OPR/89.0.4447.51"
185.170.167.18 - - [02/Jul/2024:15:03:25 +0200] "GET /tag/%D9%88%D9%86%D9%85%D9%8A%D8%B1%D9%8A/ HTTP/1.1" 200 0 "-" "BacklinksExtendedBot"
194.62.139.60 - - [02/Jul/2024:15:04:21 +0200] "POST /xmlrpc.php HTTP/1.1" 200 0 "-" "Mozilla/5.0 (Windows NT 10.0; Win64; x64) AppleWebKit/537.36 (KHTML, like Gecko) Chrome/114.0.0.0 Safari/537.36 OPR/89.0.4447.51"
185.191.171.13 - - [02/Jul/2024:15:05:46 +0200] "GET /tag/%D8%A7%D8%AE%D8%AA%D8%B7%D8%A7%D9%81/ HTTP/1.1" 403 0 "-" "Mozilla/5.0 (compatible; SemrushBot/7~bl; +http://www.semrush.com/bot.html)"
173.44.152.176 - - [02/Jul/2024:15:06:22 +0200] "GET /ss.php?c_c HTTP/1.1" 200 7 "https://www.sudancam.net" "Mozilla/5.0 (Windows NT 10.0; WOW64) AppleWebKit/537.36 (KHTML, like Gecko) Chrome/86.0.4240.198 Safari/537.36"
192.3.144.50 - - [02/Jul/2024:15:06:26 +0200] "GET /ss.php?f_c=ZOc0AqL3dwLWluY2x1ZGVzL2Jsb2Nrcy9jYWxlbmRhci9pbmRleC5waHA.EhKNdk HTTP/1.1" 200 7 "https://www.sudancam.net" "Mozilla/5.0 (Windows NT 10.0; WOW64) AppleWebKit/537.36 (KHTML, like Gecko) Chrome/86.0.4240.198 Safari/537.36"
198.46.201.148 - - [02/Jul/2024:15:06:34 +0200] "GET /ss.php?f_c=PqMDr9L3dwLWluY2x1ZGVzL2Jsb2Nrcy90YWJsZS9pbmRleC5waHA.wRQFtU HTTP/1.1" 200 7 "https://www.sudancam.net" "Mozilla/5.0 (Windows NT 10.0; WOW64) AppleWebKit/537.36 (KHTML, like Gecko) Chrome/86.0.4240.198 Safari/537.36"
85.208.96.199 - - [02/Jul/2024:15:02:44 +0200] "GET /%D8%B1%D9%85%D8%B6%D8%A7%D9%86-%D8%A7%D8%B1%D8%AA%D9%81%D8%A7%D8%B9-%D8%AC%D9%86%D9%88%D9%86%D9%8A-%D9%81%D9%8A-%D8%A7%D9%84%D8%B3%D9%84%D8%B9-%D9%88%D8%B1%D9%83%D9%88%D8%AF-%D8%AD%D8%A7%D8%AF/ HTTP/1.1" 403 0 "-" "Mozilla/5.0 (compatible; SemrushBot/7~bl; +http://www.semrush.com/bot.html)"
185.191.171.9 - - [02/Jul/2024:15:03:45 +0200] "GET /%D9%83%D8%A3%D8%B3-%D8%A7%D9%84%D8%B9%D8%A7%D9%84%D9%85-2022%D8%8C-166-%D9%87%D8%AF%D9%81%D8%A7-%D9%88213-%D8%A8%D8%B7%D8%A7%D9%82%D8%A9-%D8%B5%D9%81%D8%B1%D8%A7%D8%A1-%D9%8820-%D8%B6%D8%B1%D8%A8/ HTTP/1.1" 403 0 "-" "Mozilla/5.0 (compatible; SemrushBot/7~bl; +http://www.semrush.com/bot.html)"
185.191.171.1 - - [02/Jul/2024:15:04:46 +0200] "GET /%D8%B5%D8%BA%D8%A7%D8%B1-%D8%B5%D9%82%D9%88%D8%B1-%D8%A7%D9%84%D8%AC%D8%AF%D9%8A%D8%A7%D9%86-%D9%8A%D9%88%D8%A7%D8%B5%D9%84%D9%88%D9%86-%D8%A5%D8%B9%D8%AF%D8%A7%D8%AF%D9%87%D9%85-%D8%A7%D9%84%D8%AC/ HTTP/1.1" 403 0 "-" "Mozilla/5.0 (compatible; SemrushBot/7~bl; +http://www.semrush.com/bot.html)"
185.170.167.18 - - [02/Jul/2024:15:04:16 +0200] "GET /tag/%D9%88%D9%86%D9%85%D9%8A%D8%B1%D9%8A/ HTTP/1.1" 200 0 "-" "BacklinksExtendedBot"
66.249.70.108 - - [02/Jul/2024:15:06:07 +0200] "GET /%D8%AA%D8%AD%D8%B1%D9%83%D8%A7%D8%AA-%D9%84%D9%85%D9%82%D8%A7%D8%B6%D8%A7%D8%A9-%D9%85%D8%AD%D8%A7%D9%81%D8%B8-%D8%B3%D8%A7%D8%A8%D9%82-%D9%84%D9%84%D8%A8%D9%86%D9%83-%D8%A7%D9%84%D9%85%D8%B1%D9%83/ HTTP/1.1" 200 41787 "-" "Mozilla/5.0 (Linux; Android 6.0.1; Nexus 5X Build/MMB29P) AppleWebKit/537.36 (KHTML, like Gecko) Chrome/125.0.6422.175 Mobile Safari/537.36 (compatible; Googlebot/2.1; +http://www.google.com/bot.html)"
190.123.219.157 - - [02/Jul/2024:15:06:20 +0200] "GET /jp2023 HTTP/1.1" 200 30 "https://www.sudancam.net" "Mozilla/5.0 (Windows NT 10.0; WOW64) AppleWebKit/537.36 (KHTML, like Gecko) Chrome/86.0.4240.198 Safari/537.36"
75.127.5.102 - - [02/Jul/2024:15:06:23 +0200] "GET /ss.php?f_c=cJkTxZL3NzLnBocA..A6LDmM HTTP/1.1" 200 7 "https://www.sudancam.net" "Mozilla/5.0 (Windows NT 10.0; WOW64) AppleWebKit/537.36 (KHTML, like Gecko) Chrome/86.0.4240.198 Safari/537.36"
194.62.139.60 - - [02/Jul/2024:15:05:24 +0200] "POST /xmlrpc.php HTTP/1.1" 200 0 "-" "Mozilla/5.0 (Windows NT 10.0; Win64; x64) AppleWebKit/537.36 (KHTML, like Gecko) Chrome/114.0.0.0 Safari/537.36 OPR/89.0.4447.51"
207.244.117.79 - - [02/Jul/2024:15:06:31 +0200] "GET /ss.php?f_c=OJDQLvL3dwLWluY2x1ZGVzL3NvZGl1bV9jb21wYXQvc3JjL1BIUDUyL2luZGV4LnBocA..4iUqb1 HTTP/1.1" 200 7 "https://www.sudancam.net" "Mozilla/5.0 (Windows NT 10.0; WOW64) AppleWebKit/537.36 (KHTML, like Gecko) Chrome/86.0.4240.198 Safari/537.36"
173.44.152.176 - - [02/Jul/2024:15:06:32 +0200] "GET /ss.php?f_c=hxfvqpL3dwLWluY2x1ZGVzL2Jsb2Nrcy9zaXRlLWxvZ28vaW5kZXgucGhwVjaZ67 HTTP/1.1" 200 7 "https://www.sudancam.net" "Mozilla/5.0 (Windows NT 10.0; WOW64) AppleWebKit/537.36 (KHTML, like Gecko) Chrome/86.0.4240.198 Safari/537.36"
190.123.219.157 - - [02/Jul/2024:15:06:37 +0200] "GET /ss.php?f_c=O2cu6zL3dwLWluY2x1ZGVzL2Jsb2Nrcy9jb2x1bW4vaW5kZXgucGhwHXTyJK HTTP/1.1" 200 7 "https://www.sudancam.net" "Mozilla/5.0 (Windows NT 10.0; WOW64) AppleWebKit/537.36 (KHTML, like Gecko) Chrome/86.0.4240.198 Safari/537.36"
207.46.13.154 - - [02/Jul/2024:15:06:34 +0200] "GET /hmbsg/s400298.html HTTP/2" 200 0 "-" "Mozilla/5.0 AppleWebKit/537.36 (KHTML, like Gecko; compatible; bingbot/2.0; +http://www.bing.com/bingbot.htm) Chrome/116.0.1938.76 Safari/537.36"
194.62.139.60 - - [02/Jul/2024:15:06:31 +0200] "POST /xmlrpc.php HTTP/1.1" 200 403 "-" "Mozilla/5.0 (Windows NT 10.0; Win64; x64) AppleWebKit/537.36 (KHTML, like Gecko) Chrome/114.0.0.0 Safari/537.36 OPR/89.0.4447.51"
135.181.9.38 - - [02/Jul/2024:15:06:25 +0200] "POST /wp-admin/admin-ajax.php?action=async_litespeed&nonce=fa75a626a4&litespeed_type=imgoptm HTTP/1.1" 200 21 "-" "WordPress/6.5.3; https://www.sudancam.net"
66.249.70.109 - - [02/Jul/2024:14:57:17 +0200] "GET /sxvxx/y2776626.html HTTP/1.1" 200 41361 "-" "Mozilla/5.0 (Linux; Android 6.0.1; Nexus 5X Build/MMB29P) AppleWebKit/537.36 (KHTML, like Gecko) Chrome/125.0.6422.175 Mobile Safari/537.36 (compatible; Googlebot/2.1; +http://www.google.com/bot.html)"
