66.249.70.109 - - [02/Jul/2024:20:09:18 +0200] "GET /eqffr/e2138930.html HTTP/1.1" 200 42288 "-" "Mozilla/5.0 (Linux; Android 6.0.1; Nexus 5X Build/MMB29P) AppleWebKit/537.36 (KHTML, like Gecko) Chrome/125.0.6422.175 Mobile Safari/537.36 (compatible; Googlebot/2.1; +http://www.google.com/bot.html)"
66.249.70.108 - - [02/Jul/2024:20:09:19 +0200] "GET /uxenw/z1170737.html HTTP/1.1" 200 42340 "-" "Mozilla/5.0 (Linux; Android 6.0.1; Nexus 5X Build/MMB29P) AppleWebKit/537.36 (KHTML, like Gecko) Chrome/125.0.6422.175 Mobile Safari/537.36 (compatible; Googlebot/2.1; +http://www.google.com/bot.html)"
66.249.70.109 - - [02/Jul/2024:20:09:20 +0200] "GET /nvpbi/w1849438.html HTTP/1.1" 200 41707 "-" "Mozilla/5.0 (Linux; Android 6.0.1; Nexus 5X Build/MMB29P) AppleWebKit/537.36 (KHTML, like Gecko) Chrome/125.0.6422.175 Mobile Safari/537.36 (compatible; Googlebot/2.1; +http://www.google.com/bot.html)"
66.249.70.108 - - [02/Jul/2024:20:09:21 +0200] "GET /czxgs/q788112.html HTTP/1.1" 200 42704 "-" "Mozilla/5.0 (Linux; Android 6.0.1; Nexus 5X Build/MMB29P) AppleWebKit/537.36 (KHTML, like Gecko) Chrome/125.0.6422.175 Mobile Safari/537.36 (compatible; Googlebot/2.1; +http://www.google.com/bot.html)"
66.249.70.109 - - [02/Jul/2024:20:09:22 +0200] "GET /lulrn/i2919194.html HTTP/1.1" 200 42302 "-" "Mozilla/5.0 (Linux; Android 6.0.1; Nexus 5X Build/MMB29P) AppleWebKit/537.36 (KHTML, like Gecko) Chrome/125.0.6422.175 Mobile Safari/537.36 (compatible; Googlebot/2.1; +http://www.google.com/bot.html)"
185.191.171.3 - - [02/Jul/2024:20:11:33 +0200] "GET /%D9%88%D8%A7%D9%84%D9%8A-%D9%83%D8%B3%D9%84%D8%A7-%D9%8A%D8%A4%D9%83%D8%AF-%D8%AF%D8%B9%D9%85%D9%87-%D9%84%D9%84%D8%A7%D9%86%D8%AF%D9%8A%D8%A9-%D8%A7%D9%84%D8%B1%D9%8A%D8%A7%D8%B6%D9%8A%D8%A9/ HTTP/1.1" 403 0 "-" "Mozilla/5.0 (compatible; SemrushBot/7~bl; +http://www.semrush.com/bot.html)"
66.249.70.108 - - [02/Jul/2024:20:08:58 +0200] "GET /dwphk/t140429.html HTTP/1.1" 200 42058 "-" "Mozilla/5.0 (Linux; Android 6.0.1; Nexus 5X Build/MMB29P) AppleWebKit/537.36 (KHTML, like Gecko) Chrome/125.0.6422.175 Mobile Safari/537.36 (compatible; Googlebot/2.1; +http://www.google.com/bot.html)"
66.249.70.108 - - [02/Jul/2024:20:09:01 +0200] "GET /ozkte/v225867.html HTTP/1.1" 200 41952 "-" "Mozilla/5.0 (Linux; Android 6.0.1; Nexus 5X Build/MMB29P) AppleWebKit/537.36 (KHTML, like Gecko) Chrome/125.0.6422.175 Mobile Safari/537.36 (compatible; Googlebot/2.1; +http://www.google.com/bot.html)"
66.249.70.108 - - [02/Jul/2024:20:09:02 +0200] "GET /qzdxh/i777210.html HTTP/1.1" 200 41573 "-" "Mozilla/5.0 (Linux; Android 6.0.1; Nexus 5X Build/MMB29P) AppleWebKit/537.36 (KHTML, like Gecko) Chrome/125.0.6422.175 Mobile Safari/537.36 (compatible; Googlebot/2.1; +http://www.google.com/bot.html)"
85.208.96.207 - - [02/Jul/2024:20:09:31 +0200] "GET /tag/%D9%8A%D8%B5%D9%81%D9%83%D9%85/ HTTP/1.1" 403 0 "-" "Mozilla/5.0 (compatible; SemrushBot/7~bl; +http://www.semrush.com/bot.html)"
147.45.78.15 - - [02/Jul/2024:20:10:16 +0200] "POST /74a7c9952328.php HTTP/1.1" 500 9 "-" "curl/7.86.0"
147.45.78.15 - - [02/Jul/2024:20:12:16 +0200] "POST /74a7c9952328.php HTTP/1.1" 500 9 "-" "curl/7.86.0"
185.191.171.16 - - [02/Jul/2024:20:13:34 +0200] "GET /%D8%A8%D8%A7%D8%A8%D9%83%D8%B1-%D9%81%D9%8A%D8%B5%D9%84-%D9%8A%D9%82%D9%88%D9%84-%D8%A5%D9%86-%D8%A7%D9%84%D9%86%D8%B8%D8%A7%D9%85-%D8%A7%D9%84%D8%A8%D8%A7%D8%A6%D8%AF-%D8%B9%D8%A7%D8%AF-%D9%84/ HTTP/1.1" 403 0 "-" "Mozilla/5.0 (compatible; SemrushBot/7~bl; +http://www.semrush.com/bot.html)"
3.16.130.218 - - [02/Jul/2024:20:13:49 +0200] "GET /robots.txt HTTP/2" 200 128 "-" "Mozilla/5.0 AppleWebKit/537.36 (KHTML, like Gecko; compatible; ClaudeBot/1.0; +claudebot@anthropic.com)"
3.16.130.218 - - [02/Jul/2024:20:13:50 +0200] "GET /_autoindex/assets/icons/file.svg HTTP/2" 200 354 "-" "Mozilla/5.0 AppleWebKit/537.36 (KHTML, like Gecko; compatible; ClaudeBot/1.0; +claudebot@anthropic.com)"
147.45.78.15 - - [02/Jul/2024:20:14:14 +0200] "POST /74a7c9952328.php HTTP/1.1" 500 9 "-" "curl/7.86.0"
85.208.96.204 - - [02/Jul/2024:20:14:35 +0200] "GET /%D9%84%D9%8A%D8%B3-%D8%A8%D8%B1%D9%8A%D8%BA%D9%88%D8%AC%D9%8A%D9%86-%D9%88%D8%AD%D8%AF%D9%87-%D9%85%D9%86-%D9%88%D8%AC%D8%AF-%D8%B4%D8%B7%D8%A9%D9%8B-%D9%81%D8%B9%D8%B7%D8%B3/ HTTP/1.1" 403 0 "-" "Mozilla/5.0 (compatible; SemrushBot/7~bl; +http://www.semrush.com/bot.html)"
66.249.70.109 - - [02/Jul/2024:20:12:54 +0200] "GET /vriel/v1386429.html HTTP/1.1" 200 42242 "-" "Mozilla/5.0 (Linux; Android 6.0.1; Nexus 5X Build/MMB29P) AppleWebKit/537.36 (KHTML, like Gecko) Chrome/125.0.6422.175 Mobile Safari/537.36 (compatible; GoogleOther)"
135.181.9.38 - - [02/Jul/2024:20:13:10 +0200] "POST /wp-cron.php?doing_wp_cron=1719943990.3258109092712402343750 HTTP/1.1" 200 0 "-" "WordPress/6.5.3; https://www.sudancam.net"
185.170.167.18 - - [02/Jul/2024:20:13:09 +0200] "GET /%D9%84%D8%AC%D9%86%D8%A9-%D8%A7%D9%84%D9%85%D8%B9%D9%84%D9%85%D9%8A%D9%86-%D8%AA%D9%82%D8%B1%D8%B1-%D8%A7%D9%84%D8%A5%D8%B6%D8%B1%D8%A7%D8%A8-%D8%B9%D9%86-%D8%A7%D9%84%D8%B9%D9%85%D9%84-%D8%A3%D9%88/ HTTP/1.1" 200 41889 "-" "BacklinksExtendedBot"
66.249.70.108 - - [02/Jul/2024:20:09:09 +0200] "GET /hrjhb/e270544.html HTTP/1.1" 200 41781 "-" "Mozilla/5.0 (Linux; Android 6.0.1; Nexus 5X Build/MMB29P) AppleWebKit/537.36 (KHTML, like Gecko) Chrome/125.0.6422.175 Mobile Safari/537.36 (compatible; Googlebot/2.1; +http://www.google.com/bot.html)"
66.249.70.108 - - [02/Jul/2024:20:09:10 +0200] "GET /praex/k3010508.html HTTP/1.1" 200 42992 "-" "Mozilla/5.0 (Linux; Android 6.0.1; Nexus 5X Build/MMB29P) AppleWebKit/537.36 (KHTML, like Gecko) Chrome/125.0.6422.175 Mobile Safari/537.36 (compatible; Googlebot/2.1; +http://www.google.com/bot.html)"
66.249.70.108 - - [02/Jul/2024:20:09:11 +0200] "GET /gngfh/y1509490.html HTTP/1.1" 200 41950 "-" "Mozilla/5.0 (Linux; Android 6.0.1; Nexus 5X Build/MMB29P) AppleWebKit/537.36 (KHTML, like Gecko) Chrome/125.0.6422.175 Mobile Safari/537.36 (compatible; Googlebot/2.1; +http://www.google.com/bot.html)"
85.208.96.203 - - [02/Jul/2024:20:10:32 +0200] "GET /tag/%D8%A8%D9%86%D9%81%D8%B3%D9%83/ HTTP/1.1" 403 0 "-" "Mozilla/5.0 (compatible; SemrushBot/7~bl; +http://www.semrush.com/bot.html)"
66.249.70.109 - - [02/Jul/2024:20:10:45 +0200] "GET /wsjyt/o3005624.html HTTP/1.1" 200 42016 "-" "Mozilla/5.0 (Linux; Android 6.0.1; Nexus 5X Build/MMB29P) AppleWebKit/537.36 (KHTML, like Gecko) Chrome/125.0.6422.175 Mobile Safari/537.36 (compatible; GoogleOther)"
85.208.96.204 - - [02/Jul/2024:20:12:33 +0200] "GET /%D8%B1%D8%A6%D9%8A%D8%B3-%D8%A5%D8%AA%D8%AD%D8%A7%D8%AF-%D8%A7%D9%84%D9%82%D8%B6%D8%A7%D8%B1%D9%81-%D9%8A%D8%B2%D9%8F%D9%81-%D8%A7%D9%84%D8%A8%D8%B4%D8%B1%D9%8A%D8%A7%D8%AA-%D9%84%D8%A7%D9%82%D8%B7/ HTTP/1.1" 403 0 "-" "Mozilla/5.0 (compatible; SemrushBot/7~bl; +http://www.semrush.com/bot.html)"
40.77.167.61 - - [02/Jul/2024:20:15:12 +0200] "GET /gpcec/x865417.html HTTP/2" 200 41657 "-" "Mozilla/5.0 AppleWebKit/537.36 (KHTML, like Gecko; compatible; bingbot/2.0; +http://www.bing.com/bingbot.htm) Chrome/116.0.1938.76 Safari/537.36"
135.181.9.38 - - [02/Jul/2024:20:15:22 +0200] "POST /wp-admin/admin-ajax.php?action=async_litespeed&nonce=fa75a626a4&litespeed_type=imgoptm HTTP/1.1" 200 21 "-" "WordPress/6.5.3; https://www.sudancam.net"
135.181.9.38 - - [02/Jul/2024:20:15:23 +0200] "GET /sitemap_index.xml HTTP/1.1" 200 16939 "-" "WordPress/6.5.3; https://www.sudancam.net"
147.45.78.15 - - [02/Jul/2024:20:16:14 +0200] "POST /74a7c9952328.php HTTP/1.1" 500 9 "-" "curl/7.86.0"
52.167.144.161 - - [02/Jul/2024:20:17:35 +0200] "GET /%D9%86%D9%87%D8%A7%D8%A6%D9%8A-%D9%82%D8%A8%D9%84-%D8%A7%D9%84%D8%A3%D9%88%D8%A7%D9%86-%D8%A8%D9%8A%D9%86-%D8%A7%D9%84%D8%B1%D9%8A%D8%A7%D9%84-%D9%88%D8%A7%D9%84%D8%B3%D9%8A%D8%AA%D9%8A-%D9%88%D8%A3/ HTTP/2" 200 41643 "-" "Mozilla/5.0 AppleWebKit/537.36 (KHTML, like Gecko; compatible; bingbot/2.0; +http://www.bing.com/bingbot.htm) Chrome/116.0.1938.76 Safari/537.36"
147.45.78.15 - - [02/Jul/2024:20:18:12 +0200] "POST /74a7c9952328.php HTTP/1.1" 500 9 "-" "curl/7.86.0"
79.137.206.177 - - [02/Jul/2024:20:18:24 +0200] "GET /wp-login.php HTTP/1.1" 200 928 "-" "Mozilla/5.0 (X11; Linux i686 on x86_64; rv:46.0) Gecko/20100101 Firefox/46.0"
40.77.167.5 - - [02/Jul/2024:20:18:56 +0200] "GET /sivaa/f2804401.html HTTP/2" 200 42362 "-" "Mozilla/5.0 AppleWebKit/537.36 (KHTML, like Gecko; compatible; bingbot/2.0; +http://www.bing.com/bingbot.htm) Chrome/116.0.1938.76 Safari/537.36"
135.181.9.38 - - [02/Jul/2024:20:19:04 +0200] "POST /wp-cron.php?doing_wp_cron=1719944344.6082050800323486328125 HTTP/1.1" 200 0 "-" "WordPress/6.5.3; https://www.sudancam.net"
92.247.181.32 - - [02/Jul/2024:20:19:04 +0200] "GET /feed/ HTTP/1.1" 200 17709 "https://www.sudancam.net/" "Inoreader/1.0 (+http://www.inoreader.com/feed-fetcher; 1 subscribers; )"
135.181.9.38 - - [02/Jul/2024:20:19:05 +0200] "POST /wp-admin/admin-ajax.php?action=async_litespeed&nonce=fa75a626a4&litespeed_type=imgoptm HTTP/1.1" 200 21 "-" "WordPress/6.5.3; https://www.sudancam.net"
147.45.78.15 - - [02/Jul/2024:20:20:13 +0200] "POST /74a7c9952328.php HTTP/1.1" 500 9 "-" "curl/7.86.0"
85.208.96.206 - - [02/Jul/2024:20:20:39 +0200] "GET /%D9%85%D8%B1%D8%AA%D8%B6%D9%89-%D9%85%D9%86%D8%B5%D9%88%D8%B1-%D9%8A%D8%B7%D8%A7%D9%84%D8%A8-%D8%A7%D9%84%D8%B4%D8%B9%D8%A8-%D8%A7%D9%84%D8%B3%D9%88%D8%A7%D8%AF%D9%86%D9%8A-%D8%A8%D8%A7%D9%84%D8%AB/ HTTP/1.1" 403 0 "-" "Mozilla/5.0 (compatible; SemrushBot/7~bl; +http://www.semrush.com/bot.html)"
40.77.167.61 - - [02/Jul/2024:20:21:11 +0200] "GET /ctlmt/r528685.html HTTP/2" 200 42325 "-" "Mozilla/5.0 AppleWebKit/537.36 (KHTML, like Gecko; compatible; bingbot/2.0; +http://www.bing.com/bingbot.htm) Chrome/116.0.1938.76 Safari/537.36"
18.191.165.125 - - [02/Jul/2024:20:21:14 +0200] "GET /wp-json/wp/v2/posts//%22https:////www.alnilin.com//wp-content//uploads//2015//05///u0627/u0644/u0647/u0644/u0627/u0644-/u0627/u0644/u0633/u0639/u0648/u062f/u064a.jpg/%22 HTTP/2" 404 188 "-" "Mozilla/5.0 AppleWebKit/537.36 (KHTML, like Gecko; compatible; ClaudeBot/1.0; +claudebot@anthropic.com)"
135.181.9.38 - - [02/Jul/2024:20:21:14 +0200] "POST /wp-admin/admin-ajax.php?action=async_litespeed&nonce=fa75a626a4&litespeed_type=imgoptm HTTP/1.1" 200 21 "-" "WordPress/6.5.3; https://www.sudancam.net"
147.45.78.15 - - [02/Jul/2024:20:22:15 +0200] "POST /74a7c9952328.php HTTP/1.1" 500 9 "-" "curl/7.86.0"
66.249.70.110 - - [02/Jul/2024:20:23:14 +0200] "GET /goxhu/i1565634.html HTTP/1.1" 200 42853 "-" "Mozilla/5.0 (Linux; Android 6.0.1; Nexus 5X Build/MMB29P) AppleWebKit/537.36 (KHTML, like Gecko) Chrome/125.0.6422.175 Mobile Safari/537.36 (compatible; GoogleOther)"
66.249.70.110 - - [02/Jul/2024:20:14:52 +0200] "GET /jecjc/g497708.html HTTP/1.1" 200 41851 "-" "Mozilla/5.0 (Linux; Android 6.0.1; Nexus 5X Build/MMB29P) AppleWebKit/537.36 (KHTML, like Gecko) Chrome/125.0.6422.175 Mobile Safari/537.36 (compatible; Googlebot/2.1; +http://www.google.com/bot.html)"
66.249.70.109 - - [02/Jul/2024:20:15:02 +0200] "GET /lnruo/s414234.html HTTP/1.1" 200 41903 "-" "Mozilla/5.0 (Linux; Android 6.0.1; Nexus 5X Build/MMB29P) AppleWebKit/537.36 (KHTML, like Gecko) Chrome/125.0.6422.175 Mobile Safari/537.36 (compatible; GoogleOther)"
135.181.9.38 - - [02/Jul/2024:20:15:19 +0200] "POST /wp-cron.php?doing_wp_cron=1719944119.9325139522552490234375 HTTP/1.1" 200 0 "-" "WordPress/6.5.3; https://www.sudancam.net"
66.249.70.109 - - [02/Jul/2024:20:16:17 +0200] "GET /wroyp/k2658728.html HTTP/1.1" 200 41833 "-" "Mozilla/5.0 (compatible; Googlebot/2.1; +http://www.google.com/bot.html)"
185.191.171.19 - - [02/Jul/2024:20:16:36 +0200] "GET /%D9%85%D9%88%D8%B9%D8%AF-%D8%A7%D9%86%D8%B7%D9%84%D8%A7%D9%82-%D8%A7%D9%84%D8%AF%D9%88%D8%B1%D9%8A-%D8%A7%D9%84%D8%B3%D8%B9%D9%88%D8%AF%D9%8A-%D9%88%D9%87%D8%B0%D9%87-%D9%85%D8%A8%D8%A7%D8%B1%D9%8A/ HTTP/1.1" 403 0 "-" "Mozilla/5.0 (compatible; SemrushBot/7~bl; +http://www.semrush.com/bot.html)"
66.249.70.109 - - [02/Jul/2024:20:17:03 +0200] "GET /lhdtp/r2933529.html HTTP/1.1" 200 41710 "-" "Mozilla/5.0 (Linux; Android 6.0.1; Nexus 5X Build/MMB29P) AppleWebKit/537.36 (KHTML, like Gecko) Chrome/125.0.6422.175 Mobile Safari/537.36 (compatible; GoogleOther)"
185.191.171.6 - - [02/Jul/2024:20:19:38 +0200] "GET /%D8%A7%D9%84%D9%85%D8%BA%D8%B1%D8%A8-%D9%8A%D9%82%D9%8A%D9%85-%D8%AC%D8%B3%D8%B1%D8%A7-%D8%AC%D9%88%D9%8A%D8%A7-%D8%A8%D9%8A%D9%86-%D8%A7%D9%84%D8%AF%D8%A7%D8%B1-%D8%A7%D9%84%D8%A8%D9%8A%D8%B6%D8%A7/ HTTP/1.1" 403 0 "-" "Mozilla/5.0 (compatible; SemrushBot/7~bl; +http://www.semrush.com/bot.html)"
3.141.30.86 - - [02/Jul/2024:20:19:52 +0200] "GET /_autoindex/assets/icons/corner-left-up.svg HTTP/2" 200 328 "-" "Mozilla/5.0 AppleWebKit/537.36 (KHTML, like Gecko; compatible; ClaudeBot/1.0; +claudebot@anthropic.com)"
66.249.70.109 - - [02/Jul/2024:20:20:43 +0200] "GET /rjizo/t2152179.html HTTP/1.1" 200 41603 "-" "Mozilla/5.0 (Linux; Android 6.0.1; Nexus 5X Build/MMB29P) AppleWebKit/537.36 (KHTML, like Gecko) Chrome/125.0.6422.175 Mobile Safari/537.36 (compatible; Googlebot/2.1; +http://www.google.com/bot.html)"
135.181.9.38 - - [02/Jul/2024:20:21:14 +0200] "POST /wp-cron.php?doing_wp_cron=1719944474.4882330894470214843750 HTTP/1.1" 200 0 "-" "WordPress/6.5.3; https://www.sudancam.net"
185.191.171.3 - - [02/Jul/2024:20:22:41 +0200] "GET /tag/%D9%83%D8%B1%D9%8A%D8%B3%D8%AA%D9%8A%D8%A7%D9%86%D9%88/ HTTP/1.1" 403 0 "-" "Mozilla/5.0 (compatible; SemrushBot/7~bl; +http://www.semrush.com/bot.html)"
85.208.96.196 - - [02/Jul/2024:20:23:41 +0200] "GET /%D9%85%D8%B4%D8%A7%D9%88%D8%B1%D8%A7%D8%AA-%D8%A8%D8%B4%D8%A3%D9%86-%D8%A7%D9%84%D8%B3%D9%88%D8%AF%D8%A7%D9%86%D9%8A%D9%8A%D9%86-%D8%A7%D9%84%D8%B9%D8%A7%D9%84%D9%82%D9%8A%D9%86-%D9%81%D9%8A-%D8%A7/ HTTP/1.1" 403 0 "-" "Mozilla/5.0 (compatible; SemrushBot/7~bl; +http://www.semrush.com/bot.html)"
185.170.167.18 - - [02/Jul/2024:20:15:19 +0200] "GET /%D8%B3%D8%B9%D8%B1-%D8%A7%D9%84%D8%B1%D9%8A%D8%A7%D9%84-%D8%A7%D9%84%D8%B3%D8%B9%D9%88%D8%AF%D9%8A-%D9%81%D9%8A-%D8%A7%D9%84%D8%A8%D9%86%D9%88%D9%83-%D9%84%D9%8A%D9%88%D9%85-%D8%A7%D9%84%D8%A5-16/ HTTP/1.1" 200 29208 "-" "BacklinksExtendedBot"
185.191.171.8 - - [02/Jul/2024:20:15:35 +0200] "GET /tag/%D8%B4%D9%82%D9%8A%D9%82%D8%A9/ HTTP/1.1" 403 0 "-" "Mozilla/5.0 (compatible; SemrushBot/7~bl; +http://www.semrush.com/bot.html)"
85.208.96.207 - - [02/Jul/2024:20:17:37 +0200] "GET /%D8%A7%D9%84%D9%86%D8%A7%D8%B7%D9%82-%D8%A8%D8%A7%D8%B3%D9%85-%D8%A7%D9%84%D9%85%D8%AC%D9%84%D8%B3-%D8%A7%D9%84%D9%85%D8%B1%D9%83%D8%B2%D9%8A-%D9%84%D9%84%D8%AD%D8%B1%D9%8A%D8%A9-%D9%88%D8%A7%D9%84/ HTTP/1.1" 403 0 "-" "Mozilla/5.0 (compatible; SemrushBot/7~bl; +http://www.semrush.com/bot.html)"
85.208.96.196 - - [02/Jul/2024:20:17:42 +0200] "GET /robots.txt HTTP/1.1" 200 182 "-" "Mozilla/5.0 (compatible; SemrushBot/7~bl; +http://www.semrush.com/bot.html)"
40.77.167.61 - - [02/Jul/2024:20:18:01 +0200] "GET /nfcdp/r670957.html HTTP/2" 200 41866 "-" "Mozilla/5.0 AppleWebKit/537.36 (KHTML, like Gecko; compatible; bingbot/2.0; +http://www.bing.com/bingbot.htm) Chrome/116.0.1938.76 Safari/537.36"
185.191.171.11 - - [02/Jul/2024:20:18:37 +0200] "GET /%D9%85%D8%B7%D8%A7%D8%B1-%D8%A7%D9%84%D8%AE%D8%B1%D8%B7%D9%88%D9%85-%D8%A7%D9%84%D8%AF%D9%88%D9%84%D9%8A-%D9%8A%D8%B5%D8%AF%D8%B1-%D8%AA%D9%86%D9%88%D9%8A%D9%87%D9%8B%D8%A7-%D8%AA%D8%AD%D8%B0%D9%8A/ HTTP/1.1" 403 0 "-" "Mozilla/5.0 (compatible; SemrushBot/7~bl; +http://www.semrush.com/bot.html)"
66.249.70.108 - - [02/Jul/2024:20:19:06 +0200] "GET /awnyi/e2955642.html HTTP/1.1" 200 41295 "-" "Mozilla/5.0 (Linux; Android 6.0.1; Nexus 5X Build/MMB29P) AppleWebKit/537.36 (KHTML, like Gecko) Chrome/125.0.6422.175 Mobile Safari/537.36 (compatible; GoogleOther)"
52.167.144.212 - - [02/Jul/2024:20:21:03 +0200] "GET /lfzwe/w591532.html HTTP/2" 200 42167 "-" "Mozilla/5.0 AppleWebKit/537.36 (KHTML, like Gecko; compatible; bingbot/2.0; +http://www.bing.com/bingbot.htm) Chrome/116.0.1938.76 Safari/537.36"
185.191.171.17 - - [02/Jul/2024:20:21:40 +0200] "GET /%D8%A7%D9%84%D9%81%D8%A7%D8%A6%D8%AF%D8%A9-%D8%A7%D9%84%D8%A3%D9%85%D8%B1%D9%8A%D9%83%D9%8A%D8%A9-%D8%AA%D9%87%D8%AF%D9%91%D8%AF-%D8%A3%D8%B3%D9%88%D8%A7%D9%82-%D8%AA%D9%88%D9%86%D8%B3-%D9%88%D8%A7/ HTTP/1.1" 403 0 "-" "Mozilla/5.0 (compatible; SemrushBot/7~bl; +http://www.semrush.com/bot.html)"
66.249.70.110 - - [02/Jul/2024:20:22:42 +0200] "GET /ywpdf/t1562941.html HTTP/1.1" 200 41230 "-" "Mozilla/5.0 (Linux; Android 6.0.1; Nexus 5X Build/MMB29P) AppleWebKit/537.36 (KHTML, like Gecko) Chrome/125.0.6422.175 Mobile Safari/537.36 (compatible; GoogleOther)"
147.45.78.15 - - [02/Jul/2024:20:24:14 +0200] "POST /74a7c9952328.php HTTP/1.1" 500 9 "-" "curl/7.86.0"
185.191.171.11 - - [02/Jul/2024:20:24:42 +0200] "GET /%D8%AD%D8%B3%D9%86-%D8%A5%D8%B3%D9%85%D8%A7%D8%B9%D9%8A%D9%84-%D8%A5%D8%A8%D8%B1%D8%A7%D9%87%D9%8A%D9%85-%D8%A7%D9%84%D8%B4%D9%8A%D8%AE-%D9%84%D9%86-%D9%86%D9%85%D8%A7%D8%B1%D9%8A-%D9%81%D9%8A-3/ HTTP/1.1" 403 0 "-" "Mozilla/5.0 (compatible; SemrushBot/7~bl; +http://www.semrush.com/bot.html)"
20.15.133.170 - - [02/Jul/2024:20:26:48 +0200] "GET /nvuxp/u310626.html HTTP/2" 200 41979 "-" "Mozilla/5.0 AppleWebKit/537.36 (KHTML, like Gecko; compatible; bingbot/2.0; +http://www.bing.com/bingbot.htm) Chrome/116.0.1938.76 Safari/537.36"
20.15.133.170 - - [02/Jul/2024:20:26:49 +0200] "GET /vwkkt/s1485044.html HTTP/2" 200 43850 "-" "Mozilla/5.0 AppleWebKit/537.36 (KHTML, like Gecko; compatible; bingbot/2.0; +http://www.bing.com/bingbot.htm) Chrome/116.0.1938.76 Safari/537.36"
135.181.9.38 - - [02/Jul/2024:20:27:26 +0200] "POST /wp-cron.php?doing_wp_cron=1719944846.8832368850708007812500 HTTP/1.1" 200 0 "-" "WordPress/6.5.3; https://www.sudancam.net"
185.191.171.17 - - [02/Jul/2024:20:27:44 +0200] "GET /%D8%B9%D9%86%D8%AF-%D8%A7%D8%B3%D8%AA%D9%84%D8%A7%D9%85-%D8%AD%D9%85%D8%AF%D9%88%D9%83-%D8%A7%D9%84%D8%B3%D9%84%D8%B7%D8%A9-%D9%82%D8%A7%D9%84-%D8%A5%D9%86-%D8%A7%D9%82%D8%AA%D8%B5%D8%A7%D8%AF-%D8%A7/ HTTP/1.1" 403 0 "-" "Mozilla/5.0 (compatible; SemrushBot/7~bl; +http://www.semrush.com/bot.html)"
66.249.70.110 - - [02/Jul/2024:20:28:27 +0200] "GET /tag/%D9%84%D8%B3%D8%A7%D9%86/ HTTP/1.1" 200 41809 "-" "Mozilla/5.0 (Linux; Android 6.0.1; Nexus 5X Build/MMB29P) AppleWebKit/537.36 (KHTML, like Gecko) Chrome/125.0.6422.175 Mobile Safari/537.36 (compatible; Googlebot/2.1; +http://www.google.com/bot.html)"
66.249.64.96 - - [02/Jul/2024:20:29:05 +0200] "GET /ads.txt HTTP/1.1" 200 58 "-" "Google-adstxt"
147.45.78.15 - - [02/Jul/2024:20:30:13 +0200] "POST /74a7c9952328.php HTTP/1.1" 500 9 "-" "curl/7.86.0"
66.249.70.109 - - [02/Jul/2024:20:30:14 +0200] "GET /ynklw/i2926864.html HTTP/1.1" 200 42345 "-" "Mozilla/5.0 (Linux; Android 6.0.1; Nexus 5X Build/MMB29P) AppleWebKit/537.36 (KHTML, like Gecko) Chrome/125.0.6422.175 Mobile Safari/537.36 (compatible; Googlebot/2.1; +http://www.google.com/bot.html)"
85.208.96.208 - - [02/Jul/2024:20:30:46 +0200] "GET /%D8%A7%D9%84%D8%AC%D9%8A%D8%B4-%D9%84%D9%86-%D9%86%D8%AD%D9%85%D9%8A-%D8%AF%D8%B3%D8%AA%D9%88%D8%B1-%D9%88%D8%B6%D8%B9%D9%87-10-%D8%A3%D8%B4%D8%AE%D8%A7%D8%B5-2/ HTTP/1.1" 403 0 "-" "Mozilla/5.0 (compatible; SemrushBot/7~bl; +http://www.semrush.com/bot.html)"
66.249.70.110 - - [02/Jul/2024:20:31:18 +0200] "GET /zzqdr/r2480791.html HTTP/1.1" 200 41522 "-" "Mozilla/5.0 (Linux; Android 6.0.1; Nexus 5X Build/MMB29P) AppleWebKit/537.36 (KHTML, like Gecko) Chrome/125.0.6422.175 Mobile Safari/537.36 (compatible; Googlebot/2.1; +http://www.google.com/bot.html)"
147.45.78.15 - - [02/Jul/2024:20:32:17 +0200] "POST /74a7c9952328.php HTTP/1.1" 500 9 "-" "curl/7.86.0"
85.208.96.198 - - [02/Jul/2024:20:32:47 +0200] "GET /tag/%D8%A8%D8%A5%D9%8A%D9%82%D8%A7%D9%81/page/2/ HTTP/1.1" 403 0 "-" "Mozilla/5.0 (compatible; SemrushBot/7~bl; +http://www.semrush.com/bot.html)"
85.208.96.193 - - [02/Jul/2024:20:25:43 +0200] "GET /%D8%A5%D9%82%D8%AA%D8%B1%D8%A7%D8%A8-%D8%A5%D8%B3%D8%AA%D8%A6%D9%86%D8%A7%D9%81-%D8%A7%D9%84%D8%B1%D8%AD%D9%84%D8%A7%D8%AA-%D8%A7%D9%84%D8%AC%D9%88%D9%8A%D8%A9-%D8%A8%D9%8A%D9%86-%D8%A7%D9%84%D8%B3/ HTTP/1.1" 403 0 "-" "Mozilla/5.0 (compatible; SemrushBot/7~bl; +http://www.semrush.com/bot.html)"
85.208.96.195 - - [02/Jul/2024:20:26:43 +0200] "GET /%D8%B3%D8%B9%D8%B1-%D8%A7%D9%84%D8%B1%D9%8A%D8%A7%D9%84-%D8%A7%D9%84%D8%B3%D8%B9%D9%88%D8%AF%D9%8A-%D9%85%D9%82%D8%A7%D8%A8%D9%84-%D8%A7%D9%84%D8%AC%D9%86%D9%8A%D9%87-%D8%A7%D9%84%D8%B3%D9%88%D8%AF-30/ HTTP/1.1" 403 0 "-" "Mozilla/5.0 (compatible; SemrushBot/7~bl; +http://www.semrush.com/bot.html)"
3.145.174.244 - - [02/Jul/2024:20:27:26 +0200] "GET /wp-json/wp/v2/posts//%22https:////www.alnilin.com//wp-content//uploads//2020//02///u062f/u0648/u0644/u0627/u0631.jpg/%22 HTTP/2" 404 188 "-" "Mozilla/5.0 AppleWebKit/537.36 (KHTML, like Gecko; compatible; ClaudeBot/1.0; +claudebot@anthropic.com)"
135.181.9.38 - - [02/Jul/2024:20:27:27 +0200] "POST /wp-admin/admin-ajax.php?action=async_litespeed&nonce=fa75a626a4&litespeed_type=imgoptm HTTP/1.1" 200 21 "-" "WordPress/6.5.3; https://www.sudancam.net"
66.249.70.109 - - [02/Jul/2024:20:27:50 +0200] "GET /etftj/m1867472.html HTTP/1.1" 200 43001 "-" "Mozilla/5.0 (compatible; Googlebot/2.1; +http://www.google.com/bot.html)"
66.249.70.108 - - [02/Jul/2024:20:29:27 +0200] "GET /duqwn/d66261.html HTTP/1.1" 200 42207 "-" "Mozilla/5.0 (Linux; Android 6.0.1; Nexus 5X Build/MMB29P) AppleWebKit/537.36 (KHTML, like Gecko) Chrome/125.0.6422.175 Mobile Safari/537.36 (compatible; GoogleOther)"
85.208.96.203 - - [02/Jul/2024:20:31:46 +0200] "GET /%D9%8A%D8%A4%D8%AF%D9%8A-%D8%A3%D8%B1%D8%A8%D8%B9-%D8%AA%D8%AC%D8%A7%D8%B1%D8%A8-%D9%88%D8%AF%D9%8A%D8%A9-%D9%85%D9%86%D8%AA%D8%AE%D8%A8%D9%86%D8%A7-%D9%8A%D8%B3%D8%AA%D8%B9%D8%AF-%D9%84%D8%B4%D8%A7/ HTTP/1.1" 403 0 "-" "Mozilla/5.0 (compatible; SemrushBot/7~bl; +http://www.semrush.com/bot.html)"
66.249.79.37 - - [02/Jul/2024:20:25:17 +0200] "GET /cnwru/r174071.html HTTP/1.1" 200 42120 "-" "Mozilla/5.0 (Linux; Android 6.0.1; Nexus 5X Build/MMB29P) AppleWebKit/537.36 (KHTML, like Gecko) Chrome/125.0.6422.175 Mobile Safari/537.36 (compatible; GoogleOther)"
147.45.78.15 - - [02/Jul/2024:20:26:16 +0200] "POST /74a7c9952328.php HTTP/1.1" 500 9 "-" "curl/7.86.0"
66.249.70.110 - - [02/Jul/2024:20:26:42 +0200] "GET /%D9%82%D9%88%D8%A7%D8%AA-%D8%A7%D9%84%D8%AF%D8%B9%D9%85-%D8%A7%D9%84%D8%B3%D8%B1%D9%8A%D8%B9-%D8%AA%D9%82%D8%AA%D9%84-%D9%88%D8%AA%D8%AE%D8%AA%D8%B7%D9%81-%D9%83%D9%88%D8%A7%D8%AF%D8%B1-%D8%B7%D8%A8/ HTTP/1.1" 200 42699 "-" "Mozilla/5.0 (Linux; Android 6.0.1; Nexus 5X Build/MMB29P) AppleWebKit/537.36 (KHTML, like Gecko) Chrome/125.0.6422.175 Mobile Safari/537.36 (compatible; Googlebot/2.1; +http://www.google.com/bot.html)"
66.249.70.109 - - [02/Jul/2024:20:27:23 +0200] "GET /cjldd/u594754.html HTTP/1.1" 200 41722 "-" "Mozilla/5.0 (Linux; Android 6.0.1; Nexus 5X Build/MMB29P) AppleWebKit/537.36 (KHTML, like Gecko) Chrome/125.0.6422.175 Mobile Safari/537.36 (compatible; GoogleOther)"
147.45.78.15 - - [02/Jul/2024:20:28:18 +0200] "POST /74a7c9952328.php HTTP/1.1" 500 9 "-" "curl/7.86.0"
66.249.70.108 - - [02/Jul/2024:20:28:28 +0200] "GET /%D8%A5%D8%B9%D9%84%D8%A7%D9%86-%D9%85%D9%87%D9%85-%D9%85%D9%86-%D8%A7%D9%84%D9%85%D8%B1%D9%88%D8%B1-%D8%A8%D8%B4%D8%A3%D9%86-%D8%A7%D9%84%D8%B1%D9%83%D8%B4%D8%A7%D8%AA-%D9%88%D8%A7%D9%84%D8%AA%D9%83/ HTTP/1.1" 200 42215 "-" "Mozilla/5.0 (Linux; Android 6.0.1; Nexus 5X Build/MMB29P) AppleWebKit/537.36 (KHTML, like Gecko) Chrome/125.0.6422.175 Mobile Safari/537.36 (compatible; Googlebot/2.1; +http://www.google.com/bot.html)"
216.244.66.232 - - [02/Jul/2024:20:28:40 +0200] "GET /robots.txt HTTP/1.1" 200 1741 "-" "Mozilla/5.0 (compatible; DotBot/1.2; +https://opensiteexplorer.org/dotbot; help@moz.com)"
185.191.171.12 - - [02/Jul/2024:20:28:44 +0200] "GET /tag/%D8%AA%D8%AA%D8%AD%D9%82/ HTTP/1.1" 403 0 "-" "Mozilla/5.0 (compatible; SemrushBot/7~bl; +http://www.semrush.com/bot.html)"
85.208.96.201 - - [02/Jul/2024:20:29:45 +0200] "GET /%D8%A7%D9%84%D8%A7%D8%B3%D8%AA%D8%AE%D8%A8%D8%A7%D8%B1%D8%A7%D8%AA-%D8%A7%D9%84%D8%A3%D9%85%D9%8A%D8%B1%D9%83%D9%8A%D8%A9-%D8%B1%D8%A6%D9%8A%D8%B3-%D8%A7%D9%84%D8%B5%D9%8A%D9%86-%D8%A3%D9%85%D8%B1/ HTTP/1.1" 403 0 "-" "Mozilla/5.0 (compatible; SemrushBot/7~bl; +http://www.semrush.com/bot.html)"
66.249.70.108 - - [02/Jul/2024:20:30:14 +0200] "GET /hjdby/a2342480.html HTTP/1.1" 200 41334 "-" "Mozilla/5.0 (Linux; Android 6.0.1; Nexus 5X Build/MMB29P) AppleWebKit/537.36 (KHTML, like Gecko) Chrome/125.0.6422.175 Mobile Safari/537.36 (compatible; Googlebot/2.1; +http://www.google.com/bot.html)"
66.249.70.108 - - [02/Jul/2024:20:33:44 +0200] "GET /hdgvg/k485882.html HTTP/1.1" 200 41461 "-" "Mozilla/5.0 (Linux; Android 6.0.1; Nexus 5X Build/MMB29P) AppleWebKit/537.36 (KHTML, like Gecko) Chrome/125.0.6422.175 Mobile Safari/537.36 (compatible; Googlebot/2.1; +http://www.google.com/bot.html)"
185.191.171.6 - - [02/Jul/2024:20:33:48 +0200] "GET /%D9%84%D9%85%D8%B3%D8%A9-%D8%A7%D9%84%D8%B4%D8%A8%D8%AD-%D9%86%D9%82%D8%B1%D8%A7%D8%AA-%D9%85%D8%B1%D8%B9%D8%A8%D8%A9-%D8%AA%D9%87%D8%AF%D8%AF-%D8%A8%D8%A7%D8%AE%D8%AA%D8%B1%D8%A7%D9%82-%D8%A3/ HTTP/1.1" 403 0 "-" "Mozilla/5.0 (compatible; SemrushBot/7~bl; +http://www.semrush.com/bot.html)"
147.45.78.15 - - [02/Jul/2024:20:36:12 +0200] "POST /74a7c9952328.php HTTP/1.1" 500 9 "-" "curl/7.86.0"
52.167.144.230 - - [02/Jul/2024:20:36:15 +0200] "GET /noeow/x1888543.html HTTP/2" 200 42070 "-" "Mozilla/5.0 AppleWebKit/537.36 (KHTML, like Gecko; compatible; bingbot/2.0; +http://www.bing.com/bingbot.htm) Chrome/116.0.1938.76 Safari/537.36"
135.181.9.38 - - [02/Jul/2024:20:37:12 +0200] "POST /wp-admin/admin-ajax.php?action=async_litespeed&nonce=fa75a626a4&litespeed_type=imgoptm HTTP/1.1" 200 21 "-" "WordPress/6.5.3; https://www.sudancam.net"
216.244.66.232 - - [02/Jul/2024:20:37:52 +0200] "GET /tag/%D8%A8%D8%B4%D8%B1%D9%82/ HTTP/1.1" 200 173963 "-" "Mozilla/5.0 (compatible; DotBot/1.2; +https://opensiteexplorer.org/dotbot; help@moz.com)"
147.45.78.15 - - [02/Jul/2024:20:38:15 +0200] "POST /74a7c9952328.php HTTP/1.1" 500 9 "-" "curl/7.86.0"
135.181.9.38 - - [02/Jul/2024:20:39:42 +0200] "POST /wp-cron.php?doing_wp_cron=1719945582.3843319416046142578125 HTTP/1.1" 200 0 "-" "WordPress/6.5.3; https://www.sudancam.net"
52.167.144.230 - - [02/Jul/2024:20:39:45 +0200] "GET /emszv/z1323305.html HTTP/2" 200 42194 "-" "Mozilla/5.0 AppleWebKit/537.36 (KHTML, like Gecko; compatible; bingbot/2.0; +http://www.bing.com/bingbot.htm) Chrome/116.0.1938.76 Safari/537.36"
66.249.70.109 - - [02/Jul/2024:20:40:07 +0200] "GET /etftj/m1867472.html HTTP/1.1" 200 43003 "-" "Mozilla/5.0 (Linux; Android 6.0.1; Nexus 5X Build/MMB29P) AppleWebKit/537.36 (KHTML, like Gecko) Chrome/125.0.6422.175 Mobile Safari/537.36 (compatible; Googlebot/2.1; +http://www.google.com/bot.html)"
52.167.144.204 - - [02/Jul/2024:20:40:25 +0200] "GET /wrxts/e3059720.html HTTP/2" 200 41429 "-" "Mozilla/5.0 AppleWebKit/537.36 (KHTML, like Gecko; compatible; bingbot/2.0; +http://www.bing.com/bingbot.htm) Chrome/116.0.1938.76 Safari/537.36"
85.208.96.210 - - [02/Jul/2024:20:41:52 +0200] "GET /tag/%D8%A7%D9%84%D9%85%D8%AA%D9%87%D9%88%D8%B1/ HTTP/1.1" 403 0 "-" "Mozilla/5.0 (compatible; SemrushBot/7~bl; +http://www.semrush.com/bot.html)"
147.45.78.15 - - [02/Jul/2024:20:42:15 +0200] "POST /74a7c9952328.php HTTP/1.1" 500 9 "-" "curl/7.86.0"
185.191.171.1 - - [02/Jul/2024:20:36:49 +0200] "GET /%D8%AA%D9%83%D8%AB%D9%8A%D9%81-%D8%A3%D8%B9%D9%85%D8%A7%D9%84-%D8%A7%D9%84%D8%AA%D8%A3%D9%87%D9%8A%D9%84-%D9%88%D8%A7%D9%84%D8%B5%D9%8A%D8%A7%D9%86%D9%87-%D9%84%D9%84%D8%B7%D8%B1%D9%82-%D8%A8%D9%88/ HTTP/1.1" 403 0 "-" "Mozilla/5.0 (compatible; SemrushBot/7~bl; +http://www.semrush.com/bot.html)"
216.244.66.232 - - [02/Jul/2024:20:37:11 +0200] "GET /%D8%B4%D8%A7%D9%87%D8%AF-%D8%A8%D8%A7%D9%84%D9%81%D9%8A%D8%AF%D9%8A%D9%88-%D9%86%D8%A7%D8%B4%D8%B7%D8%A9-%D8%B3%D9%88%D8%AF%D8%A7%D9%86%D9%8A%D8%A9-%D8%AA%D8%AD%D8%B0%D8%B1-%D8%A7%D9%84%D9%81%D8%AA/ HTTP/1.1" 200 186204 "-" "Mozilla/5.0 (compatible; DotBot/1.2; +https://opensiteexplorer.org/dotbot; help@moz.com)"
66.249.70.109 - - [02/Jul/2024:20:37:41 +0200] "GET /qshid/u2914110.html HTTP/1.1" 200 41741 "-" "Mozilla/5.0 (Linux; Android 6.0.1; Nexus 5X Build/MMB29P) AppleWebKit/537.36 (KHTML, like Gecko) Chrome/125.0.6422.175 Mobile Safari/537.36 (compatible; GoogleOther)"
85.208.96.200 - - [02/Jul/2024:20:38:50 +0200] "GET /%D8%A7%D9%84%D9%88%D8%AF%D8%A7%D8%AF-%D9%8A%D9%87%D8%B2%D9%85-%D8%A7%D9%84%D8%A3%D9%87%D9%84%D9%8A-%D9%88%D9%8A%D8%AA%D9%88%D8%AC-%D8%A8%D9%84%D9%82%D8%A8-%D8%AF%D9%88%D8%B1%D9%8A-%D8%A3%D8%A8%D8%B7/ HTTP/1.1" 403 0 "-" "Mozilla/5.0 (compatible; SemrushBot/7~bl; +http://www.semrush.com/bot.html)"
216.244.66.232 - - [02/Jul/2024:20:39:41 +0200] "GET /tag/%D8%A7%D9%84%D9%85%D8%AC%D9%85%D9%88%D8%B9%D8%A9/ HTTP/1.1" 200 130306 "-" "Mozilla/5.0 (compatible; DotBot/1.2; +https://opensiteexplorer.org/dotbot; help@moz.com)"
85.208.96.202 - - [02/Jul/2024:20:39:51 +0200] "GET /%D8%B4%D8%A7%D9%87%D8%AF-%D8%A8%D8%A7%D9%84%D9%81%D9%8A%D8%AF%D9%8A%D9%88-%D9%84%D8%AD%D8%B8%D8%A9-%D8%B3%D9%82%D9%88%D8%B7-%D8%A7%D9%84%D9%81%D8%B1%D8%B3-%D9%88%D8%A7%D9%84%D8%AE%D9%8A%D8%A7%D9%84/ HTTP/1.1" 403 0 "-" "Mozilla/5.0 (compatible; SemrushBot/7~bl; +http://www.semrush.com/bot.html)"
147.45.78.15 - - [02/Jul/2024:20:40:17 +0200] "POST /74a7c9952328.php HTTP/1.1" 500 9 "-" "curl/7.86.0"
192.0.116.241 - - [02/Jul/2024:20:40:23 +0200] "GET /wp-content/uploads/2023/02/10409507_1031593586869457_8107451699190430659_n.jpg HTTP/1.1" 200 38702 "-" "Photon/1.0"
52.167.144.204 - - [02/Jul/2024:20:40:45 +0200] "GET /lflda/v742019.html HTTP/2" 200 41758 "-" "Mozilla/5.0 AppleWebKit/537.36 (KHTML, like Gecko; compatible; bingbot/2.0; +http://www.bing.com/bingbot.htm) Chrome/116.0.1938.76 Safari/537.36"
66.249.70.108 - - [02/Jul/2024:20:33:35 +0200] "GET /hauky/q625222.html HTTP/1.1" 200 41595 "-" "Mozilla/5.0 (Linux; Android 6.0.1; Nexus 5X Build/MMB29P) AppleWebKit/537.36 (KHTML, like Gecko) Chrome/125.0.6422.175 Mobile Safari/537.36 (compatible; GoogleOther)"
147.45.78.15 - - [02/Jul/2024:20:34:12 +0200] "POST /74a7c9952328.php HTTP/1.1" 500 9 "-" "curl/7.86.0"
85.208.96.204 - - [02/Jul/2024:20:34:48 +0200] "GET /%D8%A7%D9%84%D8%A3%D9%85%D9%85-%D8%A7%D9%84%D9%85%D8%AA%D8%AD%D8%AF%D8%A9-%D9%86%D8%AC%D8%A7%D8%AD-%D8%A7%D9%84%D9%85%D8%A8%D8%A7%D8%AF%D8%B1%D8%A7%D8%AA-%D8%A8%D8%A7%D9%84%D8%B3%D9%88%D8%AF%D8%A7/ HTTP/1.1" 403 0 "-" "Mozilla/5.0 (compatible; SemrushBot/7~bl; +http://www.semrush.com/bot.html)"
66.249.70.108 - - [02/Jul/2024:20:35:39 +0200] "GET /rvyfw/b2141683.html HTTP/1.1" 200 42264 "-" "Mozilla/5.0 (Linux; Android 6.0.1; Nexus 5X Build/MMB29P) AppleWebKit/537.36 (KHTML, like Gecko) Chrome/125.0.6422.175 Mobile Safari/537.36 (compatible; GoogleOther)"
85.208.96.193 - - [02/Jul/2024:20:35:49 +0200] "GET /tag/%D9%88%D8%BA%D8%A7%D9%8A%D8%AA%D9%87%D9%85/ HTTP/1.1" 403 0 "-" "Mozilla/5.0 (compatible; SemrushBot/7~bl; +http://www.semrush.com/bot.html)"
135.181.9.38 - - [02/Jul/2024:20:37:12 +0200] "POST /wp-cron.php?doing_wp_cron=1719945432.4570078849792480468750 HTTP/1.1" 200 0 "-" "WordPress/6.5.3; https://www.sudancam.net"
52.167.144.230 - - [02/Jul/2024:20:37:32 +0200] "GET /unbfx/o971254.html HTTP/2" 200 41332 "-" "Mozilla/5.0 AppleWebKit/537.36 (KHTML, like Gecko; compatible; bingbot/2.0; +http://www.bing.com/bingbot.htm) Chrome/116.0.1938.76 Safari/537.36"
85.208.96.212 - - [02/Jul/2024:20:37:50 +0200] "GET /%D8%A7%D9%84%D8%A3%D9%87%D9%84%D9%8A-%D8%A8%D8%B7%D9%84%D8%A7-%D9%84%D9%83%D8%A3%D8%B3-%D8%A7%D9%84%D8%B3%D9%88%D8%AF%D8%A7%D9%86-%D8%A7%D9%84%D9%85%D8%AD%D9%84%D9%8A-%D8%A8%D8%A8%D8%A7%D8%A8%D9%86/ HTTP/1.1" 403 0 "-" "Mozilla/5.0 (compatible; SemrushBot/7~bl; +http://www.semrush.com/bot.html)"
66.102.9.76 - - [02/Jul/2024:20:38:07 +0200] "HEAD /feed/ HTTP/1.1" 200 0 "-" "FeedBurner/1.0 (http://www.FeedBurner.com)"
135.181.9.38 - - [02/Jul/2024:20:39:42 +0200] "POST /wp-admin/admin-ajax.php?action=async_litespeed&nonce=fa75a626a4&litespeed_type=imgoptm HTTP/1.1" 200 21 "-" "WordPress/6.5.3; https://www.sudancam.net"
18.117.11.84 - - [02/Jul/2024:20:39:55 +0200] "GET /wp-json/wp/v2/posts//%22https:////www.alnilin.com//wp-content//uploads//2021//10///u062c/u0627/u0645/u0639/u0629-/u0627/u0644/u062e/u0631/u0637/u0648/u0645-780x470.jpg/%22 HTTP/2" 404 188 "-" "Mozilla/5.0 AppleWebKit/537.36 (KHTML, like Gecko; compatible; ClaudeBot/1.0; +claudebot@anthropic.com)"
185.191.171.9 - - [02/Jul/2024:20:40:52 +0200] "GET /tag/%D9%88%D8%A7%D8%B1%D8%AA%D9%8A%D8%A7%D8%AD/ HTTP/1.1" 403 0 "-" "Mozilla/5.0 (compatible; SemrushBot/7~bl; +http://www.semrush.com/bot.html)"
135.181.9.38 - - [02/Jul/2024:20:42:16 +0200] "POST /wp-cron.php?doing_wp_cron=1719945736.4247179031372070312500 HTTP/1.1" 200 0 "-" "WordPress/6.5.3; https://www.sudancam.net"
3.133.135.174 - - [02/Jul/2024:20:42:15 +0200] "GET /wp-json/wp/v2/posts//%22https:////koorasudan.net//wp-content//uploads//2020//08///u0634/u0639/u0627/u0631-/u0627/u0644/u0634/u0631/u0637/u0629-/u0627/u0644/u0642/u0636/u0627/u0631/u0641.png/%22 HTTP/2" 404 188 "-" "Mozilla/5.0 AppleWebKit/537.36 (KHTML, like Gecko; compatible; ClaudeBot/1.0; +claudebot@anthropic.com)"
135.181.9.38 - - [02/Jul/2024:20:42:17 +0200] "POST /wp-admin/admin-ajax.php?action=async_litespeed&nonce=fa75a626a4&litespeed_type=imgoptm HTTP/1.1" 200 21 "-" "WordPress/6.5.3; https://www.sudancam.net"
85.208.96.211 - - [02/Jul/2024:20:42:53 +0200] "GET /%D8%A8%D9%8A%D8%A7%D9%86-%D9%85%D9%87%D9%85-%D9%85%D9%86-%D8%B4%D9%8A%D8%AE-%D8%A7%D9%84%D8%A3%D9%85%D9%8A%D9%86-%D8%A8%D8%B9%D8%AF-%D8%B2%D9%8A%D8%A7%D8%B1%D8%A9-%D8%A7%D9%84%D8%AF%D8%B9%D9%85-%D8%A7/ HTTP/1.1" 403 0 "-" "Mozilla/5.0 (compatible; SemrushBot/7~bl; +http://www.semrush.com/bot.html)"
66.249.70.109 - - [02/Jul/2024:20:43:56 +0200] "GET /degvp/m667754.html HTTP/1.1" 200 41450 "-" "Mozilla/5.0 (Linux; Android 6.0.1; Nexus 5X Build/MMB29P) AppleWebKit/537.36 (KHTML, like Gecko) Chrome/125.0.6422.175 Mobile Safari/537.36 (compatible; GoogleOther)"
147.45.78.15 - - [02/Jul/2024:20:44:13 +0200] "POST /74a7c9952328.php HTTP/1.1" 500 9 "-" "curl/7.86.0"
135.181.9.38 - - [02/Jul/2024:20:44:38 +0200] "POST /wp-cron.php?doing_wp_cron=1719945878.5849668979644775390625 HTTP/1.1" 200 0 "-" "WordPress/6.5.3; https://www.sudancam.net"
216.244.66.232 - - [02/Jul/2024:20:44:38 +0200] "GET /tag/%D8%A7%D9%84%D8%AB%D9%84%D8%A7%D8%AB%D8%A7%D8%A1/page/3/ HTTP/1.1" 200 130133 "-" "Mozilla/5.0 (compatible; DotBot/1.2; +https://opensiteexplorer.org/dotbot; help@moz.com)"
3.135.183.82 - - [02/Jul/2024:20:45:32 +0200] "GET /wp-json/wp/v2/posts//%22https:////www.alnilin.com//wp-content//uploads//2015//05///u0627/u0644/u0647/u0644/u0627/u0644-/u0627/u0644/u0633/u0639/u0648/u062f/u064a.jpg/%22/ HTTP/2" 404 188 "-" "Mozilla/5.0 AppleWebKit/537.36 (KHTML, like Gecko; compatible; ClaudeBot/1.0; +claudebot@anthropic.com)"
185.170.167.18 - - [02/Jul/2024:20:45:35 +0200] "GET /%D8%B4%D8%A7%D9%87%D8%AF-%D8%A8%D8%A7%D9%84%D9%81%D9%8A%D8%AF%D9%8A%D9%88-%D8%A7%D9%84%D9%83%D9%88%D9%85%D9%8A%D8%AF%D9%8A%D8%A7%D9%86-%D8%A7%D9%84%D8%B3%D9%88%D8%AF%D8%A7%D9%86%D9%8A-%D9%85%D8%AD/ HTTP/1.1" 200 31187 "-" "BacklinksExtendedBot"
66.249.70.109 - - [02/Jul/2024:20:45:56 +0200] "GET /jxhzp/b543931.html HTTP/1.1" 200 41727 "-" "Mozilla/5.0 (Linux; Android 6.0.1; Nexus 5X Build/MMB29P) AppleWebKit/537.36 (KHTML, like Gecko) Chrome/125.0.6422.175 Mobile Safari/537.36 (compatible; GoogleOther)"
18.191.165.125 - - [02/Jul/2024:20:46:40 +0200] "GET /wp-json/wp/v2/posts//%22https:////www.alnilin.com//wp-content//uploads//2020//04///u0645/u062d/u0645/u062f-/u0627/u0644/u0641/u0643/u064a.jpeg/%22 HTTP/2" 404 188 "-" "Mozilla/5.0 AppleWebKit/537.36 (KHTML, like Gecko; compatible; ClaudeBot/1.0; +claudebot@anthropic.com)"
192.0.118.178 - - [02/Jul/2024:20:47:51 +0200] "GET /wp-content/uploads/2023/03/%D8%B9-%D8%A7%D9%84%D9%88%D8%A7%D8%AD%D8%AF.jpg HTTP/1.1" 200 64048 "-" "Photon/1.0"
185.191.171.1 - - [02/Jul/2024:20:47:56 +0200] "GET /%D8%AA%D8%AD%D8%B0%D9%8A%D8%B1%D8%A7%D8%AA-%D9%85%D9%86-%D9%8A%D9%88%D9%86%D9%8A%D8%B3%D9%81-%D8%A8%D8%B4%D8%A3%D9%86-12-%D9%85%D9%84%D9%8A%D9%88%D9%86-%D8%B7%D9%81%D9%84-%D8%B3%D9%88%D8%AF%D8%A7/ HTTP/1.1" 403 0 "-" "Mozilla/5.0 (compatible; SemrushBot/7~bl; +http://www.semrush.com/bot.html)"
147.45.78.15 - - [02/Jul/2024:20:48:12 +0200] "POST /74a7c9952328.php HTTP/1.1" 500 9 "-" "curl/7.86.0"
135.181.9.38 - - [02/Jul/2024:20:48:12 +0200] "POST /wp-cron.php?doing_wp_cron=1719946092.6828639507293701171875 HTTP/1.1" 200 0 "-" "WordPress/6.5.3; https://www.sudancam.net"
18.220.76.243 - - [02/Jul/2024:20:48:12 +0200] "GET /wp-json/wp/v2/posts//%22https:////www.alnilin.com//wp-content//uploads//2017//09//mn4273_750_424_12201493105.jpg/%22 HTTP/2" 404 188 "-" "Mozilla/5.0 AppleWebKit/537.36 (KHTML, like Gecko; compatible; ClaudeBot/1.0; +claudebot@anthropic.com)"
52.167.144.230 - - [02/Jul/2024:20:48:25 +0200] "GET /prjlu/h2444979.html HTTP/2" 200 41695 "-" "Mozilla/5.0 AppleWebKit/537.36 (KHTML, like Gecko; compatible; bingbot/2.0; +http://www.bing.com/bingbot.htm) Chrome/116.0.1938.76 Safari/537.36"
85.208.96.202 - - [02/Jul/2024:20:48:56 +0200] "GET /%D8%A2%D9%81%D8%A7%D9%82-%D8%A7%D9%84%D8%AA%D8%B7%D8%A8%D9%8A%D8%B9-%D8%A8%D9%8A%D9%86-%D8%A7%D9%84%D8%B3%D9%88%D8%AF%D8%A7%D9%86-%D9%88%D8%A5%D8%B3%D8%B1%D8%A7%D8%A6%D9%8A%D9%84-%D9%85%D8%A7%D8%B0/ HTTP/1.1" 403 0 "-" "Mozilla/5.0 (compatible; SemrushBot/7~bl; +http://www.semrush.com/bot.html)"
85.208.96.199 - - [02/Jul/2024:20:49:57 +0200] "GET /tag/%D9%84%D9%83%D9%8A%D9%84%D8%A7/ HTTP/1.1" 403 0 "-" "Mozilla/5.0 (compatible; SemrushBot/7~bl; +http://www.semrush.com/bot.html)"
85.208.96.205 - - [02/Jul/2024:20:43:53 +0200] "GET /%D8%A3%D9%88%D9%8A%D8%B1-%D9%85%D8%A7%D8%A8%D9%8A%D9%84-%D9%85%D9%86-%D8%B7%D9%81%D9%84-%D9%84%D8%A7%D8%AC%D8%A6-%D8%A5%D9%84%D9%89-%D8%A3%D8%AD%D8%AF-%D8%A3%D8%B9%D9%85%D8%AF%D8%A9-%D8%A7%D9%84/ HTTP/1.1" 403 0 "-" "Mozilla/5.0 (compatible; SemrushBot/7~bl; +http://www.semrush.com/bot.html)"
135.181.9.38 - - [02/Jul/2024:20:44:39 +0200] "POST /wp-admin/admin-ajax.php?action=async_litespeed&nonce=fa75a626a4&litespeed_type=imgoptm HTTP/1.1" 200 21 "-" "WordPress/6.5.3; https://www.sudancam.net"
66.249.70.109 - - [02/Jul/2024:20:46:34 +0200] "GET /oipdf/b1950817.html HTTP/1.1" 200 41672 "-" "Mozilla/5.0 (Linux; Android 6.0.1; Nexus 5X Build/MMB29P) AppleWebKit/537.36 (KHTML, like Gecko) Chrome/125.0.6422.175 Mobile Safari/537.36 (compatible; GoogleOther)"
66.249.70.110 - - [02/Jul/2024:20:48:03 +0200] "GET /eaiay/r2873495.html HTTP/1.1" 200 42784 "-" "Mozilla/5.0 (Linux; Android 6.0.1; Nexus 5X Build/MMB29P) AppleWebKit/537.36 (KHTML, like Gecko) Chrome/125.0.6422.175 Mobile Safari/537.36 (compatible; GoogleOther)"
147.45.78.15 - - [02/Jul/2024:20:50:17 +0200] "POST /74a7c9952328.php HTTP/1.1" 500 9 "-" "curl/7.86.0"
20.15.133.185 - - [02/Jul/2024:20:51:20 +0200] "GET /oedcx/v2336729.html HTTP/2" 200 41324 "-" "Mozilla/5.0 AppleWebKit/537.36 (KHTML, like Gecko; compatible; bingbot/2.0; +http://www.bing.com/bingbot.htm) Chrome/116.0.1938.76 Safari/537.36"
66.249.70.110 - - [02/Jul/2024:20:50:07 +0200] "GET /zxnjz/e72736.html HTTP/1.1" 200 41803 "-" "Mozilla/5.0 (Linux; Android 6.0.1; Nexus 5X Build/MMB29P) AppleWebKit/537.36 (KHTML, like Gecko) Chrome/125.0.6422.175 Mobile Safari/537.36 (compatible; GoogleOther)"
52.167.144.230 - - [02/Jul/2024:20:50:27 +0200] "GET /zjtfj/d931203.html HTTP/2" 200 44390 "-" "Mozilla/5.0 AppleWebKit/537.36 (KHTML, like Gecko; compatible; bingbot/2.0; +http://www.bing.com/bingbot.htm) Chrome/116.0.1938.76 Safari/537.36"
185.191.171.14 - - [02/Jul/2024:20:44:54 +0200] "GET /un6xee/teen-girl-tight-tshirt.html HTTP/1.1" 403 0 "-" "Mozilla/5.0 (compatible; SemrushBot/7~bl; +http://www.semrush.com/bot.html)"
85.208.96.195 - - [02/Jul/2024:20:45:54 +0200] "GET /quran/translate-ko-21.html HTTP/1.1" 403 0 "-" "Mozilla/5.0 (compatible; SemrushBot/7~bl; +http://www.semrush.com/bot.html)"
147.45.78.15 - - [02/Jul/2024:20:46:12 +0200] "POST /74a7c9952328.php HTTP/1.1" 500 9 "-" "curl/7.86.0"
135.181.9.38 - - [02/Jul/2024:20:46:41 +0200] "POST /wp-cron.php?doing_wp_cron=1719946001.1259689331054687500000 HTTP/1.1" 200 0 "-" "WordPress/6.5.3; https://www.sudancam.net"
135.181.9.38 - - [02/Jul/2024:20:46:41 +0200] "POST /wp-admin/admin-ajax.php?action=async_litespeed&nonce=fa75a626a4&litespeed_type=imgoptm HTTP/1.1" 200 21 "-" "WordPress/6.5.3; https://www.sudancam.net"
85.208.96.193 - - [02/Jul/2024:20:46:55 +0200] "GET /%D9%83%D8%A7%D8%AA%D8%A8-%D8%B3%D9%88%D8%AF%D8%A7%D9%86%D9%8A-%D9%82%D8%A8%D9%84-%D8%B9%D8%A7%D9%85%D9%8A%D9%86-%D9%8A%D9%83%D8%B4%D9%81-%D9%86%D9%88%D8%A7%D9%8A%D8%A7-%D8%AD%D9%85%D9%8A%D8%AF%D8%AA/ HTTP/1.1" 403 0 "-" "Mozilla/5.0 (compatible; SemrushBot/7~bl; +http://www.semrush.com/bot.html)"
135.181.9.38 - - [02/Jul/2024:20:48:13 +0200] "POST /wp-admin/admin-ajax.php?action=async_litespeed&nonce=fa75a626a4&litespeed_type=imgoptm HTTP/1.1" 200 21 "-" "WordPress/6.5.3; https://www.sudancam.net"
85.208.96.202 - - [02/Jul/2024:20:50:57 +0200] "GET /%D9%88%D8%A7%D8%A6%D9%84-%D8%BA%D9%86%D9%8A%D9%85-%D9%85%D8%B1%D8%AA-%D8%B9%D9%84%D9%8A-%D8%B9%D8%B4%D8%B1-%D8%B3%D9%86%D9%88%D8%A7%D8%AA-%D9%85%D9%86-%D8%A7%D9%84%D8%AA%D9%8A%D9%87-%D9%88%D8%A7/ HTTP/1.1" 403 0 "-" "Mozilla/5.0 (compatible; SemrushBot/7~bl; +http://www.semrush.com/bot.html)"
40.77.167.14 - - [02/Jul/2024:20:51:36 +0200] "GET /simhi/v3049103.html HTTP/2" 200 43040 "-" "Mozilla/5.0 AppleWebKit/537.36 (KHTML, like Gecko; compatible; bingbot/2.0; +http://www.bing.com/bingbot.htm) Chrome/116.0.1938.76 Safari/537.36"
135.181.9.38 - - [02/Jul/2024:20:52:03 +0200] "POST /wp-cron.php?doing_wp_cron=1719946323.8069469928741455078125 HTTP/1.1" 200 0 "-" "WordPress/6.5.3; https://www.sudancam.net"
66.249.83.69 - - [02/Jul/2024:20:52:04 +0200] "HEAD /%D8%AD%D8%B1%D8%A8-%D8%A7%D9%84%D8%B3%D9%88%D8%AF%D8%A7%D9%86-%D8%AB%D9%85-%D9%85%D8%A7%D8%B0%D8%A7-%D8%A8%D8%B9%D8%AF-%D8%B3%D9%86%D8%AC%D8%A9/ HTTP/1.1" 200 0 "-" "FeedBurner/1.0 (http://www.FeedBurner.com)"
66.249.83.69 - - [02/Jul/2024:20:52:04 +0200] "HEAD /%D8%A7%D9%84%D8%A8%D8%B1%D8%AA%D8%BA%D8%A7%D9%84-%D8%AA%D8%AA%D8%A3%D9%87%D9%84-%D8%A5%D9%84%D9%89-%D8%B1%D8%A8%D8%B9-%D8%A7%D9%84%D9%86%D9%87%D8%A7%D8%A6%D9%8A-%D8%A8%D8%B9%D8%AF-%D8%A7%D9%86%D8%AA/ HTTP/1.1" 200 0 "-" "FeedBurner/1.0 (http://www.FeedBurner.com)"
66.249.83.69 - - [02/Jul/2024:20:52:04 +0200] "HEAD /%D8%A7%D8%B1%D8%AA%D9%81%D8%A7%D8%B9-%D8%A7%D9%84%D8%A7%D8%B5%D8%A7%D8%A8%D8%A7%D8%AA-%D8%A8%D8%AD%D9%85%D9%89-%D8%A7%D9%84%D8%B6%D9%86%D9%83-%D9%81%D9%8A-%D8%A7%D9%84%D8%AE%D8%B1%D8%B7%D9%88%D9%85/ HTTP/1.1" 200 0 "-" "FeedBurner/1.0 (http://www.FeedBurner.com)"
66.249.83.66 - - [02/Jul/2024:20:52:04 +0200] "HEAD /%D8%A7%D9%84%D8%A3%D9%88%D8%B1%D9%88%D8%BA%D9%88%D8%A7%D9%8A-%D8%AA%D9%82%D8%B5%D9%8A-%D8%A7%D9%84%D9%88%D9%84%D8%A7%D9%8A%D8%A7%D8%AA-%D8%A7%D9%84%D9%85%D8%AA%D8%AD%D8%AF%D8%A9-%D9%88%D8%AA%D8%AA/ HTTP/1.1" 200 0 "-" "FeedBurner/1.0 (http://www.FeedBurner.com)"
66.249.83.66 - - [02/Jul/2024:20:52:04 +0200] "HEAD /%D8%A7%D9%84%D8%AE%D8%A7%D8%B1%D8%AC%D9%8A%D8%A9-%D8%A7%D9%84%D8%AF%D8%B9%D9%85-%D8%A7%D9%84%D8%B3%D8%B1%D9%8A%D8%B9-%D8%A7%D8%B1%D8%AA%D9%83%D8%A8%D8%AA-%D9%85%D8%AC%D8%B2%D8%B1%D8%A9-%D8%A8%D8%AD/ HTTP/1.1" 200 0 "-" "FeedBurner/1.0 (http://www.FeedBurner.com)"
66.249.83.67 - - [02/Jul/2024:20:52:04 +0200] "HEAD /%D8%AA%D9%86%D8%B3%D9%8A%D9%82%D9%8A%D8%A9-%D8%AA%D9%82%D8%AF%D9%85-%D8%AA%D9%82%D8%B1%D8%B1-%D8%A7%D9%84%D9%85%D8%B4%D8%A7%D8%B1%D9%83%D8%A9-%D9%81%D9%8A-%D9%85%D8%A4%D8%AA%D9%85%D8%B1/ HTTP/1.1" 200 0 "-" "FeedBurner/1.0 (http://www.FeedBurner.com)"
66.249.83.66 - - [02/Jul/2024:20:52:04 +0200] "HEAD /%D8%A7%D9%84%D8%A3%D9%85%D9%85-%D8%A7%D9%84%D9%85%D8%AA%D8%AD%D8%AF%D8%A9-%D8%B9%D8%B1%D8%A7%D9%82%D9%8A%D9%84-%D8%A8%D9%8A%D8%B1%D9%88%D9%82%D8%B1%D8%A7%D8%B7%D9%8A%D8%A9-%D8%AA%D8%B6%D8%B9%D9%87/ HTTP/1.1" 200 0 "-" "FeedBurner/1.0 (http://www.FeedBurner.com)"
66.249.70.109 - - [02/Jul/2024:20:52:15 +0200] "GET /uluic/d2829879.html HTTP/1.1" 200 41625 "-" "Mozilla/5.0 (Linux; Android 6.0.1; Nexus 5X Build/MMB29P) AppleWebKit/537.36 (KHTML, like Gecko) Chrome/125.0.6422.175 Mobile Safari/537.36 (compatible; GoogleOther)"
147.45.78.15 - - [02/Jul/2024:20:52:16 +0200] "POST /74a7c9952328.php HTTP/1.1" 500 9 "-" "curl/7.86.0"
66.249.70.108 - - [02/Jul/2024:20:52:24 +0200] "GET /tag/%D8%AA%D8%AE%D8%B1%D9%8A%D8%AC/ HTTP/1.1" 200 42568 "-" "Mozilla/5.0 (Linux; Android 6.0.1; Nexus 5X Build/MMB29P) AppleWebKit/537.36 (KHTML, like Gecko) Chrome/125.0.6422.175 Mobile Safari/537.36 (compatible; GoogleOther)"
34.31.115.187 - - [02/Jul/2024:20:53:05 +0200] "GET /wp-content/themes/jannah/assets/css/base.min.css HTTP/1.1" 200 41904 "-" "Mozilla/5.0 (Windows NT 6.1; WOW64; Trident/7.0; rv:11.0) like Gecko"
35.225.82.182 - - [02/Jul/2024:20:53:05 +0200] "GET /wp-includes/css/dist/block-library/style-rtl.min.css HTTP/1.1" 200 113208 "-" "Mozilla/5.0 (Windows NT 6.1; WOW64; Trident/7.0; rv:11.0) like Gecko"
34.31.115.187 - - [02/Jul/2024:20:53:06 +0200] "GET / HTTP/1.1" 200 65536 "-" "Mozilla/5.0 (Windows NT 6.1; WOW64; Trident/7.0; rv:11.0) like Gecko"
34.31.115.187 - - [02/Jul/2024:20:53:06 +0200] "GET / HTTP/1.1" 200 65536 "-" "Mozilla/5.0 (Windows NT 6.1; WOW64; Trident/7.0; rv:11.0) like Gecko"
85.208.96.205 - - [02/Jul/2024:20:51:58 +0200] "GET /%D8%A7%D9%84%D8%B5%D8%AD%D9%88%D8%A9-%D8%A7%D9%84%D8%A3%D8%B5%D9%84-%D8%A7%D9%84%D8%AC%D9%85%D9%8A%D8%B9-%D9%8A%D9%82%D8%B8-%D9%84%D8%A5%D9%8A%D9%82%D8%A7%D9%81-%D9%85%D8%AE%D8%B7/ HTTP/1.1" 403 0 "-" "Mozilla/5.0 (compatible; SemrushBot/7~bl; +http://www.semrush.com/bot.html)"
66.249.83.66 - - [02/Jul/2024:20:52:04 +0200] "HEAD /%D8%A7%D9%84%D8%AC%D9%8A%D8%B4-%D9%8A%D9%82%D9%88%D9%84-%D8%A5%D9%86%D9%87-%D8%B3%D9%8A%D8%B7%D8%B1-%D8%B9%D9%84%D9%89-%D8%AD%D9%8A-%D8%A7%D9%84%D8%AF%D9%88%D8%AD%D8%A9-%D8%A8%D8%A3%D9%85-%D8%AF%D8%B1/ HTTP/1.1" 200 0 "-" "FeedBurner/1.0 (http://www.FeedBurner.com)"
66.249.83.67 - - [02/Jul/2024:20:52:04 +0200] "HEAD /en-iyi-slot-oyunlar-ucretsiz-on-line-casino-83/ HTTP/1.1" 200 0 "-" "FeedBurner/1.0 (http://www.FeedBurner.com)"
52.167.144.230 - - [02/Jul/2024:20:52:46 +0200] "GET /gbqsu/q284466.html HTTP/2" 200 42708 "-" "Mozilla/5.0 AppleWebKit/537.36 (KHTML, like Gecko; compatible; bingbot/2.0; +http://www.bing.com/bingbot.htm) Chrome/116.0.1938.76 Safari/537.36"
135.181.9.38 - - [02/Jul/2024:20:53:05 +0200] "POST /wp-cron.php?doing_wp_cron=1719946385.6125259399414062500000 HTTP/1.1" 200 0 "-" "WordPress/6.5.3; https://www.sudancam.net"
34.31.115.187 - - [02/Jul/2024:20:53:05 +0200] "GET /wp-admin/admin-ajax.php HTTP/1.1" 400 1 "-" "Mozilla/5.0 (Windows NT 6.1; WOW64; Trident/7.0; rv:11.0) like Gecko"
34.31.115.187 - - [02/Jul/2024:20:53:06 +0200] "GET /wp-content/themes/jannah/assets/ilightbox/dark-skin/skin.css HTTP/1.1" 200 12018 "-" "Mozilla/5.0 (Windows NT 6.1; WOW64; Trident/7.0; rv:11.0) like Gecko"
34.31.115.187 - - [02/Jul/2024:20:53:07 +0200] "GET /wp-content/themes/jannah/assets/css/print.css HTTP/1.1" 200 2175 "-" "Mozilla/5.0 (Windows NT 6.1; WOW64; Trident/7.0; rv:11.0) like Gecko"
135.181.9.38 - - [02/Jul/2024:20:53:06 +0200] "POST /wp-admin/admin-ajax.php?action=async_litespeed&nonce=fa75a626a4&litespeed_type=imgoptm HTTP/1.1" 200 21 "-" "WordPress/6.5.3; https://www.sudancam.net"
40.77.167.75 - - [02/Jul/2024:20:53:09 +0200] "GET /nosrf/k556888.html HTTP/2" 200 43173 "-" "Mozilla/5.0 AppleWebKit/537.36 (KHTML, like Gecko; compatible; bingbot/2.0; +http://www.bing.com/bingbot.htm) Chrome/116.0.1938.76 Safari/537.36"
34.31.115.187 - - [02/Jul/2024:20:53:06 +0200] "GET / HTTP/1.1" 200 65536 "-" "Mozilla/5.0 (Windows NT 6.1; WOW64; Trident/7.0; rv:11.0) like Gecko"
34.31.115.187 - - [02/Jul/2024:20:53:08 +0200] "GET / HTTP/1.1" 200 65536 "-" "Mozilla/5.0 (Windows NT 6.1; WOW64; Trident/7.0; rv:11.0) like Gecko"
66.249.70.110 - - [02/Jul/2024:20:53:28 +0200] "GET /lcljr/x1712159.html HTTP/1.1" 200 41491 "-" "Mozilla/5.0 (Linux; Android 6.0.1; Nexus 5X Build/MMB29P) AppleWebKit/537.36 (KHTML, like Gecko) Chrome/125.0.6422.175 Mobile Safari/537.36 (compatible; GoogleOther)"
66.249.70.108 - - [02/Jul/2024:20:54:40 +0200] "GET /xiwzq/l2342881.html HTTP/1.1" 200 41864 "-" "Mozilla/5.0 (Linux; Android 6.0.1; Nexus 5X Build/MMB29P) AppleWebKit/537.36 (KHTML, like Gecko) Chrome/125.0.6422.175 Mobile Safari/537.36 (compatible; GoogleOther)"
66.249.70.108 - - [02/Jul/2024:20:54:43 +0200] "GET /bowyi/i1551022.html HTTP/1.1" 200 41884 "-" "Mozilla/5.0 (Linux; Android 6.0.1; Nexus 5X Build/MMB29P) AppleWebKit/537.36 (KHTML, like Gecko) Chrome/125.0.6422.175 Mobile Safari/537.36 (compatible; GoogleOther)"
66.249.70.108 - - [02/Jul/2024:20:54:44 +0200] "GET /uhuhm/d191763.html HTTP/1.1" 200 41536 "-" "Mozilla/5.0 (Linux; Android 6.0.1; Nexus 5X Build/MMB29P) AppleWebKit/537.36 (KHTML, like Gecko) Chrome/125.0.6422.175 Mobile Safari/537.36 (compatible; GoogleOther)"
66.249.70.109 - - [02/Jul/2024:20:54:45 +0200] "GET /pkckd/p1052609.html HTTP/1.1" 200 41996 "-" "Mozilla/5.0 (Linux; Android 6.0.1; Nexus 5X Build/MMB29P) AppleWebKit/537.36 (KHTML, like Gecko) Chrome/125.0.6422.175 Mobile Safari/537.36 (compatible; GoogleOther)"
66.249.70.108 - - [02/Jul/2024:20:54:46 +0200] "GET /lkeba/u850646.html HTTP/1.1" 200 41503 "-" "Mozilla/5.0 (Linux; Android 6.0.1; Nexus 5X Build/MMB29P) AppleWebKit/537.36 (KHTML, like Gecko) Chrome/125.0.6422.175 Mobile Safari/537.36 (compatible; GoogleOther)"
66.249.70.109 - - [02/Jul/2024:20:54:48 +0200] "GET /woxhk/p2132415.html HTTP/1.1" 200 41277 "-" "Mozilla/5.0 (Linux; Android 6.0.1; Nexus 5X Build/MMB29P) AppleWebKit/537.36 (KHTML, like Gecko) Chrome/125.0.6422.175 Mobile Safari/537.36 (compatible; GoogleOther)"
66.249.70.108 - - [02/Jul/2024:20:54:49 +0200] "GET /qsesx/a387982.html HTTP/1.1" 200 41495 "-" "Mozilla/5.0 (Linux; Android 6.0.1; Nexus 5X Build/MMB29P) AppleWebKit/537.36 (KHTML, like Gecko) Chrome/125.0.6422.175 Mobile Safari/537.36 (compatible; GoogleOther)"
66.249.70.108 - - [02/Jul/2024:20:54:51 +0200] "GET /oyxuq/r619607.html HTTP/1.1" 200 40966 "-" "Mozilla/5.0 (Linux; Android 6.0.1; Nexus 5X Build/MMB29P) AppleWebKit/537.36 (KHTML, like Gecko) Chrome/125.0.6422.175 Mobile Safari/537.36 (compatible; GoogleOther)"
