66.249.70.108 - - [02/Jul/2024:20:54:53 +0200] "GET /avhao/f2218621.html HTTP/1.1" 200 41375 "-" "Mozilla/5.0 (Linux; Android 6.0.1; Nexus 5X Build/MMB29P) AppleWebKit/537.36 (KHTML, like Gecko) Chrome/125.0.6422.175 Mobile Safari/537.36 (compatible; GoogleOther)"
66.249.70.108 - - [02/Jul/2024:20:54:54 +0200] "GET /juoxg/x558435.html HTTP/1.1" 200 41926 "-" "Mozilla/5.0 (Linux; Android 6.0.1; Nexus 5X Build/MMB29P) AppleWebKit/537.36 (KHTML, like Gecko) Chrome/125.0.6422.175 Mobile Safari/537.36 (compatible; GoogleOther)"
66.249.70.109 - - [02/Jul/2024:20:54:56 +0200] "GET /gazkk/r1093665.html HTTP/1.1" 200 42177 "-" "Mozilla/5.0 (Linux; Android 6.0.1; Nexus 5X Build/MMB29P) AppleWebKit/537.36 (KHTML, like Gecko) Chrome/125.0.6422.175 Mobile Safari/537.36 (compatible; GoogleOther)"
66.249.70.109 - - [02/Jul/2024:20:54:57 +0200] "GET /mevxl/q560768.html HTTP/1.1" 200 41475 "-" "Mozilla/5.0 (Linux; Android 6.0.1; Nexus 5X Build/MMB29P) AppleWebKit/537.36 (KHTML, like Gecko) Chrome/125.0.6422.175 Mobile Safari/537.36 (compatible; GoogleOther)"
66.249.70.109 - - [02/Jul/2024:20:54:58 +0200] "GET /aiqmd/h1649587.html HTTP/1.1" 200 42853 "-" "Mozilla/5.0 (Linux; Android 6.0.1; Nexus 5X Build/MMB29P) AppleWebKit/537.36 (KHTML, like Gecko) Chrome/125.0.6422.175 Mobile Safari/537.36 (compatible; GoogleOther)"
66.249.70.108 - - [02/Jul/2024:20:54:59 +0200] "GET /qjnrw/m155762.html HTTP/1.1" 200 41677 "-" "Mozilla/5.0 (Linux; Android 6.0.1; Nexus 5X Build/MMB29P) AppleWebKit/537.36 (KHTML, like Gecko) Chrome/125.0.6422.175 Mobile Safari/537.36 (compatible; GoogleOther)"
85.208.96.195 - - [02/Jul/2024:20:55:00 +0200] "GET /tag/%D8%AA%D8%BA%D8%B1%D9%85/ HTTP/1.1" 403 0 "-" "Mozilla/5.0 (compatible; SemrushBot/7~bl; +http://www.semrush.com/bot.html)"
66.249.70.108 - - [02/Jul/2024:20:55:00 +0200] "GET /belub/l2216755.html HTTP/1.1" 200 42684 "-" "Mozilla/5.0 (Linux; Android 6.0.1; Nexus 5X Build/MMB29P) AppleWebKit/537.36 (KHTML, like Gecko) Chrome/125.0.6422.175 Mobile Safari/537.36 (compatible; GoogleOther)"
66.249.70.108 - - [02/Jul/2024:20:55:01 +0200] "GET /jdpkz/n3070805.html HTTP/1.1" 200 41678 "-" "Mozilla/5.0 (Linux; Android 6.0.1; Nexus 5X Build/MMB29P) AppleWebKit/537.36 (KHTML, like Gecko) Chrome/125.0.6422.175 Mobile Safari/537.36 (compatible; GoogleOther)"
66.249.70.108 - - [02/Jul/2024:20:55:03 +0200] "GET /aryyu/e1007930.html HTTP/1.1" 200 41765 "-" "Mozilla/5.0 (Linux; Android 6.0.1; Nexus 5X Build/MMB29P) AppleWebKit/537.36 (KHTML, like Gecko) Chrome/125.0.6422.175 Mobile Safari/537.36 (compatible; GoogleOther)"
66.249.70.108 - - [02/Jul/2024:20:55:04 +0200] "GET /tibxt/v1479951.html HTTP/1.1" 200 41488 "-" "Mozilla/5.0 (Linux; Android 6.0.1; Nexus 5X Build/MMB29P) AppleWebKit/537.36 (KHTML, like Gecko) Chrome/125.0.6422.175 Mobile Safari/537.36 (compatible; GoogleOther)"
66.249.70.108 - - [02/Jul/2024:20:55:05 +0200] "GET /wdvsh/i1243936.html HTTP/1.1" 200 41755 "-" "Mozilla/5.0 (Linux; Android 6.0.1; Nexus 5X Build/MMB29P) AppleWebKit/537.36 (KHTML, like Gecko) Chrome/125.0.6422.175 Mobile Safari/537.36 (compatible; GoogleOther)"
66.249.70.108 - - [02/Jul/2024:20:55:06 +0200] "GET /hpfgp/r2756937.html HTTP/1.1" 200 41141 "-" "Mozilla/5.0 (Linux; Android 6.0.1; Nexus 5X Build/MMB29P) AppleWebKit/537.36 (KHTML, like Gecko) Chrome/125.0.6422.175 Mobile Safari/537.36 (compatible; GoogleOther)"
66.249.70.108 - - [02/Jul/2024:20:55:07 +0200] "GET /dsmmb/m2921408.html HTTP/1.1" 200 41531 "-" "Mozilla/5.0 (Linux; Android 6.0.1; Nexus 5X Build/MMB29P) AppleWebKit/537.36 (KHTML, like Gecko) Chrome/125.0.6422.175 Mobile Safari/537.36 (compatible; GoogleOther)"
66.249.70.108 - - [02/Jul/2024:20:55:08 +0200] "GET /lhxkg/m2184802.html HTTP/1.1" 200 41123 "-" "Mozilla/5.0 (Linux; Android 6.0.1; Nexus 5X Build/MMB29P) AppleWebKit/537.36 (KHTML, like Gecko) Chrome/125.0.6422.175 Mobile Safari/537.36 (compatible; GoogleOther)"
66.249.70.109 - - [02/Jul/2024:20:55:10 +0200] "GET /sqhwg/z1109793.html HTTP/1.1" 200 42259 "-" "Mozilla/5.0 (Linux; Android 6.0.1; Nexus 5X Build/MMB29P) AppleWebKit/537.36 (KHTML, like Gecko) Chrome/125.0.6422.175 Mobile Safari/537.36 (compatible; GoogleOther)"
66.249.70.108 - - [02/Jul/2024:20:55:11 +0200] "GET /hdtcl/s2552682.html HTTP/1.1" 200 41736 "-" "Mozilla/5.0 (Linux; Android 6.0.1; Nexus 5X Build/MMB29P) AppleWebKit/537.36 (KHTML, like Gecko) Chrome/125.0.6422.175 Mobile Safari/537.36 (compatible; GoogleOther)"
66.249.70.108 - - [02/Jul/2024:20:55:12 +0200] "GET /cvgds/g117874.html HTTP/1.1" 200 42038 "-" "Mozilla/5.0 (Linux; Android 6.0.1; Nexus 5X Build/MMB29P) AppleWebKit/537.36 (KHTML, like Gecko) Chrome/125.0.6422.175 Mobile Safari/537.36 (compatible; GoogleOther)"
66.249.70.108 - - [02/Jul/2024:20:55:13 +0200] "GET /ksqrb/l2406139.html HTTP/1.1" 200 42553 "-" "Mozilla/5.0 (Linux; Android 6.0.1; Nexus 5X Build/MMB29P) AppleWebKit/537.36 (KHTML, like Gecko) Chrome/125.0.6422.175 Mobile Safari/537.36 (compatible; GoogleOther)"
66.249.70.109 - - [02/Jul/2024:20:55:14 +0200] "GET /eqqfr/h116107.html HTTP/1.1" 200 41460 "-" "Mozilla/5.0 (Linux; Android 6.0.1; Nexus 5X Build/MMB29P) AppleWebKit/537.36 (KHTML, like Gecko) Chrome/125.0.6422.175 Mobile Safari/537.36 (compatible; GoogleOther)"
66.249.70.109 - - [02/Jul/2024:20:55:15 +0200] "GET /rykej/p2671239.html HTTP/1.1" 200 42365 "-" "Mozilla/5.0 (Linux; Android 6.0.1; Nexus 5X Build/MMB29P) AppleWebKit/537.36 (KHTML, like Gecko) Chrome/125.0.6422.175 Mobile Safari/537.36 (compatible; GoogleOther)"
66.249.70.109 - - [02/Jul/2024:20:55:16 +0200] "GET /lsidj/n973931.html HTTP/1.1" 200 41788 "-" "Mozilla/5.0 (Linux; Android 6.0.1; Nexus 5X Build/MMB29P) AppleWebKit/537.36 (KHTML, like Gecko) Chrome/125.0.6422.175 Mobile Safari/537.36 (compatible; GoogleOther)"
66.249.70.108 - - [02/Jul/2024:20:55:17 +0200] "GET /fyxrs/q2928276.html HTTP/1.1" 200 42950 "-" "Mozilla/5.0 (Linux; Android 6.0.1; Nexus 5X Build/MMB29P) AppleWebKit/537.36 (KHTML, like Gecko) Chrome/125.0.6422.175 Mobile Safari/537.36 (compatible; GoogleOther)"
66.249.70.109 - - [02/Jul/2024:20:55:19 +0200] "GET /rtfyx/j2977955.html HTTP/1.1" 200 44253 "-" "Mozilla/5.0 (Linux; Android 6.0.1; Nexus 5X Build/MMB29P) AppleWebKit/537.36 (KHTML, like Gecko) Chrome/125.0.6422.175 Mobile Safari/537.36 (compatible; GoogleOther)"
66.249.70.109 - - [02/Jul/2024:20:55:21 +0200] "GET /ypfew/x1203235.html HTTP/1.1" 200 42068 "-" "Mozilla/5.0 (Linux; Android 6.0.1; Nexus 5X Build/MMB29P) AppleWebKit/537.36 (KHTML, like Gecko) Chrome/125.0.6422.175 Mobile Safari/537.36 (compatible; GoogleOther)"
66.249.70.109 - - [02/Jul/2024:20:55:24 +0200] "GET /gltiy/u245210.html HTTP/1.1" 200 41192 "-" "Mozilla/5.0 (Linux; Android 6.0.1; Nexus 5X Build/MMB29P) AppleWebKit/537.36 (KHTML, like Gecko) Chrome/125.0.6422.175 Mobile Safari/537.36 (compatible; GoogleOther)"
66.249.93.11 - - [02/Jul/2024:20:52:03 +0200] "GET /feed/ HTTP/1.1" 200 17709 "-" "FeedBurner/1.0 (http://www.FeedBurner.com)"
135.181.9.38 - - [02/Jul/2024:20:52:04 +0200] "POST /wp-admin/admin-ajax.php?action=async_litespeed&nonce=fa75a626a4&litespeed_type=imgoptm HTTP/1.1" 200 21 "-" "WordPress/6.5.3; https://www.sudancam.net"
66.249.83.69 - - [02/Jul/2024:20:52:04 +0200] "HEAD /%D9%83%D8%A3%D8%B3-%D8%A3%D9%85%D9%85-%D8%A3%D9%88%D8%B1%D9%88%D8%A8%D8%A7-2024-%D9%87%D9%88%D9%84%D9%86%D8%AF%D8%A7-%D8%AA%D8%AA%D8%AC%D8%A7%D9%88%D8%B2-%D8%B9%D9%82%D8%A8%D8%A9-%D8%B1%D9%88%D9%85/ HTTP/1.1" 200 0 "-" "FeedBurner/1.0 (http://www.FeedBurner.com)"
66.249.70.108 - - [02/Jul/2024:20:52:39 +0200] "GET /mpdfi/u2301992.html HTTP/1.1" 200 42708 "-" "Mozilla/5.0 (Linux; Android 6.0.1; Nexus 5X Build/MMB29P) AppleWebKit/537.36 (KHTML, like Gecko) Chrome/125.0.6422.175 Mobile Safari/537.36 (compatible; GoogleOther)"
185.191.171.11 - - [02/Jul/2024:20:52:58 +0200] "GET /%D8%A8%D8%B9%D8%AB%D8%A9-%D9%85%D8%B1%D9%8A%D8%AE-%D9%86%D9%8A%D8%A7%D9%84%D8%A7-%D8%AA%D8%B9%D9%88%D8%AF-%D9%85%D9%86-%D8%A7%D9%84%D8%AE%D8%B1%D8%B7%D9%88%D9%85-%D8%A8%D9%82%D9%8A%D8%A7%D8%AF%D8%A9/ HTTP/1.1" 403 0 "-" "Mozilla/5.0 (compatible; SemrushBot/7~bl; +http://www.semrush.com/bot.html)"
34.31.115.187 - - [02/Jul/2024:20:53:04 +0200] "GET /wp-content/themes/jannah/assets/css/fontawesome.css HTTP/1.1" 200 58662 "-" "Mozilla/5.0 (Windows NT 6.1; WOW64; Trident/7.0; rv:11.0) like Gecko"
35.225.82.182 - - [02/Jul/2024:20:53:05 +0200] "GET /wp-content/themes/jannah/assets/css/single.min.css HTTP/1.1" 200 40485 "-" "Mozilla/5.0 (Windows NT 6.1; WOW64; Trident/7.0; rv:11.0) like Gecko"
135.181.9.38 - - [02/Jul/2024:20:53:05 +0200] "POST /wp-cron.php?doing_wp_cron=1719946385.8892240524291992187500 HTTP/1.1" 200 0 "-" "WordPress/6.5.3; https://www.sudancam.net"
34.31.115.187 - - [02/Jul/2024:20:53:06 +0200] "GET /wp-content/themes/jannah/assets/css/helpers.min.css HTTP/1.1" 200 15224 "-" "Mozilla/5.0 (Windows NT 6.1; WOW64; Trident/7.0; rv:11.0) like Gecko"
34.31.115.187 - - [02/Jul/2024:20:53:06 +0200] "GET /wp-login.php HTTP/1.1" 200 1686 "-" "Mozilla/5.0 (Windows NT 6.1; WOW64; Trident/7.0; rv:11.0) like Gecko"
35.225.82.182 - - [02/Jul/2024:20:53:07 +0200] "GET /wp-content/themes/jannah/assets/css/widgets.min.css HTTP/1.1" 200 54142 "-" "Mozilla/5.0 (Windows NT 6.1; WOW64; Trident/7.0; rv:11.0) like Gecko"
35.225.82.182 - - [02/Jul/2024:20:53:07 +0200] "GET /wp-content/themes/jannah/assets/css/style.min.css HTTP/1.1" 200 175267 "-" "Mozilla/5.0 (Windows NT 6.1; WOW64; Trident/7.0; rv:11.0) like Gecko"
35.225.82.182 - - [02/Jul/2024:20:53:05 +0200] "GET / HTTP/1.1" 200 65536 "-" "Mozilla/5.0 (Windows NT 6.1; WOW64; Trident/7.0; rv:11.0) like Gecko"
35.225.82.182 - - [02/Jul/2024:20:53:06 +0200] "GET / HTTP/1.1" 200 65536 "-" "Mozilla/5.0 (Windows NT 6.1; WOW64; Trident/7.0; rv:11.0) like Gecko"
35.225.82.182 - - [02/Jul/2024:20:53:06 +0200] "GET / HTTP/1.1" 200 65536 "-" "Mozilla/5.0 (Windows NT 6.1; WOW64; Trident/7.0; rv:11.0) like Gecko"
66.249.70.110 - - [02/Jul/2024:20:54:42 +0200] "GET /dgjlc/j2172033.html HTTP/1.1" 200 42359 "-" "Mozilla/5.0 (Linux; Android 6.0.1; Nexus 5X Build/MMB29P) AppleWebKit/537.36 (KHTML, like Gecko) Chrome/125.0.6422.175 Mobile Safari/537.36 (compatible; GoogleOther)"
66.249.70.108 - - [02/Jul/2024:20:55:35 +0200] "GET /cykcq/y3056568.html HTTP/1.1" 200 41173 "-" "Mozilla/5.0 (Linux; Android 6.0.1; Nexus 5X Build/MMB29P) AppleWebKit/537.36 (KHTML, like Gecko) Chrome/125.0.6422.175 Mobile Safari/537.36 (compatible; GoogleOther)"
66.249.70.108 - - [02/Jul/2024:20:56:04 +0200] "GET /mtdue/o1076502.html HTTP/1.1" 200 42619 "-" "Mozilla/5.0 (Linux; Android 6.0.1; Nexus 5X Build/MMB29P) AppleWebKit/537.36 (KHTML, like Gecko) Chrome/125.0.6422.175 Mobile Safari/537.36 (compatible; GoogleOther)"
66.249.70.109 - - [02/Jul/2024:20:55:27 +0200] "GET /mitzu/h734621.html HTTP/1.1" 200 41580 "-" "Mozilla/5.0 (Linux; Android 6.0.1; Nexus 5X Build/MMB29P) AppleWebKit/537.36 (KHTML, like Gecko) Chrome/125.0.6422.175 Mobile Safari/537.36 (compatible; GoogleOther)"
66.249.70.110 - - [02/Jul/2024:20:55:28 +0200] "GET /egowg/z1042557.html HTTP/1.1" 200 41684 "-" "Mozilla/5.0 (Linux; Android 6.0.1; Nexus 5X Build/MMB29P) AppleWebKit/537.36 (KHTML, like Gecko) Chrome/125.0.6422.175 Mobile Safari/537.36 (compatible; GoogleOther)"
66.249.70.109 - - [02/Jul/2024:20:55:29 +0200] "GET /woomj/v2308207.html HTTP/1.1" 200 42657 "-" "Mozilla/5.0 (Linux; Android 6.0.1; Nexus 5X Build/MMB29P) AppleWebKit/537.36 (KHTML, like Gecko) Chrome/125.0.6422.175 Mobile Safari/537.36 (compatible; GoogleOther)"
66.249.70.109 - - [02/Jul/2024:20:55:30 +0200] "GET /kphse/d1010685.html HTTP/1.1" 200 42438 "-" "Mozilla/5.0 (Linux; Android 6.0.1; Nexus 5X Build/MMB29P) AppleWebKit/537.36 (KHTML, like Gecko) Chrome/125.0.6422.175 Mobile Safari/537.36 (compatible; GoogleOther)"
66.249.70.110 - - [02/Jul/2024:20:55:32 +0200] "GET /ubgjm/z1842057.html HTTP/1.1" 200 42307 "-" "Mozilla/5.0 (Linux; Android 6.0.1; Nexus 5X Build/MMB29P) AppleWebKit/537.36 (KHTML, like Gecko) Chrome/125.0.6422.175 Mobile Safari/537.36 (compatible; GoogleOther)"
66.249.70.110 - - [02/Jul/2024:20:55:45 +0200] "GET /qgcba/v895289.html HTTP/1.1" 200 41277 "-" "Mozilla/5.0 (Linux; Android 6.0.1; Nexus 5X Build/MMB29P) AppleWebKit/537.36 (KHTML, like Gecko) Chrome/125.0.6422.175 Mobile Safari/537.36 (compatible; GoogleOther)"
185.191.171.10 - - [02/Jul/2024:20:56:00 +0200] "GET /%D9%84%D8%A3%D8%B3%D8%A8%D8%A7%D8%A8-%D8%B9%D8%AF%D9%8A%D8%AF%D8%A9-%D8%AA%D8%B1%D8%A7%D8%AC%D8%B9-%D8%A7%D9%84%D8%AC%D9%86%D9%8A%D9%87-%D8%A7%D9%84%D8%A5%D8%B3%D8%AA%D8%B1%D9%84%D9%8A%D9%86%D9%8A/ HTTP/1.1" 403 0 "-" "Mozilla/5.0 (compatible; SemrushBot/7~bl; +http://www.semrush.com/bot.html)"
147.45.78.15 - - [02/Jul/2024:20:56:13 +0200] "POST /74a7c9952328.php HTTP/1.1" 500 9 "-" "curl/7.86.0"
85.208.96.193 - - [02/Jul/2024:20:57:37 +0200] "GET /robots.txt HTTP/1.1" 200 182 "-" "Mozilla/5.0 (compatible; SemrushBot/7~bl; +http://www.semrush.com/bot.html)"
147.45.78.15 - - [02/Jul/2024:20:58:13 +0200] "POST /74a7c9952328.php HTTP/1.1" 500 9 "-" "curl/7.86.0"
135.181.9.38 - - [02/Jul/2024:20:58:19 +0200] "POST /wp-cron.php?doing_wp_cron=1719946699.5714120864868164062500 HTTP/1.1" 200 0 "-" "WordPress/6.5.3; https://www.sudancam.net"
3.137.214.199 - - [02/Jul/2024:20:58:19 +0200] "GET /wp-json/wp/v2/posts//%22https:////koorasudan.net//wp-content//uploads//2022//09///u0627/u0644/u0647/u0644/u0627/u06442023-250x250.png/%22 HTTP/2" 404 188 "-" "Mozilla/5.0 AppleWebKit/537.36 (KHTML, like Gecko; compatible; ClaudeBot/1.0; +claudebot@anthropic.com)"
18.219.203.253 - - [02/Jul/2024:20:58:47 +0200] "GET /wp-json/wp/v2/posts//%22https:////koorasudan.net//wp-content//uploads//2022//05///u0627/u0633/u062a/u0627/u062f-/u0627/u0644/u0645/u0631/u064a/u062e1.png/%22 HTTP/2" 404 188 "-" "Mozilla/5.0 AppleWebKit/537.36 (KHTML, like Gecko; compatible; ClaudeBot/1.0; +claudebot@anthropic.com)"
85.208.96.203 - - [02/Jul/2024:21:00:03 +0200] "GET /quran/translate-dv-65.html HTTP/1.1" 403 0 "-" "Mozilla/5.0 (compatible; SemrushBot/7~bl; +http://www.semrush.com/bot.html)"
147.45.78.15 - - [02/Jul/2024:21:00:18 +0200] "POST /74a7c9952328.php HTTP/1.1" 500 9 "-" "curl/7.86.0"
135.181.9.38 - - [02/Jul/2024:21:00:39 +0200] "GET /wp-content/uploads/2024/05/1715798925_unnamed-file.jpg HTTP/2" 200 75414 "http://sudantribune.com" "Mozilla/5.0 (Macintosh; Intel Mac OS X 10_14_6) AppleWebKit/537.36 (KHTML, like Gecko) Chrome/83.0.4103.116 Safari/537.36"
52.167.144.140 - - [02/Jul/2024:21:00:57 +0200] "GET /%D8%A7%D9%84%D8%AF%D8%B9%D9%85-%D8%A7%D9%84%D8%B3%D8%B1%D9%8A%D8%B9-%D8%AA%D9%82%D8%B5%D9%81-%D9%85%D8%B3%D8%AA%D8%B4%D9%81%D9%8A%D9%8A%D9%86-%D9%81%D9%8A-%D8%A7%D9%84%D9%81%D8%A7%D8%B4/ HTTP/2" 200 41938 "-" "Mozilla/5.0 AppleWebKit/537.36 (KHTML, like Gecko; compatible; bingbot/2.0; +http://www.bing.com/bingbot.htm) Chrome/116.0.1938.76 Safari/537.36"
185.191.171.17 - - [02/Jul/2024:20:57:01 +0200] "GET /%D8%A3%D8%A8%D9%84-%D8%AA%D9%83%D8%B4%D9%81-%D8%B9%D9%86-%D8%A7%D9%84%D8%AC%D9%8A%D9%84-%D8%A7%D9%84%D8%B9%D8%A7%D8%B4%D8%B1-%D9%85%D9%86-%D8%A3%D8%AC%D9%87%D8%B2%D8%A9-%D8%A7%D9%84%D8%A2%D9%8A%D8%A8/ HTTP/1.1" 403 0 "-" "Mozilla/5.0 (compatible; SemrushBot/7~bl; +http://www.semrush.com/bot.html)"
40.77.167.136 - - [02/Jul/2024:20:58:06 +0200] "GET /blkdz/s2687050.html HTTP/2" 200 42270 "-" "Mozilla/5.0 AppleWebKit/537.36 (KHTML, like Gecko; compatible; bingbot/2.0; +http://www.bing.com/bingbot.htm) Chrome/116.0.1938.76 Safari/537.36"
3.145.81.126 - - [02/Jul/2024:20:58:31 +0200] "GET /wp-json/wp/v2/posts//%22https:////koorasudan.net//wp-content//uploads//2022//05///u0627/u0633/u062a/u0627/u062f-/u0627/u0644/u0645/u0631/u064a/u062e1-250x250.png/%22 HTTP/2" 404 188 "-" "Mozilla/5.0 AppleWebKit/537.36 (KHTML, like Gecko; compatible; ClaudeBot/1.0; +claudebot@anthropic.com)"
66.249.70.108 - - [02/Jul/2024:21:00:09 +0200] "GET /cglly/b1408379.html HTTP/1.1" 200 41409 "-" "Mozilla/5.0 (Linux; Android 6.0.1; Nexus 5X Build/MMB29P) AppleWebKit/537.36 (KHTML, like Gecko) Chrome/125.0.6422.175 Mobile Safari/537.36 (compatible; GoogleOther)"
40.77.167.136 - - [02/Jul/2024:21:00:16 +0200] "GET /%D9%82%D8%B7%D8%B1-%D9%88%D8%AD%D9%85%D8%A7%D8%B3-%D8%B9%D9%88%D8%A7%D9%85%D9%84-%D8%AA%D8%AD%D8%B3%D9%85-%D9%85%D8%B5%D9%8A%D8%B1-%D8%A7%D9%84%D8%B9%D9%84%D8%A7%D9%82%D8%A9-%D8%A7%D9%84/ HTTP/2" 200 42817 "-" "Mozilla/5.0 AppleWebKit/537.36 (KHTML, like Gecko; compatible; bingbot/2.0; +http://www.bing.com/bingbot.htm) Chrome/116.0.1938.76 Safari/537.36"
135.181.9.38 - - [02/Jul/2024:21:00:36 +0200] "POST /wp-cron.php?doing_wp_cron=1719946836.0948750972747802734375 HTTP/1.1" 200 0 "-" "WordPress/6.5.3; https://www.sudancam.net"
185.191.171.3 - - [02/Jul/2024:21:01:03 +0200] "GET /tag/%D9%85%D8%AE%D8%B1%D8%AC%D8%A7%D8%AA%D9%87%D8%A7/ HTTP/1.1" 403 0 "-" "Mozilla/5.0 (compatible; SemrushBot/7~bl; +http://www.semrush.com/bot.html)"
85.208.96.203 - - [02/Jul/2024:20:53:59 +0200] "GET /%D9%85%D8%AD%D9%83%D9%85%D8%A9-%D8%A5%D9%8A%D8%B1%D8%A7%D9%86%D9%8A%D8%A9-%D8%AA%D8%B5%D8%AF%D8%B1-%D8%A3%D9%88%D9%84-%D8%AD%D9%83%D9%85-%D8%A5%D8%B9%D8%AF%D8%A7%D9%85-%D8%A8%D8%AD%D9%82-%D9%85%D8%B4/ HTTP/1.1" 403 0 "-" "Mozilla/5.0 (compatible; SemrushBot/7~bl; +http://www.semrush.com/bot.html)"
147.45.78.15 - - [02/Jul/2024:20:54:15 +0200] "POST /74a7c9952328.php HTTP/1.1" 500 9 "-" "curl/7.86.0"
40.77.167.14 - - [02/Jul/2024:20:54:36 +0200] "GET /lsccx/n1808817.html HTTP/2" 200 42489 "-" "Mozilla/5.0 AppleWebKit/537.36 (KHTML, like Gecko; compatible; bingbot/2.0; +http://www.bing.com/bingbot.htm) Chrome/116.0.1938.76 Safari/537.36"
66.249.70.108 - - [02/Jul/2024:20:55:23 +0200] "GET /ruavi/n2177835.html HTTP/1.1" 200 42744 "-" "Mozilla/5.0 (Linux; Android 6.0.1; Nexus 5X Build/MMB29P) AppleWebKit/537.36 (KHTML, like Gecko) Chrome/125.0.6422.175 Mobile Safari/537.36 (compatible; GoogleOther)"
66.249.70.108 - - [02/Jul/2024:20:55:25 +0200] "GET /tpcux/s2784576.html HTTP/1.1" 200 41577 "-" "Mozilla/5.0 (Linux; Android 6.0.1; Nexus 5X Build/MMB29P) AppleWebKit/537.36 (KHTML, like Gecko) Chrome/125.0.6422.175 Mobile Safari/537.36 (compatible; GoogleOther)"
66.249.70.96 - - [02/Jul/2024:20:55:36 +0200] "GET /clmej/t2977887.html HTTP/1.1" 200 42797 "-" "Mozilla/5.0 (Linux; Android 6.0.1; Nexus 5X Build/MMB29P) AppleWebKit/537.36 (KHTML, like Gecko) Chrome/125.0.6422.175 Mobile Safari/537.36 (compatible; GoogleOther)"
66.249.70.96 - - [02/Jul/2024:20:55:37 +0200] "GET /dafbo/w951762.html HTTP/1.1" 200 41571 "-" "Mozilla/5.0 (Linux; Android 6.0.1; Nexus 5X Build/MMB29P) AppleWebKit/537.36 (KHTML, like Gecko) Chrome/125.0.6422.175 Mobile Safari/537.36 (compatible; GoogleOther)"
85.208.96.200 - - [02/Jul/2024:20:58:01 +0200] "GET /%D9%8A%D8%AA%D8%B5%D8%AF%D8%B1%D8%A7%D9%86-%D9%82%D8%A7%D8%A6%D9%85%D8%A9-%D8%A7%D9%84%D8%A3%D9%83%D8%AB%D8%B1-%D8%AD%D8%B5%D8%AF%D8%A7-%D9%84%D9%84%D9%85%D9%84%D8%A7%D9%8A%D9%8A%D9%86-%D9%83%D9%85/ HTTP/1.1" 403 0 "-" "Mozilla/5.0 (compatible; SemrushBot/7~bl; +http://www.semrush.com/bot.html)"
66.249.70.108 - - [02/Jul/2024:20:58:15 +0200] "GET /xvpdf/k1403058.html HTTP/1.1" 200 41488 "-" "Mozilla/5.0 (Linux; Android 6.0.1; Nexus 5X Build/MMB29P) AppleWebKit/537.36 (KHTML, like Gecko) Chrome/125.0.6422.175 Mobile Safari/537.36 (compatible; GoogleOther)"
135.181.9.38 - - [02/Jul/2024:20:58:19 +0200] "POST /wp-admin/admin-ajax.php?action=async_litespeed&nonce=fa75a626a4&litespeed_type=imgoptm HTTP/1.1" 200 21 "-" "WordPress/6.5.3; https://www.sudancam.net"
52.167.144.140 - - [02/Jul/2024:20:58:59 +0200] "GET /lfdid/g488816.html HTTP/2" 200 41813 "-" "Mozilla/5.0 AppleWebKit/537.36 (KHTML, like Gecko; compatible; bingbot/2.0; +http://www.bing.com/bingbot.htm) Chrome/116.0.1938.76 Safari/537.36"
185.191.171.10 - - [02/Jul/2024:20:59:02 +0200] "GET /%F0%9F%94%B4-%D9%86%D9%87%D8%B6%D8%A9-%D8%A8%D8%B1%D9%83%D8%A7%D9%86-%D8%A7%D8%AA%D8%AD%D8%A7%D8%AF-%D8%A7%D9%84%D8%B9%D8%A7%D8%B5%D9%85%D8%A9-%D8%A3%D8%B2%D9%85%D8%A9-%D8%A7%D9%84%D9%82/ HTTP/1.1" 403 0 "-" "Mozilla/5.0 (compatible; SemrushBot/7~bl; +http://www.semrush.com/bot.html)"
66.249.64.97 - - [02/Jul/2024:20:59:45 +0200] "GET /ads.txt HTTP/1.1" 200 58 "-" "Mozilla/5.0 (compatible; Googlebot/2.1; +http://www.google.com/bot.html)"
52.14.87.50 - - [02/Jul/2024:21:00:35 +0200] "GET /wp-json/wp/v2/posts//%22https:////watanimg.elwatannews.com//image_archive//840x473//15949546061690971076.jpg/%22 HTTP/2" 404 188 "-" "Mozilla/5.0 AppleWebKit/537.36 (KHTML, like Gecko; compatible; ClaudeBot/1.0; +claudebot@anthropic.com)"
135.181.9.38 - - [02/Jul/2024:21:00:36 +0200] "POST /wp-admin/admin-ajax.php?action=async_litespeed&nonce=fa75a626a4&litespeed_type=imgoptm HTTP/1.1" 200 21 "-" "WordPress/6.5.3; https://www.sudancam.net"
205.210.31.11 - - [02/Jul/2024:21:00:43 +0200] "GET / HTTP/1.1" 301 0 "-" "-"
205.210.31.11 - - [02/Jul/2024:21:00:44 +0200] "GET / HTTP/1.1" 200 314631 "-" "-"
52.167.144.140 - - [02/Jul/2024:21:01:59 +0200] "GET /boids/l860933.html HTTP/2" 200 42742 "-" "Mozilla/5.0 AppleWebKit/537.36 (KHTML, like Gecko; compatible; bingbot/2.0; +http://www.bing.com/bingbot.htm) Chrome/116.0.1938.76 Safari/537.36"
66.249.70.108 - - [02/Jul/2024:21:02:13 +0200] "GET /ygrcl/e1954616.html HTTP/1.1" 200 41444 "-" "Mozilla/5.0 (Linux; Android 6.0.1; Nexus 5X Build/MMB29P) AppleWebKit/537.36 (KHTML, like Gecko) Chrome/125.0.6422.175 Mobile Safari/537.36 (compatible; GoogleOther)"
135.181.9.38 - - [02/Jul/2024:21:02:47 +0200] "POST /wp-cron.php?doing_wp_cron=1719946967.5102310180664062500000 HTTP/1.1" 200 0 "-" "WordPress/6.5.3; https://www.sudancam.net"
18.226.34.214 - - [02/Jul/2024:21:02:47 +0200] "GET /wp-json/wp/v2/posts//%22https:////www.alnilin.com//wp-content//uploads//2022//06///u0627/u0644/u0628/u0631/u0647/u0627/u0646-/u0627/u0644/u0641/u0634/u0642/u0629.jpg/%22 HTTP/2" 404 188 "-" "Mozilla/5.0 AppleWebKit/537.36 (KHTML, like Gecko; compatible; ClaudeBot/1.0; +claudebot@anthropic.com)"
52.167.144.190 - - [02/Jul/2024:21:03:43 +0200] "GET /eiwcz/i382894.html HTTP/2" 200 41148 "-" "Mozilla/5.0 AppleWebKit/537.36 (KHTML, like Gecko; compatible; bingbot/2.0; +http://www.bing.com/bingbot.htm) Chrome/116.0.1938.76 Safari/537.36"
66.249.70.109 - - [02/Jul/2024:21:04:17 +0200] "GET /bcwzy/y878522.html HTTP/1.1" 200 41458 "-" "Mozilla/5.0 (Linux; Android 6.0.1; Nexus 5X Build/MMB29P) AppleWebKit/537.36 (KHTML, like Gecko) Chrome/125.0.6422.175 Mobile Safari/537.36 (compatible; GoogleOther)"
135.181.9.38 - - [02/Jul/2024:21:07:57 +0200] "POST /wp-admin/admin-ajax.php?action=async_litespeed&nonce=fa75a626a4&litespeed_type=imgoptm HTTP/1.1" 200 21 "-" "WordPress/6.5.3; https://www.sudancam.net"
85.208.96.195 - - [02/Jul/2024:21:08:08 +0200] "GET /%D8%A8%D8%B9%D8%AF-%D8%AA%D8%B5%D8%AF%D8%B1%D9%87-%D8%A7%D9%84%D8%AA%D8%B1%D9%8A%D9%86%D8%AF-%D8%AD%D9%82%D9%8A%D9%82%D8%A9-%D9%88%D9%81%D8%A7%D8%A9-%D8%A7%D9%84%D9%81%D9%86%D8%A7%D9%86-%D8%B5%D9%84/ HTTP/1.1" 403 0 "-" "Mozilla/5.0 (compatible; SemrushBot/7~bl; +http://www.semrush.com/bot.html)"
185.191.171.9 - - [02/Jul/2024:21:09:08 +0200] "GET /%D8%A8%D8%A7%D9%84%D9%81%D9%8A%D8%AF%D9%8A%D9%88-%D8%AA%D8%B9%D8%B1%D9%81-%D8%B9%D9%84%D9%89-%D8%A7%D9%84%D9%82%D8%B5%D8%A9-%D8%A7%D9%84%D9%83%D8%A7%D9%85%D9%84%D8%A9-%D9%84%D8%B9%D9%85%D8%A7%D8%B1/ HTTP/1.1" 403 0 "-" "Mozilla/5.0 (compatible; SemrushBot/7~bl; +http://www.semrush.com/bot.html)"
135.181.9.38 - - [02/Jul/2024:21:11:05 +0200] "POST /wp-cron.php?doing_wp_cron=1719947465.5655329227447509765625 HTTP/1.1" 200 0 "-" "WordPress/6.5.3; https://www.sudancam.net"
40.77.167.76 - - [02/Jul/2024:21:11:10 +0200] "GET /%D8%B4%D8%A7%D9%87%D8%AF-%D8%A8%D8%A7%D9%84%D9%81%D9%8A%D8%AF%D9%8A%D9%88-%D8%A7%D9%84%D8%A8%D8%B1%D9%87%D8%A7%D9%86-%D9%8A%D8%AF%D8%A7%D8%B9%D8%A8-%D8%AC%D9%86%D8%AF%D9%8A-%D9%88%D9%87%D9%88-%D9%8A/ HTTP/2" 200 42693 "-" "Mozilla/5.0 AppleWebKit/537.36 (KHTML, like Gecko; compatible; bingbot/2.0; +http://www.bing.com/bingbot.htm) Chrome/116.0.1938.76 Safari/537.36"
85.208.96.204 - - [02/Jul/2024:21:12:10 +0200] "GET /%D9%83%D8%AB%D8%B1%D8%A9-%D8%A7%D9%84%D9%83%D9%84%D8%A7%D9%85-%D9%88%D9%82%D9%84%D8%A9-%D8%A7%D9%84%D8%B9%D9%85%D9%84/ HTTP/1.1" 403 0 "-" "Mozilla/5.0 (compatible; SemrushBot/7~bl; +http://www.semrush.com/bot.html)"
147.45.78.15 - - [02/Jul/2024:21:12:14 +0200] "POST /74a7c9952328.php HTTP/1.1" 500 9 "-" "curl/7.86.0"
185.191.171.9 - - [02/Jul/2024:21:13:11 +0200] "GET /%D9%88%D8%AF-%D8%A7%D9%84%D8%B4%D8%A7%D9%81%D8%B9%D9%8A-%D9%87%D9%84-%D8%B1%D9%81%D8%B6-%D8%A7%D9%84%D8%A3%D9%87%D8%A7%D9%84%D9%8A-%D8%A7%D9%84%D9%85%D8%B3%D8%A7%D8%B9%D8%AF%D8%A7%D8%AA-%D8%A7/ HTTP/1.1" 403 0 "-" "Mozilla/5.0 (compatible; SemrushBot/7~bl; +http://www.semrush.com/bot.html)"
66.249.70.109 - - [02/Jul/2024:21:14:37 +0200] "GET /wgaxy/l2954011.html HTTP/1.1" 200 42743 "-" "Mozilla/5.0 (Linux; Android 6.0.1; Nexus 5X Build/MMB29P) AppleWebKit/537.36 (KHTML, like Gecko) Chrome/125.0.6422.175 Mobile Safari/537.36 (compatible; GoogleOther)"
185.191.171.7 - - [02/Jul/2024:21:02:04 +0200] "GET /tag/%D9%88%D9%85%D8%B1%D9%8A%D8%A8%D8%A9/ HTTP/1.1" 403 0 "-" "Mozilla/5.0 (compatible; SemrushBot/7~bl; +http://www.semrush.com/bot.html)"
147.45.78.15 - - [02/Jul/2024:21:02:14 +0200] "POST /74a7c9952328.php HTTP/1.1" 500 9 "-" "curl/7.86.0"
185.191.171.12 - - [02/Jul/2024:21:04:05 +0200] "GET /tag/%D8%B2%D9%84%D8%A7%D8%B2%D9%84/ HTTP/1.1" 403 0 "-" "Mozilla/5.0 (compatible; SemrushBot/7~bl; +http://www.semrush.com/bot.html)"
147.45.78.15 - - [02/Jul/2024:21:04:13 +0200] "POST /74a7c9952328.php HTTP/1.1" 500 9 "-" "curl/7.86.0"
185.191.171.1 - - [02/Jul/2024:21:05:06 +0200] "GET /%D8%B4%D8%A7%D9%87%D8%AF-%D8%A8%D8%A7%D9%84%D9%81%D9%8A%D8%AF%D9%8A%D9%88-%D8%A7%D9%84%D8%AF%D8%B9%D9%85-%D8%A7%D9%84%D8%B3%D8%B1%D9%8A%D8%B9-%D9%8A%D9%88%D8%AC%D9%87-%D8%B1%D8%B3%D8%A7%D8%A6%D9%84/ HTTP/1.1" 403 0 "-" "Mozilla/5.0 (compatible; SemrushBot/7~bl; +http://www.semrush.com/bot.html)"
85.208.96.199 - - [02/Jul/2024:21:06:06 +0200] "GET /tag/%D8%B4%D8%A7%D9%84%D9%88%D9%85/ HTTP/1.1" 403 0 "-" "Mozilla/5.0 (compatible; SemrushBot/7~bl; +http://www.semrush.com/bot.html)"
185.191.171.8 - - [02/Jul/2024:21:07:07 +0200] "GET /%D9%87%D8%A7%D8%AC%D8%B1-%D8%B3%D9%84%D9%8A%D9%85%D8%A7%D9%86-%D8%AA%D9%83%D8%AA%D8%A8-%D8%B4%D8%B1%D9%83%D8%A7%D8%A1-%D8%A7%D9%84%D8%AC%D8%B1%D9%85/ HTTP/1.1" 403 0 "-" "Mozilla/5.0 (compatible; SemrushBot/7~bl; +http://www.semrush.com/bot.html)"
185.170.167.18 - - [02/Jul/2024:21:07:56 +0200] "GET /tag/%D8%B4%D8%B8%D8%A7%D9%8A%D8%A7/ HTTP/1.1" 200 21972 "-" "BacklinksExtendedBot"
66.249.70.109 - - [02/Jul/2024:21:08:25 +0200] "GET /pbteh/q2038426.html HTTP/1.1" 200 42496 "-" "Mozilla/5.0 (Linux; Android 6.0.1; Nexus 5X Build/MMB29P) AppleWebKit/537.36 (KHTML, like Gecko) Chrome/125.0.6422.175 Mobile Safari/537.36 (compatible; GoogleOther)"
147.45.78.15 - - [02/Jul/2024:21:10:13 +0200] "POST /74a7c9952328.php HTTP/1.1" 500 9 "-" "curl/7.86.0"
66.249.70.108 - - [02/Jul/2024:21:10:29 +0200] "GET /jnfia/g480184.html HTTP/1.1" 200 41448 "-" "Mozilla/5.0 (Linux; Android 6.0.1; Nexus 5X Build/MMB29P) AppleWebKit/537.36 (KHTML, like Gecko) Chrome/125.0.6422.175 Mobile Safari/537.36 (compatible; GoogleOther)"
3.22.240.205 - - [02/Jul/2024:21:11:05 +0200] "GET /wp-json/wp/v2/posts//%22https:////sudantribune.net//wp-content//uploads//2021//12//88123919_1379010165593911_5041989214036557824_n.jpg/%22/ HTTP/2" 404 188 "-" "Mozilla/5.0 AppleWebKit/537.36 (KHTML, like Gecko; compatible; ClaudeBot/1.0; +claudebot@anthropic.com)"
185.191.171.17 - - [02/Jul/2024:21:11:10 +0200] "GET /tag/%D8%A7%D9%84%D8%A7%D9%86%D9%82%D8%B3%D8%A7%D9%85%D8%A7%D8%AA/ HTTP/1.1" 403 0 "-" "Mozilla/5.0 (compatible; SemrushBot/7~bl; +http://www.semrush.com/bot.html)"
66.249.70.109 - - [02/Jul/2024:21:12:33 +0200] "GET /casqx/u1167612.html HTTP/1.1" 200 42700 "-" "Mozilla/5.0 (Linux; Android 6.0.1; Nexus 5X Build/MMB29P) AppleWebKit/537.36 (KHTML, like Gecko) Chrome/125.0.6422.175 Mobile Safari/537.36 (compatible; GoogleOther)"
135.181.9.38 - - [02/Jul/2024:21:14:14 +0200] "POST /wp-admin/admin-ajax.php?action=async_litespeed&nonce=fa75a626a4&litespeed_type=imgoptm HTTP/1.1" 200 21 "-" "WordPress/6.5.3; https://www.sudancam.net"
18.224.31.11 - - [02/Jul/2024:21:14:20 +0200] "GET /robots.txt HTTP/2" 200 128 "-" "Mozilla/5.0 AppleWebKit/537.36 (KHTML, like Gecko; compatible; ClaudeBot/1.0; +claudebot@anthropic.com)"
18.224.31.11 - - [02/Jul/2024:21:14:21 +0200] "GET /wp-json/wp/v2/posts//%22https:////www.alnilin.com//wp-content//uploads//2017//12///u0645/u062a/u0631/u0648-/u0627/u0644/u0642/u0627/u0647/u0631/u0629.jpg/%22 HTTP/2" 404 188 "-" "Mozilla/5.0 AppleWebKit/537.36 (KHTML, like Gecko; compatible; ClaudeBot/1.0; +claudebot@anthropic.com)"
185.170.167.18 - - [02/Jul/2024:21:14:36 +0200] "GET /%D9%84%D8%AC%D9%86%D8%A9-%D8%A7%D9%84%D8%A7%D9%86%D8%B6%D8%A8%D8%A7%D8%B7-%D8%A8%D8%A7%D8%AA%D8%AD%D8%A7%D8%AF-%D8%A7%D9%84%D9%83%D8%B1%D8%A9-%D8%AA%D9%88%D9%82%D9%81-%D8%A7%D9%84%D9%86%D8%A7%D8%A6/ HTTP/1.1" 200 29269 "-" "BacklinksExtendedBot"
135.181.9.38 - - [02/Jul/2024:21:02:47 +0200] "POST /wp-admin/admin-ajax.php?action=async_litespeed&nonce=fa75a626a4&litespeed_type=imgoptm HTTP/1.1" 200 21 "-" "WordPress/6.5.3; https://www.sudancam.net"
85.208.96.196 - - [02/Jul/2024:21:03:04 +0200] "GET /%D9%88%D9%83%D8%A7%D9%84%D8%A9-%D8%A3%D9%85%D9%85%D9%8A%D8%A9-2-7-%D9%85%D9%84%D9%8A%D9%88%D9%86-%D8%A7%D9%85%D8%B1%D8%A3%D8%A9-%D8%A8%D8%AD%D8%A7%D8%AC%D8%A9-%D9%84%D8%AE%D8%AF%D9%85%D8%A7%D8%AA/ HTTP/1.1" 403 0 "-" "Mozilla/5.0 (compatible; SemrushBot/7~bl; +http://www.semrush.com/bot.html)"
66.249.70.108 - - [02/Jul/2024:21:04:14 +0200] "GET /pdfdq/t188243.html HTTP/1.1" 200 41428 "-" "Mozilla/5.0 (Linux; Android 6.0.1; Nexus 5X Build/MMB29P) AppleWebKit/537.36 (KHTML, like Gecko) Chrome/125.0.6422.175 Mobile Safari/537.36 (compatible; GoogleOther)"
147.45.78.15 - - [02/Jul/2024:21:06:14 +0200] "POST /74a7c9952328.php HTTP/1.1" 500 9 "-" "curl/7.86.0"
66.249.70.110 - - [02/Jul/2024:21:06:21 +0200] "GET /udnfp/a2166044.html HTTP/1.1" 200 41220 "-" "Mozilla/5.0 (Linux; Android 6.0.1; Nexus 5X Build/MMB29P) AppleWebKit/537.36 (KHTML, like Gecko) Chrome/125.0.6422.175 Mobile Safari/537.36 (compatible; GoogleOther)"
135.181.9.38 - - [02/Jul/2024:21:07:56 +0200] "POST /wp-cron.php?doing_wp_cron=1719947276.8047258853912353515625 HTTP/1.1" 200 0 "-" "WordPress/6.5.3; https://www.sudancam.net"
13.58.169.165 - - [02/Jul/2024:21:08:06 +0200] "GET /wp-json/wp/v2/posts//%22https:////koorasudan.net//wp-content//uploads//2022//04///u0627/u0644/u0627/u0647/u0644/u064a-/u0634/u0646/u062f/u064a-1-250x250.png/%22 HTTP/2" 404 188 "-" "Mozilla/5.0 AppleWebKit/537.36 (KHTML, like Gecko; compatible; ClaudeBot/1.0; +claudebot@anthropic.com)"
147.45.78.15 - - [02/Jul/2024:21:08:13 +0200] "POST /74a7c9952328.php HTTP/1.1" 500 9 "-" "curl/7.86.0"
85.208.96.194 - - [02/Jul/2024:21:10:09 +0200] "GET /%D8%B1%D9%85%D8%B2%D9%8A-%D8%A7%D9%84%D9%85%D8%B5%D8%B1%D9%8A-%D9%8A%D9%83%D8%AA%D8%A8-%D9%83%D9%88%D9%84%D9%88%D9%85%D8%A8%D9%8A%D8%A7-2/ HTTP/1.1" 403 0 "-" "Mozilla/5.0 (compatible; SemrushBot/7~bl; +http://www.semrush.com/bot.html)"
135.181.9.38 - - [02/Jul/2024:21:11:05 +0200] "GET /sitemap_index.xml HTTP/1.1" 200 17093 "-" "WordPress/6.5.3; https://www.sudancam.net"
135.181.9.38 - - [02/Jul/2024:21:11:07 +0200] "POST /wp-admin/admin-ajax.php?action=async_litespeed&nonce=fa75a626a4&litespeed_type=imgoptm HTTP/1.1" 200 21 "-" "WordPress/6.5.3; https://www.sudancam.net"
185.191.171.2 - - [02/Jul/2024:21:14:12 +0200] "GET /%D8%A7%D9%84%D8%A7%D8%AA%D8%AD%D8%A7%D8%AF-%D8%A7%D9%84%D8%AF%D9%88%D9%84%D9%8A-%D9%84%D9%84%D8%B5%D8%AD%D8%A7%D9%81%D9%8A%D9%8A%D9%86-%D8%A7%D9%84%D9%81%D9%84%D8%B3%D8%B7%D9%8A%D9%86%D9%8A%D9%88/ HTTP/1.1" 403 0 "-" "Mozilla/5.0 (compatible; SemrushBot/7~bl; +http://www.semrush.com/bot.html)"
147.45.78.15 - - [02/Jul/2024:21:14:13 +0200] "POST /74a7c9952328.php HTTP/1.1" 500 9 "-" "curl/7.86.0"
135.181.9.38 - - [02/Jul/2024:21:14:14 +0200] "POST /wp-cron.php?doing_wp_cron=1719947654.3156061172485351562500 HTTP/1.1" 200 0 "-" "WordPress/6.5.3; https://www.sudancam.net"
185.170.167.18 - - [02/Jul/2024:21:14:13 +0200] "GET /tag/%D8%AA%D9%88%D8%B1%D8%AA%D8%A9/ HTTP/1.1" 200 32246 "-" "BacklinksExtendedBot"
185.191.171.13 - - [02/Jul/2024:21:15:12 +0200] "GET /tag/%D8%A3%D9%82%D8%B5%D8%B1/ HTTP/1.1" 403 0 "-" "Mozilla/5.0 (compatible; SemrushBot/7~bl; +http://www.semrush.com/bot.html)"
66.249.70.110 - - [02/Jul/2024:21:16:11 +0200] "GET /pdfga/j1993933.html HTTP/1.1" 200 41586 "-" "Mozilla/5.0 (Linux; Android 6.0.1; Nexus 5X Build/MMB29P) AppleWebKit/537.36 (KHTML, like Gecko) Chrome/125.0.6422.175 Mobile Safari/537.36 (compatible; GoogleOther)"
147.45.78.15 - - [02/Jul/2024:21:16:17 +0200] "POST /74a7c9952328.php HTTP/1.1" 500 9 "-" "curl/7.86.0"
66.249.70.109 - - [02/Jul/2024:21:16:42 +0200] "GET /milmg/d2591199.html HTTP/1.1" 200 41078 "-" "Mozilla/5.0 (Linux; Android 6.0.1; Nexus 5X Build/MMB29P) AppleWebKit/537.36 (KHTML, like Gecko) Chrome/125.0.6422.175 Mobile Safari/537.36 (compatible; GoogleOther)"
66.249.70.108 - - [02/Jul/2024:21:15:20 +0200] "GET /aiwhi/j1320195.html HTTP/1.1" 200 41739 "-" "Mozilla/5.0 (Linux; Android 6.0.1; Nexus 5X Build/MMB29P) AppleWebKit/537.36 (KHTML, like Gecko) Chrome/125.0.6422.175 Mobile Safari/537.36 (compatible; Googlebot/2.1; +http://www.google.com/bot.html)"
85.208.96.196 - - [02/Jul/2024:21:16:13 +0200] "GET /%D8%A7%D8%B1%D8%AC%D9%88-%D8%A7%D9%84%D8%B1%D8%A7%D8%AC%D9%8A%D9%83%D9%85-%D9%8A%D8%A7-%D8%AC%D9%86%D8%AC%D9%88%D9%8A%D8%AF-%D8%A7%D9%84%D9%86%D9%8A%D9%84%D9%8A%D9%86/ HTTP/1.1" 403 0 "-" "Mozilla/5.0 (compatible; SemrushBot/7~bl; +http://www.semrush.com/bot.html)"
85.208.96.208 - - [02/Jul/2024:21:17:13 +0200] "GET /quran/translate-sw-25.html HTTP/1.1" 403 0 "-" "Mozilla/5.0 (compatible; SemrushBot/7~bl; +http://www.semrush.com/bot.html)"
3.141.30.118 - - [02/Jul/2024:21:17:31 +0200] "GET /wp-json/wp/v2/posts//%22https:////koorasudan.net//wp-content//uploads//2022//09///u0627/u0644/u0647/u0644/u0627/u06442023.png/%22 HTTP/2" 404 188 "-" "Mozilla/5.0 AppleWebKit/537.36 (KHTML, like Gecko; compatible; ClaudeBot/1.0; +claudebot@anthropic.com)"
135.181.9.38 - - [02/Jul/2024:21:17:31 +0200] "POST /wp-cron.php?doing_wp_cron=1719947851.7758131027221679687500 HTTP/1.1" 200 0 "-" "WordPress/6.5.3; https://www.sudancam.net"
135.181.9.38 - - [02/Jul/2024:21:17:32 +0200] "POST /wp-admin/admin-ajax.php?action=async_litespeed&nonce=fa75a626a4&litespeed_type=imgoptm HTTP/1.1" 200 21 "-" "WordPress/6.5.3; https://www.sudancam.net"
40.77.167.76 - - [02/Jul/2024:21:17:41 +0200] "GET /earmv/n1433559.html HTTP/2" 200 43180 "-" "Mozilla/5.0 AppleWebKit/537.36 (KHTML, like Gecko; compatible; bingbot/2.0; +http://www.bing.com/bingbot.htm) Chrome/116.0.1938.76 Safari/537.36"
135.181.9.38 - - [02/Jul/2024:21:19:00 +0200] "POST /wp-cron.php?doing_wp_cron=1719947940.0109019279479980468750 HTTP/1.1" 200 0 "-" "WordPress/6.5.3; https://www.sudancam.net"
135.181.9.38 - - [02/Jul/2024:21:19:00 +0200] "POST /wp-admin/admin-ajax.php?action=async_litespeed&nonce=fa75a626a4&litespeed_type=imgoptm HTTP/1.1" 200 21 "-" "WordPress/6.5.3; https://www.sudancam.net"
196.196.198.201 - - [02/Jul/2024:21:19:10 +0200] "GET /%d8%a7%d8%aa%d8%b5%d9%84-%d8%a8%d9%86%d8%a7/ HTTP/1.1" 200 46775 "-" "Mozilla/5.0 (Windows NT 10.0; Win64; x64) AppleWebKit/537.36 (KHTML, like Gecko) Chrome/114.0.0.0 Safari/537.36"
85.208.96.209 - - [02/Jul/2024:21:19:15 +0200] "GET /%D9%85%D9%87%D8%B1%D8%AC%D8%A7%D9%86-%D8%A7%D9%84%D9%82%D8%A7%D9%87%D8%B1%D8%A9-%D9%84%D9%84%D8%AF%D8%B1%D8%A7%D9%85%D8%A7-%D9%85%D9%86%D9%89-%D8%B2%D9%83%D9%8A-%D8%A3%D9%81%D8%B6%D9%84-%D9%85%D9%85/ HTTP/1.1" 403 0 "-" "Mozilla/5.0 (compatible; SemrushBot/7~bl; +http://www.semrush.com/bot.html)"
92.247.181.32 - - [02/Jul/2024:21:19:45 +0200] "GET /feed/ HTTP/1.1" 200 17748 "https://www.sudancam.net/" "Inoreader/1.0 (+http://www.inoreader.com/feed-fetcher; 1 subscribers; )"
196.196.198.201 - - [02/Jul/2024:21:19:46 +0200] "GET /%d8%a7%d8%aa%d8%b5%d9%84-%d8%a8%d9%86%d8%a7/?random-post=1 HTTP/1.1" 302 0 "https://www.sudancam.net/%d8%a7%d8%aa%d8%b5%d9%84-%d8%a8%d9%86%d8%a7/" "Mozilla/5.0 (Windows NT 10.0; Win64; x64) AppleWebKit/537.36 (KHTML, like Gecko) Chrome/114.0.0.0 Safari/537.36"
185.191.171.19 - - [02/Jul/2024:21:20:16 +0200] "GET /tag/%D9%88%D8%A8%D9%82%D8%A7%D8%A1/ HTTP/1.1" 403 0 "-" "Mozilla/5.0 (compatible; SemrushBot/7~bl; +http://www.semrush.com/bot.html)"
66.249.70.109 - - [02/Jul/2024:21:20:50 +0200] "GET /ajpeb/q1015066.html HTTP/1.1" 200 42325 "-" "Mozilla/5.0 (Linux; Android 6.0.1; Nexus 5X Build/MMB29P) AppleWebKit/537.36 (KHTML, like Gecko) Chrome/125.0.6422.175 Mobile Safari/537.36 (compatible; GoogleOther)"
40.77.167.24 - - [02/Jul/2024:21:20:50 +0200] "GET /osduh/j946133.html HTTP/2" 200 42557 "-" "Mozilla/5.0 AppleWebKit/537.36 (KHTML, like Gecko; compatible; bingbot/2.0; +http://www.bing.com/bingbot.htm) Chrome/116.0.1938.76 Safari/537.36"
66.249.70.108 - - [02/Jul/2024:21:21:48 +0200] "GET /rddrv/o1298828.html HTTP/1.1" 200 41467 "-" "Mozilla/5.0 (Linux; Android 6.0.1; Nexus 5X Build/MMB29P) AppleWebKit/537.36 (KHTML, like Gecko) Chrome/125.0.6422.175 Mobile Safari/537.36 (compatible; Googlebot/2.1; +http://www.google.com/bot.html)"
192.0.116.244 - - [02/Jul/2024:21:21:56 +0200] "GET /wp-content/uploads/2022/05/117.jpg HTTP/1.1" 200 32047 "-" "Photon/1.0"
40.77.167.24 - - [02/Jul/2024:21:23:43 +0200] "GET /fyglj/v1543209.html HTTP/2" 200 42162 "-" "Mozilla/5.0 AppleWebKit/537.36 (KHTML, like Gecko; compatible; bingbot/2.0; +http://www.bing.com/bingbot.htm) Chrome/116.0.1938.76 Safari/537.36"
40.77.167.24 - - [02/Jul/2024:21:23:44 +0200] "GET /jbtls/k2597914.html HTTP/2" 200 42536 "-" "Mozilla/5.0 AppleWebKit/537.36 (KHTML, like Gecko; compatible; bingbot/2.0; +http://www.bing.com/bingbot.htm) Chrome/116.0.1938.76 Safari/537.36"
135.181.9.38 - - [02/Jul/2024:21:23:49 +0200] "POST /wp-cron.php?doing_wp_cron=1719948229.3125588893890380859375 HTTP/1.1" 200 0 "-" "WordPress/6.5.3; https://www.sudancam.net"
52.167.144.176 - - [02/Jul/2024:21:24:58 +0200] "GET /%D8%A7%D9%84%D8%AA%D8%B1%D8%A8%D9%8A%D8%A9-%D8%A8%D9%86%D9%87%D8%B1-%D8%A7%D9%84%D9%86%D9%8A%D9%84-%D8%AA%D8%B9%D9%84%D9%86-%D8%B9%D9%86-%D8%A7%D8%B3%D8%AA%D9%8A%D8%B9%D8%A7%D8%A8-%D8%A7%D9%84%D9%85/ HTTP/2" 200 41979 "-" "Mozilla/5.0 AppleWebKit/537.36 (KHTML, like Gecko; compatible; bingbot/2.0; +http://www.bing.com/bingbot.htm) Chrome/116.0.1938.76 Safari/537.36"
85.208.96.210 - - [02/Jul/2024:21:18:15 +0200] "GET /%D8%B3%D8%B9%D8%B1-%D8%A7%D9%84%D8%AF%D8%B1%D9%87%D9%85-%D8%A7%D9%84%D8%A7%D9%85%D8%A7%D8%B1%D8%A7%D8%AA%D9%8A-%D9%81%D9%8A-%D8%A7%D9%84%D8%A8%D9%86%D9%88%D9%83-%D9%84%D9%8A%D9%88%D9%85-%D8%A7-103/ HTTP/1.1" 403 0 "-" "Mozilla/5.0 (compatible; SemrushBot/7~bl; +http://www.semrush.com/bot.html)"
185.170.167.18 - - [02/Jul/2024:21:18:59 +0200] "GET /tag/%D9%84%D9%84%D9%85%D9%82%D8%B1/ HTTP/1.1" 200 21994 "-" "BacklinksExtendedBot"
196.196.198.201 - - [02/Jul/2024:21:19:13 +0200] "GET / HTTP/1.1" 200 66456 "https://www.sudancam.net/%d8%a7%d8%aa%d8%b5%d9%84-%d8%a8%d9%86%d8%a7/" "Mozilla/5.0 (Windows NT 10.0; Win64; x64) AppleWebKit/537.36 (KHTML, like Gecko) Chrome/114.0.0.0 Safari/537.36"
66.249.70.109 - - [02/Jul/2024:21:22:54 +0200] "GET /ozlav/w1063588.html HTTP/1.1" 200 42284 "-" "Mozilla/5.0 (Linux; Android 6.0.1; Nexus 5X Build/MMB29P) AppleWebKit/537.36 (KHTML, like Gecko) Chrome/125.0.6422.175 Mobile Safari/537.36 (compatible; GoogleOther)"
18.223.205.61 - - [02/Jul/2024:21:23:48 +0200] "GET /wp-json/wp/v2/posts//%22https:////www.alnilin.com//wp-content//uploads//newspic//9.jpg/%22 HTTP/2" 404 188 "-" "Mozilla/5.0 AppleWebKit/537.36 (KHTML, like Gecko; compatible; ClaudeBot/1.0; +claudebot@anthropic.com)"
66.249.70.109 - - [02/Jul/2024:21:25:02 +0200] "GET /yaayl/j492459.html HTTP/1.1" 200 42015 "-" "Mozilla/5.0 (Linux; Android 6.0.1; Nexus 5X Build/MMB29P) AppleWebKit/537.36 (KHTML, like Gecko) Chrome/125.0.6422.175 Mobile Safari/537.36 (compatible; GoogleOther)"
66.249.70.109 - - [02/Jul/2024:21:25:06 +0200] "GET /tag/%D8%A5%D9%81%D8%AA%D8%AA%D8%A7%D8%AD/ HTTP/1.1" 200 42415 "-" "Mozilla/5.0 (Linux; Android 6.0.1; Nexus 5X Build/MMB29P) AppleWebKit/537.36 (KHTML, like Gecko) Chrome/125.0.6422.175 Mobile Safari/537.36 (compatible; Googlebot/2.1; +http://www.google.com/bot.html)"
85.208.96.208 - - [02/Jul/2024:21:25:20 +0200] "GET /tag/%D9%88%D8%AA%D8%B3%D8%AD%D8%A8/ HTTP/1.1" 403 0 "-" "Mozilla/5.0 (compatible; SemrushBot/7~bl; +http://www.semrush.com/bot.html)"
147.45.78.15 - - [02/Jul/2024:21:18:13 +0200] "POST /74a7c9952328.php HTTP/1.1" 500 9 "-" "curl/7.86.0"
196.196.198.201 - - [02/Jul/2024:21:19:47 +0200] "GET /%d8%a3%d8%b1%d8%a7%d9%85%d9%83%d9%88-%d8%a7%d9%84%d9%86%d9%81%d8%b7%d9%8a%d8%a9-%d8%aa%d8%b7%d9%8a%d8%ad-%d8%a8%d8%b9%d9%85%d9%84%d8%a7%d9%82%d8%a9-%d8%a7%d9%84%d8%aa%d9%83%d9%86%d9%88%d9%84%d9%88/ HTTP/1.1" 200 34223 "https://www.sudancam.net/%d8%a7%d8%aa%d8%b5%d9%84-%d8%a8%d9%86%d8%a7/?random-post=1" "Mozilla/5.0 (Windows NT 10.0; Win64; x64) AppleWebKit/537.36 (KHTML, like Gecko) Chrome/114.0.0.0 Safari/537.36"
196.196.198.201 - - [02/Jul/2024:21:19:51 +0200] "POST /wp-comments-post.php HTTP/1.1" 302 0 "https://www.sudancam.net/%d8%a3%d8%b1%d8%a7%d9%85%d9%83%d9%88-%d8%a7%d9%84%d9%86%d9%81%d8%b7%d9%8a%d8%a9-%d8%aa%d8%b7%d9%8a%d8%ad-%d8%a8%d8%b9%d9%85%d9%84%d8%a7%d9%82%d8%a9-%d8%a7%d9%84%d8%aa%d9%83%d9%86%d9%88%d9%84%d9%88/" "Mozilla/5.0 (Windows NT 10.0; Win64; x64) AppleWebKit/537.36 (KHTML, like Gecko) Chrome/114.0.0.0 Safari/537.36"
196.196.198.201 - - [02/Jul/2024:21:19:53 +0200] "GET /%d8%a3%d8%b1%d8%a7%d9%85%d9%83%d9%88-%d8%a7%d9%84%d9%86%d9%81%d8%b7%d9%8a%d8%a9-%d8%aa%d8%b7%d9%8a%d8%ad-%d8%a8%d8%b9%d9%85%d9%84%d8%a7%d9%82%d8%a9-%d8%a7%d9%84%d8%aa%d9%83%d9%86%d9%88%d9%84%d9%88/#comment-871 HTTP/1.1" 404 21836 "https://www.sudancam.net/wp-comments-post.php" "Mozilla/5.0 (Windows NT 10.0; Win64; x64) AppleWebKit/537.36 (KHTML, like Gecko) Chrome/114.0.0.0 Safari/537.36"
147.45.78.15 - - [02/Jul/2024:21:20:15 +0200] "POST /74a7c9952328.php HTTP/1.1" 500 9 "-" "curl/7.86.0"
185.191.171.11 - - [02/Jul/2024:21:21:18 +0200] "GET /quran/translate-sq-20.html HTTP/1.1" 403 0 "-" "Mozilla/5.0 (compatible; SemrushBot/7~bl; +http://www.semrush.com/bot.html)"
66.249.70.108 - - [02/Jul/2024:21:22:09 +0200] "GET /npdfq/w294118.html HTTP/1.1" 200 41625 "-" "Mozilla/5.0 (Linux; Android 6.0.1; Nexus 5X Build/MMB29P) AppleWebKit/537.36 (KHTML, like Gecko) Chrome/125.0.6422.175 Mobile Safari/537.36 (compatible; GoogleOther)"
147.45.78.15 - - [02/Jul/2024:21:22:12 +0200] "POST /74a7c9952328.php HTTP/1.1" 500 9 "-" "curl/7.86.0"
185.191.171.13 - - [02/Jul/2024:21:22:19 +0200] "GET /tag/%D8%A7%D9%84%D9%87%D8%A8%D8%A7%D8%A1/ HTTP/1.1" 403 0 "-" "Mozilla/5.0 (compatible; SemrushBot/7~bl; +http://www.semrush.com/bot.html)"
85.208.96.201 - - [02/Jul/2024:21:23:19 +0200] "GET /%F0%9F%94%B4%D9%81%D9%84%D9%88%D9%84-%D9%88%D9%81%D9%84%D9%88%D9%84/ HTTP/1.1" 403 0 "-" "Mozilla/5.0 (compatible; SemrushBot/7~bl; +http://www.semrush.com/bot.html)"
135.181.9.38 - - [02/Jul/2024:21:23:49 +0200] "POST /wp-admin/admin-ajax.php?action=async_litespeed&nonce=fa75a626a4&litespeed_type=imgoptm HTTP/1.1" 200 21 "-" "WordPress/6.5.3; https://www.sudancam.net"
147.45.78.15 - - [02/Jul/2024:21:24:12 +0200] "POST /74a7c9952328.php HTTP/1.1" 500 9 "-" "curl/7.86.0"
3.12.164.101 - - [02/Jul/2024:21:24:18 +0200] "GET /wp-json/wp/v2/posts//%22https:////www.alnilin.com//wp-content//uploads//2019//04///u0639/u0644/u0645-/u0627/u0644/u0633/u0648/u062f/u0627/u0646.jpg/%22 HTTP/2" 404 188 "-" "Mozilla/5.0 AppleWebKit/537.36 (KHTML, like Gecko; compatible; ClaudeBot/1.0; +claudebot@anthropic.com)"
85.208.96.211 - - [02/Jul/2024:21:24:20 +0200] "GET /un6xee/asio4all-no-sound-pro-tools-10.html HTTP/1.1" 403 0 "-" "Mozilla/5.0 (compatible; SemrushBot/7~bl; +http://www.semrush.com/bot.html)"
185.191.171.8 - - [02/Jul/2024:21:26:21 +0200] "GET /tag/%D9%84%D8%A3%D9%81%D8%B1%D9%8A%D9%82%D9%8A%D8%A7/ HTTP/1.1" 403 0 "-" "Mozilla/5.0 (compatible; SemrushBot/7~bl; +http://www.semrush.com/bot.html)"
52.167.144.176 - - [02/Jul/2024:21:27:49 +0200] "GET /hueac/y659628.html HTTP/2" 200 43135 "-" "Mozilla/5.0 AppleWebKit/537.36 (KHTML, like Gecko; compatible; bingbot/2.0; +http://www.bing.com/bingbot.htm) Chrome/116.0.1938.76 Safari/537.36"
147.45.78.15 - - [02/Jul/2024:21:28:14 +0200] "POST /74a7c9952328.php HTTP/1.1" 500 9 "-" "curl/7.86.0"
66.249.70.108 - - [02/Jul/2024:21:28:54 +0200] "GET /tag/%D8%B1%D9%82%D8%B5%D8%A7%D8%AA/ HTTP/1.1" 200 42522 "-" "Mozilla/5.0 (Linux; Android 6.0.1; Nexus 5X Build/MMB29P) AppleWebKit/537.36 (KHTML, like Gecko) Chrome/125.0.6422.175 Mobile Safari/537.36 (compatible; Googlebot/2.1; +http://www.google.com/bot.html)"
66.249.70.108 - - [02/Jul/2024:21:28:55 +0200] "GET /nnpbs/x2647015.html HTTP/1.1" 200 42857 "-" "Mozilla/5.0 (Linux; Android 6.0.1; Nexus 5X Build/MMB29P) AppleWebKit/537.36 (KHTML, like Gecko) Chrome/125.0.6422.175 Mobile Safari/537.36 (compatible; Googlebot/2.1; +http://www.google.com/bot.html)"
66.249.70.110 - - [02/Jul/2024:21:29:58 +0200] "GET /%D9%87%D8%B1%D9%85%D9%88%D9%86-%D8%A7%D9%84%D8%AD%D8%A8-%D9%8A%D8%B5%D9%84%D8%AD-%D8%A7%D9%84%D8%AE%D9%84%D8%A7%D9%8A%D8%A7-%D8%A7%D9%84%D8%AA%D8%A7%D9%84%D9%81%D8%A9-%D8%A8%D8%B9%D8%AF-%D9%86%D9%88/ HTTP/1.1" 200 41730 "-" "Mozilla/5.0 (compatible; Googlebot/2.1; +http://www.google.com/bot.html)"
89.185.85.125 - - [02/Jul/2024:21:30:31 +0200] "GET / HTTP/1.1" 301 0 "-" "Mozilla/5.0 (Windows NT 6.2; WOW64; rv:48.0) Gecko/20100101 Firefox/48.0"
135.181.9.38 - - [02/Jul/2024:21:30:32 +0200] "POST /wp-admin/admin-ajax.php?action=async_litespeed&nonce=fa75a626a4&litespeed_type=imgoptm HTTP/1.1" 200 21 "-" "WordPress/6.5.3; https://www.sudancam.net"
66.249.70.108 - - [02/Jul/2024:21:31:28 +0200] "GET /skdpe/k1923240.html HTTP/1.1" 200 43175 "-" "Mozilla/5.0 (Linux; Android 6.0.1; Nexus 5X Build/MMB29P) AppleWebKit/537.36 (KHTML, like Gecko) Chrome/125.0.6422.175 Mobile Safari/537.36 (compatible; GoogleOther)"
147.45.78.15 - - [02/Jul/2024:21:32:13 +0200] "POST /74a7c9952328.php HTTP/1.1" 500 9 "-" "curl/7.86.0"
85.208.96.197 - - [02/Jul/2024:21:33:25 +0200] "GET /%D9%8A%D9%88%D9%86%D8%B3%D9%8A%D9%81-%D8%A7%D9%84%D8%B9%D9%85%D9%84-%D8%B9%D9%84%D9%89-%D9%85%D9%83%D8%A7%D9%81%D8%AD%D8%A9-%D8%B4%D9%84%D9%84-%D8%A7%D9%84%D8%A3%D8%B7%D9%81%D8%A7%D9%84/ HTTP/1.1" 403 0 "-" "Mozilla/5.0 (compatible; SemrushBot/7~bl; +http://www.semrush.com/bot.html)"
66.249.70.110 - - [02/Jul/2024:21:33:35 +0200] "GET /adisa/g1251474.html HTTP/1.1" 200 41673 "-" "Mozilla/5.0 (Linux; Android 6.0.1; Nexus 5X Build/MMB29P) AppleWebKit/537.36 (KHTML, like Gecko) Chrome/125.0.6422.175 Mobile Safari/537.36 (compatible; GoogleOther)"
147.45.78.15 - - [02/Jul/2024:21:34:15 +0200] "POST /74a7c9952328.php HTTP/1.1" 500 9 "-" "curl/7.86.0"
185.191.171.2 - - [02/Jul/2024:21:34:26 +0200] "GET /%D8%B3%D9%84%D8%B7%D8%A9-%D8%A7%D9%84%D8%B7%D9%8A%D8%B1%D8%A7%D9%86-%D8%A7%D9%84%D9%85%D8%AF%D9%86%D9%8A-%D8%AA%D9%85%D8%AF%D8%AF-%D8%A5%D8%BA%D9%84%D8%A7%D9%82-%D8%A7%D9%84%D9%85%D8%AC%D8%A7%D9%84/ HTTP/1.1" 403 0 "-" "Mozilla/5.0 (compatible; SemrushBot/7~bl; +http://www.semrush.com/bot.html)"
66.249.70.108 - - [02/Jul/2024:21:27:08 +0200] "GET /rnula/g124400.html HTTP/1.1" 200 41814 "-" "Mozilla/5.0 (Linux; Android 6.0.1; Nexus 5X Build/MMB29P) AppleWebKit/537.36 (KHTML, like Gecko) Chrome/125.0.6422.175 Mobile Safari/537.36 (compatible; Googlebot/2.1; +http://www.google.com/bot.html)"
3.15.223.197 - - [02/Jul/2024:21:27:27 +0200] "GET /wp-json/wp/v2/posts//%22https:////www.alnilin.com//wp-content//uploads//2023//07//hemidty-780x470.jpg/%22 HTTP/2" 404 188 "-" "Mozilla/5.0 AppleWebKit/537.36 (KHTML, like Gecko; compatible; ClaudeBot/1.0; +claudebot@anthropic.com)"
135.181.9.38 - - [02/Jul/2024:21:27:28 +0200] "POST /wp-admin/admin-ajax.php?action=async_litespeed&nonce=fa75a626a4&litespeed_type=imgoptm HTTP/1.1" 200 21 "-" "WordPress/6.5.3; https://www.sudancam.net"
52.167.144.163 - - [02/Jul/2024:21:27:50 +0200] "GET /dpaip/d1342471.html HTTP/2" 200 41676 "-" "Mozilla/5.0 AppleWebKit/537.36 (KHTML, like Gecko; compatible; bingbot/2.0; +http://www.bing.com/bingbot.htm) Chrome/116.0.1938.76 Safari/537.36"
66.249.70.109 - - [02/Jul/2024:21:28:56 +0200] "GET /tag/%D8%A7%D9%84%D8%B5%D9%85%D8%BA/ HTTP/1.1" 200 41698 "-" "Mozilla/5.0 (Linux; Android 6.0.1; Nexus 5X Build/MMB29P) AppleWebKit/537.36 (KHTML, like Gecko) Chrome/125.0.6422.175 Mobile Safari/537.36 (compatible; Googlebot/2.1; +http://www.google.com/bot.html)"
66.249.70.109 - - [02/Jul/2024:21:28:56 +0200] "GET /tag/%D8%A7%D9%84%D9%86%D9%87%D9%88%D8%AF/ HTTP/1.1" 200 42176 "-" "Mozilla/5.0 (Linux; Android 6.0.1; Nexus 5X Build/MMB29P) AppleWebKit/537.36 (KHTML, like Gecko) Chrome/125.0.6422.175 Mobile Safari/537.36 (compatible; Googlebot/2.1; +http://www.google.com/bot.html)"
66.249.70.109 - - [02/Jul/2024:21:28:57 +0200] "GET /%D9%85%D8%B5%D8%B1-%D8%A8%D9%84%D8%AF-%D8%A7%D9%84%D8%A3%D9%85%D9%86-%D9%88%D8%A7%D9%84%D8%A3%D9%85%D8%A7%D9%86-%D8%A8%D9%81%D8%B6%D9%84-%D8%A7%D9%84%D8%B1%D8%A6%D9%8A%D8%B3-%D8%A7%D9%84%D8%B3%D9%8A/ HTTP/1.1" 200 41742 "-" "Mozilla/5.0 (Linux; Android 6.0.1; Nexus 5X Build/MMB29P) AppleWebKit/537.36 (KHTML, like Gecko) Chrome/125.0.6422.175 Mobile Safari/537.36 (compatible; Googlebot/2.1; +http://www.google.com/bot.html)"
40.77.167.65 - - [02/Jul/2024:21:29:25 +0200] "GET /kwszi/o2126122.html HTTP/2" 200 41309 "-" "Mozilla/5.0 AppleWebKit/537.36 (KHTML, like Gecko; compatible; bingbot/2.0; +http://www.bing.com/bingbot.htm) Chrome/116.0.1938.76 Safari/537.36"
40.77.167.65 - - [02/Jul/2024:21:29:27 +0200] "GET /tuner/m2649396.html HTTP/2" 200 42219 "-" "Mozilla/5.0 AppleWebKit/537.36 (KHTML, like Gecko; compatible; bingbot/2.0; +http://www.bing.com/bingbot.htm) Chrome/116.0.1938.76 Safari/537.36"
147.45.78.15 - - [02/Jul/2024:21:30:13 +0200] "POST /74a7c9952328.php HTTP/1.1" 500 9 "-" "curl/7.86.0"
185.191.171.13 - - [02/Jul/2024:21:30:23 +0200] "GET /tag/%D8%AC%D8%AF%D9%8A%D8%AF/ HTTP/1.1" 403 0 "-" "Mozilla/5.0 (compatible; SemrushBot/7~bl; +http://www.semrush.com/bot.html)"
