66.249.70.100 - - [02/Jul/2024:15:33:55 +0200] "GET /sqaos/d2939937.html HTTP/1.1" 200 41325 "-" "Mozilla/5.0 (Linux; Android 6.0.1; Nexus 5X Build/MMB29P) AppleWebKit/537.36 (KHTML, like Gecko) Chrome/125.0.6422.175 Mobile Safari/537.36 (compatible; Googlebot/2.1; +http://www.google.com/bot.html)"
66.249.70.100 - - [02/Jul/2024:15:33:57 +0200] "GET /fqoqx/z2472011.html HTTP/1.1" 200 41110 "-" "Mozilla/5.0 (Linux; Android 6.0.1; Nexus 5X Build/MMB29P) AppleWebKit/537.36 (KHTML, like Gecko) Chrome/125.0.6422.175 Mobile Safari/537.36 (compatible; Googlebot/2.1; +http://www.google.com/bot.html)"
66.249.70.110 - - [02/Jul/2024:15:33:58 +0200] "GET /ppnfp/t1166441.html HTTP/1.1" 200 41741 "-" "Mozilla/5.0 (Linux; Android 6.0.1; Nexus 5X Build/MMB29P) AppleWebKit/537.36 (KHTML, like Gecko) Chrome/125.0.6422.175 Mobile Safari/537.36 (compatible; Googlebot/2.1; +http://www.google.com/bot.html)"
66.249.70.110 - - [02/Jul/2024:15:34:01 +0200] "GET /djnbc/r2610557.html HTTP/1.1" 200 43052 "-" "Mozilla/5.0 (Linux; Android 6.0.1; Nexus 5X Build/MMB29P) AppleWebKit/537.36 (KHTML, like Gecko) Chrome/125.0.6422.175 Mobile Safari/537.36 (compatible; Googlebot/2.1; +http://www.google.com/bot.html)"
66.249.70.110 - - [02/Jul/2024:15:34:02 +0200] "GET /yfrit/b740543.html HTTP/1.1" 200 41603 "-" "Mozilla/5.0 (Linux; Android 6.0.1; Nexus 5X Build/MMB29P) AppleWebKit/537.36 (KHTML, like Gecko) Chrome/125.0.6422.175 Mobile Safari/537.36 (compatible; Googlebot/2.1; +http://www.google.com/bot.html)"
66.249.70.108 - - [02/Jul/2024:15:34:07 +0200] "GET /tiepf/y2375836.html HTTP/1.1" 200 42327 "-" "Mozilla/5.0 (Linux; Android 6.0.1; Nexus 5X Build/MMB29P) AppleWebKit/537.36 (KHTML, like Gecko) Chrome/125.0.6422.175 Mobile Safari/537.36 (compatible; Googlebot/2.1; +http://www.google.com/bot.html)"
66.249.70.110 - - [02/Jul/2024:15:34:08 +0200] "GET /syzip/c1846818.html HTTP/1.1" 200 42052 "-" "Mozilla/5.0 (Linux; Android 6.0.1; Nexus 5X Build/MMB29P) AppleWebKit/537.36 (KHTML, like Gecko) Chrome/125.0.6422.175 Mobile Safari/537.36 (compatible; Googlebot/2.1; +http://www.google.com/bot.html)"
66.249.70.108 - - [02/Jul/2024:15:34:10 +0200] "GET /ceacs/c98890.html HTTP/1.1" 200 42634 "-" "Mozilla/5.0 (Linux; Android 6.0.1; Nexus 5X Build/MMB29P) AppleWebKit/537.36 (KHTML, like Gecko) Chrome/125.0.6422.175 Mobile Safari/537.36 (compatible; Googlebot/2.1; +http://www.google.com/bot.html)"
66.249.70.108 - - [02/Jul/2024:15:34:11 +0200] "GET /crluu/i2909262.html HTTP/1.1" 200 41128 "-" "Mozilla/5.0 (Linux; Android 6.0.1; Nexus 5X Build/MMB29P) AppleWebKit/537.36 (KHTML, like Gecko) Chrome/125.0.6422.175 Mobile Safari/537.36 (compatible; Googlebot/2.1; +http://www.google.com/bot.html)"
66.249.70.110 - - [02/Jul/2024:15:34:11 +0200] "GET /qqenz/y2944092.html HTTP/1.1" 200 41686 "-" "Mozilla/5.0 (Linux; Android 6.0.1; Nexus 5X Build/MMB29P) AppleWebKit/537.36 (KHTML, like Gecko) Chrome/125.0.6422.175 Mobile Safari/537.36 (compatible; Googlebot/2.1; +http://www.google.com/bot.html)"
85.208.96.207 - - [02/Jul/2024:15:34:27 +0200] "GET /%D8%A7%D9%84%D9%82%D9%88%D8%B5%D9%8A-%D9%86%D8%AC%D8%AD%D9%86%D8%A7-%D9%81%D9%8A-%D8%A7%D8%AE%D8%B1%D8%A7%D8%AC-%D9%84%D9%82%D8%A7%D8%A1-%D8%A7%D9%84%D9%82%D9%85%D8%A9-%D8%A8%D8%A7%D9%84%D8%B4%D9%83/ HTTP/1.1" 403 0 "-" "Mozilla/5.0 (compatible; SemrushBot/7~bl; +http://www.semrush.com/bot.html)"
52.167.144.18 - - [02/Jul/2024:15:34:39 +0200] "GET /%D8%A7%D9%84%D8%AF%D8%B9%D9%85-%D8%A7%D9%84%D8%B3%D8%B1%D9%8A%D8%B9-%D9%8A%D9%88%D8%A7%D8%B5%D9%84-%D9%82%D8%B5%D9%81-%D8%A7%D9%84%D9%81%D8%A7%D8%B4%D8%B1-%D9%88%D9%85%D8%B5%D8%B1%D8%B9-3-%D8%A3%D8%B4/ HTTP/2" 200 42149 "-" "Mozilla/5.0 AppleWebKit/537.36 (KHTML, like Gecko; compatible; bingbot/2.0; +http://www.bing.com/bingbot.htm) Chrome/116.0.1938.76 Safari/537.36"
66.249.70.110 - - [02/Jul/2024:15:32:25 +0200] "GET /fwldd/h1237045.html HTTP/1.1" 200 41674 "-" "Mozilla/5.0 (Linux; Android 6.0.1; Nexus 5X Build/MMB29P) AppleWebKit/537.36 (KHTML, like Gecko) Chrome/125.0.6422.175 Mobile Safari/537.36 (compatible; Googlebot/2.1; +http://www.google.com/bot.html)"
66.249.70.110 - - [02/Jul/2024:15:32:26 +0200] "GET /cwfwf/o1804502.html HTTP/1.1" 200 42214 "-" "Mozilla/5.0 (Linux; Android 6.0.1; Nexus 5X Build/MMB29P) AppleWebKit/537.36 (KHTML, like Gecko) Chrome/125.0.6422.175 Mobile Safari/537.36 (compatible; Googlebot/2.1; +http://www.google.com/bot.html)"
66.249.70.109 - - [02/Jul/2024:15:32:26 +0200] "GET /qxjlm/k2294624.html HTTP/1.1" 200 41547 "-" "Mozilla/5.0 (Linux; Android 6.0.1; Nexus 5X Build/MMB29P) AppleWebKit/537.36 (KHTML, like Gecko) Chrome/125.0.6422.175 Mobile Safari/537.36 (compatible; Googlebot/2.1; +http://www.google.com/bot.html)"
66.249.70.109 - - [02/Jul/2024:15:32:27 +0200] "GET /zmgga/t66927.html HTTP/1.1" 200 41604 "-" "Mozilla/5.0 (Linux; Android 6.0.1; Nexus 5X Build/MMB29P) AppleWebKit/537.36 (KHTML, like Gecko) Chrome/125.0.6422.175 Mobile Safari/537.36 (compatible; Googlebot/2.1; +http://www.google.com/bot.html)"
66.249.70.109 - - [02/Jul/2024:15:32:28 +0200] "GET /mzwyy/p2088137.html HTTP/1.1" 200 42206 "-" "Mozilla/5.0 (Linux; Android 6.0.1; Nexus 5X Build/MMB29P) AppleWebKit/537.36 (KHTML, like Gecko) Chrome/125.0.6422.175 Mobile Safari/537.36 (compatible; Googlebot/2.1; +http://www.google.com/bot.html)"
66.249.70.109 - - [02/Jul/2024:15:32:29 +0200] "GET /exptm/l124821.html HTTP/1.1" 200 42539 "-" "Mozilla/5.0 (Linux; Android 6.0.1; Nexus 5X Build/MMB29P) AppleWebKit/537.36 (KHTML, like Gecko) Chrome/125.0.6422.175 Mobile Safari/537.36 (compatible; Googlebot/2.1; +http://www.google.com/bot.html)"
66.249.70.110 - - [02/Jul/2024:15:32:29 +0200] "GET /olcto/t1005579.html HTTP/1.1" 200 41370 "-" "Mozilla/5.0 (Linux; Android 6.0.1; Nexus 5X Build/MMB29P) AppleWebKit/537.36 (KHTML, like Gecko) Chrome/125.0.6422.175 Mobile Safari/537.36 (compatible; Googlebot/2.1; +http://www.google.com/bot.html)"
66.249.70.110 - - [02/Jul/2024:15:32:31 +0200] "GET /kyktb/z2418581.html HTTP/1.1" 200 41571 "-" "Mozilla/5.0 (Linux; Android 6.0.1; Nexus 5X Build/MMB29P) AppleWebKit/537.36 (KHTML, like Gecko) Chrome/125.0.6422.175 Mobile Safari/537.36 (compatible; Googlebot/2.1; +http://www.google.com/bot.html)"
66.249.70.108 - - [02/Jul/2024:15:31:52 +0200] "GET /ejifk/c2915704.html HTTP/1.1" 200 42775 "-" "Mozilla/5.0 (Linux; Android 6.0.1; Nexus 5X Build/MMB29P) AppleWebKit/537.36 (KHTML, like Gecko) Chrome/125.0.6422.175 Mobile Safari/537.36 (compatible; Googlebot/2.1; +http://www.google.com/bot.html)"
66.249.70.99 - - [02/Jul/2024:15:31:54 +0200] "GET /tctho/u603438.html HTTP/1.1" 200 41890 "-" "Mozilla/5.0 (Linux; Android 6.0.1; Nexus 5X Build/MMB29P) AppleWebKit/537.36 (KHTML, like Gecko) Chrome/125.0.6422.175 Mobile Safari/537.36 (compatible; Googlebot/2.1; +http://www.google.com/bot.html)"
66.249.70.109 - - [02/Jul/2024:15:31:56 +0200] "GET /quyhw/v230625.html HTTP/1.1" 200 41434 "-" "Mozilla/5.0 (Linux; Android 6.0.1; Nexus 5X Build/MMB29P) AppleWebKit/537.36 (KHTML, like Gecko) Chrome/125.0.6422.175 Mobile Safari/537.36 (compatible; Googlebot/2.1; +http://www.google.com/bot.html)"
66.249.70.109 - - [02/Jul/2024:15:31:59 +0200] "GET /lizkr/h617387.html HTTP/1.1" 200 42102 "-" "Mozilla/5.0 (Linux; Android 6.0.1; Nexus 5X Build/MMB29P) AppleWebKit/537.36 (KHTML, like Gecko) Chrome/125.0.6422.175 Mobile Safari/537.36 (compatible; Googlebot/2.1; +http://www.google.com/bot.html)"
66.249.70.109 - - [02/Jul/2024:15:32:00 +0200] "GET /ppfus/o74098.html HTTP/1.1" 200 41036 "-" "Mozilla/5.0 (Linux; Android 6.0.1; Nexus 5X Build/MMB29P) AppleWebKit/537.36 (KHTML, like Gecko) Chrome/125.0.6422.175 Mobile Safari/537.36 (compatible; Googlebot/2.1; +http://www.google.com/bot.html)"
185.191.171.9 - - [02/Jul/2024:15:32:26 +0200] "GET /%D8%B5%D9%84%D8%A7%D8%AD-%D9%8A%D8%A4%D9%83%D8%AF-%D8%AB%D9%82%D8%AA%D9%87-%D8%A8%D8%A5%D8%AD%D8%B1%D8%A7%D8%B2-%D9%83%D8%A3%D8%B3-%D8%A7%D9%84%D8%A3%D9%85%D9%85-%D8%A7%D9%84%D8%A5%D9%81%D8%B1%D9%8A/ HTTP/1.1" 403 0 "-" "Mozilla/5.0 (compatible; SemrushBot/7~bl; +http://www.semrush.com/bot.html)"
66.249.70.110 - - [02/Jul/2024:15:32:26 +0200] "GET /fpzvr/d1267487.html HTTP/1.1" 200 41262 "-" "Mozilla/5.0 (Linux; Android 6.0.1; Nexus 5X Build/MMB29P) AppleWebKit/537.36 (KHTML, like Gecko) Chrome/125.0.6422.175 Mobile Safari/537.36 (compatible; Googlebot/2.1; +http://www.google.com/bot.html)"
66.249.70.108 - - [02/Jul/2024:15:32:32 +0200] "GET /kaqhe/q1232010.html HTTP/1.1" 200 42537 "-" "Mozilla/5.0 (Linux; Android 6.0.1; Nexus 5X Build/MMB29P) AppleWebKit/537.36 (KHTML, like Gecko) Chrome/125.0.6422.175 Mobile Safari/537.36 (compatible; Googlebot/2.1; +http://www.google.com/bot.html)"
66.249.70.108 - - [02/Jul/2024:15:32:19 +0200] "GET /crpxo/h1719215.html HTTP/1.1" 200 43128 "-" "Mozilla/5.0 (Linux; Android 6.0.1; Nexus 5X Build/MMB29P) AppleWebKit/537.36 (KHTML, like Gecko) Chrome/125.0.6422.175 Mobile Safari/537.36 (compatible; Googlebot/2.1; +http://www.google.com/bot.html)"
66.249.70.108 - - [02/Jul/2024:15:32:20 +0200] "GET /kzgcu/y2704034.html HTTP/1.1" 200 41612 "-" "Mozilla/5.0 (Linux; Android 6.0.1; Nexus 5X Build/MMB29P) AppleWebKit/537.36 (KHTML, like Gecko) Chrome/125.0.6422.175 Mobile Safari/537.36 (compatible; Googlebot/2.1; +http://www.google.com/bot.html)"
66.249.70.108 - - [02/Jul/2024:15:32:21 +0200] "GET /hhxra/o1897478.html HTTP/1.1" 200 41741 "-" "Mozilla/5.0 (Linux; Android 6.0.1; Nexus 5X Build/MMB29P) AppleWebKit/537.36 (KHTML, like Gecko) Chrome/125.0.6422.175 Mobile Safari/537.36 (compatible; Googlebot/2.1; +http://www.google.com/bot.html)"
66.249.70.108 - - [02/Jul/2024:15:32:24 +0200] "GET /ehuyn/o1595280.html HTTP/1.1" 200 41710 "-" "Mozilla/5.0 (Linux; Android 6.0.1; Nexus 5X Build/MMB29P) AppleWebKit/537.36 (KHTML, like Gecko) Chrome/125.0.6422.175 Mobile Safari/537.36 (compatible; Googlebot/2.1; +http://www.google.com/bot.html)"
66.249.70.108 - - [02/Jul/2024:15:32:26 +0200] "GET /cifly/x1011589.html HTTP/1.1" 200 42094 "-" "Mozilla/5.0 (Linux; Android 6.0.1; Nexus 5X Build/MMB29P) AppleWebKit/537.36 (KHTML, like Gecko) Chrome/125.0.6422.175 Mobile Safari/537.36 (compatible; Googlebot/2.1; +http://www.google.com/bot.html)"
66.249.70.108 - - [02/Jul/2024:15:32:27 +0200] "GET /iwaud/e1874016.html HTTP/1.1" 200 42933 "-" "Mozilla/5.0 (Linux; Android 6.0.1; Nexus 5X Build/MMB29P) AppleWebKit/537.36 (KHTML, like Gecko) Chrome/125.0.6422.175 Mobile Safari/537.36 (compatible; Googlebot/2.1; +http://www.google.com/bot.html)"
66.249.70.109 - - [02/Jul/2024:15:32:28 +0200] "GET /retwn/w2215024.html HTTP/1.1" 200 41626 "-" "Mozilla/5.0 (Linux; Android 6.0.1; Nexus 5X Build/MMB29P) AppleWebKit/537.36 (KHTML, like Gecko) Chrome/125.0.6422.175 Mobile Safari/537.36 (compatible; Googlebot/2.1; +http://www.google.com/bot.html)"
66.249.70.109 - - [02/Jul/2024:15:32:30 +0200] "GET /ksnph/e1719108.html HTTP/1.1" 200 43000 "-" "Mozilla/5.0 (Linux; Android 6.0.1; Nexus 5X Build/MMB29P) AppleWebKit/537.36 (KHTML, like Gecko) Chrome/125.0.6422.175 Mobile Safari/537.36 (compatible; Googlebot/2.1; +http://www.google.com/bot.html)"
66.249.70.109 - - [02/Jul/2024:15:32:30 +0200] "GET /oetqc/h2552151.html HTTP/1.1" 200 41063 "-" "Mozilla/5.0 (Linux; Android 6.0.1; Nexus 5X Build/MMB29P) AppleWebKit/537.36 (KHTML, like Gecko) Chrome/125.0.6422.175 Mobile Safari/537.36 (compatible; Googlebot/2.1; +http://www.google.com/bot.html)"
66.249.70.96 - - [02/Jul/2024:15:32:31 +0200] "GET /xfhif/r1579007.html HTTP/1.1" 200 42584 "-" "Mozilla/5.0 (Linux; Android 6.0.1; Nexus 5X Build/MMB29P) AppleWebKit/537.36 (KHTML, like Gecko) Chrome/125.0.6422.175 Mobile Safari/537.36 (compatible; Googlebot/2.1; +http://www.google.com/bot.html)"
66.249.70.109 - - [02/Jul/2024:15:32:31 +0200] "GET /ocdig/d1622569.html HTTP/1.1" 200 41232 "-" "Mozilla/5.0 (Linux; Android 6.0.1; Nexus 5X Build/MMB29P) AppleWebKit/537.36 (KHTML, like Gecko) Chrome/125.0.6422.175 Mobile Safari/537.36 (compatible; Googlebot/2.1; +http://www.google.com/bot.html)"
66.249.70.96 - - [02/Jul/2024:15:32:32 +0200] "GET /ruqih/e1979238.html HTTP/1.1" 200 41304 "-" "Mozilla/5.0 (Linux; Android 6.0.1; Nexus 5X Build/MMB29P) AppleWebKit/537.36 (KHTML, like Gecko) Chrome/125.0.6422.175 Mobile Safari/537.36 (compatible; Googlebot/2.1; +http://www.google.com/bot.html)"
66.249.70.99 - - [02/Jul/2024:15:34:02 +0200] "GET /llbxm/f2389857.html HTTP/1.1" 200 41444 "-" "Mozilla/5.0 (Linux; Android 6.0.1; Nexus 5X Build/MMB29P) AppleWebKit/537.36 (KHTML, like Gecko) Chrome/125.0.6422.175 Mobile Safari/537.36 (compatible; Googlebot/2.1; +http://www.google.com/bot.html)"
66.249.70.97 - - [02/Jul/2024:15:34:04 +0200] "GET /jirfh/f2919399.html HTTP/1.1" 200 41221 "-" "Mozilla/5.0 (Linux; Android 6.0.1; Nexus 5X Build/MMB29P) AppleWebKit/537.36 (KHTML, like Gecko) Chrome/125.0.6422.175 Mobile Safari/537.36 (compatible; Googlebot/2.1; +http://www.google.com/bot.html)"
66.249.70.97 - - [02/Jul/2024:15:34:07 +0200] "GET /fjdof/x2891233.html HTTP/1.1" 200 41411 "-" "Mozilla/5.0 (Linux; Android 6.0.1; Nexus 5X Build/MMB29P) AppleWebKit/537.36 (KHTML, like Gecko) Chrome/125.0.6422.175 Mobile Safari/537.36 (compatible; Googlebot/2.1; +http://www.google.com/bot.html)"
66.249.70.97 - - [02/Jul/2024:15:34:08 +0200] "GET /lnamd/t2373517.html HTTP/1.1" 200 42370 "-" "Mozilla/5.0 (Linux; Android 6.0.1; Nexus 5X Build/MMB29P) AppleWebKit/537.36 (KHTML, like Gecko) Chrome/125.0.6422.175 Mobile Safari/537.36 (compatible; Googlebot/2.1; +http://www.google.com/bot.html)"
66.249.70.109 - - [02/Jul/2024:15:34:08 +0200] "GET /slsap/d1429545.html HTTP/1.1" 200 42483 "-" "Mozilla/5.0 (Linux; Android 6.0.1; Nexus 5X Build/MMB29P) AppleWebKit/537.36 (KHTML, like Gecko) Chrome/125.0.6422.175 Mobile Safari/537.36 (compatible; Googlebot/2.1; +http://www.google.com/bot.html)"
66.249.70.108 - - [02/Jul/2024:15:34:33 +0200] "GET /fuomw/g827518.html HTTP/1.1" 200 42004 "-" "Mozilla/5.0 (Linux; Android 6.0.1; Nexus 5X Build/MMB29P) AppleWebKit/537.36 (KHTML, like Gecko) Chrome/125.0.6422.175 Mobile Safari/537.36 (compatible; Googlebot/2.1; +http://www.google.com/bot.html)"
66.249.70.109 - - [02/Jul/2024:15:34:55 +0200] "GET /nsilm/m1491668.html HTTP/1.1" 200 42524 "-" "Mozilla/5.0 (compatible; Googlebot/2.1; +http://www.google.com/bot.html)"
66.249.70.110 - - [02/Jul/2024:15:35:09 +0200] "GET /aizoa/w517146.html HTTP/1.1" 200 42134 "-" "Mozilla/5.0 (Linux; Android 6.0.1; Nexus 5X Build/MMB29P) AppleWebKit/537.36 (KHTML, like Gecko) Chrome/125.0.6422.175 Mobile Safari/537.36 (compatible; Googlebot/2.1; +http://www.google.com/bot.html)"
66.249.70.109 - - [02/Jul/2024:15:35:12 +0200] "GET /pyhru/b1675399.html HTTP/1.1" 200 42405 "-" "Mozilla/5.0 (Linux; Android 6.0.1; Nexus 5X Build/MMB29P) AppleWebKit/537.36 (KHTML, like Gecko) Chrome/125.0.6422.175 Mobile Safari/537.36 (compatible; Googlebot/2.1; +http://www.google.com/bot.html)"
40.77.167.76 - - [02/Jul/2024:15:35:15 +0200] "GET /octty/t277761.html HTTP/2" 200 43132 "-" "Mozilla/5.0 AppleWebKit/537.36 (KHTML, like Gecko; compatible; bingbot/2.0; +http://www.bing.com/bingbot.htm) Chrome/116.0.1938.76 Safari/537.36"
147.45.78.15 - - [02/Jul/2024:15:36:12 +0200] "POST /74a7c9952328.php HTTP/1.1" 500 9 "-" "curl/7.86.0"
85.208.96.201 - - [02/Jul/2024:15:36:28 +0200] "GET /tag/%D8%A7%D9%84%D9%85%D8%B5%D8%A7%D8%B1%D9%8A/ HTTP/1.1" 403 0 "-" "Mozilla/5.0 (compatible; SemrushBot/7~bl; +http://www.semrush.com/bot.html)"
185.191.171.6 - - [02/Jul/2024:15:37:29 +0200] "GET /tag/%D9%86%D8%AC%D9%85%D9%8A/ HTTP/1.1" 403 0 "-" "Mozilla/5.0 (compatible; SemrushBot/7~bl; +http://www.semrush.com/bot.html)"
147.45.78.15 - - [02/Jul/2024:15:38:11 +0200] "POST /74a7c9952328.php HTTP/1.1" 500 9 "-" "curl/7.86.0"
40.77.167.76 - - [02/Jul/2024:15:39:49 +0200] "GET /mapge/e2120548.html HTTP/2" 200 42127 "-" "Mozilla/5.0 AppleWebKit/537.36 (KHTML, like Gecko; compatible; bingbot/2.0; +http://www.bing.com/bingbot.htm) Chrome/116.0.1938.76 Safari/537.36"
66.249.70.109 - - [02/Jul/2024:15:40:31 +0200] "GET /amttj/g2568062.html HTTP/1.1" 200 42116 "-" "Mozilla/5.0 (Linux; Android 6.0.1; Nexus 5X Build/MMB29P) AppleWebKit/537.36 (KHTML, like Gecko) Chrome/125.0.6422.175 Mobile Safari/537.36 (compatible; Googlebot/2.1; +http://www.google.com/bot.html)"
66.249.70.98 - - [02/Jul/2024:15:34:06 +0200] "GET /eemgh/v937643.html HTTP/1.1" 200 41076 "-" "Mozilla/5.0 (Linux; Android 6.0.1; Nexus 5X Build/MMB29P) AppleWebKit/537.36 (KHTML, like Gecko) Chrome/125.0.6422.175 Mobile Safari/537.36 (compatible; Googlebot/2.1; +http://www.google.com/bot.html)"
66.249.70.98 - - [02/Jul/2024:15:34:07 +0200] "GET /tag/%D8%AA%D9%86%D9%81%D8%AC%D8%B1/ HTTP/1.1" 200 41472 "-" "Mozilla/5.0 (Linux; Android 6.0.1; Nexus 5X Build/MMB29P) AppleWebKit/537.36 (KHTML, like Gecko) Chrome/125.0.6422.175 Mobile Safari/537.36 (compatible; Googlebot/2.1; +http://www.google.com/bot.html)"
66.249.70.109 - - [02/Jul/2024:15:34:10 +0200] "GET /bxwtv/c1812654.html HTTP/1.1" 200 42594 "-" "Mozilla/5.0 (Linux; Android 6.0.1; Nexus 5X Build/MMB29P) AppleWebKit/537.36 (KHTML, like Gecko) Chrome/125.0.6422.175 Mobile Safari/537.36 (compatible; Googlebot/2.1; +http://www.google.com/bot.html)"
147.45.78.15 - - [02/Jul/2024:15:34:13 +0200] "POST /74a7c9952328.php HTTP/1.1" 500 9 "-" "curl/7.86.0"
66.249.70.109 - - [02/Jul/2024:15:38:07 +0200] "GET /hpanw/i2828662.html HTTP/1.1" 200 42004 "-" "Mozilla/5.0 (Linux; Android 6.0.1; Nexus 5X Build/MMB29P) AppleWebKit/537.36 (KHTML, like Gecko) Chrome/125.0.6422.175 Mobile Safari/537.36 (compatible; GoogleOther)"
207.46.13.54 - - [02/Jul/2024:15:38:11 +0200] "GET /chokh/u817444.html HTTP/2" 200 42744 "-" "Mozilla/5.0 AppleWebKit/537.36 (KHTML, like Gecko; compatible; bingbot/2.0; +http://www.bing.com/bingbot.htm) Chrome/116.0.1938.76 Safari/537.36"
85.208.96.200 - - [02/Jul/2024:15:38:30 +0200] "GET /%D8%AA%D8%B9%D8%B2%D9%8A%D8%B2-%D8%A7%D8%B1%D8%AA%D9%83%D8%A7%D8%B2%D8%A7%D8%AA-%D8%A7%D9%84%D8%AC%D9%8A%D8%B4-%D8%A8%D9%88%D9%84%D8%A7%D9%8A%D8%A9-%D8%A7%D9%84%D8%AC%D8%B2%D9%8A%D8%B1%D8%A9-%D9%88/ HTTP/1.1" 403 0 "-" "Mozilla/5.0 (compatible; SemrushBot/7~bl; +http://www.semrush.com/bot.html)"
66.249.70.108 - - [02/Jul/2024:15:38:35 +0200] "GET /uhqon/x671093.html HTTP/1.1" 200 41841 "-" "Mozilla/5.0 (Linux; Android 6.0.1; Nexus 5X Build/MMB29P) AppleWebKit/537.36 (KHTML, like Gecko) Chrome/125.0.6422.175 Mobile Safari/537.36 (compatible; Googlebot/2.1; +http://www.google.com/bot.html)"
52.167.144.230 - - [02/Jul/2024:15:39:29 +0200] "GET /rpkra/c1134210.html HTTP/2" 200 41718 "-" "Mozilla/5.0 AppleWebKit/537.36 (KHTML, like Gecko; compatible; bingbot/2.0; +http://www.bing.com/bingbot.htm) Chrome/116.0.1938.76 Safari/537.36"
185.191.171.12 - - [02/Jul/2024:15:39:30 +0200] "GET /%D8%B4%D8%A7%D9%87%D8%AF-%D8%A8%D8%A7%D9%84%D8%B5%D9%88%D8%B1%D8%A9-%D9%88%D8%A7%D9%84%D9%81%D9%8A%D8%AF%D9%8A%D9%88-%D8%B3%D9%8A%D8%AF%D8%A9-%D8%B3%D9%88%D8%AF%D8%A7%D9%86%D9%8A%D8%A9-%D8%AA%D9%83/ HTTP/1.1" 403 0 "-" "Mozilla/5.0 (compatible; SemrushBot/7~bl; +http://www.semrush.com/bot.html)"
135.181.9.38 - - [02/Jul/2024:15:40:38 +0200] "POST /wp-cron.php?doing_wp_cron=1719927638.3295600414276123046875 HTTP/1.1" 200 0 "-" "WordPress/6.5.3; https://www.sudancam.net"
135.181.9.38 - - [02/Jul/2024:15:40:40 +0200] "POST /wp-admin/admin-ajax.php?action=async_litespeed&nonce=fa75a626a4&litespeed_type=imgoptm HTTP/1.1" 200 21 "-" "WordPress/6.5.3; https://www.sudancam.net"
66.249.70.108 - - [02/Jul/2024:15:43:30 +0200] "GET /ekhwm/g1214424.html HTTP/1.1" 200 42375 "-" "Mozilla/5.0 (Linux; Android 6.0.1; Nexus 5X Build/MMB29P) AppleWebKit/537.36 (KHTML, like Gecko) Chrome/125.0.6422.175 Mobile Safari/537.36 (compatible; Googlebot/2.1; +http://www.google.com/bot.html)"
66.249.70.110 - - [02/Jul/2024:15:44:16 +0200] "GET /wdtit/b522767.html HTTP/1.1" 200 42306 "-" "Mozilla/5.0 (Linux; Android 6.0.1; Nexus 5X Build/MMB29P) AppleWebKit/537.36 (KHTML, like Gecko) Chrome/125.0.6422.175 Mobile Safari/537.36 (compatible; Googlebot/2.1; +http://www.google.com/bot.html)"
66.249.70.110 - - [02/Jul/2024:15:45:30 +0200] "GET /bdrnn/a421132.html HTTP/1.1" 200 41856 "-" "Mozilla/5.0 (Linux; Android 6.0.1; Nexus 5X Build/MMB29P) AppleWebKit/537.36 (KHTML, like Gecko) Chrome/125.0.6422.175 Mobile Safari/537.36 (compatible; Googlebot/2.1; +http://www.google.com/bot.html)"
185.191.171.12 - - [02/Jul/2024:15:35:28 +0200] "GET /tag/%D9%88%D8%A3%D9%85%D9%8A/ HTTP/1.1" 403 0 "-" "Mozilla/5.0 (compatible; SemrushBot/7~bl; +http://www.semrush.com/bot.html)"
66.249.70.108 - - [02/Jul/2024:15:35:31 +0200] "GET /oabue/u2202776.html HTTP/1.1" 200 41806 "-" "Mozilla/5.0 (Linux; Android 6.0.1; Nexus 5X Build/MMB29P) AppleWebKit/537.36 (KHTML, like Gecko) Chrome/125.0.6422.175 Mobile Safari/537.36 (compatible; Googlebot/2.1; +http://www.google.com/bot.html)"
66.249.70.108 - - [02/Jul/2024:15:36:54 +0200] "GET /wtzdw/u896900.html HTTP/1.1" 200 41505 "-" "Mozilla/5.0 (Linux; Android 6.0.1; Nexus 5X Build/MMB29P) AppleWebKit/537.36 (KHTML, like Gecko) Chrome/125.0.6422.175 Mobile Safari/537.36 (compatible; Googlebot/2.1; +http://www.google.com/bot.html)"
66.249.70.109 - - [02/Jul/2024:15:38:29 +0200] "GET /yfgip/s956282.html HTTP/1.1" 200 41715 "-" "Mozilla/5.0 (Linux; Android 6.0.1; Nexus 5X Build/MMB29P) AppleWebKit/537.36 (KHTML, like Gecko) Chrome/125.0.6422.175 Mobile Safari/537.36 (compatible; Googlebot/2.1; +http://www.google.com/bot.html)"
66.249.70.109 - - [02/Jul/2024:15:38:31 +0200] "GET /riria/o2433806.html HTTP/1.1" 200 41100 "-" "Mozilla/5.0 (Linux; Android 6.0.1; Nexus 5X Build/MMB29P) AppleWebKit/537.36 (KHTML, like Gecko) Chrome/125.0.6422.175 Mobile Safari/537.36 (compatible; Googlebot/2.1; +http://www.google.com/bot.html)"
66.249.70.108 - - [02/Jul/2024:15:38:53 +0200] "GET /cpdfq/q1015690.html HTTP/1.1" 200 41591 "-" "Mozilla/5.0 (Linux; Android 6.0.1; Nexus 5X Build/MMB29P) AppleWebKit/537.36 (KHTML, like Gecko) Chrome/125.0.6422.175 Mobile Safari/537.36 (compatible; GoogleOther)"
52.167.144.230 - - [02/Jul/2024:15:39:53 +0200] "GET /pgzmd/e1247910.html HTTP/2" 200 42625 "-" "Mozilla/5.0 AppleWebKit/537.36 (KHTML, like Gecko; compatible; bingbot/2.0; +http://www.bing.com/bingbot.htm) Chrome/116.0.1938.76 Safari/537.36"
147.45.78.15 - - [02/Jul/2024:15:40:18 +0200] "POST /74a7c9952328.php HTTP/1.1" 500 9 "-" "curl/7.86.0"
185.191.171.17 - - [02/Jul/2024:15:40:31 +0200] "GET /tag/%EF%BA%8D%EF%BB%B9%EF%BA%B3%EF%BA%98%EF%BB%98%EF%BA%AE%EF%BA%8D%EF%BA%AD/ HTTP/1.1" 403 0 "-" "Mozilla/5.0 (compatible; SemrushBot/7~bl; +http://www.semrush.com/bot.html)"
216.244.66.232 - - [02/Jul/2024:15:40:37 +0200] "GET /tag/%D8%A7%D9%84%D9%85%D8%A8%D8%A7%D8%B4%D8%B1%D8%A9/ HTTP/1.1" 200 177769 "-" "Mozilla/5.0 (compatible; DotBot/1.2; +https://opensiteexplorer.org/dotbot; help@moz.com)"
66.102.9.76 - - [02/Jul/2024:15:41:12 +0200] "HEAD /feed/ HTTP/1.1" 200 0 "-" "FeedBurner/1.0 (http://www.FeedBurner.com)"
85.208.96.211 - - [02/Jul/2024:15:41:32 +0200] "GET /%D9%85%D9%86%D8%AA%D9%87%D9%8A-%D8%A7%D9%84%D9%88%D9%82%D8%A7%D8%AD%D8%A9-%D9%88%D9%82%D9%84%D8%A9-%D8%A7%D9%84%D8%A3%D8%AF%D8%A8-%D9%85%D9%86-%D8%B1%D8%A6%D9%8A%D8%B3-%D8%A7%D9%84%D9%88%D8%B2%D8%B1/ HTTP/1.1" 403 0 "-" "Mozilla/5.0 (compatible; SemrushBot/7~bl; +http://www.semrush.com/bot.html)"
66.249.70.108 - - [02/Jul/2024:15:42:10 +0200] "GET /un6xee/nexus-20-repo-release-date.html HTTP/1.1" 200 41677 "-" "Mozilla/5.0 (Linux; Android 6.0.1; Nexus 5X Build/MMB29P) AppleWebKit/537.36 (KHTML, like Gecko) Chrome/125.0.6422.175 Mobile Safari/537.36 (compatible; Googlebot/2.1; +http://www.google.com/bot.html)"
147.45.78.15 - - [02/Jul/2024:15:42:13 +0200] "POST /74a7c9952328.php HTTP/1.1" 500 9 "-" "curl/7.86.0"
66.249.70.108 - - [02/Jul/2024:15:42:34 +0200] "GET /un6xee/my-steroid-shop.html HTTP/1.1" 200 41952 "-" "Mozilla/5.0 (Linux; Android 6.0.1; Nexus 5X Build/MMB29P) AppleWebKit/537.36 (KHTML, like Gecko) Chrome/125.0.6422.175 Mobile Safari/537.36 (compatible; GoogleOther)"
66.249.70.108 - - [02/Jul/2024:15:45:27 +0200] "GET /haqta/p703143.html HTTP/1.1" 200 42282 "-" "Mozilla/5.0 (Linux; Android 6.0.1; Nexus 5X Build/MMB29P) AppleWebKit/537.36 (KHTML, like Gecko) Chrome/125.0.6422.175 Mobile Safari/537.36 (compatible; Googlebot/2.1; +http://www.google.com/bot.html)"
185.191.171.2 - - [02/Jul/2024:15:46:35 +0200] "GET /%D8%A3%D8%A8%D8%B1%D8%B2-%D8%AD%D9%88%D8%A7%D8%AF%D8%AB-%D8%A7%D9%84%D8%B7%D9%8A%D8%B1%D8%A7%D9%86-%D9%81%D9%8A-%D8%A7%D9%84%D8%B3%D9%88%D8%AF%D8%A7%D9%86/ HTTP/1.1" 403 0 "-" "Mozilla/5.0 (compatible; SemrushBot/7~bl; +http://www.semrush.com/bot.html)"
66.249.70.108 - - [02/Jul/2024:15:47:11 +0200] "GET /wp-content/uploads/2023/06/home_223-390x220.jpg HTTP/1.1" 200 22559 "-" "Googlebot-Image/1.0"
52.167.144.224 - - [02/Jul/2024:15:47:52 +0200] "GET /knvrl/k1206004.html HTTP/2" 200 41582 "-" "Mozilla/5.0 AppleWebKit/537.36 (KHTML, like Gecko; compatible; bingbot/2.0; +http://www.bing.com/bingbot.htm) Chrome/116.0.1938.76 Safari/537.36"
147.45.78.15 - - [02/Jul/2024:15:48:17 +0200] "POST /74a7c9952328.php HTTP/1.1" 500 9 "-" "curl/7.86.0"
85.208.96.206 - - [02/Jul/2024:15:48:36 +0200] "GET /%D8%B3%D9%85%D8%A7%D8%B9%D8%A7%D8%AA-%D8%A7%D9%84%D8%A3%D8%B0%D9%86-%D8%B6%D9%88%D8%B6%D8%A7%D8%A1-%D8%AA%D9%87%D8%AF%D9%91%D9%90%D8%AF-%D8%AD%D8%A7%D8%B3%D8%A9-%D8%A7%D9%84%D8%B3%D9%85%D8%B9/ HTTP/1.1" 403 0 "-" "Mozilla/5.0 (compatible; SemrushBot/7~bl; +http://www.semrush.com/bot.html)"
40.77.167.49 - - [02/Jul/2024:15:50:02 +0200] "GET /bjggk/z1086783.html HTTP/2" 200 41694 "-" "Mozilla/5.0 AppleWebKit/537.36 (KHTML, like Gecko; compatible; bingbot/2.0; +http://www.bing.com/bingbot.htm) Chrome/116.0.1938.76 Safari/537.36"
185.191.171.18 - - [02/Jul/2024:15:51:39 +0200] "GET /%D8%B9%D8%A7%D8%A6%D8%B4%D8%A9-%D8%A7%D9%84%D9%85%D8%A7%D8%AC%D8%AF%D9%8A-%D8%AA%D9%83%D8%AA%D8%A8-%D8%B1%D8%AC%D8%A7%D9%84-%D8%A8%D9%84%D8%A7-%D9%88%D8%B2%D9%86/ HTTP/1.1" 403 0 "-" "Mozilla/5.0 (compatible; SemrushBot/7~bl; +http://www.semrush.com/bot.html)"
147.45.78.15 - - [02/Jul/2024:15:52:15 +0200] "POST /74a7c9952328.php HTTP/1.1" 500 9 "-" "curl/7.86.0"
135.181.9.38 - - [02/Jul/2024:15:52:19 +0200] "POST /wp-cron.php?doing_wp_cron=1719928339.5250570774078369140625 HTTP/1.1" 200 0 "-" "WordPress/6.5.3; https://www.sudancam.net"
135.181.9.38 - - [02/Jul/2024:15:52:20 +0200] "GET /sitemap_index.xml HTTP/1.1" 200 17318 "-" "WordPress/6.5.3; https://www.sudancam.net"
85.208.96.199 - - [02/Jul/2024:15:52:40 +0200] "GET /%D8%B1%D8%A7%D8%B4%D8%AF-%D8%B9%D8%A8%D8%AF-%D8%A7%D9%84%D8%B1%D8%AD%D9%8A%D9%85-%D8%A3%D8%AD%D8%A7%D8%AF%D9%8A%D8%AB-%D8%A7%D9%84%D9%85%D9%88%D8%AA%D9%8A/ HTTP/1.1" 403 0 "-" "Mozilla/5.0 (compatible; SemrushBot/7~bl; +http://www.semrush.com/bot.html)"
147.45.78.15 - - [02/Jul/2024:15:54:12 +0200] "POST /74a7c9952328.php HTTP/1.1" 500 9 "-" "curl/7.86.0"
207.46.13.168 - - [02/Jul/2024:15:56:18 +0200] "GET /%D9%83%D9%88%D8%B1%D8%B3-%D8%A7%D9%84%D8%B1%D9%8A%D9%84-%D9%84%D9%85%D9%82%D9%8A%D9%85%D9%8A-%D8%A7%D9%84%D8%AD%D9%83%D8%A7%D9%85-%D8%A7%D9%84%D9%83%D9%88%D8%B1%D8%B3-%D8%AA%D8%A3%D9%83%D9%8A%D8%AF/ HTTP/2" 200 43174 "-" "Mozilla/5.0 AppleWebKit/537.36 (KHTML, like Gecko; compatible; bingbot/2.0; +http://www.bing.com/bingbot.htm) Chrome/116.0.1938.76 Safari/537.36"
66.249.70.110 - - [02/Jul/2024:15:56:36 +0200] "GET /tag/%D8%AC%D8%B1%D9%8A%D8%A6%D8%A9/ HTTP/1.1" 200 41528 "-" "Mozilla/5.0 (Linux; Android 6.0.1; Nexus 5X Build/MMB29P) AppleWebKit/537.36 (KHTML, like Gecko) Chrome/125.0.6422.175 Mobile Safari/537.36 (compatible; Googlebot/2.1; +http://www.google.com/bot.html)"
66.249.70.110 - - [02/Jul/2024:15:56:39 +0200] "GET /iekry/n254953.html HTTP/1.1" 200 41686 "-" "Mozilla/5.0 (Linux; Android 6.0.1; Nexus 5X Build/MMB29P) AppleWebKit/537.36 (KHTML, like Gecko) Chrome/125.0.6422.175 Mobile Safari/537.36 (compatible; Googlebot/2.1; +http://www.google.com/bot.html)"
185.191.171.2 - - [02/Jul/2024:15:56:42 +0200] "GET /%D9%87%D9%84-%D9%86%D8%AC%D8%AD%D8%AA-%D9%82%D8%B7%D8%B1-%D9%81%D9%8A-%D8%AA%D8%B9%D8%B2%D9%8A%D8%B2-%D9%82%D9%88%D8%AA%D9%87%D8%A7-%D8%A7%D9%84%D9%86%D8%A7%D8%B9%D9%85%D8%A9-%D9%81%D9%8A-%D8%A7%D9%84/ HTTP/1.1" 403 0 "-" "Mozilla/5.0 (compatible; SemrushBot/7~bl; +http://www.semrush.com/bot.html)"
185.191.171.9 - - [02/Jul/2024:15:45:34 +0200] "GET /tag/%D8%B3%D8%B1%D9%8A%D8%B9/page/2/ HTTP/1.1" 403 0 "-" "Mozilla/5.0 (compatible; SemrushBot/7~bl; +http://www.semrush.com/bot.html)"
207.46.13.54 - - [02/Jul/2024:15:45:49 +0200] "GET /%D8%B5%D9%86%D8%AF%D9%88%D9%82-%D8%A7%D9%84%D9%86%D9%82%D8%AF-%D8%A7%D9%84%D8%AF%D9%88%D9%84%D9%8A-%D9%8A%D8%AD%D8%B0%D8%B1-%D9%85%D9%86-%D8%AA%D8%B9%D8%B1%D8%B6-%D8%A7%D9%84%D8%A3%D9%85%D9%86-%D8%A7/ HTTP/2" 200 41554 "-" "Mozilla/5.0 AppleWebKit/537.36 (KHTML, like Gecko; compatible; bingbot/2.0; +http://www.bing.com/bingbot.htm) Chrome/116.0.1938.76 Safari/537.36"
147.45.78.15 - - [02/Jul/2024:15:46:18 +0200] "POST /74a7c9952328.php HTTP/1.1" 500 9 "-" "curl/7.86.0"
66.249.70.108 - - [02/Jul/2024:15:47:09 +0200] "GET /ekbeo/u2004292.html HTTP/1.1" 200 42119 "-" "Mozilla/5.0 (Linux; Android 6.0.1; Nexus 5X Build/MMB29P) AppleWebKit/537.36 (KHTML, like Gecko) Chrome/125.0.6422.175 Mobile Safari/537.36 (compatible; GoogleOther)"
85.208.96.209 - - [02/Jul/2024:15:47:35 +0200] "GET /tag/%D8%A8%D8%A7%D9%84%D8%A7%D9%84%D8%AA%D9%81%D8%A7%D8%AA/ HTTP/1.1" 403 0 "-" "Mozilla/5.0 (compatible; SemrushBot/7~bl; +http://www.semrush.com/bot.html)"
66.249.70.108 - - [02/Jul/2024:15:48:14 +0200] "GET /%D9%85%D8%AF%D8%B1%D8%A8-%D9%84%D9%8A%D9%81%D8%B1%D8%A8%D9%88%D9%84-%D9%8A%D9%88%D8%B1%D8%BA%D9%86-%D9%83%D9%84%D9%88%D8%A8-%D8%B3%D9%8A%D8%BA%D8%A7%D8%AF%D8%B1-%D8%A7%D9%84%D9%86%D8%A7%D8%AF%D9%8A/ HTTP/1.1" 200 41999 "-" "Mozilla/5.0 (compatible; Googlebot/2.1; +http://www.google.com/bot.html)"
66.249.70.108 - - [02/Jul/2024:15:48:16 +0200] "GET /wafmf/z1058989.html HTTP/1.1" 200 42380 "-" "Mozilla/5.0 (Linux; Android 6.0.1; Nexus 5X Build/MMB29P) AppleWebKit/537.36 (KHTML, like Gecko) Chrome/125.0.6422.175 Mobile Safari/537.36 (compatible; Googlebot/2.1; +http://www.google.com/bot.html)"
66.249.70.108 - - [02/Jul/2024:15:49:29 +0200] "GET /cviop/y2337668.html HTTP/1.1" 200 41548 "-" "Mozilla/5.0 (Linux; Android 6.0.1; Nexus 5X Build/MMB29P) AppleWebKit/537.36 (KHTML, like Gecko) Chrome/125.0.6422.175 Mobile Safari/537.36 (compatible; Googlebot/2.1; +http://www.google.com/bot.html)"
147.45.78.15 - - [02/Jul/2024:15:50:15 +0200] "POST /74a7c9952328.php HTTP/1.1" 500 9 "-" "curl/7.86.0"
185.191.171.6 - - [02/Jul/2024:15:50:38 +0200] "GET /%D8%B4%D8%A7%D9%87%D8%AF-%D8%A8%D8%A7%D9%84%D8%B5%D9%88%D8%B1%D8%A9-%D9%88%D8%A7%D9%84%D9%81%D9%8A%D8%AF%D9%8A%D9%88-%D8%AE%D9%84%D8%A7%D9%84-%D8%A7%D8%AD%D8%AA%D9%81%D8%A7%D9%84%D8%A7%D8%AA-%D8%A8/ HTTP/1.1" 403 0 "-" "Mozilla/5.0 (compatible; SemrushBot/7~bl; +http://www.semrush.com/bot.html)"
66.249.70.110 - - [02/Jul/2024:15:51:31 +0200] "GET /yzsam/u1909626.html HTTP/1.1" 200 42152 "-" "Mozilla/5.0 (Linux; Android 6.0.1; Nexus 5X Build/MMB29P) AppleWebKit/537.36 (KHTML, like Gecko) Chrome/125.0.6422.175 Mobile Safari/537.36 (compatible; GoogleOther)"
185.170.167.18 - - [02/Jul/2024:15:52:18 +0200] "GET /quran/translate-no-9.html HTTP/1.1" 404 20033 "-" "BacklinksExtendedBot"
85.208.96.197 - - [02/Jul/2024:15:55:41 +0200] "GET /%D8%A8%D8%AE%D8%A7%D8%B1%D9%8A-%D8%A8%D8%B4%D9%8A%D8%B1-%D9%8A%D9%83%D8%AA%D8%A8-%D8%A7%D9%84%D9%85%D8%AE%D8%AF%D8%B1%D8%A7%D8%AA-%D9%8A%D8%A7-%D8%AD%D9%83%D9%88%D9%85%D8%A9/ HTTP/1.1" 403 0 "-" "Mozilla/5.0 (compatible; SemrushBot/7~bl; +http://www.semrush.com/bot.html)"
147.45.78.15 - - [02/Jul/2024:15:56:14 +0200] "POST /74a7c9952328.php HTTP/1.1" 500 9 "-" "curl/7.86.0"
66.249.70.109 - - [02/Jul/2024:15:56:36 +0200] "GET /tag/%D9%86%D9%85%D9%88/ HTTP/1.1" 200 41377 "-" "Mozilla/5.0 (Linux; Android 6.0.1; Nexus 5X Build/MMB29P) AppleWebKit/537.36 (KHTML, like Gecko) Chrome/125.0.6422.175 Mobile Safari/537.36 (compatible; Googlebot/2.1; +http://www.google.com/bot.html)"
66.249.70.109 - - [02/Jul/2024:15:56:40 +0200] "GET /aetep/l2744347.html HTTP/1.1" 200 42267 "-" "Mozilla/5.0 (Linux; Android 6.0.1; Nexus 5X Build/MMB29P) AppleWebKit/537.36 (KHTML, like Gecko) Chrome/125.0.6422.175 Mobile Safari/537.36 (compatible; Googlebot/2.1; +http://www.google.com/bot.html)"
85.208.96.204 - - [02/Jul/2024:15:42:32 +0200] "GET /%D8%AA%D8%B4%D9%84%D8%B3%D9%8A-%D9%8A%D9%82%D8%B7%D8%B9-%D8%A7%D9%84%D8%B7%D8%B1%D9%8A%D9%82-%D8%B9%D9%84%D9%89-%D8%B1%D9%8A%D8%A7%D9%84-%D9%85%D8%AF%D8%B1%D9%8A%D8%AF-%D9%88%D9%8A%D8%AD%D8%AA%D9%81/ HTTP/1.1" 403 0 "-" "Mozilla/5.0 (compatible; SemrushBot/7~bl; +http://www.semrush.com/bot.html)"
85.208.96.211 - - [02/Jul/2024:15:43:33 +0200] "GET /tag/%D9%88%D8%A7%D9%84%D8%B9%D8%B0%D8%A7%D8%A8/ HTTP/1.1" 403 0 "-" "Mozilla/5.0 (compatible; SemrushBot/7~bl; +http://www.semrush.com/bot.html)"
147.45.78.15 - - [02/Jul/2024:15:44:10 +0200] "POST /74a7c9952328.php HTTP/1.1" 500 9 "-" "curl/7.86.0"
85.208.96.211 - - [02/Jul/2024:15:44:33 +0200] "GET /tag/%D8%A7%D9%84%D9%85%D8%A8%D8%A7%D8%AF%D8%B1%D9%8A%D9%86/ HTTP/1.1" 403 0 "-" "Mozilla/5.0 (compatible; SemrushBot/7~bl; +http://www.semrush.com/bot.html)"
52.167.144.224 - - [02/Jul/2024:15:45:39 +0200] "GET /%D8%AD%D8%A7%D8%AC-%D9%85%D8%A7%D8%AC%D8%AF-%D8%B3%D9%88%D8%A7%D8%B1-%D9%81%D9%83-%D8%A7%D9%84%D9%84%D8%AC%D8%A7%D9%85-%D8%A7%D9%84%D8%AD%D9%82%D9%8A%D9%82%D9%8A/ HTTP/2" 200 42999 "-" "Mozilla/5.0 AppleWebKit/537.36 (KHTML, like Gecko; compatible; bingbot/2.0; +http://www.bing.com/bingbot.htm) Chrome/116.0.1938.76 Safari/537.36"
66.249.70.109 - - [02/Jul/2024:15:46:53 +0200] "GET /ogrkx/k1640126.html HTTP/1.1" 200 41740 "-" "Mozilla/5.0 (Linux; Android 6.0.1; Nexus 5X Build/MMB29P) AppleWebKit/537.36 (KHTML, like Gecko) Chrome/125.0.6422.175 Mobile Safari/537.36 (compatible; Googlebot/2.1; +http://www.google.com/bot.html)"
66.249.70.110 - - [02/Jul/2024:15:48:17 +0200] "GET /un6xee/manhwa-raw-korean.html HTTP/1.1" 200 42003 "-" "Mozilla/5.0 (Linux; Android 6.0.1; Nexus 5X Build/MMB29P) AppleWebKit/537.36 (KHTML, like Gecko) Chrome/125.0.6422.175 Mobile Safari/537.36 (compatible; Googlebot/2.1; +http://www.google.com/bot.html)"
85.208.96.212 - - [02/Jul/2024:15:49:28 +0200] "GET /robots.txt HTTP/1.1" 200 182 "-" "Mozilla/5.0 (compatible; SemrushBot/7~bl; +http://www.semrush.com/bot.html)"
185.191.171.15 - - [02/Jul/2024:15:49:37 +0200] "GET /tag/%D9%88%D8%AA%D8%A8%D8%B1%D9%85%D8%AC/ HTTP/1.1" 403 0 "-" "Mozilla/5.0 (compatible; SemrushBot/7~bl; +http://www.semrush.com/bot.html)"
135.181.9.38 - - [02/Jul/2024:15:52:21 +0200] "POST /wp-admin/admin-ajax.php?action=async_litespeed&nonce=fa75a626a4&litespeed_type=imgoptm HTTP/1.1" 200 21 "-" "WordPress/6.5.3; https://www.sudancam.net"
185.191.171.2 - - [02/Jul/2024:15:53:40 +0200] "GET /tag/%D8%AA%D8%B9%D9%82%D9%8A%D8%A8/ HTTP/1.1" 403 0 "-" "Mozilla/5.0 (compatible; SemrushBot/7~bl; +http://www.semrush.com/bot.html)"
185.191.171.6 - - [02/Jul/2024:15:54:41 +0200] "GET /27-%D9%85%D8%B5%D8%A7%D8%A8%D8%A7-%D9%81%D9%8A-%D8%A7%D9%86%D9%87%D9%8A%D8%A7%D8%B1-%D8%AC%D8%B2%D8%A1-%D9%85%D9%86-%D9%85%D8%AF%D8%B1%D8%AC-%D8%B5%D8%A7%D9%84%D8%A9-%D8%AD%D8%B3%D9%86-%D9%85%D8%B5/ HTTP/1.1" 403 0 "-" "Mozilla/5.0 (compatible; SemrushBot/7~bl; +http://www.semrush.com/bot.html)"
40.77.167.49 - - [02/Jul/2024:15:56:22 +0200] "GET /shaht/c688076.html HTTP/2" 200 41213 "-" "Mozilla/5.0 AppleWebKit/537.36 (KHTML, like Gecko; compatible; bingbot/2.0; +http://www.bing.com/bingbot.htm) Chrome/116.0.1938.76 Safari/537.36"
66.249.70.109 - - [02/Jul/2024:15:56:52 +0200] "GET /rcrqq/u494186.html HTTP/1.1" 200 42085 "-" "Mozilla/5.0 (Linux; Android 6.0.1; Nexus 5X Build/MMB29P) AppleWebKit/537.36 (KHTML, like Gecko) Chrome/125.0.6422.175 Mobile Safari/537.36 (compatible; Googlebot/2.1; +http://www.google.com/bot.html)"
66.249.70.108 - - [02/Jul/2024:15:56:53 +0200] "GET /nmutu/k112522.html HTTP/1.1" 200 41724 "-" "Mozilla/5.0 (Linux; Android 6.0.1; Nexus 5X Build/MMB29P) AppleWebKit/537.36 (KHTML, like Gecko) Chrome/125.0.6422.175 Mobile Safari/537.36 (compatible; Googlebot/2.1; +http://www.google.com/bot.html)"
66.249.70.108 - - [02/Jul/2024:15:56:41 +0200] "GET /ozoah/c657136.html HTTP/1.1" 200 41606 "-" "Mozilla/5.0 (Linux; Android 6.0.1; Nexus 5X Build/MMB29P) AppleWebKit/537.36 (KHTML, like Gecko) Chrome/125.0.6422.175 Mobile Safari/537.36 (compatible; Googlebot/2.1; +http://www.google.com/bot.html)"
66.249.70.108 - - [02/Jul/2024:15:56:43 +0200] "GET /zwugn/v1542637.html HTTP/1.1" 200 42076 "-" "Mozilla/5.0 (Linux; Android 6.0.1; Nexus 5X Build/MMB29P) AppleWebKit/537.36 (KHTML, like Gecko) Chrome/125.0.6422.175 Mobile Safari/537.36 (compatible; Googlebot/2.1; +http://www.google.com/bot.html)"
66.249.70.109 - - [02/Jul/2024:15:56:43 +0200] "GET /phpbo/p2197363.html HTTP/1.1" 200 41558 "-" "Mozilla/5.0 (Linux; Android 6.0.1; Nexus 5X Build/MMB29P) AppleWebKit/537.36 (KHTML, like Gecko) Chrome/125.0.6422.175 Mobile Safari/537.36 (compatible; Googlebot/2.1; +http://www.google.com/bot.html)"
66.249.70.108 - - [02/Jul/2024:15:56:45 +0200] "GET /bixsq/w1724768.html HTTP/1.1" 200 41234 "-" "Mozilla/5.0 (Linux; Android 6.0.1; Nexus 5X Build/MMB29P) AppleWebKit/537.36 (KHTML, like Gecko) Chrome/125.0.6422.175 Mobile Safari/537.36 (compatible; Googlebot/2.1; +http://www.google.com/bot.html)"
66.249.70.108 - - [02/Jul/2024:15:57:56 +0200] "GET /qwaoi/p666587.html HTTP/1.1" 200 42244 "-" "Mozilla/5.0 (Linux; Android 6.0.1; Nexus 5X Build/MMB29P) AppleWebKit/537.36 (KHTML, like Gecko) Chrome/125.0.6422.175 Mobile Safari/537.36 (compatible; Googlebot/2.1; +http://www.google.com/bot.html)"
66.249.70.109 - - [02/Jul/2024:15:57:56 +0200] "GET /ctsda/a1632368.html HTTP/1.1" 200 41262 "-" "Mozilla/5.0 (Linux; Android 6.0.1; Nexus 5X Build/MMB29P) AppleWebKit/537.36 (KHTML, like Gecko) Chrome/125.0.6422.175 Mobile Safari/537.36 (compatible; Googlebot/2.1; +http://www.google.com/bot.html)"
66.249.70.108 - - [02/Jul/2024:15:57:57 +0200] "GET /wbzvw/d1313559.html HTTP/1.1" 200 41262 "-" "Mozilla/5.0 (Linux; Android 6.0.1; Nexus 5X Build/MMB29P) AppleWebKit/537.36 (KHTML, like Gecko) Chrome/125.0.6422.175 Mobile Safari/537.36 (compatible; Googlebot/2.1; +http://www.google.com/bot.html)"
66.249.70.108 - - [02/Jul/2024:15:58:06 +0200] "GET /reowy/i1419202.html HTTP/1.1" 200 41310 "-" "Mozilla/5.0 (Linux; Android 6.0.1; Nexus 5X Build/MMB29P) AppleWebKit/537.36 (KHTML, like Gecko) Chrome/125.0.6422.175 Mobile Safari/537.36 (compatible; Googlebot/2.1; +http://www.google.com/bot.html)"
66.249.70.108 - - [02/Jul/2024:15:58:07 +0200] "GET /listu/a1375462.html HTTP/1.1" 200 41526 "-" "Mozilla/5.0 (Linux; Android 6.0.1; Nexus 5X Build/MMB29P) AppleWebKit/537.36 (KHTML, like Gecko) Chrome/125.0.6422.175 Mobile Safari/537.36 (compatible; Googlebot/2.1; +http://www.google.com/bot.html)"
66.249.70.109 - - [02/Jul/2024:15:58:09 +0200] "GET /qdzjv/f2630331.html HTTP/1.1" 200 41268 "-" "Mozilla/5.0 (Linux; Android 6.0.1; Nexus 5X Build/MMB29P) AppleWebKit/537.36 (KHTML, like Gecko) Chrome/125.0.6422.175 Mobile Safari/537.36 (compatible; Googlebot/2.1; +http://www.google.com/bot.html)"
66.249.70.109 - - [02/Jul/2024:15:58:10 +0200] "GET /zmpdv/y935670.html HTTP/1.1" 200 43099 "-" "Mozilla/5.0 (Linux; Android 6.0.1; Nexus 5X Build/MMB29P) AppleWebKit/537.36 (KHTML, like Gecko) Chrome/125.0.6422.175 Mobile Safari/537.36 (compatible; Googlebot/2.1; +http://www.google.com/bot.html)"
66.249.70.109 - - [02/Jul/2024:15:58:11 +0200] "GET /uhspq/b631005.html HTTP/1.1" 200 41112 "-" "Mozilla/5.0 (Linux; Android 6.0.1; Nexus 5X Build/MMB29P) AppleWebKit/537.36 (KHTML, like Gecko) Chrome/125.0.6422.175 Mobile Safari/537.36 (compatible; Googlebot/2.1; +http://www.google.com/bot.html)"
66.249.70.109 - - [02/Jul/2024:15:58:13 +0200] "GET /brtwu/t1082487.html HTTP/1.1" 200 43067 "-" "Mozilla/5.0 (Linux; Android 6.0.1; Nexus 5X Build/MMB29P) AppleWebKit/537.36 (KHTML, like Gecko) Chrome/125.0.6422.175 Mobile Safari/537.36 (compatible; Googlebot/2.1; +http://www.google.com/bot.html)"
66.249.70.108 - - [02/Jul/2024:15:57:55 +0200] "GET /urltw/o678858.html HTTP/1.1" 200 42989 "-" "Mozilla/5.0 (Linux; Android 6.0.1; Nexus 5X Build/MMB29P) AppleWebKit/537.36 (KHTML, like Gecko) Chrome/125.0.6422.175 Mobile Safari/537.36 (compatible; Googlebot/2.1; +http://www.google.com/bot.html)"
66.249.70.108 - - [02/Jul/2024:15:57:56 +0200] "GET /isbbf/l2087717.html HTTP/1.1" 200 42366 "-" "Mozilla/5.0 (Linux; Android 6.0.1; Nexus 5X Build/MMB29P) AppleWebKit/537.36 (KHTML, like Gecko) Chrome/125.0.6422.175 Mobile Safari/537.36 (compatible; Googlebot/2.1; +http://www.google.com/bot.html)"
66.249.70.108 - - [02/Jul/2024:15:57:57 +0200] "GET /lfnmy/i2876320.html HTTP/1.1" 200 41652 "-" "Mozilla/5.0 (Linux; Android 6.0.1; Nexus 5X Build/MMB29P) AppleWebKit/537.36 (KHTML, like Gecko) Chrome/125.0.6422.175 Mobile Safari/537.36 (compatible; Googlebot/2.1; +http://www.google.com/bot.html)"
66.249.70.108 - - [02/Jul/2024:15:57:59 +0200] "GET /tqxzh/q1622114.html HTTP/1.1" 200 42313 "-" "Mozilla/5.0 (Linux; Android 6.0.1; Nexus 5X Build/MMB29P) AppleWebKit/537.36 (KHTML, like Gecko) Chrome/125.0.6422.175 Mobile Safari/537.36 (compatible; Googlebot/2.1; +http://www.google.com/bot.html)"
66.249.70.108 - - [02/Jul/2024:15:58:01 +0200] "GET /wxrjm/h764651.html HTTP/1.1" 200 41621 "-" "Mozilla/5.0 (Linux; Android 6.0.1; Nexus 5X Build/MMB29P) AppleWebKit/537.36 (KHTML, like Gecko) Chrome/125.0.6422.175 Mobile Safari/537.36 (compatible; Googlebot/2.1; +http://www.google.com/bot.html)"
66.249.70.108 - - [02/Jul/2024:15:58:04 +0200] "GET /ytnya/t697713.html HTTP/1.1" 200 42225 "-" "Mozilla/5.0 (Linux; Android 6.0.1; Nexus 5X Build/MMB29P) AppleWebKit/537.36 (KHTML, like Gecko) Chrome/125.0.6422.175 Mobile Safari/537.36 (compatible; Googlebot/2.1; +http://www.google.com/bot.html)"
66.249.70.108 - - [02/Jul/2024:15:58:05 +0200] "GET /hqzrj/j2896939.html HTTP/1.1" 200 42001 "-" "Mozilla/5.0 (Linux; Android 6.0.1; Nexus 5X Build/MMB29P) AppleWebKit/537.36 (KHTML, like Gecko) Chrome/125.0.6422.175 Mobile Safari/537.36 (compatible; Googlebot/2.1; +http://www.google.com/bot.html)"
66.249.70.108 - - [02/Jul/2024:15:58:07 +0200] "GET /lkrjq/o2779190.html HTTP/1.1" 200 42264 "-" "Mozilla/5.0 (Linux; Android 6.0.1; Nexus 5X Build/MMB29P) AppleWebKit/537.36 (KHTML, like Gecko) Chrome/125.0.6422.175 Mobile Safari/537.36 (compatible; Googlebot/2.1; +http://www.google.com/bot.html)"
66.249.70.108 - - [02/Jul/2024:15:58:08 +0200] "GET /sunqu/x1155187.html HTTP/1.1" 200 41643 "-" "Mozilla/5.0 (Linux; Android 6.0.1; Nexus 5X Build/MMB29P) AppleWebKit/537.36 (KHTML, like Gecko) Chrome/125.0.6422.175 Mobile Safari/537.36 (compatible; Googlebot/2.1; +http://www.google.com/bot.html)"
66.249.70.109 - - [02/Jul/2024:15:58:09 +0200] "GET /lvjys/z1922917.html HTTP/1.1" 200 41845 "-" "Mozilla/5.0 (Linux; Android 6.0.1; Nexus 5X Build/MMB29P) AppleWebKit/537.36 (KHTML, like Gecko) Chrome/125.0.6422.175 Mobile Safari/537.36 (compatible; Googlebot/2.1; +http://www.google.com/bot.html)"
66.249.70.108 - - [02/Jul/2024:15:58:12 +0200] "GET /atmdv/e2696084.html HTTP/1.1" 200 43874 "-" "Mozilla/5.0 (Linux; Android 6.0.1; Nexus 5X Build/MMB29P) AppleWebKit/537.36 (KHTML, like Gecko) Chrome/125.0.6422.175 Mobile Safari/537.36 (compatible; Googlebot/2.1; +http://www.google.com/bot.html)"
66.249.70.108 - - [02/Jul/2024:15:58:13 +0200] "GET /antzf/b1736109.html HTTP/1.1" 200 42122 "-" "Mozilla/5.0 (Linux; Android 6.0.1; Nexus 5X Build/MMB29P) AppleWebKit/537.36 (KHTML, like Gecko) Chrome/125.0.6422.175 Mobile Safari/537.36 (compatible; Googlebot/2.1; +http://www.google.com/bot.html)"
147.45.78.15 - - [02/Jul/2024:15:58:15 +0200] "POST /74a7c9952328.php HTTP/1.1" 500 9 "-" "curl/7.86.0"
66.249.70.108 - - [02/Jul/2024:15:58:16 +0200] "GET /wnyfz/q1529658.html HTTP/1.1" 200 41225 "-" "Mozilla/5.0 (Linux; Android 6.0.1; Nexus 5X Build/MMB29P) AppleWebKit/537.36 (KHTML, like Gecko) Chrome/125.0.6422.175 Mobile Safari/537.36 (compatible; Googlebot/2.1; +http://www.google.com/bot.html)"
66.249.70.109 - - [02/Jul/2024:15:56:42 +0200] "GET /qdvoz/y1932432.html HTTP/1.1" 200 41691 "-" "Mozilla/5.0 (Linux; Android 6.0.1; Nexus 5X Build/MMB29P) AppleWebKit/537.36 (KHTML, like Gecko) Chrome/125.0.6422.175 Mobile Safari/537.36 (compatible; Googlebot/2.1; +http://www.google.com/bot.html)"
66.249.70.109 - - [02/Jul/2024:15:56:44 +0200] "GET /ooous/p1589041.html HTTP/1.1" 200 41591 "-" "Mozilla/5.0 (Linux; Android 6.0.1; Nexus 5X Build/MMB29P) AppleWebKit/537.36 (KHTML, like Gecko) Chrome/125.0.6422.175 Mobile Safari/537.36 (compatible; Googlebot/2.1; +http://www.google.com/bot.html)"
66.249.70.108 - - [02/Jul/2024:15:56:45 +0200] "GET /nxbxm/m1574270.html HTTP/1.1" 200 42549 "-" "Mozilla/5.0 (Linux; Android 6.0.1; Nexus 5X Build/MMB29P) AppleWebKit/537.36 (KHTML, like Gecko) Chrome/125.0.6422.175 Mobile Safari/537.36 (compatible; Googlebot/2.1; +http://www.google.com/bot.html)"
66.249.70.109 - - [02/Jul/2024:15:56:45 +0200] "GET /hyznr/z1015101.html HTTP/1.1" 200 42029 "-" "Mozilla/5.0 (Linux; Android 6.0.1; Nexus 5X Build/MMB29P) AppleWebKit/537.36 (KHTML, like Gecko) Chrome/125.0.6422.175 Mobile Safari/537.36 (compatible; Googlebot/2.1; +http://www.google.com/bot.html)"
66.249.70.108 - - [02/Jul/2024:15:56:45 +0200] "GET /wgcpr/l1087705.html HTTP/1.1" 200 41119 "-" "Mozilla/5.0 (Linux; Android 6.0.1; Nexus 5X Build/MMB29P) AppleWebKit/537.36 (KHTML, like Gecko) Chrome/125.0.6422.175 Mobile Safari/537.36 (compatible; Googlebot/2.1; +http://www.google.com/bot.html)"
185.191.171.9 - - [02/Jul/2024:15:57:42 +0200] "GET /tag/%D9%85%D8%AF%D8%B9%D9%8A/ HTTP/1.1" 403 0 "-" "Mozilla/5.0 (compatible; SemrushBot/7~bl; +http://www.semrush.com/bot.html)"
66.249.70.108 - - [02/Jul/2024:15:57:49 +0200] "GET /%D8%B4%D8%A7%D9%87%D8%AF-%D8%A8%D8%A7%D9%84%D9%81%D9%8A%D8%AF%D9%8A%D9%88-%D8%AE%D8%B1%D9%8A%D8%AC-%D8%B3%D9%88%D8%AF%D8%A7%D9%86%D9%8A-%D9%8A%D9%81%D8%A7%D8%AC%D8%A6-%D8%A7%D9%84%D8%AC%D9%85%D9%8A/feed/ HTTP/1.1" 200 42067 "-" "Mozilla/5.0 (Linux; Android 6.0.1; Nexus 5X Build/MMB29P) AppleWebKit/537.36 (KHTML, like Gecko) Chrome/125.0.6422.175 Mobile Safari/537.36 (compatible; Googlebot/2.1; +http://www.google.com/bot.html)"
66.249.70.108 - - [02/Jul/2024:15:57:56 +0200] "GET /%D8%A7%D9%84%D8%AF%D8%B9%D9%85-%D8%A7%D9%84%D8%B3%D8%B1%D9%8A%D8%B9-%D9%88%D8%A7%D9%81%D9%82%D9%86%D8%A7-%D9%85%D9%86-%D8%AD%D9%8A%D8%AB-%D8%A7%D9%84%D9%85%D8%A8%D8%AF%D8%A3-%D8%B9%D9%84%D9%89/ HTTP/1.1" 200 42288 "-" "Mozilla/5.0 (Linux; Android 6.0.1; Nexus 5X Build/MMB29P) AppleWebKit/537.36 (KHTML, like Gecko) Chrome/125.0.6422.175 Mobile Safari/537.36 (compatible; Googlebot/2.1; +http://www.google.com/bot.html)"
66.249.70.108 - - [02/Jul/2024:15:58:05 +0200] "GET /woxap/t1765195.html HTTP/1.1" 200 41045 "-" "Mozilla/5.0 (Linux; Android 6.0.1; Nexus 5X Build/MMB29P) AppleWebKit/537.36 (KHTML, like Gecko) Chrome/125.0.6422.175 Mobile Safari/537.36 (compatible; Googlebot/2.1; +http://www.google.com/bot.html)"
66.249.70.108 - - [02/Jul/2024:15:58:06 +0200] "GET /tcaal/e2996462.html HTTP/1.1" 200 41289 "-" "Mozilla/5.0 (Linux; Android 6.0.1; Nexus 5X Build/MMB29P) AppleWebKit/537.36 (KHTML, like Gecko) Chrome/125.0.6422.175 Mobile Safari/537.36 (compatible; Googlebot/2.1; +http://www.google.com/bot.html)"
66.249.70.108 - - [02/Jul/2024:15:58:07 +0200] "GET /mozyh/m1326932.html HTTP/1.1" 200 43753 "-" "Mozilla/5.0 (Linux; Android 6.0.1; Nexus 5X Build/MMB29P) AppleWebKit/537.36 (KHTML, like Gecko) Chrome/125.0.6422.175 Mobile Safari/537.36 (compatible; Googlebot/2.1; +http://www.google.com/bot.html)"
66.249.70.108 - - [02/Jul/2024:15:58:18 +0200] "GET /pzbhy/r2470495.html HTTP/1.1" 200 42138 "-" "Mozilla/5.0 (Linux; Android 6.0.1; Nexus 5X Build/MMB29P) AppleWebKit/537.36 (KHTML, like Gecko) Chrome/125.0.6422.175 Mobile Safari/537.36 (compatible; Googlebot/2.1; +http://www.google.com/bot.html)"
66.249.70.109 - - [02/Jul/2024:15:58:14 +0200] "GET /itnhn/p1071693.html HTTP/1.1" 200 42887 "-" "Mozilla/5.0 (Linux; Android 6.0.1; Nexus 5X Build/MMB29P) AppleWebKit/537.36 (KHTML, like Gecko) Chrome/125.0.6422.175 Mobile Safari/537.36 (compatible; Googlebot/2.1; +http://www.google.com/bot.html)"
66.249.70.109 - - [02/Jul/2024:15:58:15 +0200] "GET /bietw/x80607.html HTTP/1.1" 200 42253 "-" "Mozilla/5.0 (Linux; Android 6.0.1; Nexus 5X Build/MMB29P) AppleWebKit/537.36 (KHTML, like Gecko) Chrome/125.0.6422.175 Mobile Safari/537.36 (compatible; Googlebot/2.1; +http://www.google.com/bot.html)"
66.249.70.109 - - [02/Jul/2024:15:58:15 +0200] "GET /vdrtn/q1768416.html HTTP/1.1" 200 42070 "-" "Mozilla/5.0 (Linux; Android 6.0.1; Nexus 5X Build/MMB29P) AppleWebKit/537.36 (KHTML, like Gecko) Chrome/125.0.6422.175 Mobile Safari/537.36 (compatible; Googlebot/2.1; +http://www.google.com/bot.html)"
66.249.70.109 - - [02/Jul/2024:15:58:19 +0200] "GET /blwnr/j1118019.html HTTP/1.1" 200 41422 "-" "Mozilla/5.0 (Linux; Android 6.0.1; Nexus 5X Build/MMB29P) AppleWebKit/537.36 (KHTML, like Gecko) Chrome/125.0.6422.175 Mobile Safari/537.36 (compatible; Googlebot/2.1; +http://www.google.com/bot.html)"
66.249.70.109 - - [02/Jul/2024:15:58:19 +0200] "GET /uvuyc/b1802669.html HTTP/1.1" 200 41823 "-" "Mozilla/5.0 (Linux; Android 6.0.1; Nexus 5X Build/MMB29P) AppleWebKit/537.36 (KHTML, like Gecko) Chrome/125.0.6422.175 Mobile Safari/537.36 (compatible; Googlebot/2.1; +http://www.google.com/bot.html)"
66.249.70.109 - - [02/Jul/2024:15:58:20 +0200] "GET /kpkgu/c2133156.html HTTP/1.1" 200 41556 "-" "Mozilla/5.0 (Linux; Android 6.0.1; Nexus 5X Build/MMB29P) AppleWebKit/537.36 (KHTML, like Gecko) Chrome/125.0.6422.175 Mobile Safari/537.36 (compatible; Googlebot/2.1; +http://www.google.com/bot.html)"
66.249.70.109 - - [02/Jul/2024:15:58:21 +0200] "GET /kkcly/u2175346.html HTTP/1.1" 200 41734 "-" "Mozilla/5.0 (Linux; Android 6.0.1; Nexus 5X Build/MMB29P) AppleWebKit/537.36 (KHTML, like Gecko) Chrome/125.0.6422.175 Mobile Safari/537.36 (compatible; Googlebot/2.1; +http://www.google.com/bot.html)"
66.249.70.109 - - [02/Jul/2024:15:58:21 +0200] "GET /vjumu/f102663.html HTTP/1.1" 200 42162 "-" "Mozilla/5.0 (Linux; Android 6.0.1; Nexus 5X Build/MMB29P) AppleWebKit/537.36 (KHTML, like Gecko) Chrome/125.0.6422.175 Mobile Safari/537.36 (compatible; Googlebot/2.1; +http://www.google.com/bot.html)"
