85.208.96.210 - - [02/Jul/2024:16:58:24 +0200] "GET /tag/%D9%88%D9%84%D9%8A%D8%AF%D8%A9/ HTTP/1.1" 403 0 "-" "Mozilla/5.0 (compatible; SemrushBot/7~bl; +http://www.semrush.com/bot.html)"
66.249.70.108 - - [02/Jul/2024:16:58:24 +0200] "GET /vqoyo/d1502631.html HTTP/1.1" 200 41286 "-" "Mozilla/5.0 (Linux; Android 6.0.1; Nexus 5X Build/MMB29P) AppleWebKit/537.36 (KHTML, like Gecko) Chrome/125.0.6422.175 Mobile Safari/537.36 (compatible; Googlebot/2.1; +http://www.google.com/bot.html)"
66.249.70.108 - - [02/Jul/2024:16:58:25 +0200] "GET /avkgr/y127096.html HTTP/1.1" 200 41727 "-" "Mozilla/5.0 (Linux; Android 6.0.1; Nexus 5X Build/MMB29P) AppleWebKit/537.36 (KHTML, like Gecko) Chrome/125.0.6422.175 Mobile Safari/537.36 (compatible; Googlebot/2.1; +http://www.google.com/bot.html)"
66.249.70.108 - - [02/Jul/2024:16:58:25 +0200] "GET /iduxl/f1235093.html HTTP/1.1" 200 43345 "-" "Mozilla/5.0 (Linux; Android 6.0.1; Nexus 5X Build/MMB29P) AppleWebKit/537.36 (KHTML, like Gecko) Chrome/125.0.6422.175 Mobile Safari/537.36 (compatible; Googlebot/2.1; +http://www.google.com/bot.html)"
66.249.70.108 - - [02/Jul/2024:16:58:26 +0200] "GET /vetnc/m189458.html HTTP/1.1" 200 43035 "-" "Mozilla/5.0 (Linux; Android 6.0.1; Nexus 5X Build/MMB29P) AppleWebKit/537.36 (KHTML, like Gecko) Chrome/125.0.6422.175 Mobile Safari/537.36 (compatible; Googlebot/2.1; +http://www.google.com/bot.html)"
66.249.70.109 - - [02/Jul/2024:16:58:27 +0200] "GET /ehdnw/o781662.html HTTP/1.1" 200 42975 "-" "Mozilla/5.0 (Linux; Android 6.0.1; Nexus 5X Build/MMB29P) AppleWebKit/537.36 (KHTML, like Gecko) Chrome/125.0.6422.175 Mobile Safari/537.36 (compatible; Googlebot/2.1; +http://www.google.com/bot.html)"
66.249.70.108 - - [02/Jul/2024:16:58:28 +0200] "GET /mpztb/l1552741.html HTTP/1.1" 200 42141 "-" "Mozilla/5.0 (Linux; Android 6.0.1; Nexus 5X Build/MMB29P) AppleWebKit/537.36 (KHTML, like Gecko) Chrome/125.0.6422.175 Mobile Safari/537.36 (compatible; Googlebot/2.1; +http://www.google.com/bot.html)"
66.249.70.108 - - [02/Jul/2024:16:58:28 +0200] "GET /ryeqj/j1733777.html HTTP/1.1" 200 41305 "-" "Mozilla/5.0 (Linux; Android 6.0.1; Nexus 5X Build/MMB29P) AppleWebKit/537.36 (KHTML, like Gecko) Chrome/125.0.6422.175 Mobile Safari/537.36 (compatible; Googlebot/2.1; +http://www.google.com/bot.html)"
66.249.70.109 - - [02/Jul/2024:16:58:28 +0200] "GET /aejfu/m1409716.html HTTP/1.1" 200 42244 "-" "Mozilla/5.0 (Linux; Android 6.0.1; Nexus 5X Build/MMB29P) AppleWebKit/537.36 (KHTML, like Gecko) Chrome/125.0.6422.175 Mobile Safari/537.36 (compatible; Googlebot/2.1; +http://www.google.com/bot.html)"
147.45.78.15 - - [02/Jul/2024:16:58:15 +0200] "POST /74a7c9952328.php HTTP/1.1" 500 9 "-" "curl/7.86.0"
66.249.83.89 - - [02/Jul/2024:16:58:17 +0200] "HEAD /%D9%81%D8%B1%D9%86%D8%B3%D8%A7-%D8%AA%D9%86%D8%AA%D8%B2%D8%B9-%D8%A8%D8%B7%D8%A7%D9%82%D8%A9-%D8%A7%D9%84%D8%AA%D8%A3%D9%87%D9%84-%D8%A5%D9%84%D9%89-%D8%B1%D8%A8%D8%B9-%D8%A7%D9%84%D9%86%D9%87%D8%A7/ HTTP/1.1" 200 0 "-" "FeedBurner/1.0 (http://www.FeedBurner.com)"
66.249.83.65 - - [02/Jul/2024:16:58:17 +0200] "HEAD /%D8%A7%D9%84%D8%A3%D9%88%D8%B1%D9%88%D8%BA%D9%88%D8%A7%D9%8A-%D8%AA%D9%82%D8%B5%D9%8A-%D8%A7%D9%84%D9%88%D9%84%D8%A7%D9%8A%D8%A7%D8%AA-%D8%A7%D9%84%D9%85%D8%AA%D8%AD%D8%AF%D8%A9-%D9%88%D8%AA%D8%AA/ HTTP/1.1" 200 0 "-" "FeedBurner/1.0 (http://www.FeedBurner.com)"
66.249.83.64 - - [02/Jul/2024:16:58:17 +0200] "HEAD /%D8%AD%D8%B1%D8%A8-%D8%A7%D9%84%D8%B3%D9%88%D8%AF%D8%A7%D9%86-%D8%AB%D9%85-%D9%85%D8%A7%D8%B0%D8%A7-%D8%A8%D8%B9%D8%AF-%D8%B3%D9%86%D8%AC%D8%A9/ HTTP/1.1" 200 0 "-" "FeedBurner/1.0 (http://www.FeedBurner.com)"
66.249.83.65 - - [02/Jul/2024:16:58:17 +0200] "HEAD /%D8%A7%D9%84%D8%AC%D9%8A%D8%B4-%D9%8A%D9%82%D9%88%D9%84-%D8%A5%D9%86%D9%87-%D8%B3%D9%8A%D8%B7%D8%B1-%D8%B9%D9%84%D9%89-%D8%AD%D9%8A-%D8%A7%D9%84%D8%AF%D9%88%D8%AD%D8%A9-%D8%A8%D8%A3%D9%85-%D8%AF%D8%B1/ HTTP/1.1" 200 0 "-" "FeedBurner/1.0 (http://www.FeedBurner.com)"
66.249.83.64 - - [02/Jul/2024:16:58:18 +0200] "HEAD /%D8%AA%D9%86%D8%B3%D9%8A%D9%82%D9%8A%D8%A9-%D8%AA%D9%82%D8%AF%D9%85-%D8%AA%D9%82%D8%B1%D8%B1-%D8%A7%D9%84%D9%85%D8%B4%D8%A7%D8%B1%D9%83%D8%A9-%D9%81%D9%8A-%D9%85%D8%A4%D8%AA%D9%85%D8%B1/ HTTP/1.1" 200 0 "-" "FeedBurner/1.0 (http://www.FeedBurner.com)"
66.249.70.109 - - [02/Jul/2024:16:58:21 +0200] "GET /daphe/d1236937.html HTTP/1.1" 200 42149 "-" "Mozilla/5.0 (Linux; Android 6.0.1; Nexus 5X Build/MMB29P) AppleWebKit/537.36 (KHTML, like Gecko) Chrome/125.0.6422.175 Mobile Safari/537.36 (compatible; Googlebot/2.1; +http://www.google.com/bot.html)"
66.249.70.109 - - [02/Jul/2024:16:58:25 +0200] "GET /tsjbq/p2928431.html HTTP/1.1" 200 42159 "-" "Mozilla/5.0 (Linux; Android 6.0.1; Nexus 5X Build/MMB29P) AppleWebKit/537.36 (KHTML, like Gecko) Chrome/125.0.6422.175 Mobile Safari/537.36 (compatible; Googlebot/2.1; +http://www.google.com/bot.html)"
66.249.70.109 - - [02/Jul/2024:16:58:27 +0200] "GET /sxmfx/g866596.html HTTP/1.1" 200 41299 "-" "Mozilla/5.0 (Linux; Android 6.0.1; Nexus 5X Build/MMB29P) AppleWebKit/537.36 (KHTML, like Gecko) Chrome/125.0.6422.175 Mobile Safari/537.36 (compatible; Googlebot/2.1; +http://www.google.com/bot.html)"
66.249.70.109 - - [02/Jul/2024:16:58:29 +0200] "GET /fingg/p134887.html HTTP/1.1" 200 41702 "-" "Mozilla/5.0 (Linux; Android 6.0.1; Nexus 5X Build/MMB29P) AppleWebKit/537.36 (KHTML, like Gecko) Chrome/125.0.6422.175 Mobile Safari/537.36 (compatible; Googlebot/2.1; +http://www.google.com/bot.html)"
66.249.70.109 - - [02/Jul/2024:16:58:29 +0200] "GET /ylgce/j1469877.html HTTP/1.1" 200 41916 "-" "Mozilla/5.0 (Linux; Android 6.0.1; Nexus 5X Build/MMB29P) AppleWebKit/537.36 (KHTML, like Gecko) Chrome/125.0.6422.175 Mobile Safari/537.36 (compatible; Googlebot/2.1; +http://www.google.com/bot.html)"
66.249.70.109 - - [02/Jul/2024:16:58:30 +0200] "GET /uuyif/t3053287.html HTTP/1.1" 200 42305 "-" "Mozilla/5.0 (Linux; Android 6.0.1; Nexus 5X Build/MMB29P) AppleWebKit/537.36 (KHTML, like Gecko) Chrome/125.0.6422.175 Mobile Safari/537.36 (compatible; Googlebot/2.1; +http://www.google.com/bot.html)"
66.249.70.110 - - [02/Jul/2024:16:58:31 +0200] "GET /xcnur/z3010367.html HTTP/1.1" 200 41642 "-" "Mozilla/5.0 (Linux; Android 6.0.1; Nexus 5X Build/MMB29P) AppleWebKit/537.36 (KHTML, like Gecko) Chrome/125.0.6422.175 Mobile Safari/537.36 (compatible; Googlebot/2.1; +http://www.google.com/bot.html)"
66.249.70.109 - - [02/Jul/2024:16:58:32 +0200] "GET /oijod/a2201144.html HTTP/1.1" 200 43519 "-" "Mozilla/5.0 (Linux; Android 6.0.1; Nexus 5X Build/MMB29P) AppleWebKit/537.36 (KHTML, like Gecko) Chrome/125.0.6422.175 Mobile Safari/537.36 (compatible; Googlebot/2.1; +http://www.google.com/bot.html)"
66.249.93.12 - - [02/Jul/2024:16:58:15 +0200] "GET /feed/ HTTP/1.1" 200 18542 "-" "FeedBurner/1.0 (http://www.FeedBurner.com)"
66.249.83.65 - - [02/Jul/2024:16:58:16 +0200] "HEAD /%D8%A7%D8%B1%D8%AA%D9%81%D8%A7%D8%B9-%D8%A7%D9%84%D8%A7%D8%B5%D8%A7%D8%A8%D8%A7%D8%AA-%D8%A8%D8%AD%D9%85%D9%89-%D8%A7%D9%84%D8%B6%D9%86%D9%83-%D9%81%D9%8A-%D8%A7%D9%84%D8%AE%D8%B1%D8%B7%D9%88%D9%85/ HTTP/1.1" 200 0 "-" "FeedBurner/1.0 (http://www.FeedBurner.com)"
66.249.83.64 - - [02/Jul/2024:16:58:16 +0200] "HEAD /en-iyi-slot-oyunlar-ucretsiz-on-line-casino-83/ HTTP/1.1" 200 0 "-" "FeedBurner/1.0 (http://www.FeedBurner.com)"
66.249.83.89 - - [02/Jul/2024:16:58:17 +0200] "HEAD /%D8%A7%D9%84%D8%A3%D9%85%D9%85-%D8%A7%D9%84%D9%85%D8%AA%D8%AD%D8%AF%D8%A9-%D8%B9%D8%B1%D8%A7%D9%82%D9%8A%D9%84-%D8%A8%D9%8A%D8%B1%D9%88%D9%82%D8%B1%D8%A7%D8%B7%D9%8A%D8%A9-%D8%AA%D8%B6%D8%B9%D9%87/ HTTP/1.1" 200 0 "-" "FeedBurner/1.0 (http://www.FeedBurner.com)"
66.249.70.110 - - [02/Jul/2024:16:58:21 +0200] "GET /jjnki/b680795.html HTTP/1.1" 200 42190 "-" "Mozilla/5.0 (Linux; Android 6.0.1; Nexus 5X Build/MMB29P) AppleWebKit/537.36 (KHTML, like Gecko) Chrome/125.0.6422.175 Mobile Safari/537.36 (compatible; Googlebot/2.1; +http://www.google.com/bot.html)"
66.249.70.110 - - [02/Jul/2024:16:58:22 +0200] "GET /wbaam/o2070092.html HTTP/1.1" 200 41427 "-" "Mozilla/5.0 (Linux; Android 6.0.1; Nexus 5X Build/MMB29P) AppleWebKit/537.36 (KHTML, like Gecko) Chrome/125.0.6422.175 Mobile Safari/537.36 (compatible; Googlebot/2.1; +http://www.google.com/bot.html)"
66.249.70.110 - - [02/Jul/2024:16:58:22 +0200] "GET /pfljl/s577124.html HTTP/1.1" 200 42074 "-" "Mozilla/5.0 (Linux; Android 6.0.1; Nexus 5X Build/MMB29P) AppleWebKit/537.36 (KHTML, like Gecko) Chrome/125.0.6422.175 Mobile Safari/537.36 (compatible; Googlebot/2.1; +http://www.google.com/bot.html)"
66.249.70.110 - - [02/Jul/2024:16:58:23 +0200] "GET /bgudt/o1513900.html HTTP/1.1" 200 41458 "-" "Mozilla/5.0 (Linux; Android 6.0.1; Nexus 5X Build/MMB29P) AppleWebKit/537.36 (KHTML, like Gecko) Chrome/125.0.6422.175 Mobile Safari/537.36 (compatible; Googlebot/2.1; +http://www.google.com/bot.html)"
66.249.70.110 - - [02/Jul/2024:16:58:23 +0200] "GET /jumdp/p1557893.html HTTP/1.1" 200 42110 "-" "Mozilla/5.0 (Linux; Android 6.0.1; Nexus 5X Build/MMB29P) AppleWebKit/537.36 (KHTML, like Gecko) Chrome/125.0.6422.175 Mobile Safari/537.36 (compatible; Googlebot/2.1; +http://www.google.com/bot.html)"
66.249.70.108 - - [02/Jul/2024:16:58:26 +0200] "GET /lkofk/c2239470.html HTTP/1.1" 200 41806 "-" "Mozilla/5.0 (Linux; Android 6.0.1; Nexus 5X Build/MMB29P) AppleWebKit/537.36 (KHTML, like Gecko) Chrome/125.0.6422.175 Mobile Safari/537.36 (compatible; Googlebot/2.1; +http://www.google.com/bot.html)"
66.249.70.108 - - [02/Jul/2024:16:58:27 +0200] "GET /frgop/t2302017.html HTTP/1.1" 200 41982 "-" "Mozilla/5.0 (Linux; Android 6.0.1; Nexus 5X Build/MMB29P) AppleWebKit/537.36 (KHTML, like Gecko) Chrome/125.0.6422.175 Mobile Safari/537.36 (compatible; Googlebot/2.1; +http://www.google.com/bot.html)"
66.249.70.110 - - [02/Jul/2024:16:58:33 +0200] "GET /aivst/p337115.html HTTP/1.1" 200 41358 "-" "Mozilla/5.0 (Linux; Android 6.0.1; Nexus 5X Build/MMB29P) AppleWebKit/537.36 (KHTML, like Gecko) Chrome/125.0.6422.175 Mobile Safari/537.36 (compatible; Googlebot/2.1; +http://www.google.com/bot.html)"
66.249.70.96 - - [02/Jul/2024:16:58:35 +0200] "GET /ucidn/l1072365.html HTTP/1.1" 200 42164 "-" "Mozilla/5.0 (Linux; Android 6.0.1; Nexus 5X Build/MMB29P) AppleWebKit/537.36 (KHTML, like Gecko) Chrome/125.0.6422.175 Mobile Safari/537.36 (compatible; Googlebot/2.1; +http://www.google.com/bot.html)"
66.249.70.96 - - [02/Jul/2024:16:58:36 +0200] "GET /zhnge/e464946.html HTTP/1.1" 200 41820 "-" "Mozilla/5.0 (Linux; Android 6.0.1; Nexus 5X Build/MMB29P) AppleWebKit/537.36 (KHTML, like Gecko) Chrome/125.0.6422.175 Mobile Safari/537.36 (compatible; Googlebot/2.1; +http://www.google.com/bot.html)"
66.249.70.110 - - [02/Jul/2024:16:58:33 +0200] "GET /qinqc/a2281640.html HTTP/1.1" 200 41896 "-" "Mozilla/5.0 (Linux; Android 6.0.1; Nexus 5X Build/MMB29P) AppleWebKit/537.36 (KHTML, like Gecko) Chrome/125.0.6422.175 Mobile Safari/537.36 (compatible; Googlebot/2.1; +http://www.google.com/bot.html)"
66.249.70.110 - - [02/Jul/2024:16:58:37 +0200] "GET /rgptl/v2061779.html HTTP/1.1" 200 42174 "-" "Mozilla/5.0 (Linux; Android 6.0.1; Nexus 5X Build/MMB29P) AppleWebKit/537.36 (KHTML, like Gecko) Chrome/125.0.6422.175 Mobile Safari/537.36 (compatible; Googlebot/2.1; +http://www.google.com/bot.html)"
66.249.70.109 - - [02/Jul/2024:16:58:37 +0200] "GET /huulf/o2883580.html HTTP/1.1" 200 41800 "-" "Mozilla/5.0 (Linux; Android 6.0.1; Nexus 5X Build/MMB29P) AppleWebKit/537.36 (KHTML, like Gecko) Chrome/125.0.6422.175 Mobile Safari/537.36 (compatible; Googlebot/2.1; +http://www.google.com/bot.html)"
66.249.70.97 - - [02/Jul/2024:16:58:39 +0200] "GET /yhiwf/o175524.html HTTP/1.1" 200 43152 "-" "Mozilla/5.0 (Linux; Android 6.0.1; Nexus 5X Build/MMB29P) AppleWebKit/537.36 (KHTML, like Gecko) Chrome/125.0.6422.175 Mobile Safari/537.36 (compatible; Googlebot/2.1; +http://www.google.com/bot.html)"
66.249.70.109 - - [02/Jul/2024:16:58:40 +0200] "GET /cuhlr/l968469.html HTTP/1.1" 200 41827 "-" "Mozilla/5.0 (Linux; Android 6.0.1; Nexus 5X Build/MMB29P) AppleWebKit/537.36 (KHTML, like Gecko) Chrome/125.0.6422.175 Mobile Safari/537.36 (compatible; Googlebot/2.1; +http://www.google.com/bot.html)"
66.249.70.97 - - [02/Jul/2024:16:58:41 +0200] "GET /boitu/u703954.html HTTP/1.1" 200 41842 "-" "Mozilla/5.0 (Linux; Android 6.0.1; Nexus 5X Build/MMB29P) AppleWebKit/537.36 (KHTML, like Gecko) Chrome/125.0.6422.175 Mobile Safari/537.36 (compatible; Googlebot/2.1; +http://www.google.com/bot.html)"
66.249.70.109 - - [02/Jul/2024:16:58:41 +0200] "GET /njyox/k1728994.html HTTP/1.1" 200 42386 "-" "Mozilla/5.0 (Linux; Android 6.0.1; Nexus 5X Build/MMB29P) AppleWebKit/537.36 (KHTML, like Gecko) Chrome/125.0.6422.175 Mobile Safari/537.36 (compatible; Googlebot/2.1; +http://www.google.com/bot.html)"
66.249.70.110 - - [02/Jul/2024:16:58:41 +0200] "GET /wjlcm/o132078.html HTTP/1.1" 200 41514 "-" "Mozilla/5.0 (Linux; Android 6.0.1; Nexus 5X Build/MMB29P) AppleWebKit/537.36 (KHTML, like Gecko) Chrome/125.0.6422.175 Mobile Safari/537.36 (compatible; Googlebot/2.1; +http://www.google.com/bot.html)"
66.249.70.110 - - [02/Jul/2024:16:58:42 +0200] "GET /iuole/o720666.html HTTP/1.1" 200 41681 "-" "Mozilla/5.0 (Linux; Android 6.0.1; Nexus 5X Build/MMB29P) AppleWebKit/537.36 (KHTML, like Gecko) Chrome/125.0.6422.175 Mobile Safari/537.36 (compatible; Googlebot/2.1; +http://www.google.com/bot.html)"
66.249.70.97 - - [02/Jul/2024:16:58:42 +0200] "GET /vrwun/k966518.html HTTP/1.1" 200 42540 "-" "Mozilla/5.0 (Linux; Android 6.0.1; Nexus 5X Build/MMB29P) AppleWebKit/537.36 (KHTML, like Gecko) Chrome/125.0.6422.175 Mobile Safari/537.36 (compatible; Googlebot/2.1; +http://www.google.com/bot.html)"
66.249.70.110 - - [02/Jul/2024:16:58:44 +0200] "GET /cspnn/d2716519.html HTTP/1.1" 200 41742 "-" "Mozilla/5.0 (Linux; Android 6.0.1; Nexus 5X Build/MMB29P) AppleWebKit/537.36 (KHTML, like Gecko) Chrome/125.0.6422.175 Mobile Safari/537.36 (compatible; Googlebot/2.1; +http://www.google.com/bot.html)"
66.249.70.97 - - [02/Jul/2024:16:58:44 +0200] "GET /yczwa/s2184444.html HTTP/1.1" 200 41288 "-" "Mozilla/5.0 (Linux; Android 6.0.1; Nexus 5X Build/MMB29P) AppleWebKit/537.36 (KHTML, like Gecko) Chrome/125.0.6422.175 Mobile Safari/537.36 (compatible; Googlebot/2.1; +http://www.google.com/bot.html)"
66.249.70.108 - - [02/Jul/2024:16:58:45 +0200] "GET /tcjdm/l163145.html HTTP/1.1" 200 42761 "-" "Mozilla/5.0 (Linux; Android 6.0.1; Nexus 5X Build/MMB29P) AppleWebKit/537.36 (KHTML, like Gecko) Chrome/125.0.6422.175 Mobile Safari/537.36 (compatible; Googlebot/2.1; +http://www.google.com/bot.html)"
66.249.70.108 - - [02/Jul/2024:16:58:29 +0200] "GET /eljen/m2331416.html HTTP/1.1" 200 41395 "-" "Mozilla/5.0 (Linux; Android 6.0.1; Nexus 5X Build/MMB29P) AppleWebKit/537.36 (KHTML, like Gecko) Chrome/125.0.6422.175 Mobile Safari/537.36 (compatible; Googlebot/2.1; +http://www.google.com/bot.html)"
66.249.70.108 - - [02/Jul/2024:16:58:30 +0200] "GET /xidpf/g492170.html HTTP/1.1" 200 41054 "-" "Mozilla/5.0 (Linux; Android 6.0.1; Nexus 5X Build/MMB29P) AppleWebKit/537.36 (KHTML, like Gecko) Chrome/125.0.6422.175 Mobile Safari/537.36 (compatible; Googlebot/2.1; +http://www.google.com/bot.html)"
66.249.70.108 - - [02/Jul/2024:16:58:31 +0200] "GET /gijqn/c2509844.html HTTP/1.1" 200 43381 "-" "Mozilla/5.0 (Linux; Android 6.0.1; Nexus 5X Build/MMB29P) AppleWebKit/537.36 (KHTML, like Gecko) Chrome/125.0.6422.175 Mobile Safari/537.36 (compatible; Googlebot/2.1; +http://www.google.com/bot.html)"
66.249.70.109 - - [02/Jul/2024:16:58:33 +0200] "GET /hciqj/e2728688.html HTTP/1.1" 200 41836 "-" "Mozilla/5.0 (Linux; Android 6.0.1; Nexus 5X Build/MMB29P) AppleWebKit/537.36 (KHTML, like Gecko) Chrome/125.0.6422.175 Mobile Safari/537.36 (compatible; Googlebot/2.1; +http://www.google.com/bot.html)"
66.249.70.96 - - [02/Jul/2024:16:58:34 +0200] "GET /rsgad/l1658431.html HTTP/1.1" 200 41455 "-" "Mozilla/5.0 (Linux; Android 6.0.1; Nexus 5X Build/MMB29P) AppleWebKit/537.36 (KHTML, like Gecko) Chrome/125.0.6422.175 Mobile Safari/537.36 (compatible; Googlebot/2.1; +http://www.google.com/bot.html)"
66.249.70.96 - - [02/Jul/2024:16:58:34 +0200] "GET /dvrcb/f1269595.html HTTP/1.1" 200 42176 "-" "Mozilla/5.0 (Linux; Android 6.0.1; Nexus 5X Build/MMB29P) AppleWebKit/537.36 (KHTML, like Gecko) Chrome/125.0.6422.175 Mobile Safari/537.36 (compatible; Googlebot/2.1; +http://www.google.com/bot.html)"
66.249.70.109 - - [02/Jul/2024:16:58:35 +0200] "GET /ivjhq/y678348.html HTTP/1.1" 200 41412 "-" "Mozilla/5.0 (Linux; Android 6.0.1; Nexus 5X Build/MMB29P) AppleWebKit/537.36 (KHTML, like Gecko) Chrome/125.0.6422.175 Mobile Safari/537.36 (compatible; Googlebot/2.1; +http://www.google.com/bot.html)"
66.249.70.109 - - [02/Jul/2024:16:58:37 +0200] "GET /gjcqy/c1948114.html HTTP/1.1" 200 41924 "-" "Mozilla/5.0 (Linux; Android 6.0.1; Nexus 5X Build/MMB29P) AppleWebKit/537.36 (KHTML, like Gecko) Chrome/125.0.6422.175 Mobile Safari/537.36 (compatible; Googlebot/2.1; +http://www.google.com/bot.html)"
66.249.70.109 - - [02/Jul/2024:16:58:40 +0200] "GET /ppuij/o655458.html HTTP/1.1" 200 41963 "-" "Mozilla/5.0 (Linux; Android 6.0.1; Nexus 5X Build/MMB29P) AppleWebKit/537.36 (KHTML, like Gecko) Chrome/125.0.6422.175 Mobile Safari/537.36 (compatible; Googlebot/2.1; +http://www.google.com/bot.html)"
66.249.70.98 - - [02/Jul/2024:16:58:43 +0200] "GET /bvddt/o383654.html HTTP/1.1" 200 41633 "-" "Mozilla/5.0 (Linux; Android 6.0.1; Nexus 5X Build/MMB29P) AppleWebKit/537.36 (KHTML, like Gecko) Chrome/125.0.6422.175 Mobile Safari/537.36 (compatible; Googlebot/2.1; +http://www.google.com/bot.html)"
66.249.70.96 - - [02/Jul/2024:16:58:43 +0200] "GET /jzxdb/g704304.html HTTP/1.1" 200 41683 "-" "Mozilla/5.0 (Linux; Android 6.0.1; Nexus 5X Build/MMB29P) AppleWebKit/537.36 (KHTML, like Gecko) Chrome/125.0.6422.175 Mobile Safari/537.36 (compatible; Googlebot/2.1; +http://www.google.com/bot.html)"
66.249.70.96 - - [02/Jul/2024:16:58:44 +0200] "GET /ranvm/s162944.html HTTP/1.1" 200 42040 "-" "Mozilla/5.0 (Linux; Android 6.0.1; Nexus 5X Build/MMB29P) AppleWebKit/537.36 (KHTML, like Gecko) Chrome/125.0.6422.175 Mobile Safari/537.36 (compatible; Googlebot/2.1; +http://www.google.com/bot.html)"
66.249.70.96 - - [02/Jul/2024:16:58:47 +0200] "GET /eezef/i1428614.html HTTP/1.1" 200 42588 "-" "Mozilla/5.0 (Linux; Android 6.0.1; Nexus 5X Build/MMB29P) AppleWebKit/537.36 (KHTML, like Gecko) Chrome/125.0.6422.175 Mobile Safari/537.36 (compatible; Googlebot/2.1; +http://www.google.com/bot.html)"
66.249.70.110 - - [02/Jul/2024:16:58:36 +0200] "GET /pdxvs/v2679149.html HTTP/1.1" 200 41948 "-" "Mozilla/5.0 (Linux; Android 6.0.1; Nexus 5X Build/MMB29P) AppleWebKit/537.36 (KHTML, like Gecko) Chrome/125.0.6422.175 Mobile Safari/537.36 (compatible; Googlebot/2.1; +http://www.google.com/bot.html)"
66.249.70.108 - - [02/Jul/2024:16:58:37 +0200] "GET /gatno/t807381.html HTTP/1.1" 200 42616 "-" "Mozilla/5.0 (Linux; Android 6.0.1; Nexus 5X Build/MMB29P) AppleWebKit/537.36 (KHTML, like Gecko) Chrome/125.0.6422.175 Mobile Safari/537.36 (compatible; Googlebot/2.1; +http://www.google.com/bot.html)"
66.249.70.108 - - [02/Jul/2024:16:58:38 +0200] "GET /qiuje/z1804409.html HTTP/1.1" 200 42739 "-" "Mozilla/5.0 (Linux; Android 6.0.1; Nexus 5X Build/MMB29P) AppleWebKit/537.36 (KHTML, like Gecko) Chrome/125.0.6422.175 Mobile Safari/537.36 (compatible; Googlebot/2.1; +http://www.google.com/bot.html)"
66.249.70.96 - - [02/Jul/2024:16:58:40 +0200] "GET /hptsa/v1494589.html HTTP/1.1" 200 43111 "-" "Mozilla/5.0 (Linux; Android 6.0.1; Nexus 5X Build/MMB29P) AppleWebKit/537.36 (KHTML, like Gecko) Chrome/125.0.6422.175 Mobile Safari/537.36 (compatible; Googlebot/2.1; +http://www.google.com/bot.html)"
66.249.70.108 - - [02/Jul/2024:16:58:41 +0200] "GET /pebfu/v1506575.html HTTP/1.1" 200 41175 "-" "Mozilla/5.0 (Linux; Android 6.0.1; Nexus 5X Build/MMB29P) AppleWebKit/537.36 (KHTML, like Gecko) Chrome/125.0.6422.175 Mobile Safari/537.36 (compatible; Googlebot/2.1; +http://www.google.com/bot.html)"
66.249.70.96 - - [02/Jul/2024:16:58:42 +0200] "GET /tgaor/q2151344.html HTTP/1.1" 200 42770 "-" "Mozilla/5.0 (Linux; Android 6.0.1; Nexus 5X Build/MMB29P) AppleWebKit/537.36 (KHTML, like Gecko) Chrome/125.0.6422.175 Mobile Safari/537.36 (compatible; Googlebot/2.1; +http://www.google.com/bot.html)"
66.249.70.96 - - [02/Jul/2024:16:58:43 +0200] "GET /ezslm/q680342.html HTTP/1.1" 200 40794 "-" "Mozilla/5.0 (Linux; Android 6.0.1; Nexus 5X Build/MMB29P) AppleWebKit/537.36 (KHTML, like Gecko) Chrome/125.0.6422.175 Mobile Safari/537.36 (compatible; Googlebot/2.1; +http://www.google.com/bot.html)"
66.249.70.108 - - [02/Jul/2024:16:58:44 +0200] "GET /avrxa/q2567448.html HTTP/1.1" 200 41324 "-" "Mozilla/5.0 (Linux; Android 6.0.1; Nexus 5X Build/MMB29P) AppleWebKit/537.36 (KHTML, like Gecko) Chrome/125.0.6422.175 Mobile Safari/537.36 (compatible; Googlebot/2.1; +http://www.google.com/bot.html)"
66.249.70.100 - - [02/Jul/2024:16:58:51 +0200] "GET /xdcej/e2371344.html HTTP/1.1" 200 41725 "-" "Mozilla/5.0 (Linux; Android 6.0.1; Nexus 5X Build/MMB29P) AppleWebKit/537.36 (KHTML, like Gecko) Chrome/125.0.6422.175 Mobile Safari/537.36 (compatible; Googlebot/2.1; +http://www.google.com/bot.html)"
66.249.70.101 - - [02/Jul/2024:16:58:52 +0200] "GET /wuifi/z1107609.html HTTP/1.1" 200 41821 "-" "Mozilla/5.0 (Linux; Android 6.0.1; Nexus 5X Build/MMB29P) AppleWebKit/537.36 (KHTML, like Gecko) Chrome/125.0.6422.175 Mobile Safari/537.36 (compatible; Googlebot/2.1; +http://www.google.com/bot.html)"
66.249.70.101 - - [02/Jul/2024:16:58:55 +0200] "GET /xqayf/i412378.html HTTP/1.1" 200 41592 "-" "Mozilla/5.0 (Linux; Android 6.0.1; Nexus 5X Build/MMB29P) AppleWebKit/537.36 (KHTML, like Gecko) Chrome/125.0.6422.175 Mobile Safari/537.36 (compatible; Googlebot/2.1; +http://www.google.com/bot.html)"
66.249.70.110 - - [02/Jul/2024:16:58:56 +0200] "GET /urzau/e1863876.html HTTP/1.1" 200 41528 "-" "Mozilla/5.0 (Linux; Android 6.0.1; Nexus 5X Build/MMB29P) AppleWebKit/537.36 (KHTML, like Gecko) Chrome/125.0.6422.175 Mobile Safari/537.36 (compatible; Googlebot/2.1; +http://www.google.com/bot.html)"
66.249.70.101 - - [02/Jul/2024:16:58:55 +0200] "GET /ybxso/r2118663.html HTTP/1.1" 200 43770 "-" "Mozilla/5.0 (Linux; Android 6.0.1; Nexus 5X Build/MMB29P) AppleWebKit/537.36 (KHTML, like Gecko) Chrome/125.0.6422.175 Mobile Safari/537.36 (compatible; Googlebot/2.1; +http://www.google.com/bot.html)"
66.249.70.97 - - [02/Jul/2024:16:58:57 +0200] "GET /bvoet/f2271115.html HTTP/1.1" 200 43459 "-" "Mozilla/5.0 (Linux; Android 6.0.1; Nexus 5X Build/MMB29P) AppleWebKit/537.36 (KHTML, like Gecko) Chrome/125.0.6422.175 Mobile Safari/537.36 (compatible; Googlebot/2.1; +http://www.google.com/bot.html)"
66.249.70.101 - - [02/Jul/2024:16:58:58 +0200] "GET /rowkn/b3051631.html HTTP/1.1" 200 41658 "-" "Mozilla/5.0 (Linux; Android 6.0.1; Nexus 5X Build/MMB29P) AppleWebKit/537.36 (KHTML, like Gecko) Chrome/125.0.6422.175 Mobile Safari/537.36 (compatible; Googlebot/2.1; +http://www.google.com/bot.html)"
66.249.70.101 - - [02/Jul/2024:16:58:59 +0200] "GET /yvicy/y680454.html HTTP/1.1" 200 41522 "-" "Mozilla/5.0 (Linux; Android 6.0.1; Nexus 5X Build/MMB29P) AppleWebKit/537.36 (KHTML, like Gecko) Chrome/125.0.6422.175 Mobile Safari/537.36 (compatible; Googlebot/2.1; +http://www.google.com/bot.html)"
66.249.70.99 - - [02/Jul/2024:16:59:00 +0200] "GET /dkrnm/q1125462.html HTTP/1.1" 200 41443 "-" "Mozilla/5.0 (Linux; Android 6.0.1; Nexus 5X Build/MMB29P) AppleWebKit/537.36 (KHTML, like Gecko) Chrome/125.0.6422.175 Mobile Safari/537.36 (compatible; Googlebot/2.1; +http://www.google.com/bot.html)"
66.249.70.97 - - [02/Jul/2024:16:59:01 +0200] "GET /mjzsp/g3061178.html HTTP/1.1" 200 43793 "-" "Mozilla/5.0 (Linux; Android 6.0.1; Nexus 5X Build/MMB29P) AppleWebKit/537.36 (KHTML, like Gecko) Chrome/125.0.6422.175 Mobile Safari/537.36 (compatible; Googlebot/2.1; +http://www.google.com/bot.html)"
66.249.70.110 - - [02/Jul/2024:16:59:02 +0200] "GET /cqlpe/s730212.html HTTP/1.1" 200 43175 "-" "Mozilla/5.0 (Linux; Android 6.0.1; Nexus 5X Build/MMB29P) AppleWebKit/537.36 (KHTML, like Gecko) Chrome/125.0.6422.175 Mobile Safari/537.36 (compatible; Googlebot/2.1; +http://www.google.com/bot.html)"
66.249.70.109 - - [02/Jul/2024:16:59:03 +0200] "GET /unfmr/m2036784.html HTTP/1.1" 200 41783 "-" "Mozilla/5.0 (Linux; Android 6.0.1; Nexus 5X Build/MMB29P) AppleWebKit/537.36 (KHTML, like Gecko) Chrome/125.0.6422.175 Mobile Safari/537.36 (compatible; Googlebot/2.1; +http://www.google.com/bot.html)"
66.249.70.97 - - [02/Jul/2024:16:59:23 +0200] "GET /tag/%D8%A7%D9%84%D8%B4%D8%A8%D8%A7%D9%84/ HTTP/1.1" 200 42347 "-" "Mozilla/5.0 (Linux; Android 6.0.1; Nexus 5X Build/MMB29P) AppleWebKit/537.36 (KHTML, like Gecko) Chrome/125.0.6422.175 Mobile Safari/537.36 (compatible; Googlebot/2.1; +http://www.google.com/bot.html)"
66.249.70.110 - - [02/Jul/2024:17:00:28 +0200] "GET /tag/%D8%A5%D8%AC%D8%A7%D8%B2%D8%A9/ HTTP/1.1" 200 42513 "-" "Mozilla/5.0 (Linux; Android 6.0.1; Nexus 5X Build/MMB29P) AppleWebKit/537.36 (KHTML, like Gecko) Chrome/125.0.6422.175 Mobile Safari/537.36 (compatible; Googlebot/2.1; +http://www.google.com/bot.html)"
66.249.70.109 - - [02/Jul/2024:17:00:28 +0200] "GET /tag/%D8%AA%D9%86%D8%B4%D8%A6/ HTTP/1.1" 200 41706 "-" "Mozilla/5.0 (Linux; Android 6.0.1; Nexus 5X Build/MMB29P) AppleWebKit/537.36 (KHTML, like Gecko) Chrome/125.0.6422.175 Mobile Safari/537.36 (compatible; Googlebot/2.1; +http://www.google.com/bot.html)"
66.249.70.97 - - [02/Jul/2024:17:00:29 +0200] "GET /%D8%B4%D8%A7%D9%87%D8%AF-%D8%A7%D9%84%D9%81%D9%8A%D8%AF%D9%8A%D9%88-%D8%A7%D9%84%D8%A3%D9%83%D8%AB%D8%B1-%D9%85%D8%B4%D8%A7%D9%87%D8%AF%D8%A9-%D9%88%D9%85%D8%AA%D8%A7%D8%A8%D8%B9%D8%A9-%D8%B4/ HTTP/1.1" 200 42233 "-" "Mozilla/5.0 (Linux; Android 6.0.1; Nexus 5X Build/MMB29P) AppleWebKit/537.36 (KHTML, like Gecko) Chrome/125.0.6422.175 Mobile Safari/537.36 (compatible; Googlebot/2.1; +http://www.google.com/bot.html)"
66.249.70.109 - - [02/Jul/2024:17:00:38 +0200] "GET /xrwkv/m1799508.html HTTP/1.1" 200 41533 "-" "Mozilla/5.0 (Linux; Android 6.0.1; Nexus 5X Build/MMB29P) AppleWebKit/537.36 (KHTML, like Gecko) Chrome/125.0.6422.175 Mobile Safari/537.36 (compatible; Googlebot/2.1; +http://www.google.com/bot.html)"
66.249.70.97 - - [02/Jul/2024:16:58:48 +0200] "GET /xajbp/l2900867.html HTTP/1.1" 200 41475 "-" "Mozilla/5.0 (Linux; Android 6.0.1; Nexus 5X Build/MMB29P) AppleWebKit/537.36 (KHTML, like Gecko) Chrome/125.0.6422.175 Mobile Safari/537.36 (compatible; Googlebot/2.1; +http://www.google.com/bot.html)"
66.249.70.96 - - [02/Jul/2024:16:58:48 +0200] "GET /hgvti/o2146480.html HTTP/1.1" 200 42199 "-" "Mozilla/5.0 (Linux; Android 6.0.1; Nexus 5X Build/MMB29P) AppleWebKit/537.36 (KHTML, like Gecko) Chrome/125.0.6422.175 Mobile Safari/537.36 (compatible; Googlebot/2.1; +http://www.google.com/bot.html)"
66.249.70.96 - - [02/Jul/2024:16:58:50 +0200] "GET /mbadl/v1385493.html HTTP/1.1" 200 42009 "-" "Mozilla/5.0 (Linux; Android 6.0.1; Nexus 5X Build/MMB29P) AppleWebKit/537.36 (KHTML, like Gecko) Chrome/125.0.6422.175 Mobile Safari/537.36 (compatible; Googlebot/2.1; +http://www.google.com/bot.html)"
66.249.70.96 - - [02/Jul/2024:16:58:50 +0200] "GET /ochsm/e310688.html HTTP/1.1" 200 41665 "-" "Mozilla/5.0 (Linux; Android 6.0.1; Nexus 5X Build/MMB29P) AppleWebKit/537.36 (KHTML, like Gecko) Chrome/125.0.6422.175 Mobile Safari/537.36 (compatible; Googlebot/2.1; +http://www.google.com/bot.html)"
66.249.70.100 - - [02/Jul/2024:16:58:51 +0200] "GET /lyesy/c1495688.html HTTP/1.1" 200 41401 "-" "Mozilla/5.0 (Linux; Android 6.0.1; Nexus 5X Build/MMB29P) AppleWebKit/537.36 (KHTML, like Gecko) Chrome/125.0.6422.175 Mobile Safari/537.36 (compatible; Googlebot/2.1; +http://www.google.com/bot.html)"
66.249.70.100 - - [02/Jul/2024:16:58:51 +0200] "GET /mnmmf/l195047.html HTTP/1.1" 200 41513 "-" "Mozilla/5.0 (Linux; Android 6.0.1; Nexus 5X Build/MMB29P) AppleWebKit/537.36 (KHTML, like Gecko) Chrome/125.0.6422.175 Mobile Safari/537.36 (compatible; Googlebot/2.1; +http://www.google.com/bot.html)"
66.249.70.100 - - [02/Jul/2024:16:58:52 +0200] "GET /yxkfo/t1011793.html HTTP/1.1" 200 41399 "-" "Mozilla/5.0 (Linux; Android 6.0.1; Nexus 5X Build/MMB29P) AppleWebKit/537.36 (KHTML, like Gecko) Chrome/125.0.6422.175 Mobile Safari/537.36 (compatible; Googlebot/2.1; +http://www.google.com/bot.html)"
66.249.70.100 - - [02/Jul/2024:16:58:53 +0200] "GET /rdios/y1916546.html HTTP/1.1" 200 42559 "-" "Mozilla/5.0 (Linux; Android 6.0.1; Nexus 5X Build/MMB29P) AppleWebKit/537.36 (KHTML, like Gecko) Chrome/125.0.6422.175 Mobile Safari/537.36 (compatible; Googlebot/2.1; +http://www.google.com/bot.html)"
66.249.70.100 - - [02/Jul/2024:16:58:54 +0200] "GET /eqqav/e656280.html HTTP/1.1" 200 42389 "-" "Mozilla/5.0 (Linux; Android 6.0.1; Nexus 5X Build/MMB29P) AppleWebKit/537.36 (KHTML, like Gecko) Chrome/125.0.6422.175 Mobile Safari/537.36 (compatible; Googlebot/2.1; +http://www.google.com/bot.html)"
66.249.70.98 - - [02/Jul/2024:16:58:55 +0200] "GET /wvcvg/n2588765.html HTTP/1.1" 200 41568 "-" "Mozilla/5.0 (Linux; Android 6.0.1; Nexus 5X Build/MMB29P) AppleWebKit/537.36 (KHTML, like Gecko) Chrome/125.0.6422.175 Mobile Safari/537.36 (compatible; Googlebot/2.1; +http://www.google.com/bot.html)"
66.249.70.96 - - [02/Jul/2024:16:58:57 +0200] "GET /lzwlr/i1402172.html HTTP/1.1" 200 41366 "-" "Mozilla/5.0 (Linux; Android 6.0.1; Nexus 5X Build/MMB29P) AppleWebKit/537.36 (KHTML, like Gecko) Chrome/125.0.6422.175 Mobile Safari/537.36 (compatible; Googlebot/2.1; +http://www.google.com/bot.html)"
185.191.171.3 - - [02/Jul/2024:16:59:25 +0200] "GET /tag/%D8%A7%D9%84%D8%B3%D9%85%D8%AD/ HTTP/1.1" 403 0 "-" "Mozilla/5.0 (compatible; SemrushBot/7~bl; +http://www.semrush.com/bot.html)"
66.249.70.97 - - [02/Jul/2024:17:00:28 +0200] "GET /tag/%D8%B1%D9%86%D8%AF%D8%A7/ HTTP/1.1" 200 42067 "-" "Mozilla/5.0 (Linux; Android 6.0.1; Nexus 5X Build/MMB29P) AppleWebKit/537.36 (KHTML, like Gecko) Chrome/125.0.6422.175 Mobile Safari/537.36 (compatible; Googlebot/2.1; +http://www.google.com/bot.html)"
147.45.78.15 - - [02/Jul/2024:17:02:17 +0200] "POST /74a7c9952328.php HTTP/1.1" 500 9 "-" "curl/7.86.0"
66.249.70.108 - - [02/Jul/2024:16:58:47 +0200] "GET /jkjbf/p1066909.html HTTP/1.1" 200 42843 "-" "Mozilla/5.0 (Linux; Android 6.0.1; Nexus 5X Build/MMB29P) AppleWebKit/537.36 (KHTML, like Gecko) Chrome/125.0.6422.175 Mobile Safari/537.36 (compatible; Googlebot/2.1; +http://www.google.com/bot.html)"
66.249.70.97 - - [02/Jul/2024:16:58:48 +0200] "GET /ykekf/x929533.html HTTP/1.1" 200 42358 "-" "Mozilla/5.0 (Linux; Android 6.0.1; Nexus 5X Build/MMB29P) AppleWebKit/537.36 (KHTML, like Gecko) Chrome/125.0.6422.175 Mobile Safari/537.36 (compatible; Googlebot/2.1; +http://www.google.com/bot.html)"
66.249.70.108 - - [02/Jul/2024:16:58:49 +0200] "GET /wwaul/w606846.html HTTP/1.1" 200 41774 "-" "Mozilla/5.0 (Linux; Android 6.0.1; Nexus 5X Build/MMB29P) AppleWebKit/537.36 (KHTML, like Gecko) Chrome/125.0.6422.175 Mobile Safari/537.36 (compatible; Googlebot/2.1; +http://www.google.com/bot.html)"
66.249.70.99 - - [02/Jul/2024:16:58:53 +0200] "GET /nanlj/p1873949.html HTTP/1.1" 200 41807 "-" "Mozilla/5.0 (Linux; Android 6.0.1; Nexus 5X Build/MMB29P) AppleWebKit/537.36 (KHTML, like Gecko) Chrome/125.0.6422.175 Mobile Safari/537.36 (compatible; Googlebot/2.1; +http://www.google.com/bot.html)"
66.249.70.99 - - [02/Jul/2024:16:58:54 +0200] "GET /inqbw/i874866.html HTTP/1.1" 200 42765 "-" "Mozilla/5.0 (Linux; Android 6.0.1; Nexus 5X Build/MMB29P) AppleWebKit/537.36 (KHTML, like Gecko) Chrome/125.0.6422.175 Mobile Safari/537.36 (compatible; Googlebot/2.1; +http://www.google.com/bot.html)"
66.249.70.97 - - [02/Jul/2024:16:58:57 +0200] "GET /lmrut/l3067787.html HTTP/1.1" 200 42415 "-" "Mozilla/5.0 (Linux; Android 6.0.1; Nexus 5X Build/MMB29P) AppleWebKit/537.36 (KHTML, like Gecko) Chrome/125.0.6422.175 Mobile Safari/537.36 (compatible; Googlebot/2.1; +http://www.google.com/bot.html)"
66.249.70.108 - - [02/Jul/2024:16:58:59 +0200] "GET /ptaye/v1102301.html HTTP/1.1" 200 41498 "-" "Mozilla/5.0 (Linux; Android 6.0.1; Nexus 5X Build/MMB29P) AppleWebKit/537.36 (KHTML, like Gecko) Chrome/125.0.6422.175 Mobile Safari/537.36 (compatible; Googlebot/2.1; +http://www.google.com/bot.html)"
66.249.70.102 - - [02/Jul/2024:16:59:00 +0200] "GET /kohcw/v947081.html HTTP/1.1" 200 41774 "-" "Mozilla/5.0 (Linux; Android 6.0.1; Nexus 5X Build/MMB29P) AppleWebKit/537.36 (KHTML, like Gecko) Chrome/125.0.6422.175 Mobile Safari/537.36 (compatible; Googlebot/2.1; +http://www.google.com/bot.html)"
66.249.70.98 - - [02/Jul/2024:16:59:01 +0200] "GET /azeop/v633885.html HTTP/1.1" 200 41847 "-" "Mozilla/5.0 (Linux; Android 6.0.1; Nexus 5X Build/MMB29P) AppleWebKit/537.36 (KHTML, like Gecko) Chrome/125.0.6422.175 Mobile Safari/537.36 (compatible; Googlebot/2.1; +http://www.google.com/bot.html)"
66.249.70.98 - - [02/Jul/2024:16:59:02 +0200] "GET /kjxzy/w2112584.html HTTP/1.1" 200 42570 "-" "Mozilla/5.0 (Linux; Android 6.0.1; Nexus 5X Build/MMB29P) AppleWebKit/537.36 (KHTML, like Gecko) Chrome/125.0.6422.175 Mobile Safari/537.36 (compatible; Googlebot/2.1; +http://www.google.com/bot.html)"
147.45.78.15 - - [02/Jul/2024:17:00:14 +0200] "POST /74a7c9952328.php HTTP/1.1" 500 9 "-" "curl/7.86.0"
85.208.96.206 - - [02/Jul/2024:17:00:26 +0200] "GET /%D9%81%D9%86%D8%A7%D9%86%D8%A9-%D8%B3%D9%88%D8%AF%D8%A7%D9%86%D9%8A%D8%A9-%D9%85%D8%B9%D8%B1%D9%88%D9%81%D8%A9-%D8%AA%D9%83%D8%B4%D9%81-%D8%B9%D9%86-%D8%B3%D9%82%D9%88%D8%B7-%D8%AF%D8%A7%D9%86%D8%A9/ HTTP/1.1" 403 0 "-" "Mozilla/5.0 (compatible; SemrushBot/7~bl; +http://www.semrush.com/bot.html)"
66.249.70.109 - - [02/Jul/2024:17:00:28 +0200] "GET /tag/%D9%81%D9%83/ HTTP/1.1" 200 42149 "-" "Mozilla/5.0 (Linux; Android 6.0.1; Nexus 5X Build/MMB29P) AppleWebKit/537.36 (KHTML, like Gecko) Chrome/125.0.6422.175 Mobile Safari/537.36 (compatible; Googlebot/2.1; +http://www.google.com/bot.html)"
66.249.70.109 - - [02/Jul/2024:17:02:22 +0200] "GET /zcfcq/w643844.html HTTP/1.1" 200 41085 "-" "Mozilla/5.0 (compatible; Googlebot/2.1; +http://www.google.com/bot.html)"
185.191.171.15 - - [02/Jul/2024:17:02:28 +0200] "GET /%D8%A7%D9%84%D8%B3%D9%88%D8%AF%D8%A7%D9%86-%D8%AA%D9%88%D8%B2%D9%8A%D8%B9-%D8%A3%D8%BA%D9%86%D8%A7%D9%85-%D9%84%D9%85%D8%AA%D8%B6%D8%B1%D9%91%D9%90%D8%B1%D9%8A%D9%86-%D9%85%D9%86-%D8%A7%D9%84%D8%B3/ HTTP/1.1" 403 0 "-" "Mozilla/5.0 (compatible; SemrushBot/7~bl; +http://www.semrush.com/bot.html)"
185.191.171.13 - - [02/Jul/2024:17:03:29 +0200] "GET /%D9%84%D9%85%D8%A7%D8%B0%D8%A7-%D8%BA%D8%B6%D8%A8%D8%AA-%D8%A3%D9%85%D9%87-%D9%88%D8%AF%D8%B9%D8%AA-%D8%B9%D9%84%D9%8A%D9%87%D8%9F-%D8%A7%D9%84%D9%84%D9%87-%D9%8A%D8%AC%D8%B9%D9%84-%D9%87%D8%B0/ HTTP/1.1" 403 0 "-" "Mozilla/5.0 (compatible; SemrushBot/7~bl; +http://www.semrush.com/bot.html)"
66.249.70.109 - - [02/Jul/2024:17:03:31 +0200] "GET /zcfcq/w643844.html HTTP/1.1" 200 41085 "-" "Mozilla/5.0 (Linux; Android 6.0.1; Nexus 5X Build/MMB29P) AppleWebKit/537.36 (KHTML, like Gecko) Chrome/125.0.6422.175 Mobile Safari/537.36 (compatible; Googlebot/2.1; +http://www.google.com/bot.html)"
85.208.96.207 - - [02/Jul/2024:17:04:30 +0200] "GET /tag/%D9%85%D8%B1%D8%AF%D8%AF%D8%A7/ HTTP/1.1" 403 0 "-" "Mozilla/5.0 (compatible; SemrushBot/7~bl; +http://www.semrush.com/bot.html)"
66.249.70.108 - - [02/Jul/2024:17:04:40 +0200] "GET /pdfoj/n492021.html HTTP/1.1" 200 42368 "-" "Mozilla/5.0 (Linux; Android 6.0.1; Nexus 5X Build/MMB29P) AppleWebKit/537.36 (KHTML, like Gecko) Chrome/125.0.6422.175 Mobile Safari/537.36 (compatible; GoogleOther)"
85.208.96.212 - - [02/Jul/2024:17:05:30 +0200] "GET /%D8%A7%D9%84%D8%A2%D9%84%D8%A7%D9%81-%D9%8A%D8%AA%D8%B8%D8%A7%D9%87%D8%B1%D9%88%D9%86-%D9%81%D9%8A-%D8%A7%D9%84%D8%AE%D8%B1%D8%B7%D9%88%D9%85-%D9%85%D9%86%D8%AF%D8%AF%D9%8A%D9%86-%D8%A8%D8%A7%D9%84/ HTTP/1.1" 403 0 "-" "Mozilla/5.0 (compatible; SemrushBot/7~bl; +http://www.semrush.com/bot.html)"
135.181.9.38 - - [02/Jul/2024:17:06:06 +0200] "POST /wp-admin/admin-ajax.php?action=async_litespeed&nonce=fa75a626a4&litespeed_type=imgoptm HTTP/1.1" 200 21 "-" "WordPress/6.5.3; https://www.sudancam.net"
85.208.96.210 - - [02/Jul/2024:17:06:32 +0200] "GET /%D8%AF%D8%B1%D8%A7%D8%B3%D8%A9-%D8%AA%D8%AD%D8%B0%D8%B1-%D9%85%D9%86-%D8%AE%D8%B7%D9%88%D8%B1%D8%A9-%D8%B7%D8%B1%D9%8A%D9%82%D8%A9-%D8%B4%D8%A7%D8%A6%D8%B9%D8%A9-%D9%81%D9%8A-%D8%B7%D9%87%D9%8A-%D8%A7/ HTTP/1.1" 403 0 "-" "Mozilla/5.0 (compatible; SemrushBot/7~bl; +http://www.semrush.com/bot.html)"
85.208.96.193 - - [02/Jul/2024:17:09:34 +0200] "GET /%D9%86%D8%AC%D9%88%D9%89-%D9%83%D8%B1%D9%85-%D8%AA%D8%B3%D8%AA%D8%B9%D8%AF-%D9%84%D8%AD%D9%81%D9%84-%D8%B1%D8%A3%D8%B3-%D8%A7%D9%84%D8%B3%D9%86%D8%A9-%D8%A8%D8%A7%D9%84%D8%B1%D9%8A%D8%A7/ HTTP/1.1" 403 0 "-" "Mozilla/5.0 (compatible; SemrushBot/7~bl; +http://www.semrush.com/bot.html)"
147.45.78.15 - - [02/Jul/2024:17:10:13 +0200] "POST /74a7c9952328.php HTTP/1.1" 500 9 "-" "curl/7.86.0"
185.191.171.12 - - [02/Jul/2024:17:10:35 +0200] "GET /%D8%B3%D8%B9%D8%B1-%D8%A7%D9%84%D8%B1%D9%8A%D8%A7%D9%84-%D8%A7%D9%84%D8%B3%D8%B9%D9%88%D8%AF%D9%8A-%D9%81%D9%8A-%D8%A7%D9%84%D8%A8%D9%86%D9%88%D9%83-%D9%84%D9%8A%D9%88%D9%85-%D8%A7%D9%84%D8%A3%D8%B1-8/ HTTP/1.1" 403 0 "-" "Mozilla/5.0 (compatible; SemrushBot/7~bl; +http://www.semrush.com/bot.html)"
185.191.171.15 - - [02/Jul/2024:17:12:36 +0200] "GET /%D8%A7%D9%84%D8%B3%D9%88%D8%AF%D8%A7%D9%86-%D8%AA%D8%B6%D8%B1%D8%B1-53-%D8%A3%D9%84%D9%81-%D9%85%D9%86%D8%B2%D9%84-%D8%A8%D8%B3%D8%A8%D8%A8-%D8%A7%D9%84%D8%B3%D9%8A%D9%88%D9%84-%D9%88%D8%A7%D9%84/ HTTP/1.1" 403 0 "-" "Mozilla/5.0 (compatible; SemrushBot/7~bl; +http://www.semrush.com/bot.html)"
85.208.96.198 - - [02/Jul/2024:17:13:36 +0200] "GET /%D8%AA%D8%B5%D8%A7%D8%B9%D8%AF-%D8%A7%D9%84%D8%AE%D9%84%D8%A7%D9%81%D8%A7%D8%AA-%D9%88%D8%AA%D8%A8%D8%A7%D8%AF%D9%84-%D8%A7%D8%AA%D9%87%D8%A7%D9%85%D8%A7%D8%AA-%D8%A8%D9%8A%D9%86-%D9%82%D9%8A%D8%A7-2/ HTTP/1.1" 403 0 "-" "Mozilla/5.0 (compatible; SemrushBot/7~bl; +http://www.semrush.com/bot.html)"
85.208.96.200 - - [02/Jul/2024:17:14:37 +0200] "GET /quran/translate-nl-55.html HTTP/1.1" 403 0 "-" "Mozilla/5.0 (compatible; SemrushBot/7~bl; +http://www.semrush.com/bot.html)"
66.249.70.108 - - [02/Jul/2024:17:02:19 +0200] "GET /dtevj/q1719354.html HTTP/1.1" 200 41481 "-" "Mozilla/5.0 (Linux; Android 6.0.1; Nexus 5X Build/MMB29P) AppleWebKit/537.36 (KHTML, like Gecko) Chrome/125.0.6422.175 Mobile Safari/537.36 (compatible; Googlebot/2.1; +http://www.google.com/bot.html)"
147.45.78.15 - - [02/Jul/2024:17:04:13 +0200] "POST /74a7c9952328.php HTTP/1.1" 500 9 "-" "curl/7.86.0"
135.181.9.38 - - [02/Jul/2024:17:06:05 +0200] "POST /wp-cron.php?doing_wp_cron=1719932765.6373269557952880859375 HTTP/1.1" 200 0 "-" "WordPress/6.5.3; https://www.sudancam.net"
3.137.214.199 - - [02/Jul/2024:17:06:05 +0200] "GET /wp-json/wp/v2/posts//%22https:////koorasudan.net//wp-content//uploads//2018//03//index-13.jpg/%22 HTTP/2" 404 188 "-" "Mozilla/5.0 AppleWebKit/537.36 (KHTML, like Gecko; compatible; ClaudeBot/1.0; +claudebot@anthropic.com)"
147.45.78.15 - - [02/Jul/2024:17:06:13 +0200] "POST /74a7c9952328.php HTTP/1.1" 500 9 "-" "curl/7.86.0"
85.208.96.205 - - [02/Jul/2024:17:07:32 +0200] "GET /quran/translate-ha-9.html HTTP/1.1" 403 0 "-" "Mozilla/5.0 (compatible; SemrushBot/7~bl; +http://www.semrush.com/bot.html)"
185.191.171.15 - - [02/Jul/2024:17:08:33 +0200] "GET /%D8%B1%D8%AD%D9%84%D8%A7%D8%AA-%D9%85%D8%A8%D8%A7%D8%B4%D8%B1%D8%A9-%D8%A8%D9%8A%D9%86-%D8%A8%D9%88%D8%B1%D8%AA%D8%B3%D9%88%D8%AF%D8%A7%D9%86-%D9%88%D8%A7%D9%84%D9%83%D9%88%D9%8A%D8%AA/ HTTP/1.1" 403 0 "-" "Mozilla/5.0 (compatible; SemrushBot/7~bl; +http://www.semrush.com/bot.html)"
135.181.9.38 - - [02/Jul/2024:17:10:10 +0200] "POST /wp-cron.php?doing_wp_cron=1719933010.9255630970001220703125 HTTP/1.1" 200 0 "-" "WordPress/6.5.3; https://www.sudancam.net"
135.181.9.38 - - [02/Jul/2024:17:11:14 +0200] "POST /wp-cron.php?doing_wp_cron=1719933074.0329771041870117187500 HTTP/1.1" 200 0 "-" "WordPress/6.5.3; https://www.sudancam.net"
135.181.9.38 - - [02/Jul/2024:17:11:14 +0200] "POST /wp-admin/admin-ajax.php?action=async_litespeed&nonce=fa75a626a4&litespeed_type=imgoptm HTTP/1.1" 200 21 "-" "WordPress/6.5.3; https://www.sudancam.net"
185.170.167.18 - - [02/Jul/2024:17:11:13 +0200] "GET /%D8%A7%D9%84%D9%87%D9%84%D8%A7%D9%84-%D9%8A%D8%B7%D8%A7%D9%84%D8%A8-%D8%A7%D9%84%D8%A7%D8%AA%D8%AD%D8%A7%D8%AF-%D8%A8%D8%A8%D8%B1%D9%85%D8%AC%D8%A9-%D9%85%D8%A8%D8%A7%D8%B1%D8%A7%D8%AA%D9%87-%D8%A7/ HTTP/1.1" 200 28561 "-" "BacklinksExtendedBot"
185.191.171.16 - - [02/Jul/2024:17:11:35 +0200] "GET /%D8%A7%D9%84%D8%A5%D9%85%D8%AF%D8%A7%D8%AF%D8%A7%D8%AA-%D8%A7%D9%84%D8%B7%D8%A8%D9%8A%D8%A9-%D8%A8%D8%A7%D9%84%D8%B4%D9%85%D8%A7%D9%84%D9%8A%D8%A9-%D8%AA%D8%AA%D8%B3%D9%84%D9%85-%D8%AC%D9%85%D9%84/ HTTP/1.1" 403 0 "-" "Mozilla/5.0 (compatible; SemrushBot/7~bl; +http://www.semrush.com/bot.html)"
85.208.96.203 - - [02/Jul/2024:17:01:26 +0200] "GET /%D8%A7%D9%84%D8%B4%D8%B1%D8%B7%D8%A9-%D9%8A%D9%83%D8%B3%D8%A8-%D8%A7%D9%84%D9%85%D9%82%D8%B1%D9%86-%D9%88%D8%AF%D9%8A%D8%A7%D9%8B-%D8%A8%D8%AB%D9%85%D8%A7%D9%86%D9%8A%D8%A9-%D8%A3%D9%87%D8%AF%D8%A7/ HTTP/1.1" 403 0 "-" "Mozilla/5.0 (compatible; SemrushBot/7~bl; +http://www.semrush.com/bot.html)"
66.249.70.108 - - [02/Jul/2024:17:01:47 +0200] "GET /un6xee/cpt-code-for-excision-of-capitellum.html HTTP/1.1" 200 41803 "-" "Mozilla/5.0 (Linux; Android 6.0.1; Nexus 5X Build/MMB29P) AppleWebKit/537.36 (KHTML, like Gecko) Chrome/125.0.6422.175 Mobile Safari/537.36 (compatible; Googlebot/2.1; +http://www.google.com/bot.html)"
147.45.78.15 - - [02/Jul/2024:17:08:13 +0200] "POST /74a7c9952328.php HTTP/1.1" 500 9 "-" "curl/7.86.0"
3.144.124.105 - - [02/Jul/2024:17:10:10 +0200] "GET /wp-json/wp/v2/posts//%22https:////koorasudan.net//wp-content//uploads//2018//03//index-13-250x185.jpg/%22 HTTP/2" 404 188 "-" "Mozilla/5.0 AppleWebKit/537.36 (KHTML, like Gecko; compatible; ClaudeBot/1.0; +claudebot@anthropic.com)"
135.181.9.38 - - [02/Jul/2024:17:10:11 +0200] "POST /wp-admin/admin-ajax.php?action=async_litespeed&nonce=fa75a626a4&litespeed_type=imgoptm HTTP/1.1" 200 21 "-" "WordPress/6.5.3; https://www.sudancam.net"
52.167.144.163 - - [02/Jul/2024:17:10:18 +0200] "GET /isbky/w91708.html HTTP/2" 200 41914 "-" "Mozilla/5.0 AppleWebKit/537.36 (KHTML, like Gecko; compatible; bingbot/2.0; +http://www.bing.com/bingbot.htm) Chrome/116.0.1938.76 Safari/537.36"
147.45.78.15 - - [02/Jul/2024:17:12:12 +0200] "POST /74a7c9952328.php HTTP/1.1" 500 9 "-" "curl/7.86.0"
147.45.78.15 - - [02/Jul/2024:17:14:13 +0200] "POST /74a7c9952328.php HTTP/1.1" 500 9 "-" "curl/7.86.0"
147.45.78.15 - - [02/Jul/2024:17:16:16 +0200] "POST /74a7c9952328.php HTTP/1.1" 500 9 "-" "curl/7.86.0"
85.208.96.211 - - [02/Jul/2024:17:16:38 +0200] "GET /%D8%A7%D9%84%D8%BA%D8%A7%D9%84%D9%8A-%D8%B4%D9%82%D9%8A%D9%81%D8%A7%D8%AA-%D9%8A%D9%83%D8%AA%D8%A8-%D8%A3%D8%B9%D8%B1%D8%A7%D8%B3-%D9%86%D9%87%D8%B1-%D8%A7%D9%84%D9%86%D9%8A%D9%84-2/ HTTP/1.1" 403 0 "-" "Mozilla/5.0 (compatible; SemrushBot/7~bl; +http://www.semrush.com/bot.html)"
207.46.13.54 - - [02/Jul/2024:17:17:32 +0200] "GET /ybamn/n2483933.html HTTP/2" 200 41248 "-" "Mozilla/5.0 AppleWebKit/537.36 (KHTML, like Gecko; compatible; bingbot/2.0; +http://www.bing.com/bingbot.htm) Chrome/116.0.1938.76 Safari/537.36"
85.208.96.202 - - [02/Jul/2024:17:19:40 +0200] "GET /%D8%A5%D8%AF%D8%A7%D8%B1%D8%A9-%D8%A7%D9%84%D8%B3%D8%AF%D9%88%D8%AF-%D8%AA%D8%B9%D9%84%D9%86-%D8%A7%D9%84%D8%AC%D8%A7%D9%87%D8%B2%D9%8A%D8%A9-%D9%84%D8%A7%D8%B3%D8%AA%D9%8A%D8%B9%D8%A7%D8%A8-%D9%85/ HTTP/1.1" 403 0 "-" "Mozilla/5.0 (compatible; SemrushBot/7~bl; +http://www.semrush.com/bot.html)"
135.181.9.38 - - [02/Jul/2024:17:20:08 +0200] "POST /wp-cron.php?doing_wp_cron=1719933608.8120338916778564453125 HTTP/1.1" 200 0 "-" "WordPress/6.5.3; https://www.sudancam.net"
85.208.96.199 - - [02/Jul/2024:17:21:41 +0200] "GET /un6xee/free-astrology-software-download.html HTTP/1.1" 403 0 "-" "Mozilla/5.0 (compatible; SemrushBot/7~bl; +http://www.semrush.com/bot.html)"
20.15.133.185 - - [02/Jul/2024:17:22:20 +0200] "GET /zohos/o2121442.html HTTP/2" 200 41504 "-" "Mozilla/5.0 AppleWebKit/537.36 (KHTML, like Gecko; compatible; bingbot/2.0; +http://www.bing.com/bingbot.htm) Chrome/116.0.1938.76 Safari/537.36"
20.15.133.185 - - [02/Jul/2024:17:22:22 +0200] "GET /jzdvp/r348791.html HTTP/2" 200 41730 "-" "Mozilla/5.0 AppleWebKit/537.36 (KHTML, like Gecko; compatible; bingbot/2.0; +http://www.bing.com/bingbot.htm) Chrome/116.0.1938.76 Safari/537.36"
20.15.133.185 - - [02/Jul/2024:17:22:31 +0200] "GET /imiuo/v770229.html HTTP/2" 200 41511 "-" "Mozilla/5.0 AppleWebKit/537.36 (KHTML, like Gecko; compatible; bingbot/2.0; +http://www.bing.com/bingbot.htm) Chrome/116.0.1938.76 Safari/537.36"
185.191.171.13 - - [02/Jul/2024:17:23:42 +0200] "GET /%D8%A5%D8%AF%D8%A7%D8%B1%D8%A9-%D9%85%D9%83%D8%A7%D9%81%D8%AD%D8%A9-%D8%A7%D9%84%D9%85%D8%AE%D8%AF%D8%B1%D8%A7%D8%AA-%D8%A8%D8%A7%D9%84%D8%A8%D8%AD%D8%B1-%D8%A7%D9%84%D8%A7%D8%AD%D9%85%D8%B1-%D8%AA/ HTTP/1.1" 403 0 "-" "Mozilla/5.0 (compatible; SemrushBot/7~bl; +http://www.semrush.com/bot.html)"
147.45.78.15 - - [02/Jul/2024:17:26:13 +0200] "POST /74a7c9952328.php HTTP/1.1" 500 9 "-" "curl/7.86.0"
66.249.70.108 - - [02/Jul/2024:17:26:59 +0200] "GET /un6xee/millerton-ny-post-office-hours.html HTTP/1.1" 200 42254 "-" "Mozilla/5.0 (Linux; Android 6.0.1; Nexus 5X Build/MMB29P) AppleWebKit/537.36 (KHTML, like Gecko) Chrome/125.0.6422.175 Mobile Safari/537.36 (compatible; Googlebot/2.1; +http://www.google.com/bot.html)"
66.249.70.108 - - [02/Jul/2024:17:27:04 +0200] "GET /chvxe/j1049379.html HTTP/1.1" 200 41554 "-" "Mozilla/5.0 (Linux; Android 6.0.1; Nexus 5X Build/MMB29P) AppleWebKit/537.36 (KHTML, like Gecko) Chrome/125.0.6422.175 Mobile Safari/537.36 (compatible; Googlebot/2.1; +http://www.google.com/bot.html)"
66.249.70.108 - - [02/Jul/2024:17:27:07 +0200] "GET /un6xee/new-lifetime-movies-list-2023.html HTTP/1.1" 200 41482 "-" "Mozilla/5.0 (Linux; Android 6.0.1; Nexus 5X Build/MMB29P) AppleWebKit/537.36 (KHTML, like Gecko) Chrome/125.0.6422.175 Mobile Safari/537.36 (compatible; Googlebot/2.1; +http://www.google.com/bot.html)"
85.208.96.209 - - [02/Jul/2024:17:27:45 +0200] "GET /%D8%A3%D9%86%D8%B3-%D8%AC%D8%A7%D8%A8%D8%B1-%D8%AA%D8%A8%D9%84%D8%BA-%D9%84%D8%A3%D9%88%D9%84-%D9%85%D8%B1%D8%A9-%D8%A7%D9%84%D8%AF%D9%88%D8%B1-%D8%A7%D9%84%D9%8016-%D9%85%D9%86-%D8%A8%D8%B7%D9%88/ HTTP/1.1" 403 0 "-" "Mozilla/5.0 (compatible; SemrushBot/7~bl; +http://www.semrush.com/bot.html)"
66.249.70.110 - - [02/Jul/2024:17:14:54 +0200] "GET /oarwq/z2815627.html HTTP/1.1" 200 42034 "-" "Mozilla/5.0 (Linux; Android 6.0.1; Nexus 5X Build/MMB29P) AppleWebKit/537.36 (KHTML, like Gecko) Chrome/125.0.6422.175 Mobile Safari/537.36 (compatible; GoogleOther)"
66.249.70.109 - - [02/Jul/2024:17:17:47 +0200] "GET /phnpo/m1183646.html HTTP/1.1" 200 42870 "-" "Mozilla/5.0 (Linux; Android 6.0.1; Nexus 5X Build/MMB29P) AppleWebKit/537.36 (KHTML, like Gecko) Chrome/125.0.6422.175 Mobile Safari/537.36 (compatible; GoogleOther)"
92.247.181.32 - - [02/Jul/2024:17:20:08 +0200] "GET /feed/ HTTP/1.1" 200 18542 "https://www.sudancam.net/" "Inoreader/1.0 (+http://www.inoreader.com/feed-fetcher; 1 subscribers; )"
135.181.9.38 - - [02/Jul/2024:17:20:09 +0200] "POST /wp-admin/admin-ajax.php?action=async_litespeed&nonce=fa75a626a4&litespeed_type=imgoptm HTTP/1.1" 200 21 "-" "WordPress/6.5.3; https://www.sudancam.net"
192.0.100.59 - - [02/Jul/2024:17:20:46 +0200] "GET /wp-content/uploads/2022/11/738ea321-1725-4af3-b0bf-d734f065d03d.jpg HTTP/1.1" 200 125593 "-" "Photon/1.0"
135.181.9.38 - - [02/Jul/2024:17:23:34 +0200] "POST /wp-cron.php?doing_wp_cron=1719933814.3573141098022460937500 HTTP/1.1" 200 0 "-" "WordPress/6.5.3; https://www.sudancam.net"
135.181.9.38 - - [02/Jul/2024:17:23:34 +0200] "POST /wp-admin/admin-ajax.php?action=async_litespeed&nonce=fa75a626a4&litespeed_type=imgoptm HTTP/1.1" 200 21 "-" "WordPress/6.5.3; https://www.sudancam.net"
66.249.70.109 - - [02/Jul/2024:17:23:35 +0200] "GET /eyquq/z827953.html HTTP/1.1" 200 41606 "-" "Mozilla/5.0 (Linux; Android 6.0.1; Nexus 5X Build/MMB29P) AppleWebKit/537.36 (KHTML, like Gecko) Chrome/125.0.6422.175 Mobile Safari/537.36 (compatible; GoogleOther)"
147.45.78.15 - - [02/Jul/2024:17:24:18 +0200] "POST /74a7c9952328.php HTTP/1.1" 500 9 "-" "curl/7.86.0"
52.167.144.22 - - [02/Jul/2024:17:24:25 +0200] "GET /umyhu/c2383744.html HTTP/2" 200 41316 "-" "Mozilla/5.0 AppleWebKit/537.36 (KHTML, like Gecko; compatible; bingbot/2.0; +http://www.bing.com/bingbot.htm) Chrome/116.0.1938.76 Safari/537.36"
185.191.171.8 - - [02/Jul/2024:17:24:43 +0200] "GET /%D8%A7%D9%84%D9%85%D9%82%D8%A7%D9%88%D9%85%D8%A9-%D8%AA%D8%AD%D8%AF%D8%AF-%D8%A7%D9%84%D8%A8%D8%B1%D9%84%D9%85%D8%A7%D9%86-%D9%88%D8%AC%D9%87%D8%A9-%D9%84%D8%A7%D8%AD%D8%AA/ HTTP/1.1" 403 0 "-" "Mozilla/5.0 (compatible; SemrushBot/7~bl; +http://www.semrush.com/bot.html)"
85.208.96.197 - - [02/Jul/2024:17:25:09 +0200] "GET /robots.txt HTTP/1.1" 200 182 "-" "Mozilla/5.0 (compatible; SemrushBot/7~bl; +http://www.semrush.com/bot.html)"
66.249.70.109 - - [02/Jul/2024:17:26:29 +0200] "GET /cbzsb/v1171305.html HTTP/1.1" 200 41305 "-" "Mozilla/5.0 (Linux; Android 6.0.1; Nexus 5X Build/MMB29P) AppleWebKit/537.36 (KHTML, like Gecko) Chrome/125.0.6422.175 Mobile Safari/537.36 (compatible; GoogleOther)"
85.208.96.197 - - [02/Jul/2024:17:26:44 +0200] "GET /%D8%A8%D8%A7%D9%84%D9%81%D9%8A%D8%AF%D9%8A%D9%88-%D9%87%D9%84-%D9%8A%D8%AC%D9%88%D8%B2-%D9%88%D8%B6%D8%B9-%D8%A7%D9%84%D9%85%D8%B5%D8%AD%D9%81-%D9%81%D9%8A-%D9%85%D9%82%D8%AF%D9%85%D8%A9-%D8%A7%D9%84/ HTTP/1.1" 403 0 "-" "Mozilla/5.0 (compatible; SemrushBot/7~bl; +http://www.semrush.com/bot.html)"
66.249.70.108 - - [02/Jul/2024:17:26:59 +0200] "GET /tag/%D8%A7%D9%84%D8%B9%D8%A7%D9%84%D9%85%D9%8A/ HTTP/1.1" 200 42029 "-" "Mozilla/5.0 (Linux; Android 6.0.1; Nexus 5X Build/MMB29P) AppleWebKit/537.36 (KHTML, like Gecko) Chrome/125.0.6422.175 Mobile Safari/537.36 (compatible; Googlebot/2.1; +http://www.google.com/bot.html)"
147.45.78.15 - - [02/Jul/2024:17:30:13 +0200] "POST /74a7c9952328.php HTTP/1.1" 500 9 "-" "curl/7.86.0"
