85.208.96.200 - - [02/Jul/2024:21:31:24 +0200] "GET /%D8%A7%D8%AA%D9%81%D8%A7%D9%82-%D8%A8%D9%8A%D9%86-%D8%A7%D9%84%D9%82%D9%88%D9%89-%D8%A7%D9%84%D9%85%D8%AF%D9%86%D9%8A%D8%A9-%D9%88%D8%A7%D9%84%D8%AF%D8%B9%D9%85-%D8%A7%D9%84%D8%B3%D8%B1%D9%8A%D8%B9/ HTTP/1.1" 403 0 "-" "Mozilla/5.0 (compatible; SemrushBot/7~bl; +http://www.semrush.com/bot.html)"
52.167.144.163 - - [02/Jul/2024:21:32:03 +0200] "GET /fprxr/o298582.html HTTP/2" 200 41864 "-" "Mozilla/5.0 AppleWebKit/537.36 (KHTML, like Gecko; compatible; bingbot/2.0; +http://www.bing.com/bingbot.htm) Chrome/116.0.1938.76 Safari/537.36"
66.249.70.108 - - [02/Jul/2024:21:32:18 +0200] "GET /ackjt/t850411.html HTTP/1.1" 200 41992 "-" "Mozilla/5.0 (Linux; Android 6.0.1; Nexus 5X Build/MMB29P) AppleWebKit/537.36 (KHTML, like Gecko) Chrome/125.0.6422.175 Mobile Safari/537.36 (compatible; Googlebot/2.1; +http://www.google.com/bot.html)"
52.167.144.163 - - [02/Jul/2024:21:33:13 +0200] "GET /nmvdb/y2856082.html HTTP/2" 200 43485 "-" "Mozilla/5.0 AppleWebKit/537.36 (KHTML, like Gecko; compatible; bingbot/2.0; +http://www.bing.com/bingbot.htm) Chrome/116.0.1938.76 Safari/537.36"
147.45.78.15 - - [02/Jul/2024:21:26:17 +0200] "POST /74a7c9952328.php HTTP/1.1" 500 9 "-" "curl/7.86.0"
66.249.70.109 - - [02/Jul/2024:21:27:02 +0200] "GET /yimnt/w754812.html HTTP/1.1" 200 42621 "-" "Mozilla/5.0 (Linux; Android 6.0.1; Nexus 5X Build/MMB29P) AppleWebKit/537.36 (KHTML, like Gecko) Chrome/125.0.6422.175 Mobile Safari/537.36 (compatible; GoogleOther)"
185.191.171.12 - - [02/Jul/2024:21:27:22 +0200] "GET /quran/translate-tg-43.html HTTP/1.1" 403 0 "-" "Mozilla/5.0 (compatible; SemrushBot/7~bl; +http://www.semrush.com/bot.html)"
135.181.9.38 - - [02/Jul/2024:21:27:28 +0200] "POST /wp-cron.php?doing_wp_cron=1719948448.1598820686340332031250 HTTP/1.1" 200 0 "-" "WordPress/6.5.3; https://www.sudancam.net"
66.249.70.109 - - [02/Jul/2024:21:28:08 +0200] "GET /jxpdf/q3054740.html HTTP/1.1" 200 41504 "-" "Mozilla/5.0 (Linux; Android 6.0.1; Nexus 5X Build/MMB29P) AppleWebKit/537.36 (KHTML, like Gecko) Chrome/125.0.6422.175 Mobile Safari/537.36 (compatible; GoogleOther)"
18.224.44.148 - - [02/Jul/2024:21:28:21 +0200] "GET /wp-json/wp/v2/posts//%22https:////koorasudan.net//wp-content//uploads//2022//04///u0627/u0644/u0627/u0647/u0644/u064a-/u0634/u0646/u062f/u064a-1.png/%22 HTTP/2" 404 188 "-" "Mozilla/5.0 AppleWebKit/537.36 (KHTML, like Gecko; compatible; ClaudeBot/1.0; +claudebot@anthropic.com)"
185.191.171.13 - - [02/Jul/2024:21:28:22 +0200] "GET /%D8%A7%D9%88%D8%A8%D8%B4%D8%A7%D8%B1-%D9%85%D8%A4%D9%8A%D8%AF%D9%88-%D8%A7%D9%84%D8%B9%D9%85%D9%84%D9%8A%D8%A9-%D8%A7%D9%84%D8%B3%D9%8A%D8%A7%D8%B3%D9%8A%D8%A9-%D9%8A%D8%A8%D8%AD%D8%AB%D9%88%D9%86/ HTTP/1.1" 403 0 "-" "Mozilla/5.0 (compatible; SemrushBot/7~bl; +http://www.semrush.com/bot.html)"
85.208.96.209 - - [02/Jul/2024:21:29:23 +0200] "GET /quran/translate-de-28.html HTTP/1.1" 403 0 "-" "Mozilla/5.0 (compatible; SemrushBot/7~bl; +http://www.semrush.com/bot.html)"
135.181.9.38 - - [02/Jul/2024:21:30:32 +0200] "POST /wp-cron.php?doing_wp_cron=1719948632.1672070026397705078125 HTTP/1.1" 200 0 "-" "WordPress/6.5.3; https://www.sudancam.net"
89.185.85.125 - - [02/Jul/2024:21:30:32 +0200] "GET / HTTP/1.1" 200 61400 "-" "Mozilla/5.0 (Windows NT 6.2; WOW64; rv:48.0) Gecko/20100101 Firefox/48.0"
89.185.85.125 - - [02/Jul/2024:21:30:42 +0200] "GET /wp-content/plugins/wp-automatic/changelog HTTP/1.1" 200 58146 "https://www.sudancam.net/" "Mozilla/5.0 (Windows NT 6.2; WOW64; rv:48.0) Gecko/20100101 Firefox/48.0"
89.185.85.125 - - [02/Jul/2024:21:30:43 +0200] "POST /wp-content/plugins/wp-automatic/inc/csv.php HTTP/1.1" 404 16303 "https://www.sudancam.net/wp-content/plugins/wp-automatic/changelog" "Mozilla/5.0 (Windows NT 6.2; WOW64; rv:48.0) Gecko/20100101 Firefox/48.0"
66.249.70.108 - - [02/Jul/2024:21:31:01 +0200] "GET /%D8%B4%D8%B1%D9%83%D8%A9-%D8%B4%D9%8A%D9%83%D8%A7%D9%86-%D9%84%D9%84%D8%AA%D8%A3%D9%85%D9%8A%D9%86-%D8%AA%D9%86%D9%82%D9%84-%D8%A3%D9%86%D8%B4%D8%B7%D8%AA%D9%87%D8%A7-%D9%84%D9%88%D9%84%D8%A7%D9%8A/ HTTP/1.1" 200 42888 "-" "Mozilla/5.0 (Linux; Android 6.0.1; Nexus 5X Build/MMB29P) AppleWebKit/537.36 (KHTML, like Gecko) Chrome/125.0.6422.175 Mobile Safari/537.36 (compatible; Googlebot/2.1; +http://www.google.com/bot.html)"
52.167.144.222 - - [02/Jul/2024:21:31:19 +0200] "GET /vyknt/g166546.html HTTP/2" 200 41549 "-" "Mozilla/5.0 AppleWebKit/537.36 (KHTML, like Gecko; compatible; bingbot/2.0; +http://www.bing.com/bingbot.htm) Chrome/116.0.1938.76 Safari/537.36"
192.0.116.50 - - [02/Jul/2024:21:31:56 +0200] "GET /wp-content/uploads/2023/03/%D8%AE%D9%8A%D8%B1.jpg HTTP/1.1" 200 45979 "-" "Photon/1.0"
85.208.96.199 - - [02/Jul/2024:21:32:25 +0200] "GET /%D8%B5%D8%B1%D8%A7%D8%B9-%D8%A7%D9%84%D8%A5%D8%B1%D8%A7%D8%AF%D8%A7%D8%AA-%D8%A3%D9%85%D8%A7-%D8%A2%D9%86-%D8%A7%D9%84%D8%A3%D9%88%D8%A7%D9%86-%D9%84%D8%B5%D8%AD%D9%88%D8%A9-%D8%A7%D9%84%D8%B6%D9%85/ HTTP/1.1" 403 0 "-" "Mozilla/5.0 (compatible; SemrushBot/7~bl; +http://www.semrush.com/bot.html)"
66.249.70.110 - - [02/Jul/2024:21:35:41 +0200] "GET /awayy/d883701.html HTTP/1.1" 200 43087 "-" "Mozilla/5.0 (Linux; Android 6.0.1; Nexus 5X Build/MMB29P) AppleWebKit/537.36 (KHTML, like Gecko) Chrome/125.0.6422.175 Mobile Safari/537.36 (compatible; GoogleOther)"
135.181.9.38 - - [02/Jul/2024:21:35:53 +0200] "POST /wp-cron.php?doing_wp_cron=1719948953.0220379829406738281250 HTTP/1.1" 200 0 "-" "WordPress/6.5.3; https://www.sudancam.net"
3.12.164.101 - - [02/Jul/2024:21:35:52 +0200] "GET /wp-json/wp/v2/posts//%22https:////static.xx.fbcdn.net//images//emoji.php//v9//td//1//16//1f447_1f3fe.png/%22 HTTP/2" 404 188 "-" "Mozilla/5.0 AppleWebKit/537.36 (KHTML, like Gecko; compatible; ClaudeBot/1.0; +claudebot@anthropic.com)"
85.208.96.205 - - [02/Jul/2024:21:37:28 +0200] "GET /%D8%B9%D8%A7%D8%AC%D9%84-%D8%AA%D9%85%D8%AF%D9%8A%D8%AF-%D8%AA%D9%81%D9%88%D9%8A%D8%B6-%D8%A8%D8%B9%D8%AB%D8%A9-%D8%A7%D9%84%D8%A3%D9%85%D9%85-%D8%A7%D9%84%D9%85%D8%AA%D8%AD%D8%AF%D8%A9-%D9%81/ HTTP/1.1" 403 0 "-" "Mozilla/5.0 (compatible; SemrushBot/7~bl; +http://www.semrush.com/bot.html)"
66.249.70.109 - - [02/Jul/2024:21:37:45 +0200] "GET /emwff/b2657211.html HTTP/1.1" 200 42004 "-" "Mozilla/5.0 (Linux; Android 6.0.1; Nexus 5X Build/MMB29P) AppleWebKit/537.36 (KHTML, like Gecko) Chrome/125.0.6422.175 Mobile Safari/537.36 (compatible; GoogleOther)"
147.45.78.15 - - [02/Jul/2024:21:38:12 +0200] "POST /74a7c9952328.php HTTP/1.1" 500 9 "-" "curl/7.86.0"
192.0.116.113 - - [02/Jul/2024:21:38:21 +0200] "GET /wp-content/uploads/2022/05/%D8%B3%D8%B1%D8%A7%D8%AC-%D8%A7%D9%84%D8%AF%D9%8A%D9%86-%D9%85%D8%B5%D8%B7%D9%81%D9%89.jpg HTTP/1.1" 200 18882 "-" "Photon/1.0"
52.167.144.222 - - [02/Jul/2024:21:38:32 +0200] "GET /vmizh/c495858.html HTTP/2" 200 41420 "-" "Mozilla/5.0 AppleWebKit/537.36 (KHTML, like Gecko; compatible; bingbot/2.0; +http://www.bing.com/bingbot.htm) Chrome/116.0.1938.76 Safari/537.36"
52.167.144.222 - - [02/Jul/2024:21:38:33 +0200] "GET /hsibu/p2684109.html HTTP/2" 200 40976 "-" "Mozilla/5.0 AppleWebKit/537.36 (KHTML, like Gecko; compatible; bingbot/2.0; +http://www.bing.com/bingbot.htm) Chrome/116.0.1938.76 Safari/537.36"
185.191.171.2 - - [02/Jul/2024:21:39:29 +0200] "GET /%D8%A3%D8%B3%D8%A7%D8%A1-%D9%84%D8%B2%D9%8A%D8%AF%D8%A7%D9%86-%D9%88%D9%85%D8%AA%D9%87%D9%85-%D8%A8%D8%A7%D9%84%D8%AA%D8%AD%D8%B1%D8%B4-%D8%A7%D9%84%D8%AC%D9%86%D8%B3%D9%8A-%D9%84%D9%88%D8%BA%D8%B1/ HTTP/1.1" 403 0 "-" "Mozilla/5.0 (compatible; SemrushBot/7~bl; +http://www.semrush.com/bot.html)"
85.208.96.200 - - [02/Jul/2024:21:41:31 +0200] "GET /%D9%85%D8%A7%D8%B3%D9%83-%D8%AE%D9%88%D8%A7%D8%B1%D8%B2%D9%85%D9%8A%D8%A7%D8%AA-%D8%AA%D9%88%D9%8A%D8%AA%D8%B1-%D8%AA%D8%AA%D9%84%D8%A7%D8%B9%D8%A8-%D8%A8%D8%A7%D9%84%D9%85%D8%B3%D8%AA%D8%AE%D8%AF/ HTTP/1.1" 403 0 "-" "Mozilla/5.0 (compatible; SemrushBot/7~bl; +http://www.semrush.com/bot.html)"
147.45.78.15 - - [02/Jul/2024:21:42:12 +0200] "POST /74a7c9952328.php HTTP/1.1" 500 9 "-" "curl/7.86.0"
185.191.171.18 - - [02/Jul/2024:21:44:33 +0200] "GET /quran/translate-az-1.html HTTP/1.1" 403 0 "-" "Mozilla/5.0 (compatible; SemrushBot/7~bl; +http://www.semrush.com/bot.html)"
66.249.70.108 - - [02/Jul/2024:21:44:49 +0200] "GET /dvfmf/k1667972.html HTTP/1.1" 200 42550 "-" "Mozilla/5.0 (Linux; Android 6.0.1; Nexus 5X Build/MMB29P) AppleWebKit/537.36 (KHTML, like Gecko) Chrome/125.0.6422.175 Mobile Safari/537.36 (compatible; Googlebot/2.1; +http://www.google.com/bot.html)"
52.167.144.222 - - [02/Jul/2024:21:45:29 +0200] "GET /ccycz/w3071100.html HTTP/2" 200 42927 "-" "Mozilla/5.0 AppleWebKit/537.36 (KHTML, like Gecko; compatible; bingbot/2.0; +http://www.bing.com/bingbot.htm) Chrome/116.0.1938.76 Safari/537.36"
185.191.171.1 - - [02/Jul/2024:21:47:35 +0200] "GET /%D9%81%D8%B1%D9%8A%D8%B3%D8%A9-%D9%81%D9%8A-%D9%85%D8%B5%D9%8A%D8%AF%D8%A9-%D8%A7%D9%84%D9%82%D8%AF%D8%B1-%D8%B3%D9%88%D8%AF%D8%A7%D9%86-%D8%AA%D8%B1%D9%8A%D8%A8%D9%8A%D9%88%D9%86/ HTTP/1.1" 403 0 "-" "Mozilla/5.0 (compatible; SemrushBot/7~bl; +http://www.semrush.com/bot.html)"
85.208.96.200 - - [02/Jul/2024:21:35:26 +0200] "GET /%D9%84%D8%AC%D9%86%D8%A9-%D8%A7%D9%84%D9%85%D8%B9%D9%84%D9%85%D9%8A%D9%86-%D9%86%D8%AC%D8%A7%D8%AD-%D8%A7%D9%84%D8%A5%D8%B6%D8%B1%D8%A7%D8%A8-%D8%A8%D9%80100-%D9%81%D9%8A-%D8%A7%D9%84%D8%B9%D8%A7/ HTTP/1.1" 403 0 "-" "Mozilla/5.0 (compatible; SemrushBot/7~bl; +http://www.semrush.com/bot.html)"
147.45.78.15 - - [02/Jul/2024:21:36:14 +0200] "POST /74a7c9952328.php HTTP/1.1" 500 9 "-" "curl/7.86.0"
85.208.96.201 - - [02/Jul/2024:21:36:27 +0200] "GET /%D8%A3%D8%A8%D8%B1%D8%B2-%D8%B9%D9%86%D8%A7%D9%88%D9%8A%D9%86-%D8%A7%D9%84%D8%B5%D8%AD%D9%81-%D8%A7%D9%84%D8%B3%D9%88%D8%AF%D8%A7%D9%86%D9%8A%D8%A9-%D8%A7%D9%84%D8%B3%D9%8A%D8%A7%D8%B3%D9%8A%D8%A9-68/ HTTP/1.1" 403 0 "-" "Mozilla/5.0 (compatible; SemrushBot/7~bl; +http://www.semrush.com/bot.html)"
216.244.66.232 - - [02/Jul/2024:21:37:07 +0200] "GET /robots.txt HTTP/1.1" 200 1741 "-" "Mozilla/5.0 (compatible; DotBot/1.2; +https://opensiteexplorer.org/dotbot; help@moz.com)"
185.191.171.2 - - [02/Jul/2024:21:40:31 +0200] "GET /%D8%AD%D8%A7%D8%B4%D8%A7%D9%87%D9%85-%D8%A7%D9%84%D8%AE%D8%B0%D9%84%D8%A7%D9%86-%D8%A7%D9%84%D9%86%D9%8A%D9%84%D9%8A%D9%86/ HTTP/1.1" 403 0 "-" "Mozilla/5.0 (compatible; SemrushBot/7~bl; +http://www.semrush.com/bot.html)"
147.45.78.15 - - [02/Jul/2024:21:44:15 +0200] "POST /74a7c9952328.php HTTP/1.1" 500 9 "-" "curl/7.86.0"
66.249.70.109 - - [02/Jul/2024:21:45:47 +0200] "GET /osdcn/k1624578.html HTTP/1.1" 200 41862 "-" "Mozilla/5.0 (Linux; Android 6.0.1; Nexus 5X Build/MMB29P) AppleWebKit/537.36 (KHTML, like Gecko) Chrome/125.0.6422.175 Mobile Safari/537.36 (compatible; GoogleOther)"
147.45.78.15 - - [02/Jul/2024:21:46:12 +0200] "POST /74a7c9952328.php HTTP/1.1" 500 9 "-" "curl/7.86.0"
185.191.171.5 - - [02/Jul/2024:21:46:34 +0200] "GET /%D9%88%D8%B5%D9%81-%D8%A8%D8%A7%D9%84%D9%81%D8%B6%D9%8A%D8%AD%D8%A9-%D8%AE%D8%B7%D8%A3-%D8%B5%D8%A7%D8%AF%D9%85-%D9%85%D9%86-%D8%AD%D9%83%D9%85-%D9%85%D8%A8%D8%A7%D8%B1%D8%A7%D8%A9-%D8%A3%D8%B3/ HTTP/1.1" 403 0 "-" "Mozilla/5.0 (compatible; SemrushBot/7~bl; +http://www.semrush.com/bot.html)"
147.45.78.15 - - [02/Jul/2024:21:48:16 +0200] "POST /74a7c9952328.php HTTP/1.1" 500 9 "-" "curl/7.86.0"
85.208.96.206 - - [02/Jul/2024:21:48:35 +0200] "GET /%D9%85%D8%B5%D8%B1-%D8%AA%D9%88%D8%AF%D8%B9-%D9%83%D8%A3%D8%B3-%D8%A7%D9%84%D8%A3%D9%85%D9%85-%D8%A7%D9%84%D8%A3%D9%81%D8%B1%D9%8A%D9%82%D9%8A%D8%A9-%D8%A5%D8%AB%D8%B1-%D8%AE%D8%B3%D8%A7%D8%B1%D8%AA/ HTTP/1.1" 403 0 "-" "Mozilla/5.0 (compatible; SemrushBot/7~bl; +http://www.semrush.com/bot.html)"
135.181.9.38 - - [02/Jul/2024:21:49:07 +0200] "POST /wp-cron.php?doing_wp_cron=1719949747.9631979465484619140625 HTTP/1.1" 200 0 "-" "WordPress/6.5.3; https://www.sudancam.net"
135.181.9.38 - - [02/Jul/2024:21:49:08 +0200] "POST /wp-admin/admin-ajax.php?action=async_litespeed&nonce=fa75a626a4&litespeed_type=imgoptm HTTP/1.1" 200 21 "-" "WordPress/6.5.3; https://www.sudancam.net"
198.235.24.13 - - [02/Jul/2024:21:49:09 +0200] "GET / HTTP/1.1" 200 315380 "-" "-"
185.191.171.9 - - [02/Jul/2024:21:49:36 +0200] "GET /un6xee/best-italian-bakeries-nyc.html HTTP/1.1" 403 0 "-" "Mozilla/5.0 (compatible; SemrushBot/7~bl; +http://www.semrush.com/bot.html)"
66.249.70.108 - - [02/Jul/2024:21:49:58 +0200] "GET /objtq/v1238411.html HTTP/1.1" 200 42281 "-" "Mozilla/5.0 (Linux; Android 6.0.1; Nexus 5X Build/MMB29P) AppleWebKit/537.36 (KHTML, like Gecko) Chrome/125.0.6422.175 Mobile Safari/537.36 (compatible; GoogleOther)"
185.191.171.3 - - [02/Jul/2024:21:50:37 +0200] "GET /%D8%A7%D9%84%D8%B9%D9%85%D9%8A%D8%AF-%D8%AF-%D8%A7%D9%84%D8%B7%D8%A7%D9%87%D8%B1-%D8%A3%D8%A8%D9%88%D9%87%D8%A7%D8%AC%D8%A9-%D8%A3%D8%A3%D9%81%D9%83%D8%A7-%D8%AC%D9%8A%D8%B4%D8%A7-%D8%BA%D9%8A%D8%B1/ HTTP/1.1" 403 0 "-" "Mozilla/5.0 (compatible; SemrushBot/7~bl; +http://www.semrush.com/bot.html)"
66.249.70.110 - - [02/Jul/2024:21:47:53 +0200] "GET /nqkxi/i989682.html HTTP/1.1" 200 42614 "-" "Mozilla/5.0 (Linux; Android 6.0.1; Nexus 5X Build/MMB29P) AppleWebKit/537.36 (KHTML, like Gecko) Chrome/125.0.6422.175 Mobile Safari/537.36 (compatible; GoogleOther)"
147.45.78.15 - - [02/Jul/2024:21:50:16 +0200] "POST /74a7c9952328.php HTTP/1.1" 500 9 "-" "curl/7.86.0"
135.181.9.38 - - [02/Jul/2024:21:35:53 +0200] "POST /wp-admin/admin-ajax.php?action=async_litespeed&nonce=fa75a626a4&litespeed_type=imgoptm HTTP/1.1" 200 21 "-" "WordPress/6.5.3; https://www.sudancam.net"
85.208.96.201 - - [02/Jul/2024:21:38:28 +0200] "GET /tag/%D8%A8%D9%88%D8%A8/ HTTP/1.1" 403 0 "-" "Mozilla/5.0 (compatible; SemrushBot/7~bl; +http://www.semrush.com/bot.html)"
147.45.78.15 - - [02/Jul/2024:21:40:13 +0200] "POST /74a7c9952328.php HTTP/1.1" 500 9 "-" "curl/7.86.0"
66.249.70.108 - - [02/Jul/2024:21:41:34 +0200] "GET /sqvcn/h869483.html HTTP/1.1" 200 42177 "-" "Mozilla/5.0 (Linux; Android 6.0.1; Nexus 5X Build/MMB29P) AppleWebKit/537.36 (KHTML, like Gecko) Chrome/125.0.6422.175 Mobile Safari/537.36 (compatible; GoogleOther)"
85.208.96.209 - - [02/Jul/2024:21:42:32 +0200] "GET /%D8%B5%D8%AD%D9%8A%D9%81%D8%A9-%D9%83%D9%88%D8%B1%D8%A9-%D8%B3%D9%88%D8%AF%D8%A7%D9%86%D9%8A%D8%A9-%D8%B1%D9%82%D9%85-7-pdf/ HTTP/1.1" 403 0 "-" "Mozilla/5.0 (compatible; SemrushBot/7~bl; +http://www.semrush.com/bot.html)"
185.191.171.10 - - [02/Jul/2024:21:43:32 +0200] "GET /tag/%D9%8A%D9%86%D8%AC%D8%AD/ HTTP/1.1" 403 0 "-" "Mozilla/5.0 (compatible; SemrushBot/7~bl; +http://www.semrush.com/bot.html)"
66.249.70.110 - - [02/Jul/2024:21:43:41 +0200] "GET /ywevm/o1137160.html HTTP/1.1" 200 42272 "-" "Mozilla/5.0 (Linux; Android 6.0.1; Nexus 5X Build/MMB29P) AppleWebKit/537.36 (KHTML, like Gecko) Chrome/125.0.6422.175 Mobile Safari/537.36 (compatible; GoogleOther)"
185.191.171.8 - - [02/Jul/2024:21:45:34 +0200] "GET /4-%D8%A3%D9%83%D9%88%D8%A7%D8%A8-%D8%B4%D8%A7%D9%8A-%D9%8A%D9%88%D9%85%D9%8A%D8%A7%D9%8B-%D8%AA%D9%82%D9%8A-%D9%85%D9%86-%D8%A7%D9%84%D8%B3%D9%83%D8%B1%D9%8A/ HTTP/1.1" 403 0 "-" "Mozilla/5.0 (compatible; SemrushBot/7~bl; +http://www.semrush.com/bot.html)"
40.77.167.41 - - [02/Jul/2024:21:47:29 +0200] "GET /vihxz/i902270.html HTTP/2" 200 41557 "-" "Mozilla/5.0 AppleWebKit/537.36 (KHTML, like Gecko; compatible; bingbot/2.0; +http://www.bing.com/bingbot.htm) Chrome/116.0.1938.76 Safari/537.36"
198.235.24.13 - - [02/Jul/2024:21:49:05 +0200] "GET / HTTP/1.1" 301 0 "http://135.181.9.38:80/" "-"
40.77.167.41 - - [02/Jul/2024:21:49:13 +0200] "GET /bisop/s2797290.html HTTP/2" 200 42562 "-" "Mozilla/5.0 AppleWebKit/537.36 (KHTML, like Gecko; compatible; bingbot/2.0; +http://www.bing.com/bingbot.htm) Chrome/116.0.1938.76 Safari/537.36"
40.77.167.32 - - [02/Jul/2024:21:51:11 +0200] "GET /%D8%A8%D8%B1%D8%A7%D9%85%D8%AC-%D8%AA%D8%B4%D8%BA%D9%8A%D9%84-%D8%AA%D8%B7%D8%A8%D9%8A%D9%82%D8%A7%D8%AA-%D9%88%D8%A7%D9%84%D8%A7%D9%84%D8%B9%D8%A7%D8%A8-%D8%A7%D9%84%D8%A7%D9%86%D8%AF%D8%B1%D9%88/ HTTP/2" 200 42781 "-" "Mozilla/5.0 AppleWebKit/537.36 (KHTML, like Gecko; compatible; bingbot/2.0; +http://www.bing.com/bingbot.htm) Chrome/116.0.1938.76 Safari/537.36"
185.191.171.19 - - [02/Jul/2024:21:51:38 +0200] "GET /%D8%A7%D9%84%D8%B3%D9%88%D8%AF%D8%A7%D9%86-%D9%82%D8%B5%D9%81-%D9%85%D8%AF%D9%81%D8%B9%D9%8A-%D8%B9%D9%84%D9%89-%D9%85%D9%88%D8%A7%D9%82%D8%B9-%D8%A7%D9%84%D8%AF%D8%B9%D9%85-%D8%A7%D9%84%D8%B3%D8%B1/ HTTP/1.1" 403 0 "-" "Mozilla/5.0 (compatible; SemrushBot/7~bl; +http://www.semrush.com/bot.html)"
85.208.96.202 - - [02/Jul/2024:21:52:55 +0200] "GET /robots.txt HTTP/1.1" 200 182 "-" "Mozilla/5.0 (compatible; SemrushBot/7~bl; +http://www.semrush.com/bot.html)"
66.249.70.108 - - [02/Jul/2024:21:52:57 +0200] "GET /forlv/q2976714.html HTTP/1.1" 200 42282 "-" "Mozilla/5.0 (Linux; Android 6.0.1; Nexus 5X Build/MMB29P) AppleWebKit/537.36 (KHTML, like Gecko) Chrome/125.0.6422.175 Mobile Safari/537.36 (compatible; Googlebot/2.1; +http://www.google.com/bot.html)"
192.0.113.49 - - [02/Jul/2024:21:53:02 +0200] "GET /wp-content/uploads/2023/03/IMG-20230304-WA0018-720x470-1.jpg HTTP/1.1" 200 45554 "-" "Photon/1.0"
66.249.70.109 - - [02/Jul/2024:21:54:11 +0200] "GET /ppudb/p1993809.html HTTP/1.1" 200 41161 "-" "Mozilla/5.0 (Linux; Android 6.0.1; Nexus 5X Build/MMB29P) AppleWebKit/537.36 (KHTML, like Gecko) Chrome/125.0.6422.175 Mobile Safari/537.36 (compatible; GoogleOther)"
85.208.96.212 - - [02/Jul/2024:21:55:40 +0200] "GET /%D8%A7%D9%84%D8%A7%D9%86%D9%87%D9%8A%D8%A7%D8%B1-%D8%A7%D9%84%D9%85%D8%AF%D9%88%D9%8A-%D9%84%D9%84%D8%B9%D9%85%D9%84%D8%A7%D8%AA-%D8%A7%D9%84%D9%85%D8%B4%D9%81%D8%B1%D8%A9-%D8%A8%D9%8A%D8%AA%D9%83/ HTTP/1.1" 403 0 "-" "Mozilla/5.0 (compatible; SemrushBot/7~bl; +http://www.semrush.com/bot.html)"
135.181.9.38 - - [02/Jul/2024:21:56:11 +0200] "POST /wp-cron.php?doing_wp_cron=1719950171.1154229640960693359375 HTTP/1.1" 200 0 "-" "WordPress/6.5.3; https://www.sudancam.net"
147.45.78.15 - - [02/Jul/2024:21:56:13 +0200] "POST /74a7c9952328.php HTTP/1.1" 500 9 "-" "curl/7.86.0"
40.77.167.50 - - [02/Jul/2024:21:56:42 +0200] "GET /%D9%81%D8%B1%D9%86%D8%B3%D8%A7-%D8%AA%D9%86%D8%AA%D8%B2%D8%B9-%D8%A8%D8%B7%D8%A7%D9%82%D8%A9-%D8%A7%D9%84%D8%AA%D8%A3%D9%87%D9%84-%D8%A5%D9%84%D9%89-%D8%B1%D8%A8%D8%B9-%D8%A7%D9%84%D9%86%D9%87%D8%A7/ HTTP/2" 200 42376 "-" "Mozilla/5.0 AppleWebKit/537.36 (KHTML, like Gecko; compatible; bingbot/2.0; +http://www.bing.com/bingbot.htm) Chrome/116.0.1938.76 Safari/537.36"
185.191.171.16 - - [02/Jul/2024:22:00:43 +0200] "GET /tag/%D9%88%D8%A3%D8%B0%D9%8A%D8%A7%D9%84%D9%87%D9%85/ HTTP/1.1" 403 0 "-" "Mozilla/5.0 (compatible; SemrushBot/7~bl; +http://www.semrush.com/bot.html)"
40.77.167.53 - - [02/Jul/2024:22:01:59 +0200] "GET /wofji/s2769496.html HTTP/2" 200 41845 "-" "Mozilla/5.0 AppleWebKit/537.36 (KHTML, like Gecko; compatible; bingbot/2.0; +http://www.bing.com/bingbot.htm) Chrome/116.0.1938.76 Safari/537.36"
147.45.78.15 - - [02/Jul/2024:22:02:14 +0200] "POST /74a7c9952328.php HTTP/1.1" 500 9 "-" "curl/7.86.0"
185.191.171.12 - - [02/Jul/2024:22:02:44 +0200] "GET /%D8%A7%D9%84%D8%A8%D8%B1%D9%87%D8%A7%D9%86-%D8%B1%D8%A6%D9%8A%D8%B3-%D9%85%D8%AC%D9%84%D8%B3-%D8%A7%D9%84%D8%B3%D9%8A%D8%A7%D8%AF%D8%A9-%D9%8A%D8%AA%D9%88%D8%AC%D9%87-%D8%A5%D9%84%D9%89-%D8%A5%D8%B1/ HTTP/1.1" 403 0 "-" "Mozilla/5.0 (compatible; SemrushBot/7~bl; +http://www.semrush.com/bot.html)"
66.249.70.108 - - [02/Jul/2024:22:03:11 +0200] "GET /tag/%D8%AA%D8%B2%D8%A7%D9%88%D9%84/ HTTP/1.1" 200 41855 "-" "Mozilla/5.0 (Linux; Android 6.0.1; Nexus 5X Build/MMB29P) AppleWebKit/537.36 (KHTML, like Gecko) Chrome/125.0.6422.175 Mobile Safari/537.36 (compatible; Googlebot/2.1; +http://www.google.com/bot.html)"
20.15.133.185 - - [02/Jul/2024:22:05:16 +0200] "GET /jvtsx/q1030328.html HTTP/2" 200 41504 "-" "Mozilla/5.0 AppleWebKit/537.36 (KHTML, like Gecko; compatible; bingbot/2.0; +http://www.bing.com/bingbot.htm) Chrome/116.0.1938.76 Safari/537.36"
52.167.144.203 - - [02/Jul/2024:22:06:03 +0200] "GET /mnvvg/o1554330.html HTTP/2" 200 41425 "-" "Mozilla/5.0 AppleWebKit/537.36 (KHTML, like Gecko; compatible; bingbot/2.0; +http://www.bing.com/bingbot.htm) Chrome/116.0.1938.76 Safari/537.36"
147.45.78.15 - - [02/Jul/2024:22:06:15 +0200] "POST /74a7c9952328.php HTTP/1.1" 500 9 "-" "curl/7.86.0"
147.45.78.15 - - [02/Jul/2024:21:52:15 +0200] "POST /74a7c9952328.php HTTP/1.1" 500 9 "-" "curl/7.86.0"
40.77.167.32 - - [02/Jul/2024:21:52:23 +0200] "GET /gehca/k143410.html HTTP/2" 200 41697 "-" "Mozilla/5.0 AppleWebKit/537.36 (KHTML, like Gecko; compatible; bingbot/2.0; +http://www.bing.com/bingbot.htm) Chrome/116.0.1938.76 Safari/537.36"
85.208.96.200 - - [02/Jul/2024:21:52:38 +0200] "GET /%D8%AD%D9%83%D9%88%D9%85%D8%A9-%D8%A7%D9%84%D9%82%D8%B6%D8%A7%D8%B1%D9%81-%D8%AA%D9%81%D8%B1%D8%B6-%D9%82%D9%8A%D9%88%D8%AF-%D8%A5%D8%B6%D8%A7%D9%81%D9%8A%D8%A9-%D8%B9%D9%84%D9%89-%D8%A7%D9%84%D8%AA/ HTTP/1.1" 403 0 "-" "Mozilla/5.0 (compatible; SemrushBot/7~bl; +http://www.semrush.com/bot.html)"
85.208.96.202 - - [02/Jul/2024:21:53:39 +0200] "GET /%D8%AA%D8%B9%D8%B1%D8%B6-%D9%86%D8%A7%D8%AF%D9%8A-%D8%A7%D9%84%D8%B7%D9%8A%D8%B1%D8%A7%D9%86-%D9%84%D9%84%D8%B3%D8%B1%D9%82%D8%A9-%D9%88%D8%AA%D8%AF%D9%88%D9%8A%D9%86-%D8%A8%D9%84%D8%A7%D8%BA-%D8%AC/ HTTP/1.1" 403 0 "-" "Mozilla/5.0 (compatible; SemrushBot/7~bl; +http://www.semrush.com/bot.html)"
135.181.9.38 - - [02/Jul/2024:21:56:11 +0200] "POST /wp-admin/admin-ajax.php?action=async_litespeed&nonce=fa75a626a4&litespeed_type=imgoptm HTTP/1.1" 200 21 "-" "WordPress/6.5.3; https://www.sudancam.net"
185.170.167.18 - - [02/Jul/2024:21:56:10 +0200] "GET /%D8%A5%D9%86%D9%82%D8%B7%D8%A7%D8%B9-%D8%A7%D9%84%D9%83%D9%87%D8%B1%D8%A8%D8%A7%D8%A1-%D9%83%D8%A7%D9%86-%D9%85%D8%AB%D9%84-%D8%B3%D9%82%D9%88%D8%B7-%D9%82%D9%86%D8%A8%D9%84%D8%A9-%D8%B9%D9%84%D9%89/ HTTP/1.1" 200 63950 "-" "BacklinksExtendedBot"
185.191.171.4 - - [02/Jul/2024:21:58:42 +0200] "GET /%D9%82%D8%B7%D8%B1-%D9%88%D8%AD%D9%85%D8%A7%D8%B3-%D8%B9%D9%88%D8%A7%D9%85%D9%84-%D8%AA%D8%AD%D8%B3%D9%85-%D9%85%D8%B5%D9%8A%D8%B1-%D8%A7%D9%84%D8%B9%D9%84%D8%A7%D9%82%D8%A9-%D8%A7%D9%84/ HTTP/1.1" 403 0 "-" "Mozilla/5.0 (compatible; SemrushBot/7~bl; +http://www.semrush.com/bot.html)"
185.191.171.13 - - [02/Jul/2024:22:03:45 +0200] "GET /%D9%87%D8%B4%D8%A7%D9%85-%D8%A7%D9%84%D8%B4%D9%88%D8%A7%D9%86%D9%8A-%D9%86%D9%82%D8%A7%D8%B7-%D9%85%D9%86-%D9%84%D9%82%D8%A7%D8%A1-%D8%B9%D9%84%D9%8A-%D9%83%D8%B1%D8%AA%D9%8A/ HTTP/1.1" 403 0 "-" "Mozilla/5.0 (compatible; SemrushBot/7~bl; +http://www.semrush.com/bot.html)"
135.181.9.38 - - [02/Jul/2024:22:04:16 +0200] "POST /wp-admin/admin-ajax.php?action=async_litespeed&nonce=fa75a626a4&litespeed_type=imgoptm HTTP/1.1" 200 21 "-" "WordPress/6.5.3; https://www.sudancam.net"
85.208.96.203 - - [02/Jul/2024:22:04:45 +0200] "GET /%D9%85%D8%AD%D9%85%D8%AF-%D9%87%D9%86%D9%8A%D8%AF%D9%8A-%D9%8A%D8%B3%D8%AA%D8%B9%D8%AF-%D9%84%D8%AA%D8%B5%D9%88%D9%8A%D8%B1-%D9%81%D9%8A%D9%84%D9%85%D9%87-%D8%A7%D9%84%D8%AC%D8%AF%D9%8A%D8%AF-%D9%81/ HTTP/1.1" 403 0 "-" "Mozilla/5.0 (compatible; SemrushBot/7~bl; +http://www.semrush.com/bot.html)"
192.3.182.32 - - [02/Jul/2024:22:04:51 +0200] "GET /jp2023 HTTP/1.1" 200 30 "https://www.sudancam.net" "Mozilla/5.0 (Windows NT 10.0; WOW64) AppleWebKit/537.36 (KHTML, like Gecko) Chrome/86.0.4240.198 Safari/537.36"
85.208.96.206 - - [02/Jul/2024:22:05:46 +0200] "GET /tag/%D8%B7%D8%B1%D9%81%D8%A9/ HTTP/1.1" 403 0 "-" "Mozilla/5.0 (compatible; SemrushBot/7~bl; +http://www.semrush.com/bot.html)"
85.208.96.212 - - [02/Jul/2024:22:06:47 +0200] "GET /%D8%AC%D9%83%D9%85%D9%86%D8%A9/ HTTP/1.1" 403 0 "-" "Mozilla/5.0 (compatible; SemrushBot/7~bl; +http://www.semrush.com/bot.html)"
40.77.167.4 - - [02/Jul/2024:22:06:48 +0200] "GET /ejnex/m1785910.html HTTP/2" 200 41595 "-" "Mozilla/5.0 AppleWebKit/537.36 (KHTML, like Gecko; compatible; bingbot/2.0; +http://www.bing.com/bingbot.htm) Chrome/116.0.1938.76 Safari/537.36"
147.45.78.15 - - [02/Jul/2024:21:54:13 +0200] "POST /74a7c9952328.php HTTP/1.1" 500 9 "-" "curl/7.86.0"
85.208.96.208 - - [02/Jul/2024:21:54:40 +0200] "GET /%D8%B9%D9%88%D8%AF%D8%A9-%D8%A7%D8%B3%D8%AA%D8%B1%D8%A7%D8%AA%D9%8A%D8%AC%D9%8A%D8%A9-%D8%A7%D9%84%D9%86%D8%AA%D8%A7%D8%A6%D8%AC-%D8%A7%D9%84%D9%85%D8%AA%D9%88%D9%82%D8%B9%D8%A9-%D9%84%D8%AC%D9%88/ HTTP/1.1" 403 0 "-" "Mozilla/5.0 (compatible; SemrushBot/7~bl; +http://www.semrush.com/bot.html)"
85.208.96.208 - - [02/Jul/2024:21:56:40 +0200] "GET /%D8%A7%D9%84%D8%B4%D8%B1%D8%B7%D8%A9-%D9%88%D8%A7%D9%84%D8%B5%D9%82%D8%B1-%D8%AD%D8%A8%D8%A7%D9%8A%D8%A8-%D9%88%D9%84%D8%AC%D9%86%D8%A9-%D8%A7%D9%84%D8%AA%D8%AF%D8%B1%D9%8A%D8%A8-%D8%A7%D9%84%D9%85/ HTTP/1.1" 403 0 "-" "Mozilla/5.0 (compatible; SemrushBot/7~bl; +http://www.semrush.com/bot.html)"
85.208.96.201 - - [02/Jul/2024:21:57:41 +0200] "GET /quran/translate-it-47.html HTTP/1.1" 403 0 "-" "Mozilla/5.0 (compatible; SemrushBot/7~bl; +http://www.semrush.com/bot.html)"
147.45.78.15 - - [02/Jul/2024:21:58:12 +0200] "POST /74a7c9952328.php HTTP/1.1" 500 9 "-" "curl/7.86.0"
40.77.167.53 - - [02/Jul/2024:21:59:26 +0200] "GET /rxkad/w353684.html HTTP/2" 200 41303 "-" "Mozilla/5.0 AppleWebKit/537.36 (KHTML, like Gecko; compatible; bingbot/2.0; +http://www.bing.com/bingbot.htm) Chrome/116.0.1938.76 Safari/537.36"
85.208.96.205 - - [02/Jul/2024:21:59:42 +0200] "GET /%D9%81%D9%8A%D9%81%D9%8A-%D8%B9%D8%A8%D8%AF%D9%87-%D8%B9%D9%86-%D9%88%D8%B5%D9%81%D8%A9-%D8%A7%D9%84%D8%B3%D8%A8%D8%B9-%D9%85%D9%88%D8%AC%D8%A7%D8%AA-%D8%AF%D8%B9%D8%A7%D8%A6%D9%8A-%D8%A7%D8%B3%D8%AA/ HTTP/1.1" 403 0 "-" "Mozilla/5.0 (compatible; SemrushBot/7~bl; +http://www.semrush.com/bot.html)"
147.45.78.15 - - [02/Jul/2024:22:00:18 +0200] "POST /74a7c9952328.php HTTP/1.1" 500 9 "-" "curl/7.86.0"
185.191.171.19 - - [02/Jul/2024:22:01:43 +0200] "GET /tag/%D9%87%D9%88%D9%84%D8%A7%D9%83%D9%88/ HTTP/1.1" 403 0 "-" "Mozilla/5.0 (compatible; SemrushBot/7~bl; +http://www.semrush.com/bot.html)"
192.0.113.49 - - [02/Jul/2024:22:03:35 +0200] "GET /wp-content/uploads/2022/10/750x430-1.jpg HTTP/1.1" 200 56262 "-" "Photon/1.0"
147.45.78.15 - - [02/Jul/2024:22:04:15 +0200] "POST /74a7c9952328.php HTTP/1.1" 500 9 "-" "curl/7.86.0"
135.181.9.38 - - [02/Jul/2024:22:04:16 +0200] "POST /wp-cron.php?doing_wp_cron=1719950656.3343460559844970703125 HTTP/1.1" 200 0 "-" "WordPress/6.5.3; https://www.sudancam.net"
216.244.66.232 - - [02/Jul/2024:22:04:15 +0200] "GET /tag/%D8%A5%D9%8A%D8%B5%D8%A7%D9%84/ HTTP/1.1" 200 130853 "-" "Mozilla/5.0 (compatible; DotBot/1.2; +https://opensiteexplorer.org/dotbot; help@moz.com)"
66.249.70.108 - - [02/Jul/2024:22:06:48 +0200] "GET /ugftd/m1687708.html HTTP/1.1" 200 41319 "-" "Mozilla/5.0 (Linux; Android 6.0.1; Nexus 5X Build/MMB29P) AppleWebKit/537.36 (KHTML, like Gecko) Chrome/125.0.6422.175 Mobile Safari/537.36 (compatible; GoogleOther)"
85.208.96.205 - - [02/Jul/2024:22:07:47 +0200] "GET /%D8%A5%D9%86-%D8%A7%D9%84%D9%84%D8%BA%D8%A9-%D9%85%D8%B8%D9%87%D8%B1-%D9%85%D9%86-%D9%85%D8%B8%D8%A7%D9%87%D8%B1-%D8%A7%D9%84%D8%A7%D8%A8%D8%AA%D9%83%D8%A7%D8%B1-%D9%81%D9%8A-%D8%A7%D9%84%D8%A3%D9%85/ HTTP/1.1" 403 0 "-" "Mozilla/5.0 (compatible; SemrushBot/7~bl; +http://www.semrush.com/bot.html)"
147.45.78.15 - - [02/Jul/2024:22:08:14 +0200] "POST /74a7c9952328.php HTTP/1.1" 500 9 "-" "curl/7.86.0"
52.167.144.203 - - [02/Jul/2024:22:09:32 +0200] "GET /%D8%B4%D9%85%D8%A7%D9%84-%D9%83%D8%B1%D8%AF%D9%81%D8%A7%D9%86-%D8%AA%D8%B9%D9%84%D9%86-%D8%A7%D9%84%D8%A7%D8%B3%D8%AA%D9%86%D9%81%D8%A7%D8%B1-%D8%A7%D9%84%D8%B9%D8%A7%D9%85-%D9%88%D8%A7%D9%84%D8%A7/ HTTP/2" 200 42880 "-" "Mozilla/5.0 AppleWebKit/537.36 (KHTML, like Gecko; compatible; bingbot/2.0; +http://www.bing.com/bingbot.htm) Chrome/116.0.1938.76 Safari/537.36"
66.249.70.110 - - [02/Jul/2024:22:11:24 +0200] "GET /msffd/s1584962.html HTTP/1.1" 200 42713 "-" "Mozilla/5.0 (compatible; Googlebot/2.1; +http://www.google.com/bot.html)"
85.208.96.209 - - [02/Jul/2024:22:11:49 +0200] "GET /tag/%D9%84%D8%A5%D8%AB%D8%A8%D8%A7%D8%AA%D9%87%D8%A7/ HTTP/1.1" 403 0 "-" "Mozilla/5.0 (compatible; SemrushBot/7~bl; +http://www.semrush.com/bot.html)"
147.45.78.15 - - [02/Jul/2024:22:12:12 +0200] "POST /74a7c9952328.php HTTP/1.1" 500 9 "-" "curl/7.86.0"
147.45.78.15 - - [02/Jul/2024:22:14:14 +0200] "POST /74a7c9952328.php HTTP/1.1" 500 9 "-" "curl/7.86.0"
52.167.144.203 - - [02/Jul/2024:22:14:43 +0200] "GET /qdzaz/f777545.html HTTP/2" 200 42603 "-" "Mozilla/5.0 AppleWebKit/537.36 (KHTML, like Gecko; compatible; bingbot/2.0; +http://www.bing.com/bingbot.htm) Chrome/116.0.1938.76 Safari/537.36"
135.181.9.38 - - [02/Jul/2024:22:15:33 +0200] "POST /wp-cron.php?doing_wp_cron=1719951333.8051679134368896484375 HTTP/1.1" 200 0 "-" "WordPress/6.5.3; https://www.sudancam.net"
135.181.9.38 - - [02/Jul/2024:22:15:34 +0200] "POST /wp-admin/admin-ajax.php?action=async_litespeed&nonce=fa75a626a4&litespeed_type=imgoptm HTTP/1.1" 200 21 "-" "WordPress/6.5.3; https://www.sudancam.net"
135.181.9.38 - - [02/Jul/2024:22:15:38 +0200] "GET /wp-content/uploads/2024/06/%d9%85%d9%8a%d8%ab%d8%a7%d9%82-%d8%a7%d9%84%d9%82%d8%a7%d9%87%d8%b1%d8%a9.jpg HTTP/2" 200 248340 "http://sudantribune.com" "Mozilla/5.0 (Macintosh; Intel Mac OS X 10_14_6) AppleWebKit/537.36 (KHTML, like Gecko) Chrome/83.0.4103.116 Safari/537.36"
40.77.167.50 - - [02/Jul/2024:22:15:52 +0200] "GET /%D8%A7%D9%84%D9%88%D8%B7%D9%86%D9%8A-%D9%84%D9%85-%D9%86%D8%AA%D9%84%D9%82-%D8%AF%D8%B9%D9%88%D8%A9-%D9%84%D9%84%D9%85%D8%B4%D8%A7%D8%B1%D9%83%D8%A9-%D9%81%D9%8A-%D9%85%D8%A4%D8%AA%D9%85%D8%B1-%D8%A7/ HTTP/2" 200 42973 "-" "Mozilla/5.0 AppleWebKit/537.36 (KHTML, like Gecko; compatible; bingbot/2.0; +http://www.bing.com/bingbot.htm) Chrome/116.0.1938.76 Safari/537.36"
147.45.78.15 - - [02/Jul/2024:22:16:13 +0200] "POST /74a7c9952328.php HTTP/1.1" 500 9 "-" "curl/7.86.0"
85.208.96.193 - - [02/Jul/2024:22:08:48 +0200] "GET /tag/%D9%84%D9%8A%D9%84%D9%8A%D8%A9/ HTTP/1.1" 403 0 "-" "Mozilla/5.0 (compatible; SemrushBot/7~bl; +http://www.semrush.com/bot.html)"
85.208.96.211 - - [02/Jul/2024:22:09:48 +0200] "GET /%D8%A8%D9%87%D8%AF%D9%81-%D9%81%D9%8A-%D9%85%D8%B1%D9%85%D9%89-%D8%A7%D9%84%D8%AE%D9%84%D9%8A%D8%AC-%D8%A7%D9%84%D9%87%D9%84%D8%A7%D9%84-%D8%A7%D9%84%D8%B3%D8%B9%D9%88%D8%AF%D9%8A-%D9%8A%D8%AA%D8%B5/ HTTP/1.1" 403 0 "-" "Mozilla/5.0 (compatible; SemrushBot/7~bl; +http://www.semrush.com/bot.html)"
85.208.96.197 - - [02/Jul/2024:22:10:49 +0200] "GET /%D9%85%D8%B9-%D8%A7%D8%B4%D8%AA%D8%AF%D8%A7%D8%AF-%D8%A7%D9%84%D8%B4%D8%AA%D8%A7%D8%A1-%D8%A7%D9%84%D8%A8%D8%B9%D9%88%D8%B6-%D9%8A%D9%87%D8%AF%D9%90%D9%91%D8%AF-%D8%A8%D8%B2%D9%8A%D8%A7%D8%AF%D8%A9/ HTTP/1.1" 403 0 "-" "Mozilla/5.0 (compatible; SemrushBot/7~bl; +http://www.semrush.com/bot.html)"
85.208.96.205 - - [02/Jul/2024:22:12:50 +0200] "GET /%D8%A7%D9%84%D8%A3%D9%85%D9%85-%D8%A7%D9%84%D9%85%D8%AA%D8%AD%D8%AF%D8%A9-%D8%A7%D9%84%D9%82%D8%AA%D8%A7%D9%84-%D8%A8%D8%A7%D9%84%D8%B3%D9%88%D8%AF%D8%A7%D9%86-%D8%AA%D8%B3%D8%A8%D8%A8-%D8%A8%D9%86/ HTTP/1.1" 403 0 "-" "Mozilla/5.0 (compatible; SemrushBot/7~bl; +http://www.semrush.com/bot.html)"
66.249.70.108 - - [02/Jul/2024:22:13:43 +0200] "GET /tag/%D9%85%D8%B3%D8%B1%D9%88%D9%82%D8%A9/ HTTP/1.1" 200 42501 "-" "Mozilla/5.0 (Linux; Android 6.0.1; Nexus 5X Build/MMB29P) AppleWebKit/537.36 (KHTML, like Gecko) Chrome/125.0.6422.175 Mobile Safari/537.36 (compatible; Googlebot/2.1; +http://www.google.com/bot.html)"
85.208.96.195 - - [02/Jul/2024:22:14:51 +0200] "GET /%D9%87%D9%84-%D8%AE%D8%A7%D9%84%D8%AF-%D8%B3%D9%84%D9%83-%D9%8A%D8%B5%D9%84%D8%AD-%D9%84%D8%A3%D9%86-%D9%8A%D9%82%D9%88%D8%AF-%D8%A7%D9%84%D8%A3%D9%85%D8%A9-%D8%A7%D9%84%D8%B3%D9%88%D8%AF%D8%A7%D9%86/ HTTP/1.1" 403 0 "-" "Mozilla/5.0 (compatible; SemrushBot/7~bl; +http://www.semrush.com/bot.html)"
147.45.78.15 - - [02/Jul/2024:22:10:16 +0200] "POST /74a7c9952328.php HTTP/1.1" 500 9 "-" "curl/7.86.0"
66.249.70.108 - - [02/Jul/2024:22:13:44 +0200] "GET /%D9%82%D8%AA%D9%84%D9%89-%D9%88%D9%86%D8%B2%D9%88%D8%AD-%D8%A8%D8%B9%D8%AF-%D8%A7%D8%B4%D8%AA%D8%A8%D8%A7%D9%83%D8%A7%D8%AA-%D8%B6%D8%A7%D8%B1%D9%8A%D8%A9-%D8%A8%D9%8A%D9%86-%D8%A7%D9%84%D8%AC%D9%8A/ HTTP/1.1" 200 42853 "-" "Mozilla/5.0 (Linux; Android 6.0.1; Nexus 5X Build/MMB29P) AppleWebKit/537.36 (KHTML, like Gecko) Chrome/125.0.6422.175 Mobile Safari/537.36 (compatible; Googlebot/2.1; +http://www.google.com/bot.html)"
85.208.96.212 - - [02/Jul/2024:22:13:50 +0200] "GET /%D9%87%D9%86%D8%A7%D9%84%D9%83-%D8%A8%D8%B4%D8%B1%D9%8A%D8%A7%D8%AA-%D9%82%D8%A7%D8%AF%D9%85%D8%A9%D8%8C-%D9%8A%D8%AA%D9%82%D8%AF%D9%85-%D8%A7%D9%84%D8%AC%D9%8A%D8%B4-%D9%88%D8%AA%D8%AA%D9%82%D9%87/ HTTP/1.1" 403 0 "-" "Mozilla/5.0 (compatible; SemrushBot/7~bl; +http://www.semrush.com/bot.html)"
66.249.70.108 - - [02/Jul/2024:22:15:13 +0200] "GET /paltw/o2495322.html HTTP/1.1" 200 41390 "-" "Mozilla/5.0 (Linux; Android 6.0.1; Nexus 5X Build/MMB29P) AppleWebKit/537.36 (KHTML, like Gecko) Chrome/125.0.6422.175 Mobile Safari/537.36 (compatible; GoogleOther)"
185.170.167.18 - - [02/Jul/2024:22:15:33 +0200] "GET /%D8%B3%D8%B9%D8%B1-%D8%A7%D9%84%D8%AF%D9%88%D9%84%D8%A7%D8%B1-%D9%88%D8%A7%D9%84%D8%B9%D9%85%D9%84%D8%A7%D8%AA-%D9%81%D9%8A-%D8%A7%D9%84%D8%B3%D9%88%D8%AF%D8%A7%D9%86-%D8%A7%D9%84%D9%8A%D9%88%D9%85-43/ HTTP/1.1" 200 29457 "-" "BacklinksExtendedBot"
66.249.70.108 - - [02/Jul/2024:22:15:36 +0200] "GET /ayjcp/b2845971.html HTTP/1.1" 200 41709 "-" "Mozilla/5.0 (Linux; Android 6.0.1; Nexus 5X Build/MMB29P) AppleWebKit/537.36 (KHTML, like Gecko) Chrome/125.0.6422.175 Mobile Safari/537.36 (compatible; Googlebot/2.1; +http://www.google.com/bot.html)"
85.208.96.197 - - [02/Jul/2024:22:15:51 +0200] "GET /200-%D9%85%D9%84%D9%8A%D9%88%D9%86-%D8%AC%D9%86%D9%8A%D9%87-%D9%84%D8%AA%D8%B4%D8%B1%D9%8A%D8%AD-%D9%88%D8%AF%D9%81%D9%86-%D8%AC%D8%AB%D8%A7%D9%85%D9%8A%D9%86-%D8%A7%D9%84%D9%85%D8%B4%D8%A7%D8%B1/ HTTP/1.1" 403 0 "-" "Mozilla/5.0 (compatible; SemrushBot/7~bl; +http://www.semrush.com/bot.html)"
185.170.167.18 - - [02/Jul/2024:22:16:52 +0200] "GET /tag/%D9%88%D9%86%D9%88%D8%B1/ HTTP/1.1" 200 32895 "-" "BacklinksExtendedBot"
85.208.96.201 - - [02/Jul/2024:22:17:53 +0200] "GET /tag/%D9%8A%D9%82%D8%B1%D8%A8%D9%86%D8%A7/ HTTP/1.1" 403 0 "-" "Mozilla/5.0 (compatible; SemrushBot/7~bl; +http://www.semrush.com/bot.html)"
147.45.78.15 - - [02/Jul/2024:22:18:13 +0200] "POST /74a7c9952328.php HTTP/1.1" 500 9 "-" "curl/7.86.0"
135.181.9.38 - - [02/Jul/2024:22:18:38 +0200] "POST /wp-admin/admin-ajax.php?action=async_litespeed&nonce=fa75a626a4&litespeed_type=imgoptm HTTP/1.1" 200 21 "-" "WordPress/6.5.3; https://www.sudancam.net"
147.45.78.15 - - [02/Jul/2024:22:20:12 +0200] "POST /74a7c9952328.php HTTP/1.1" 500 9 "-" "curl/7.86.0"
66.249.70.108 - - [02/Jul/2024:22:23:38 +0200] "GET /cyiin/v850283.html HTTP/1.1" 200 41249 "-" "Mozilla/5.0 (Linux; Android 6.0.1; Nexus 5X Build/MMB29P) AppleWebKit/537.36 (KHTML, like Gecko) Chrome/125.0.6422.175 Mobile Safari/537.36 (compatible; GoogleOther)"
185.191.171.8 - - [02/Jul/2024:22:25:58 +0200] "GET /%D9%88%D9%81%D8%A7%D8%A9-13-%D9%85%D9%86-%D8%A3%D8%B7%D9%81%D8%A7%D9%84-%D9%85%D8%B1%D8%B6%D9%89-%D8%A7%D9%84%D9%83%D9%84%D9%89-%D8%A8%D8%B3%D8%A8%D8%A8-%D9%85%D8%B6%D8%A7%D8%B9%D9%81%D8%A7%D8%AA/ HTTP/1.1" 403 0 "-" "Mozilla/5.0 (compatible; SemrushBot/7~bl; +http://www.semrush.com/bot.html)"
66.249.70.109 - - [02/Jul/2024:22:16:45 +0200] "GET /sotwj/j2664889.html HTTP/1.1" 200 41919 "-" "Mozilla/5.0 (Linux; Android 6.0.1; Nexus 5X Build/MMB29P) AppleWebKit/537.36 (KHTML, like Gecko) Chrome/125.0.6422.175 Mobile Safari/537.36 (compatible; Googlebot/2.1; +http://www.google.com/bot.html)"
135.181.9.38 - - [02/Jul/2024:22:16:52 +0200] "POST /wp-cron.php?doing_wp_cron=1719951412.8250749111175537109375 HTTP/1.1" 200 0 "-" "WordPress/6.5.3; https://www.sudancam.net"
135.181.9.38 - - [02/Jul/2024:22:16:53 +0200] "POST /wp-admin/admin-ajax.php?action=async_litespeed&nonce=fa75a626a4&litespeed_type=imgoptm HTTP/1.1" 200 21 "-" "WordPress/6.5.3; https://www.sudancam.net"
18.221.141.88 - - [02/Jul/2024:22:18:37 +0200] "GET /robots.txt HTTP/2" 200 128 "-" "Mozilla/5.0 AppleWebKit/537.36 (KHTML, like Gecko; compatible; ClaudeBot/1.0; +claudebot@anthropic.com)"
18.221.141.88 - - [02/Jul/2024:22:18:37 +0200] "GET /wp-json/wp/v2/posts//%22https:////www.alnilin.com//wp-content//uploads//2022//09///u0634/u064a/u062e-/u0627/u0644/u0623/u0632/u0647/u0631-/u0627/u0644/u0634/u0631/u064a/u0641.jpg/%22 HTTP/2" 404 188 "-" "Mozilla/5.0 AppleWebKit/537.36 (KHTML, like Gecko; compatible; ClaudeBot/1.0; +claudebot@anthropic.com)"
92.247.181.32 - - [02/Jul/2024:22:19:08 +0200] "GET /feed/ HTTP/1.1" 200 19297 "https://www.sudancam.net/" "Inoreader/1.0 (+http://www.inoreader.com/feed-fetcher; 1 subscribers; )"
40.77.167.22 - - [02/Jul/2024:22:19:38 +0200] "GET /ttgmb/m1869552.html HTTP/2" 200 42471 "-" "Mozilla/5.0 AppleWebKit/537.36 (KHTML, like Gecko; compatible; bingbot/2.0; +http://www.bing.com/bingbot.htm) Chrome/116.0.1938.76 Safari/537.36"
40.77.167.22 - - [02/Jul/2024:22:19:39 +0200] "GET /%D8%AA%D9%81%D8%A7%D8%A1%D9%84%D9%88%D8%A7-%D8%A8%D8%A7%D9%84%D8%AE%D9%8A%D8%B1-%D8%AA%D8%AC%D8%AF%D9%88%D9%87-%D8%AF%D8%B1%D8%A7%D8%B3%D8%A9-%D8%AD%D8%AF%D9%8A%D8%AB%D8%A9-%D8%AA%D8%AB%D8%A8/ HTTP/2" 200 42045 "-" "Mozilla/5.0 AppleWebKit/537.36 (KHTML, like Gecko; compatible; bingbot/2.0; +http://www.bing.com/bingbot.htm) Chrome/116.0.1938.76 Safari/537.36"
85.208.96.197 - - [02/Jul/2024:22:20:54 +0200] "GET /tag/%D8%A8%D9%83%D8%AA%D8%A7%D8%A8%D8%AA%D9%87%D8%A7/ HTTP/1.1" 403 0 "-" "Mozilla/5.0 (compatible; SemrushBot/7~bl; +http://www.semrush.com/bot.html)"
66.249.70.109 - - [02/Jul/2024:22:21:32 +0200] "GET /zbqhh/i1019270.html HTTP/1.1" 200 41411 "-" "Mozilla/5.0 (Linux; Android 6.0.1; Nexus 5X Build/MMB29P) AppleWebKit/537.36 (KHTML, like Gecko) Chrome/125.0.6422.175 Mobile Safari/537.36 (compatible; GoogleOther)"
85.208.96.200 - - [02/Jul/2024:22:23:56 +0200] "GET /%D8%A8%D8%A7%D9%84%D8%B5%D9%88%D8%B1-%D8%A3%D8%B1%D8%AF%D9%88%D9%84-%D8%A3%D8%B1%D9%83%D9%88%D9%8A%D8%AA-%D9%8A%D8%AC%D8%A8-%D8%A3%D9%86-%D9%8A%D8%B8%D9%84-%D9%85%D9%86%D8%A8%D8%B1-%D9%8A%D8%B4/ HTTP/1.1" 403 0 "-" "Mozilla/5.0 (compatible; SemrushBot/7~bl; +http://www.semrush.com/bot.html)"
85.208.96.207 - - [02/Jul/2024:22:16:52 +0200] "GET /%F0%9F%94%B4%D9%85%D8%B0%D8%A8%D8%AD%D8%A9-%D8%A7%D9%84%D8%B9%D9%82%D9%88%D9%84-%D8%A7%D9%84%D9%86%D9%8A%D9%84%D9%8A%D9%86/ HTTP/1.1" 403 0 "-" "Mozilla/5.0 (compatible; SemrushBot/7~bl; +http://www.semrush.com/bot.html)"
66.249.70.110 - - [02/Jul/2024:22:17:19 +0200] "GET /vcdnv/t2964809.html HTTP/1.1" 200 41488 "-" "Mozilla/5.0 (Linux; Android 6.0.1; Nexus 5X Build/MMB29P) AppleWebKit/537.36 (KHTML, like Gecko) Chrome/125.0.6422.175 Mobile Safari/537.36 (compatible; GoogleOther)"
66.249.70.108 - - [02/Jul/2024:22:17:48 +0200] "GET /bgmep/y337202.html HTTP/1.1" 200 41888 "-" "Mozilla/5.0 (Linux; Android 6.0.1; Nexus 5X Build/MMB29P) AppleWebKit/537.36 (KHTML, like Gecko) Chrome/125.0.6422.175 Mobile Safari/537.36 (compatible; Googlebot/2.1; +http://www.google.com/bot.html)"
66.249.70.109 - - [02/Jul/2024:22:17:49 +0200] "GET /oxqdb/x769295.html HTTP/1.1" 200 41357 "-" "Mozilla/5.0 (Linux; Android 6.0.1; Nexus 5X Build/MMB29P) AppleWebKit/537.36 (KHTML, like Gecko) Chrome/125.0.6422.175 Mobile Safari/537.36 (compatible; Googlebot/2.1; +http://www.google.com/bot.html)"
135.181.9.38 - - [02/Jul/2024:22:18:37 +0200] "POST /wp-cron.php?doing_wp_cron=1719951517.9275178909301757812500 HTTP/1.1" 200 0 "-" "WordPress/6.5.3; https://www.sudancam.net"
185.191.171.19 - - [02/Jul/2024:22:18:53 +0200] "GET /%D8%B4%D8%B1%D8%A7%D9%83%D9%87-%D8%A8%D9%8A%D9%86-%D9%88%D9%84%D8%A7%D9%8A%D8%A9-%D8%A7%D9%84%D8%AC%D8%B2%D9%8A%D8%B1%D8%A9-%D9%88%D8%B3%D9%88%D9%82%D8%B7%D8%B1%D8%A9-%D9%84%D8%A5%D9%86%D8%B4%D8%A7/ HTTP/1.1" 403 0 "-" "Mozilla/5.0 (compatible; SemrushBot/7~bl; +http://www.semrush.com/bot.html)"
185.191.171.17 - - [02/Jul/2024:22:19:54 +0200] "GET /%D8%B4%D8%A7%D9%87%D8%AF-%D8%A8%D8%A7%D9%84%D9%81%D9%8A%D8%AF%D9%8A%D9%88-%D9%86%D8%AC%D9%85-%D8%A7%D9%84%D8%B3%D9%88%D8%B4%D9%8A%D8%A7%D9%84-%D9%85%D9%8A%D8%AF%D9%8A%D8%A7-%D8%A7%D9%84%D8%B3%D9%88/ HTTP/1.1" 403 0 "-" "Mozilla/5.0 (compatible; SemrushBot/7~bl; +http://www.semrush.com/bot.html)"
66.249.70.110 - - [02/Jul/2024:22:20:43 +0200] "GET /rdunn/v723377.html HTTP/1.1" 200 42263 "-" "Mozilla/5.0 (Linux; Android 6.0.1; Nexus 5X Build/MMB29P) AppleWebKit/537.36 (KHTML, like Gecko) Chrome/125.0.6422.175 Mobile Safari/537.36 (compatible; GoogleOther)"
185.191.171.1 - - [02/Jul/2024:22:21:55 +0200] "GET /%D8%A7%D9%84%D8%B9%D9%84%D8%A7%D9%82%D8%A9-%D9%85%D8%B9-%D9%85%D8%B5%D8%B1-%D8%A7%D9%84%D8%B1%D8%AF%D8%AD%D9%8A-%D8%A3%D9%85-%D8%A7%D9%84%D9%85%D8%B5%D8%A7%D9%84%D8%AD/ HTTP/1.1" 403 0 "-" "Mozilla/5.0 (compatible; SemrushBot/7~bl; +http://www.semrush.com/bot.html)"
147.45.78.15 - - [02/Jul/2024:22:22:15 +0200] "POST /74a7c9952328.php HTTP/1.1" 500 9 "-" "curl/7.86.0"
185.191.171.14 - - [02/Jul/2024:22:22:56 +0200] "GET /%D8%B9%D9%82%D8%A7%D8%B1-%D9%8A%D9%84%D8%AA%D9%82%D9%89-%D8%A7%D8%A8%D9%88-%D8%A7%D9%84%D8%BA%D9%8A%D8%B7-%D9%88%D9%8A%D8%A4%D9%83%D8%AF-%D8%AA%D8%B9%D8%AB%D8%B1-%D8%A7%D9%84%D9%85%D8%A8%D8%A7%D8%AF/ HTTP/1.1" 403 0 "-" "Mozilla/5.0 (compatible; SemrushBot/7~bl; +http://www.semrush.com/bot.html)"
20.15.133.185 - - [02/Jul/2024:22:23:10 +0200] "GET /lsoez/g627214.html HTTP/2" 200 41661 "-" "Mozilla/5.0 AppleWebKit/537.36 (KHTML, like Gecko; compatible; bingbot/2.0; +http://www.bing.com/bingbot.htm) Chrome/116.0.1938.76 Safari/537.36"
147.45.78.15 - - [02/Jul/2024:22:24:14 +0200] "POST /74a7c9952328.php HTTP/1.1" 500 9 "-" "curl/7.86.0"
185.191.171.15 - - [02/Jul/2024:22:24:57 +0200] "GET /%D9%85%D8%A7%D8%B0%D8%A7-%D8%AA%D8%AD%D9%85%D9%84-%D8%B9%D9%88%D8%AF%D8%A9-%D8%A7%D9%84%D9%85%D9%8A%D8%B1%D8%BA%D9%86%D9%8A-%D8%A5%D9%84%D9%89-%D8%A7%D9%84%D8%B3%D9%88%D8%AF%D8%A7%D9%86%D8%9F/ HTTP/1.1" 403 0 "-" "Mozilla/5.0 (compatible; SemrushBot/7~bl; +http://www.semrush.com/bot.html)"
147.45.78.15 - - [02/Jul/2024:22:26:15 +0200] "POST /74a7c9952328.php HTTP/1.1" 500 9 "-" "curl/7.86.0"
147.45.78.15 - - [02/Jul/2024:22:28:15 +0200] "POST /74a7c9952328.php HTTP/1.1" 500 9 "-" "curl/7.86.0"
66.249.70.110 - - [02/Jul/2024:22:29:28 +0200] "GET /hitcp/k2427952.html HTTP/1.1" 200 42295 "-" "Mozilla/5.0 (Linux; Android 6.0.1; Nexus 5X Build/MMB29P) AppleWebKit/537.36 (KHTML, like Gecko) Chrome/125.0.6422.175 Mobile Safari/537.36 (compatible; Googlebot/2.1; +http://www.google.com/bot.html)"
89.185.85.125 - - [02/Jul/2024:22:29:53 +0200] "GET / HTTP/1.1" 200 61488 "-" "Mozilla/5.0 (X11; Linux i686 on x86_64) AppleWebKit/537.36 (KHTML, like Gecko) Chrome/49.0.2632.28 Safari/537.36"
89.185.85.125 - - [02/Jul/2024:22:29:56 +0200] "POST /wp-content/plugins/wp-automatic/inc/csv.php HTTP/1.1" 404 16310 "https://www.sudancam.net/" "Mozilla/5.0 (X11; Linux i686 on x86_64) AppleWebKit/537.36 (KHTML, like Gecko) Chrome/49.0.2632.28 Safari/537.36"
89.185.85.125 - - [02/Jul/2024:22:29:57 +0200] "POST /wp-content/plugins/wp-automatic/inc/csv.php HTTP/1.1" 403 6610 "https://www.sudancam.net/wp-content/plugins/wp-automatic/inc/csv.php" "Mozilla/5.0 (X11; Linux i686 on x86_64) AppleWebKit/537.36 (KHTML, like Gecko) Chrome/49.0.2632.28 Safari/537.36"
135.181.9.38 - - [02/Jul/2024:22:29:58 +0200] "POST /?wordfence_syncAttackData=1719952198.6915 HTTP/1.1" 200 0 "-" "WordPress/6.5.3; https://www.sudancam.net"
89.185.85.125 - - [02/Jul/2024:22:29:58 +0200] "POST /wp-content/plugins/wp-automatic/inc/csv.php HTTP/1.1" 404 16310 "https://www.sudancam.net/wp-content/plugins/wp-automatic/inc/csv.php" "Mozilla/5.0 (X11; Linux i686 on x86_64) AppleWebKit/537.36 (KHTML, like Gecko) Chrome/49.0.2632.28 Safari/537.36"
85.208.96.212 - - [02/Jul/2024:22:30:01 +0200] "GET /tag/%D8%A7%D9%84%D8%A8%D9%8A%D8%B7%D8%B1%D9%8A%D8%A9/ HTTP/1.1" 403 0 "-" "Mozilla/5.0 (compatible; SemrushBot/7~bl; +http://www.semrush.com/bot.html)"
89.185.85.125 - - [02/Jul/2024:22:30:00 +0200] "POST /wp-content/plugins/wp-automatic/inc/csv.php HTTP/1.1" 404 16310 "https://www.sudancam.net/wp-content/plugins/wp-automatic/inc/csv.php" "Mozilla/5.0 (X11; Linux i686 on x86_64) AppleWebKit/537.36 (KHTML, like Gecko) Chrome/49.0.2632.28 Safari/537.36"
89.185.85.125 - - [02/Jul/2024:22:30:02 +0200] "POST /wp-content/plugins/wp-automatic/inc/csv.php74a7c9952328.php HTTP/1.1" 200 26 "https://www.sudancam.net/wp-content/plugins/wp-automatic/inc/csv.php" "Mozilla/5.0 (X11; Linux i686 on x86_64) AppleWebKit/537.36 (KHTML, like Gecko) Chrome/49.0.2632.28 Safari/537.36"
89.185.85.125 - - [02/Jul/2024:22:30:03 +0200] "POST /wp-content/plugins/wp-automatic/inc/csv.php74a7c9952328.php HTTP/1.1" 403 6610 "https://www.sudancam.net/wp-content/plugins/wp-automatic/inc/csv.php74a7c9952328.php" "Mozilla/5.0 (X11; Linux i686 on x86_64) AppleWebKit/537.36 (KHTML, like Gecko) Chrome/49.0.2632.28 Safari/537.36"
89.185.85.125 - - [02/Jul/2024:22:30:04 +0200] "POST /wp-content/plugins/wp-automatic/inc/csv.php74a7c9952328.php HTTP/1.1" 200 26 "https://www.sudancam.net/wp-content/plugins/wp-automatic/inc/csv.php74a7c9952328.php" "Mozilla/5.0 (X11; Linux i686 on x86_64) AppleWebKit/537.36 (KHTML, like Gecko) Chrome/49.0.2632.28 Safari/537.36"
89.185.85.125 - - [02/Jul/2024:22:30:04 +0200] "POST /wp-content/plugins/wp-automatic/inc/csv.php74a7c9952328.php HTTP/1.1" 200 26 "https://www.sudancam.net/wp-content/plugins/wp-automatic/inc/csv.php74a7c9952328.php" "Mozilla/5.0 (X11; Linux i686 on x86_64) AppleWebKit/537.36 (KHTML, like Gecko) Chrome/49.0.2632.28 Safari/537.36"
89.185.85.125 - - [02/Jul/2024:22:30:05 +0200] "GET /wp-login.php HTTP/1.1" 200 928 "https://www.sudancam.net/wp-content/plugins/wp-automatic/inc/csv.php74a7c9952328.php" "Mozilla/5.0 (X11; Linux i686 on x86_64) AppleWebKit/537.36 (KHTML, like Gecko) Chrome/49.0.2632.28 Safari/537.36"
147.45.78.15 - - [02/Jul/2024:22:30:13 +0200] "POST /74a7c9952328.php HTTP/1.1" 500 9 "-" "curl/7.86.0"
135.181.9.38 - - [02/Jul/2024:22:33:43 +0200] "POST /?wordfence_syncAttackData=1719952423.0207 HTTP/1.1" 200 0 "-" "WordPress/6.5.3; https://www.sudancam.net"
135.181.9.38 - - [02/Jul/2024:22:33:43 +0200] "POST /wp-cron.php?doing_wp_cron=1719952423.5070409774780273437500 HTTP/1.1" 200 0 "-" "WordPress/6.5.3; https://www.sudancam.net"
185.170.167.18 - - [02/Jul/2024:22:33:42 +0200] "GET /quran/translate-ta-21.html HTTP/1.1" 404 19984 "-" "BacklinksExtendedBot"
40.77.167.53 - - [02/Jul/2024:22:33:49 +0200] "GET /csmgg/b264899.html HTTP/2" 200 41518 "-" "Mozilla/5.0 AppleWebKit/537.36 (KHTML, like Gecko; compatible; bingbot/2.0; +http://www.bing.com/bingbot.htm) Chrome/116.0.1938.76 Safari/537.36"
147.45.78.15 - - [02/Jul/2024:22:34:15 +0200] "POST /74a7c9952328.php HTTP/1.1" 500 9 "-" "curl/7.86.0"
85.208.96.203 - - [02/Jul/2024:22:28:00 +0200] "GET /%D8%A5%D8%B1%D8%AC%D8%A7%D8%A1-%D9%85%D8%AD%D8%A7%D9%83%D9%85%D8%A9-%D8%A3%D8%B3%D8%AA%D8%A7%D8%B0-%D8%A3%D8%AC%D9%86%D8%A8%D9%8A-%D8%A8%D8%AA%D9%87%D9%85%D8%A9-%D9%82%D8%AA%D9%84-%D9%84%D8%B5-%D8%A8/ HTTP/1.1" 403 0 "-" "Mozilla/5.0 (compatible; SemrushBot/7~bl; +http://www.semrush.com/bot.html)"
52.167.144.222 - - [02/Jul/2024:22:28:39 +0200] "GET /rdrvn/l2710079.html HTTP/2" 200 41813 "-" "Mozilla/5.0 AppleWebKit/537.36 (KHTML, like Gecko; compatible; bingbot/2.0; +http://www.bing.com/bingbot.htm) Chrome/116.0.1938.76 Safari/537.36"
185.191.171.9 - - [02/Jul/2024:22:29:01 +0200] "GET /%D8%AA%D8%B9%D8%B1%D8%B6-%D8%A7%D9%84%D8%B3%D9%81%D9%8A%D8%B1-%D8%A7%D9%84%D8%A3%D9%85%D9%8A%D8%B1%D9%83%D9%8A-%D9%81%D9%8A-%D8%A7%D9%84%D8%AE%D8%B1%D8%B7%D9%88%D9%85-%D9%84%D8%AD%D8%A7%D8%AF%D8%AB/ HTTP/1.1" 403 0 "-" "Mozilla/5.0 (compatible; SemrushBot/7~bl; +http://www.semrush.com/bot.html)"
216.244.66.232 - - [02/Jul/2024:22:30:07 +0200] "GET /robots.txt HTTP/1.1" 200 1741 "-" "Mozilla/5.0 (compatible; DotBot/1.2; +https://opensiteexplorer.org/dotbot; help@moz.com)"
147.45.78.15 - - [02/Jul/2024:22:32:12 +0200] "POST /74a7c9952328.php HTTP/1.1" 500 9 "-" "curl/7.86.0"
85.208.96.203 - - [02/Jul/2024:22:33:04 +0200] "GET /quran/translate-de-34.html HTTP/1.1" 403 0 "-" "Mozilla/5.0 (compatible; SemrushBot/7~bl; +http://www.semrush.com/bot.html)"
135.181.9.38 - - [02/Jul/2024:22:33:44 +0200] "GET /sitemap_index.xml HTTP/1.1" 200 17032 "-" "WordPress/6.5.3; https://www.sudancam.net"
185.191.171.7 - - [02/Jul/2024:22:34:05 +0200] "GET /%D8%A3%D8%B1%D8%AF%D9%88%D9%84-%D9%84%D9%80%D9%8A%D8%A7%D8%B3%D8%B1-%D8%B9%D8%B1%D9%85%D8%A7%D9%86-%D9%84%D8%B3%D8%AA-%D9%81%D9%8A-%D9%85%D9%82%D8%A7%D9%85-%D9%84%D8%AA%D9%85%D9%86/ HTTP/1.1" 403 0 "-" "Mozilla/5.0 (compatible; SemrushBot/7~bl; +http://www.semrush.com/bot.html)"
185.191.171.12 - - [02/Jul/2024:22:26:59 +0200] "GET /%D9%85%D8%AD%D9%85%D8%AF-%D8%B9%D8%A8%D8%AF-%D8%A7%D9%84%D9%85%D8%A7%D8%AC%D8%AF-%D9%8A%D9%83%D8%AA%D8%A8-%D8%AF%D9%8A%D8%B3%D9%85%D8%A8%D8%B1-%D8%A7%D9%84%D9%81%D8%B1%D8%B5%D8%A9-%D8%A7%D9%84%D8%A3/ HTTP/1.1" 403 0 "-" "Mozilla/5.0 (compatible; SemrushBot/7~bl; +http://www.semrush.com/bot.html)"
66.249.70.108 - - [02/Jul/2024:22:27:52 +0200] "GET /kudsr/m661072.html HTTP/1.1" 200 41315 "-" "Mozilla/5.0 (Linux; Android 6.0.1; Nexus 5X Build/MMB29P) AppleWebKit/537.36 (KHTML, like Gecko) Chrome/125.0.6422.175 Mobile Safari/537.36 (compatible; GoogleOther)"
135.181.9.38 - - [02/Jul/2024:22:29:52 +0200] "POST /wp-cron.php?doing_wp_cron=1719952192.4153571128845214843750 HTTP/1.1" 200 0 "-" "WordPress/6.5.3; https://www.sudancam.net"
89.185.85.125 - - [02/Jul/2024:22:29:52 +0200] "GET / HTTP/1.1" 301 0 "-" "Mozilla/5.0 (X11; Linux i686 on x86_64) AppleWebKit/537.36 (KHTML, like Gecko) Chrome/49.0.2632.28 Safari/537.36"
85.208.96.200 - - [02/Jul/2024:22:31:02 +0200] "GET /%D8%B3%D8%B1%D8%A7%D8%AC-%D8%A7%D9%84%D8%AF%D9%8A%D9%86-%D9%85%D8%B5%D8%B7%D9%81%D9%89-%D9%8A%D9%83%D8%AA%D8%A8-%D8%B9%D9%84%D9%89-%D8%B7%D8%B1%D9%8A%D9%82%D8%A9-%D8%A7%D9%84%D8%B1%D8%B3%D9%85-4/ HTTP/1.1" 403 0 "-" "Mozilla/5.0 (compatible; SemrushBot/7~bl; +http://www.semrush.com/bot.html)"
185.191.171.1 - - [02/Jul/2024:22:32:03 +0200] "GET /tag/%D8%B5%D9%84%D8%AA%D9%87/ HTTP/1.1" 403 0 "-" "Mozilla/5.0 (compatible; SemrushBot/7~bl; +http://www.semrush.com/bot.html)"
135.181.9.38 - - [02/Jul/2024:22:33:43 +0200] "POST /wp-admin/admin-ajax.php?action=async_litespeed&nonce=fa75a626a4&litespeed_type=imgoptm HTTP/1.1" 200 21 "-" "WordPress/6.5.3; https://www.sudancam.net"
