185.191.171.2 - - [02/Jul/2024:22:36:06 +0200] "GET /%D9%85%D9%86-%D8%AD%D9%83%D8%A7%D9%8A%D8%A7%D8%AA-%D9%86%D9%85%D9%8A%D8%B1%D9%8A-%D8%B9%D9%86%D8%AF%D9%85%D8%A7-%D8%BA%D8%B6%D8%A8-%D9%85%D9%86-%D9%85%D9%88%D8%B8%D9%81%D9%8A-%D9%88%D8%B2%D8%A7%D8%B1/ HTTP/1.1" 403 0 "-" "Mozilla/5.0 (compatible; SemrushBot/7~bl; +http://www.semrush.com/bot.html)"
135.181.9.38 - - [02/Jul/2024:22:36:07 +0200] "POST /wp-cron.php?doing_wp_cron=1719952567.8649830818176269531250 HTTP/1.1" 200 0 "-" "WordPress/6.5.3; https://www.sudancam.net"
85.208.96.198 - - [02/Jul/2024:22:37:07 +0200] "GET /53-%D9%85%D9%84%D9%8A%D9%88%D9%86-%D8%AA%D8%BA%D8%B1%D9%8A%D8%AF%D8%A9-%D8%B3%D8%B1-%D8%A7%D9%87%D8%AA%D9%85%D8%A7%D9%85-%D8%AA%D9%88%D9%8A%D8%AA%D8%B1-%D8%A8%D9%83%D8%B1%D8%A9-%D8%A7%D9%84%D9%82/ HTTP/1.1" 403 0 "-" "Mozilla/5.0 (compatible; SemrushBot/7~bl; +http://www.semrush.com/bot.html)"
147.45.78.15 - - [02/Jul/2024:22:38:15 +0200] "POST /74a7c9952328.php HTTP/1.1" 500 9 "-" "curl/7.86.0"
66.249.70.110 - - [02/Jul/2024:22:38:22 +0200] "GET /vllgp/r2720069.html HTTP/1.1" 200 41396 "-" "Mozilla/5.0 (Linux; Android 6.0.1; Nexus 5X Build/MMB29P) AppleWebKit/537.36 (KHTML, like Gecko) Chrome/125.0.6422.175 Mobile Safari/537.36 (compatible; GoogleOther)"
85.208.96.207 - - [02/Jul/2024:22:41:47 +0200] "GET /robots.txt HTTP/1.1" 200 182 "-" "Mozilla/5.0 (compatible; SemrushBot/7~bl; +http://www.semrush.com/bot.html)"
135.181.9.38 - - [02/Jul/2024:22:42:09 +0200] "POST /wp-cron.php?doing_wp_cron=1719952929.1907908916473388671875 HTTP/1.1" 200 0 "-" "WordPress/6.5.3; https://www.sudancam.net"
85.208.96.193 - - [02/Jul/2024:22:42:10 +0200] "GET /%D8%A7%D9%84%D9%82%D9%88%D8%A7%D8%AA-%D8%A7%D9%84%D9%85%D8%B3%D9%84%D8%AD%D8%A9-%D9%84%D9%85-%D8%AA%D8%AA%D8%B9%D9%85%D8%AF-%D9%87%D8%B0%D9%87-%D8%A7%D9%84%D8%AD%D8%B1%D8%A8%D8%8C-%D9%88%D9%84%D9%83/ HTTP/1.1" 403 0 "-" "Mozilla/5.0 (compatible; SemrushBot/7~bl; +http://www.semrush.com/bot.html)"
66.249.70.108 - - [02/Jul/2024:22:43:06 +0200] "GET /tag/%D8%B7%D8%B1%D9%82/ HTTP/1.1" 200 42987 "-" "Mozilla/5.0 (Linux; Android 6.0.1; Nexus 5X Build/MMB29P) AppleWebKit/537.36 (KHTML, like Gecko) Chrome/125.0.6422.175 Mobile Safari/537.36 (compatible; Googlebot/2.1; +http://www.google.com/bot.html)"
20.15.133.185 - - [02/Jul/2024:22:35:29 +0200] "GET /mixhb/t1085113.html HTTP/2" 200 42124 "-" "Mozilla/5.0 AppleWebKit/537.36 (KHTML, like Gecko; compatible; bingbot/2.0; +http://www.bing.com/bingbot.htm) Chrome/116.0.1938.76 Safari/537.36"
135.181.9.38 - - [02/Jul/2024:22:36:08 +0200] "POST /wp-admin/admin-ajax.php?action=async_litespeed&nonce=fa75a626a4&litespeed_type=imgoptm HTTP/1.1" 200 21 "-" "WordPress/6.5.3; https://www.sudancam.net"
147.45.78.15 - - [02/Jul/2024:22:36:14 +0200] "POST /74a7c9952328.php HTTP/1.1" 500 9 "-" "curl/7.86.0"
40.77.167.9 - - [02/Jul/2024:22:37:25 +0200] "GET /aqkwj/d676871.html HTTP/2" 200 41857 "-" "Mozilla/5.0 AppleWebKit/537.36 (KHTML, like Gecko; compatible; bingbot/2.0; +http://www.bing.com/bingbot.htm) Chrome/116.0.1938.76 Safari/537.36"
85.208.96.211 - - [02/Jul/2024:22:39:08 +0200] "GET /%D8%A7%D8%AA%D9%87%D8%A7%D9%85%D8%A7%D8%AA-%D9%84%D9%84%D8%B3%D9%84%D8%B7%D8%A7%D8%AA-%D8%A8%D9%87%D8%AF%D9%85-%D9%85%D9%85%D8%AA%D9%84%D9%83%D8%A7%D8%AA-%D8%AA%D8%AA%D8%A8%D8%B9-%D9%84%D9%84%D9%83/ HTTP/1.1" 403 0 "-" "Mozilla/5.0 (compatible; SemrushBot/7~bl; +http://www.semrush.com/bot.html)"
40.77.167.9 - - [02/Jul/2024:22:39:25 +0200] "GET /sncdm/l2856147.html HTTP/2" 200 42257 "-" "Mozilla/5.0 AppleWebKit/537.36 (KHTML, like Gecko; compatible; bingbot/2.0; +http://www.bing.com/bingbot.htm) Chrome/116.0.1938.76 Safari/537.36"
135.181.9.38 - - [02/Jul/2024:22:42:11 +0200] "POST /wp-admin/admin-ajax.php?action=async_litespeed&nonce=fa75a626a4&litespeed_type=imgoptm HTTP/1.1" 200 21 "-" "WordPress/6.5.3; https://www.sudancam.net"
147.45.78.15 - - [02/Jul/2024:22:42:15 +0200] "POST /74a7c9952328.php HTTP/1.1" 500 9 "-" "curl/7.86.0"
85.208.96.199 - - [02/Jul/2024:22:43:10 +0200] "GET /%D9%85%D8%A7-%D8%A7%D9%84%D8%AA%D8%B4%D9%83%D9%8A%D9%84%D8%A9-%D8%A7%D9%84%D8%A3%D8%B3%D8%A7%D8%B3%D9%8A%D8%A9-%D8%A7%D9%84%D8%AC%D8%AF%D9%8A%D8%AF%D8%A9-%D9%84%D9%85%D9%86%D8%AA%D8%AE%D8%A8-%D9%81/ HTTP/1.1" 403 0 "-" "Mozilla/5.0 (compatible; SemrushBot/7~bl; +http://www.semrush.com/bot.html)"
66.249.70.110 - - [02/Jul/2024:22:44:09 +0200] "GET /cutlx/d1207479.html HTTP/1.1" 200 42673 "-" "Mozilla/5.0 (Linux; Android 6.0.1; Nexus 5X Build/MMB29P) AppleWebKit/537.36 (KHTML, like Gecko) Chrome/125.0.6422.175 Mobile Safari/537.36 (compatible; Googlebot/2.1; +http://www.google.com/bot.html)"
185.191.171.10 - - [02/Jul/2024:22:35:05 +0200] "GET /%D8%B3%D8%B1%D8%A7%D8%AC-%D8%A7%D9%84%D8%AF%D9%8A%D9%86-%D9%85%D8%B5%D8%B7%D9%81%D9%89-%D9%8A%D9%83%D8%AA%D8%A8-%D9%85%D8%AD%D9%85%D8%AF-%D9%85%D9%8A%D8%B1%D8%BA%D9%86%D9%8A-%D8%A3%D8%AD%D9%84/ HTTP/1.1" 403 0 "-" "Mozilla/5.0 (compatible; SemrushBot/7~bl; +http://www.semrush.com/bot.html)"
192.0.112.177 - - [02/Jul/2024:22:35:52 +0200] "GET /wp-content/uploads/2022/08/766836.jpg HTTP/1.1" 200 64451 "-" "Photon/1.0"
216.244.66.232 - - [02/Jul/2024:22:36:07 +0200] "GET /%D8%A7%D9%84%D8%AA%D8%B5%D8%B9%D9%8A%D8%AF-%D8%A8%D9%8A%D9%86-%D8%A5%D8%B3%D8%B1%D8%A7%D8%A6%D9%8A%D9%84-%D9%88%D8%AD%D8%B2%D8%A8-%D8%A7%D9%84%D9%84%D9%87-%D9%85%D8%A7-%D8%A7%D9%84%D8%A3%D8%B6%D8%B1/ HTTP/1.1" 200 280482 "-" "Mozilla/5.0 (compatible; DotBot/1.2; +https://opensiteexplorer.org/dotbot; help@moz.com)"
85.208.96.207 - - [02/Jul/2024:22:38:07 +0200] "GET /quran/translate-de-40.html HTTP/1.1" 403 0 "-" "Mozilla/5.0 (compatible; SemrushBot/7~bl; +http://www.semrush.com/bot.html)"
85.208.96.204 - - [02/Jul/2024:22:40:09 +0200] "GET /quran/translate-de-1.html HTTP/1.1" 403 0 "-" "Mozilla/5.0 (compatible; SemrushBot/7~bl; +http://www.semrush.com/bot.html)"
147.45.78.15 - - [02/Jul/2024:22:40:14 +0200] "POST /74a7c9952328.php HTTP/1.1" 500 9 "-" "curl/7.86.0"
85.208.96.193 - - [02/Jul/2024:22:41:09 +0200] "GET /%D8%A8%D8%B9%D8%AF-15-%D9%84%D9%82%D8%A8%D8%A7%D9%8B-%D9%85%D8%B9-%D8%A7%D9%84%D9%81%D8%B1%D8%A7%D8%B9%D9%86%D8%A9-%D8%B5%D9%84%D8%A7%D8%AD-%D9%8A%D8%B3%D8%AC%D9%84-%D8%B1%D8%AD%D9%84%D8%AA%D9%87/ HTTP/1.1" 403 0 "-" "Mozilla/5.0 (compatible; SemrushBot/7~bl; +http://www.semrush.com/bot.html)"
185.170.167.18 - - [02/Jul/2024:22:42:08 +0200] "GET /%D8%A8%D8%A7%D9%84%D9%81%D9%8A%D8%AF%D9%8A%D9%88-%D9%85%D8%B0%D9%8A%D8%B9%D8%A9-%D9%85%D8%B5%D8%B1%D9%8A%D8%A9-%D8%AA%D9%88%D8%AB%D9%82-%D8%AA%D8%B9%D8%B1%D8%B6%D9%87%D8%A7-%D9%84%D9%84%D8%AA%D8%AD/ HTTP/1.1" 200 30208 "-" "BacklinksExtendedBot"
185.191.171.15 - - [02/Jul/2024:22:44:10 +0200] "GET /90-%D9%85%D9%84%D9%8A%D9%88%D9%86-%D9%8A%D9%88%D8%A7%D9%86-%D9%85%D9%86%D8%AD%D8%A9-%D9%85%D9%86-%D8%A7%D9%84%D8%B5%D9%8A%D9%86-%D9%84%D9%84%D8%B3%D9%88%D8%AF%D8%A7%D9%86/ HTTP/1.1" 403 0 "-" "Mozilla/5.0 (compatible; SemrushBot/7~bl; +http://www.semrush.com/bot.html)"
66.249.70.109 - - [02/Jul/2024:22:44:10 +0200] "GET /efzwl/j2784255.html HTTP/1.1" 200 43162 "-" "Mozilla/5.0 (Linux; Android 6.0.1; Nexus 5X Build/MMB29P) AppleWebKit/537.36 (KHTML, like Gecko) Chrome/125.0.6422.175 Mobile Safari/537.36 (compatible; Googlebot/2.1; +http://www.google.com/bot.html)"
66.249.70.108 - - [02/Jul/2024:22:44:13 +0200] "GET /tag/%D8%B4%D8%B9%D8%A7%D8%B1/ HTTP/1.1" 200 41266 "-" "Mozilla/5.0 (Linux; Android 6.0.1; Nexus 5X Build/MMB29P) AppleWebKit/537.36 (KHTML, like Gecko) Chrome/125.0.6422.175 Mobile Safari/537.36 (compatible; Googlebot/2.1; +http://www.google.com/bot.html)"
147.45.78.15 - - [02/Jul/2024:22:44:15 +0200] "POST /74a7c9952328.php HTTP/1.1" 500 9 "-" "curl/7.86.0"
85.208.96.205 - - [02/Jul/2024:22:45:11 +0200] "GET /%D8%A3%D9%85%D9%8A%D9%86-%D8%AD%D8%B3%D9%86-%D8%B9%D9%85%D8%B1-%D9%8A%D9%83%D8%AA%D8%A8-%D8%A3%D8%AC%D9%86%D8%AF%D8%A9-%D8%AC%D9%88%D9%86/ HTTP/1.1" 403 0 "-" "Mozilla/5.0 (compatible; SemrushBot/7~bl; +http://www.semrush.com/bot.html)"
66.249.70.109 - - [02/Jul/2024:22:45:17 +0200] "GET /enwmk/v187855.html HTTP/1.1" 200 41630 "-" "Mozilla/5.0 (Linux; Android 6.0.1; Nexus 5X Build/MMB29P) AppleWebKit/537.36 (KHTML, like Gecko) Chrome/125.0.6422.175 Mobile Safari/537.36 (compatible; Googlebot/2.1; +http://www.google.com/bot.html)"
66.249.70.109 - - [02/Jul/2024:22:46:50 +0200] "GET /lnyyy/c1102256.html HTTP/1.1" 200 41383 "-" "Mozilla/5.0 (Linux; Android 6.0.1; Nexus 5X Build/MMB29P) AppleWebKit/537.36 (KHTML, like Gecko) Chrome/125.0.6422.175 Mobile Safari/537.36 (compatible; Googlebot/2.1; +http://www.google.com/bot.html)"
185.191.171.5 - - [02/Jul/2024:22:48:13 +0200] "GET /%D8%A7%D9%84%D8%AA%D9%88%D8%A7%D9%81%D9%82-%D8%B9%D9%84%D9%89-%D8%AA%D9%88%D9%82%D9%8A%D8%B9-%D8%A7%D9%84%D8%A7%D8%AA%D9%81%D8%A7%D9%82-%D8%A7%D9%84%D8%B3%D9%8A%D8%A7%D8%B3%D9%8A-%D8%A7%D9%84%D9%86/ HTTP/1.1" 403 0 "-" "Mozilla/5.0 (compatible; SemrushBot/7~bl; +http://www.semrush.com/bot.html)"
66.249.70.108 - - [02/Jul/2024:22:49:14 +0200] "GET /mrcuf/s2221286.html HTTP/1.1" 200 41495 "-" "Mozilla/5.0 (Linux; Android 6.0.1; Nexus 5X Build/MMB29P) AppleWebKit/537.36 (KHTML, like Gecko) Chrome/125.0.6422.175 Mobile Safari/537.36 (compatible; Googlebot/2.1; +http://www.google.com/bot.html)"
85.208.96.197 - - [02/Jul/2024:22:50:15 +0200] "GET /%D8%B1%D8%BA%D9%85-%D8%A7%D9%84%D8%AA%D8%A6%D8%A7%D9%85-%D8%A7%D9%84%D8%B9%D8%A7%D9%85-%D8%A7%D9%84%D8%AF%D8%B1%D8%A7%D8%B3%D9%8A-%D8%A7%D9%84%D9%8A%D9%88%D9%85-%D8%A7%D8%B3%D8%AA%D9%85%D8%B1%D8%A7/ HTTP/1.1" 403 0 "-" "Mozilla/5.0 (compatible; SemrushBot/7~bl; +http://www.semrush.com/bot.html)"
66.249.70.108 - - [02/Jul/2024:22:51:00 +0200] "GET /westq/a2419154.html HTTP/1.1" 200 41876 "-" "Mozilla/5.0 (Linux; Android 6.0.1; Nexus 5X Build/MMB29P) AppleWebKit/537.36 (KHTML, like Gecko) Chrome/125.0.6422.175 Mobile Safari/537.36 (compatible; GoogleOther)"
85.208.96.194 - - [02/Jul/2024:22:47:13 +0200] "GET /%D8%A7%D9%84%D8%A5%D8%B1%D8%B5%D8%A7%D8%AF-%D8%AF%D8%B1%D8%AC%D8%A7%D8%AA-%D8%A7%D9%84%D8%AD%D8%B1%D8%A7%D8%B1%D8%A9-%D8%AA%D9%88%D8%A7%D8%B5%D9%84-%D8%A5%D9%86%D8%AE%D9%81%D8%A7%D8%B6%D9%87%D8%A7/ HTTP/1.1" 403 0 "-" "Mozilla/5.0 (compatible; SemrushBot/7~bl; +http://www.semrush.com/bot.html)"
66.249.70.108 - - [02/Jul/2024:22:48:53 +0200] "GET /wgcnr/e1406458.html HTTP/1.1" 200 42684 "-" "Mozilla/5.0 (Linux; Android 6.0.1; Nexus 5X Build/MMB29P) AppleWebKit/537.36 (KHTML, like Gecko) Chrome/125.0.6422.175 Mobile Safari/537.36 (compatible; GoogleOther)"
185.191.171.12 - - [02/Jul/2024:22:49:14 +0200] "GET /quran/translate-bn-14.html HTTP/1.1" 403 0 "-" "Mozilla/5.0 (compatible; SemrushBot/7~bl; +http://www.semrush.com/bot.html)"
40.77.167.46 - - [02/Jul/2024:22:49:23 +0200] "GET /xmqsc/m707950.html HTTP/2" 200 41948 "-" "Mozilla/5.0 AppleWebKit/537.36 (KHTML, like Gecko; compatible; bingbot/2.0; +http://www.bing.com/bingbot.htm) Chrome/116.0.1938.76 Safari/537.36"
147.45.78.15 - - [02/Jul/2024:22:50:16 +0200] "POST /74a7c9952328.php HTTP/1.1" 500 9 "-" "curl/7.86.0"
185.191.171.19 - - [02/Jul/2024:22:51:16 +0200] "GET /quran/translate-sv-33.html HTTP/1.1" 403 0 "-" "Mozilla/5.0 (compatible; SemrushBot/7~bl; +http://www.semrush.com/bot.html)"
66.249.70.108 - - [02/Jul/2024:22:53:06 +0200] "GET /spgea/s199370.html HTTP/1.1" 200 41072 "-" "Mozilla/5.0 (Linux; Android 6.0.1; Nexus 5X Build/MMB29P) AppleWebKit/537.36 (KHTML, like Gecko) Chrome/125.0.6422.175 Mobile Safari/537.36 (compatible; GoogleOther)"
40.77.167.46 - - [02/Jul/2024:22:45:02 +0200] "GET /kesxy/l1188507.html HTTP/2" 200 42316 "-" "Mozilla/5.0 AppleWebKit/537.36 (KHTML, like Gecko; compatible; bingbot/2.0; +http://www.bing.com/bingbot.htm) Chrome/116.0.1938.76 Safari/537.36"
66.249.70.108 - - [02/Jul/2024:22:45:17 +0200] "GET /mroco/c2423732.html HTTP/1.1" 200 42593 "-" "Mozilla/5.0 (Linux; Android 6.0.1; Nexus 5X Build/MMB29P) AppleWebKit/537.36 (KHTML, like Gecko) Chrome/125.0.6422.175 Mobile Safari/537.36 (compatible; Googlebot/2.1; +http://www.google.com/bot.html)"
185.191.171.4 - - [02/Jul/2024:22:46:12 +0200] "GET /%D9%86%D9%82%D9%84-%D8%A7%D9%84%D8%A8%D8%B4%D9%8A%D8%B1-%D9%88%D9%85%D8%B9%D8%A7%D9%88%D9%86%D9%8A%D9%87-%D9%85%D9%86-%D8%A7%D9%84%D9%85%D8%B3%D8%AA%D8%B4%D9%81%D9%89-%D8%A5%D9%84%D9%89-%D8%B3%D8%AC/ HTTP/1.1" 403 0 "-" "Mozilla/5.0 (compatible; SemrushBot/7~bl; +http://www.semrush.com/bot.html)"
147.45.78.15 - - [02/Jul/2024:22:46:14 +0200] "POST /74a7c9952328.php HTTP/1.1" 500 9 "-" "curl/7.86.0"
66.249.70.110 - - [02/Jul/2024:22:46:48 +0200] "GET /%D9%82%D9%88%D8%A7%D8%AA-%D8%A7%D9%84%D8%AF%D8%B9%D9%85-%D8%A7%D9%84%D8%B3%D8%B1%D9%8A%D8%B9-%D8%AA%D9%88%D8%A7%D9%81%D9%82-%D8%B9%D9%84%D9%89-%D9%88%D9%82%D9%81-%D8%A7%D9%84%D8%B9%D8%AF%D8%A7%D8%A6/ HTTP/1.1" 200 41687 "-" "Mozilla/5.0 (Linux; Android 6.0.1; Nexus 5X Build/MMB29P) AppleWebKit/537.36 (KHTML, like Gecko) Chrome/125.0.6422.175 Mobile Safari/537.36 (compatible; Googlebot/2.1; +http://www.google.com/bot.html)"
66.249.70.108 - - [02/Jul/2024:22:46:49 +0200] "GET /iebrm/q1665768.html HTTP/1.1" 200 41685 "-" "Mozilla/5.0 (Linux; Android 6.0.1; Nexus 5X Build/MMB29P) AppleWebKit/537.36 (KHTML, like Gecko) Chrome/125.0.6422.175 Mobile Safari/537.36 (compatible; GoogleOther)"
66.249.70.110 - - [02/Jul/2024:22:48:07 +0200] "GET /dhppe/z1467553.html HTTP/1.1" 200 41334 "-" "Mozilla/5.0 (Linux; Android 6.0.1; Nexus 5X Build/MMB29P) AppleWebKit/537.36 (KHTML, like Gecko) Chrome/125.0.6422.175 Mobile Safari/537.36 (compatible; Googlebot/2.1; +http://www.google.com/bot.html)"
147.45.78.15 - - [02/Jul/2024:22:48:17 +0200] "POST /74a7c9952328.php HTTP/1.1" 500 9 "-" "curl/7.86.0"
192.0.118.212 - - [02/Jul/2024:22:51:09 +0200] "GET /wp-content/uploads/2022/09/1032885294.jpg HTTP/1.1" 200 71252 "-" "Photon/1.0"
147.45.78.15 - - [02/Jul/2024:22:52:16 +0200] "POST /74a7c9952328.php HTTP/1.1" 500 9 "-" "curl/7.86.0"
185.191.171.1 - - [02/Jul/2024:22:52:16 +0200] "GET /%D8%AA%D8%B1%D9%83%D9%8A-%D8%A2%D9%84-%D8%A7%D9%84%D8%B4%D9%8A%D8%AE-%D9%85%D8%A8%D8%A7%D8%A8%D9%8A-%D8%A7%D9%84%D9%85%D9%81%D8%B1%D9%88%D8%B6-%D9%8A%D9%84%D8%B9%D8%A8-%D8%B3%D8%A8%D8%A7%D9%82%D8%A7/ HTTP/1.1" 403 0 "-" "Mozilla/5.0 (compatible; SemrushBot/7~bl; +http://www.semrush.com/bot.html)"
135.181.9.38 - - [02/Jul/2024:22:54:44 +0200] "POST /wp-cron.php?doing_wp_cron=1719953684.4144260883331298828125 HTTP/1.1" 200 0 "-" "WordPress/6.5.3; https://www.sudancam.net"
185.191.171.12 - - [02/Jul/2024:22:55:18 +0200] "GET /%D9%85%D9%85%D8%AB%D9%84-%D9%88%D8%A7%D9%84%D9%8A-%D8%A7%D9%84%D8%AC%D8%B2%D9%8A%D8%B1%D8%A9-%D8%AD%D8%B1%D8%A8-%D8%A7%D9%84%D9%83%D8%B1%D8%A7%D9%85%D8%A9-%D8%AA%D8%B1%D9%85%D9%8A-%D9%84%D8%B9%D8%B2/ HTTP/1.1" 403 0 "-" "Mozilla/5.0 (compatible; SemrushBot/7~bl; +http://www.semrush.com/bot.html)"
147.45.78.15 - - [02/Jul/2024:22:58:13 +0200] "POST /74a7c9952328.php HTTP/1.1" 500 9 "-" "curl/7.86.0"
66.249.70.109 - - [02/Jul/2024:22:53:19 +0200] "GET /%D8%A7%D9%84%D8%AD%D8%B1%D9%8A%D8%A9-%D9%88%D8%A7%D9%84%D8%AA%D8%BA%D9%8A%D9%8A%D8%B1-%D9%84%D9%85-%D9%86%D9%88%D8%A7%D9%81%D9%82-%D8%B9%D9%84%D9%89-%D8%A7%D9%84%D9%85%D9%82%D8%AA%D8%B1/ HTTP/1.1" 200 41628 "-" "Mozilla/5.0 (Linux; Android 6.0.1; Nexus 5X Build/MMB29P) AppleWebKit/537.36 (KHTML, like Gecko) Chrome/125.0.6422.175 Mobile Safari/537.36 (compatible; Googlebot/2.1; +http://www.google.com/bot.html)"
66.249.70.110 - - [02/Jul/2024:22:55:12 +0200] "GET /cmatu/a701594.html HTTP/1.1" 200 42103 "-" "Mozilla/5.0 (Linux; Android 6.0.1; Nexus 5X Build/MMB29P) AppleWebKit/537.36 (KHTML, like Gecko) Chrome/125.0.6422.175 Mobile Safari/537.36 (compatible; GoogleOther)"
66.249.70.110 - - [02/Jul/2024:22:57:18 +0200] "GET /azxac/l338671.html HTTP/1.1" 200 42248 "-" "Mozilla/5.0 (Linux; Android 6.0.1; Nexus 5X Build/MMB29P) AppleWebKit/537.36 (KHTML, like Gecko) Chrome/125.0.6422.175 Mobile Safari/537.36 (compatible; GoogleOther)"
147.45.78.15 - - [02/Jul/2024:23:00:17 +0200] "POST /74a7c9952328.php HTTP/1.1" 500 9 "-" "curl/7.86.0"
85.208.96.202 - - [02/Jul/2024:23:00:21 +0200] "GET /%D9%86%D8%AF%D8%B1%D8%A9-%D9%81%D9%8A-%D8%A7%D9%84%D9%88%D9%82%D9%88%D8%AF-%D9%88%D8%A7%D9%84%D8%A3%D8%AF%D9%88%D9%8A%D8%A9-%D9%88%D8%A7%D9%84%D8%B3%D9%84%D8%B9-%D8%A8%D8%B4%D9%85%D8%A7%D9%84-%D8%AF/ HTTP/1.1" 403 0 "-" "Mozilla/5.0 (compatible; SemrushBot/7~bl; +http://www.semrush.com/bot.html)"
85.208.96.212 - - [02/Jul/2024:23:01:22 +0200] "GET /tag/%D9%85%D8%B1%D8%AD%D8%A8%D8%AA%D9%8A%D9%86/ HTTP/1.1" 403 0 "-" "Mozilla/5.0 (compatible; SemrushBot/7~bl; +http://www.semrush.com/bot.html)"
52.167.144.171 - - [02/Jul/2024:23:02:30 +0200] "GET /dfutx/r2874483.html HTTP/2" 200 41853 "-" "Mozilla/5.0 AppleWebKit/537.36 (KHTML, like Gecko; compatible; bingbot/2.0; +http://www.bing.com/bingbot.htm) Chrome/116.0.1938.76 Safari/537.36"
85.208.96.195 - - [02/Jul/2024:22:53:17 +0200] "GET /%D8%B3%D8%B9%D8%B1-%D8%B5%D8%B1%D9%81-%D8%A7%D9%84%D8%AF%D9%88%D9%84%D8%A7%D8%B1-%D9%88%D8%A7%D9%84%D8%B9%D9%85%D9%84%D8%A7%D8%AA-%D8%A8%D8%A7%D9%84%D8%B3%D9%88%D9%82-%D8%A7%D9%84%D9%85%D9%88%D8%A7-15/ HTTP/1.1" 403 0 "-" "Mozilla/5.0 (compatible; SemrushBot/7~bl; +http://www.semrush.com/bot.html)"
147.45.78.15 - - [02/Jul/2024:22:54:13 +0200] "POST /74a7c9952328.php HTTP/1.1" 500 9 "-" "curl/7.86.0"
185.191.171.14 - - [02/Jul/2024:22:54:18 +0200] "GET /%D8%A7%D9%84%D8%A2%D9%84%D9%8A%D8%A9-%D8%A7%D9%84%D9%85%D8%AB%D9%84%D9%89-%D9%84%D9%85%D8%B9%D8%A7%D9%84%D8%AC%D8%A9-%D8%A7%D9%84%D8%A3%D8%B2%D9%85%D8%A9-%D8%A7%D9%84%D8%B3%D9%88%D8%AF%D8%A7%D9%86/ HTTP/1.1" 403 0 "-" "Mozilla/5.0 (compatible; SemrushBot/7~bl; +http://www.semrush.com/bot.html)"
66.102.9.77 - - [02/Jul/2024:22:54:43 +0200] "HEAD /feed/ HTTP/1.1" 200 0 "-" "FeedBurner/1.0 (http://www.FeedBurner.com)"
135.181.9.38 - - [02/Jul/2024:22:54:44 +0200] "POST /wp-admin/admin-ajax.php?action=async_litespeed&nonce=fa75a626a4&litespeed_type=imgoptm HTTP/1.1" 200 21 "-" "WordPress/6.5.3; https://www.sudancam.net"
192.0.112.50 - - [02/Jul/2024:22:55:34 +0200] "GET /wp-content/uploads/2023/01/18-1.jpg HTTP/1.1" 200 31102 "-" "Photon/1.0"
147.45.78.15 - - [02/Jul/2024:22:56:15 +0200] "POST /74a7c9952328.php HTTP/1.1" 500 9 "-" "curl/7.86.0"
185.191.171.18 - - [02/Jul/2024:22:56:19 +0200] "GET /tag/%D9%84%D8%A7%D8%BA%D8%A7%D8%AB%D8%A9/ HTTP/1.1" 403 0 "-" "Mozilla/5.0 (compatible; SemrushBot/7~bl; +http://www.semrush.com/bot.html)"
85.208.96.194 - - [02/Jul/2024:22:57:20 +0200] "GET /%D8%B7%D8%A7%D9%82%D9%85-%D8%AA%D8%AD%D9%83%D9%8A%D9%85-%D8%B5%D9%88%D9%85%D8%A7%D9%84%D9%8A-%D9%84%D8%A7%D9%8A%D8%A7%D8%A8-%D9%85%D8%A8%D8%A7%D8%B1%D8%A7%D8%A9-%D8%A7%D9%84%D9%87%D9%84%D8%A7%D9%84/ HTTP/1.1" 403 0 "-" "Mozilla/5.0 (compatible; SemrushBot/7~bl; +http://www.semrush.com/bot.html)"
52.167.144.171 - - [02/Jul/2024:22:58:07 +0200] "GET /iczbg/a312634.html HTTP/2" 200 41672 "-" "Mozilla/5.0 AppleWebKit/537.36 (KHTML, like Gecko; compatible; bingbot/2.0; +http://www.bing.com/bingbot.htm) Chrome/116.0.1938.76 Safari/537.36"
185.191.171.14 - - [02/Jul/2024:22:58:20 +0200] "GET /tag/%D9%88%D8%A7%D9%84%D8%AD%D8%A8/ HTTP/1.1" 403 0 "-" "Mozilla/5.0 (compatible; SemrushBot/7~bl; +http://www.semrush.com/bot.html)"
185.191.171.15 - - [02/Jul/2024:22:59:21 +0200] "GET /%D8%A8%D8%B7%D8%A7%D8%B1%D9%8A%D8%A9-%D9%87%D8%A7%D8%AA%D9%81-%D8%AA%D9%88%D8%AF%D9%8A-%D8%A8%D8%AD%D9%8A%D8%A7%D8%A9-9-%D9%88%D8%A5%D8%B5%D8%A7%D8%A8%D8%A9-12-%D8%A2%D8%AE%D8%B1%D9%8A%D9%86/ HTTP/1.1" 403 0 "-" "Mozilla/5.0 (compatible; SemrushBot/7~bl; +http://www.semrush.com/bot.html)"
192.0.113.210 - - [02/Jul/2024:23:00:05 +0200] "GET /wp-content/uploads/2023/03/%D9%86%D9%88%D9%85.png HTTP/1.1" 200 389382 "-" "Photon/1.0"
40.77.167.9 - - [02/Jul/2024:23:02:08 +0200] "GET /irztu/l2905053.html HTTP/2" 200 41897 "-" "Mozilla/5.0 AppleWebKit/537.36 (KHTML, like Gecko; compatible; bingbot/2.0; +http://www.bing.com/bingbot.htm) Chrome/116.0.1938.76 Safari/537.36"
147.45.78.15 - - [02/Jul/2024:23:02:12 +0200] "POST /74a7c9952328.php HTTP/1.1" 500 9 "-" "curl/7.86.0"
185.191.171.7 - - [02/Jul/2024:23:02:22 +0200] "GET /%D8%AD%D8%B1%D8%A8-%D8%A7%D9%84%D8%B3%D9%88%D8%AF%D8%A7%D9%86-%D8%AF%D8%AC%D8%A7%D8%AC%D9%83-%D8%AF%D8%A7-%D8%B9%D8%AC%D9%88%D8%B2-%D8%AF%D8%AC%D8%A7%D8%AC%D9%83-%D8%AF%D8%A7-%D9%85%D8%A7-%D8%A8/ HTTP/1.1" 403 0 "-" "Mozilla/5.0 (compatible; SemrushBot/7~bl; +http://www.semrush.com/bot.html)"
66.249.70.110 - - [02/Jul/2024:23:05:43 +0200] "GET /llspz/b2297501.html HTTP/1.1" 200 41977 "-" "Mozilla/5.0 (Linux; Android 6.0.1; Nexus 5X Build/MMB29P) AppleWebKit/537.36 (KHTML, like Gecko) Chrome/125.0.6422.175 Mobile Safari/537.36 (compatible; GoogleOther)"
147.45.78.15 - - [02/Jul/2024:23:08:13 +0200] "POST /74a7c9952328.php HTTP/1.1" 500 9 "-" "curl/7.86.0"
66.249.93.12 - - [02/Jul/2024:23:09:08 +0200] "GET /feed/ HTTP/1.1" 200 19297 "-" "FeedBurner/1.0 (http://www.FeedBurner.com)"
135.181.9.38 - - [02/Jul/2024:23:09:09 +0200] "POST /wp-admin/admin-ajax.php?action=async_litespeed&nonce=fa75a626a4&litespeed_type=imgoptm HTTP/1.1" 200 21 "-" "WordPress/6.5.3; https://www.sudancam.net"
66.249.83.64 - - [02/Jul/2024:23:09:09 +0200] "HEAD /%D8%AD%D8%B1%D8%A8-%D8%A7%D9%84%D8%B3%D9%88%D8%AF%D8%A7%D9%86-%D8%AB%D9%85-%D9%85%D8%A7%D8%B0%D8%A7-%D8%A8%D8%B9%D8%AF-%D8%B3%D9%86%D8%AC%D8%A9/ HTTP/1.1" 200 0 "-" "FeedBurner/1.0 (http://www.FeedBurner.com)"
66.249.83.65 - - [02/Jul/2024:23:09:09 +0200] "HEAD /%D8%A7%D9%84%D9%88%D8%B7%D9%86%D9%8A-%D9%84%D9%85-%D9%86%D8%AA%D9%84%D9%82-%D8%AF%D8%B9%D9%88%D8%A9-%D9%84%D9%84%D9%85%D8%B4%D8%A7%D8%B1%D9%83%D8%A9-%D9%81%D9%8A-%D9%85%D8%A4%D8%AA%D9%85%D8%B1-%D8%A7/ HTTP/1.1" 200 0 "-" "FeedBurner/1.0 (http://www.FeedBurner.com)"
66.249.83.65 - - [02/Jul/2024:23:09:09 +0200] "HEAD /%D9%83%D8%A3%D8%B3-%D8%A3%D9%85%D9%85-%D8%A3%D9%88%D8%B1%D9%88%D8%A8%D8%A7-2024-%D9%87%D9%88%D9%84%D9%86%D8%AF%D8%A7-%D8%AA%D8%AA%D8%AC%D8%A7%D9%88%D8%B2-%D8%B9%D9%82%D8%A8%D8%A9-%D8%B1%D9%88%D9%85/ HTTP/1.1" 200 0 "-" "FeedBurner/1.0 (http://www.FeedBurner.com)"
66.249.83.89 - - [02/Jul/2024:23:09:09 +0200] "HEAD /%D8%A7%D9%84%D8%AC%D9%8A%D8%B4-%D9%8A%D9%82%D9%88%D9%84-%D8%A5%D9%86%D9%87-%D8%B3%D9%8A%D8%B7%D8%B1-%D8%B9%D9%84%D9%89-%D8%AD%D9%8A-%D8%A7%D9%84%D8%AF%D9%88%D8%AD%D8%A9-%D8%A8%D8%A3%D9%85-%D8%AF%D8%B1/ HTTP/1.1" 200 0 "-" "FeedBurner/1.0 (http://www.FeedBurner.com)"
66.249.83.64 - - [02/Jul/2024:23:09:09 +0200] "HEAD /%D8%A7%D9%84%D8%A3%D9%88%D8%B1%D9%88%D8%BA%D9%88%D8%A7%D9%8A-%D8%AA%D9%82%D8%B5%D9%8A-%D8%A7%D9%84%D9%88%D9%84%D8%A7%D9%8A%D8%A7%D8%AA-%D8%A7%D9%84%D9%85%D8%AA%D8%AD%D8%AF%D8%A9-%D9%88%D8%AA%D8%AA/ HTTP/1.1" 200 0 "-" "FeedBurner/1.0 (http://www.FeedBurner.com)"
66.249.83.65 - - [02/Jul/2024:23:09:09 +0200] "HEAD /en-iyi-slot-oyunlar-ucretsiz-on-line-casino-83/ HTTP/1.1" 200 0 "-" "FeedBurner/1.0 (http://www.FeedBurner.com)"
147.45.78.15 - - [02/Jul/2024:23:10:12 +0200] "POST /74a7c9952328.php HTTP/1.1" 500 9 "-" "curl/7.86.0"
52.167.144.186 - - [02/Jul/2024:23:11:29 +0200] "GET /%D8%A7%D8%B4%D8%AA%D8%A8%D8%A7%D9%83%D8%A7%D8%AA-%D8%A8%D9%8A%D9%86-%D8%A7%D9%84%D8%AC%D9%8A%D8%B4-%D9%88%D8%A7%D9%84%D8%AF%D8%B9%D9%85-%D8%A7%D9%84%D8%B3%D8%B1%D9%8A%D8%B9-%D8%B9%D9%84%D9%89-%D8%AA/ HTTP/2" 200 43778 "-" "Mozilla/5.0 AppleWebKit/537.36 (KHTML, like Gecko; compatible; bingbot/2.0; +http://www.bing.com/bingbot.htm) Chrome/116.0.1938.76 Safari/537.36"
85.208.96.204 - - [02/Jul/2024:23:11:29 +0200] "GET /quran/translate-ro-5.html HTTP/1.1" 403 0 "-" "Mozilla/5.0 (compatible; SemrushBot/7~bl; +http://www.semrush.com/bot.html)"
52.167.144.186 - - [02/Jul/2024:23:11:30 +0200] "GET /hpkqk/a1540536.html HTTP/2" 200 43561 "-" "Mozilla/5.0 AppleWebKit/537.36 (KHTML, like Gecko; compatible; bingbot/2.0; +http://www.bing.com/bingbot.htm) Chrome/116.0.1938.76 Safari/537.36"
66.249.70.109 - - [02/Jul/2024:23:11:43 +0200] "GET /un6xee/how-to-update-comfyui-github.html HTTP/1.1" 200 41338 "-" "Mozilla/5.0 (Linux; Android 6.0.1; Nexus 5X Build/MMB29P) AppleWebKit/537.36 (KHTML, like Gecko) Chrome/125.0.6422.175 Mobile Safari/537.36 (compatible; Googlebot/2.1; +http://www.google.com/bot.html)"
135.181.9.38 - - [02/Jul/2024:23:03:05 +0200] "POST /wp-cron.php?doing_wp_cron=1719954185.2971320152282714843750 HTTP/1.1" 200 0 "-" "WordPress/6.5.3; https://www.sudancam.net"
185.191.171.13 - - [02/Jul/2024:23:04:24 +0200] "GET /%D9%85%D8%B9%D9%84%D9%85%D9%88-%D8%A7%D9%84%D8%B3%D9%88%D8%AF%D8%A7%D9%86-%D9%8A%D8%B6%D8%B1%D8%A8%D9%88%D9%86-%D8%B9%D9%86-%D8%A7%D9%84%D8%B9%D9%85%D9%84-%D9%85%D8%AC%D8%AF%D8%AF%D8%A7-%D8%A7%D8%AD/ HTTP/1.1" 403 0 "-" "Mozilla/5.0 (compatible; SemrushBot/7~bl; +http://www.semrush.com/bot.html)"
185.191.171.11 - - [02/Jul/2024:23:05:25 +0200] "GET /tag/%D8%A7%D9%84%D8%AA%D9%82%D9%8A%D9%8A%D9%85/ HTTP/1.1" 403 0 "-" "Mozilla/5.0 (compatible; SemrushBot/7~bl; +http://www.semrush.com/bot.html)"
40.77.167.26 - - [02/Jul/2024:23:06:06 +0200] "GET /welsi/k2126482.html HTTP/2" 200 42341 "-" "Mozilla/5.0 AppleWebKit/537.36 (KHTML, like Gecko; compatible; bingbot/2.0; +http://www.bing.com/bingbot.htm) Chrome/116.0.1938.76 Safari/537.36"
185.191.171.12 - - [02/Jul/2024:23:06:25 +0200] "GET /%D8%A7%D8%B9%D8%AA%D9%82%D8%A7%D9%84%D8%A7%D8%AA-%D9%88%D8%A7%D8%B3%D8%B9%D8%A9-%D8%AA%D8%B7%D8%A7%D9%84-%D8%A3%D8%B9%D8%B6%D8%A7%D8%A1-%D9%84%D8%AC%D9%86%D8%A9-%D8%A7%D9%84%D9%85%D8%B9%D9%84%D9%85/ HTTP/1.1" 403 0 "-" "Mozilla/5.0 (compatible; SemrushBot/7~bl; +http://www.semrush.com/bot.html)"
66.249.70.108 - - [02/Jul/2024:23:07:49 +0200] "GET /afggk/y710510.html HTTP/1.1" 200 41861 "-" "Mozilla/5.0 (Linux; Android 6.0.1; Nexus 5X Build/MMB29P) AppleWebKit/537.36 (KHTML, like Gecko) Chrome/125.0.6422.175 Mobile Safari/537.36 (compatible; GoogleOther)"
85.208.96.209 - - [02/Jul/2024:23:08:27 +0200] "GET /%D8%A3%D8%B3%D9%88%D8%A7%D9%82-%D8%A7%D9%84%D8%B9%D9%85%D9%84%D8%A7%D8%AA-%D9%81%D8%B1%D9%88%D9%82%D8%A7%D8%AA-%D8%A7%D9%84%D8%B1%D8%B3%D9%85%D9%8A-%D9%88%D8%A7%D9%84%D9%85%D9%88%D8%A7%D8%B2%D9%8A/ HTTP/1.1" 403 0 "-" "Mozilla/5.0 (compatible; SemrushBot/7~bl; +http://www.semrush.com/bot.html)"
135.181.9.38 - - [02/Jul/2024:23:09:08 +0200] "POST /wp-cron.php?doing_wp_cron=1719954548.7129280567169189453125 HTTP/1.1" 200 0 "-" "WordPress/6.5.3; https://www.sudancam.net"
66.249.83.65 - - [02/Jul/2024:23:09:09 +0200] "HEAD /%D8%A7%D8%B1%D8%AA%D9%81%D8%A7%D8%B9-%D8%A7%D9%84%D8%A7%D8%B5%D8%A7%D8%A8%D8%A7%D8%AA-%D8%A8%D8%AD%D9%85%D9%89-%D8%A7%D9%84%D8%B6%D9%86%D9%83-%D9%81%D9%8A-%D8%A7%D9%84%D8%AE%D8%B1%D8%B7%D9%88%D9%85/ HTTP/1.1" 200 0 "-" "FeedBurner/1.0 (http://www.FeedBurner.com)"
66.249.83.89 - - [02/Jul/2024:23:09:09 +0200] "HEAD /%D8%A7%D9%84%D8%AF%D8%B9%D9%85-%D8%A7%D9%84%D8%B3%D8%B1%D9%8A%D8%B9-%D8%AA%D9%82%D8%B5%D9%81-%D9%85%D8%B3%D8%AA%D8%B4%D9%81%D9%8A%D9%8A%D9%86-%D9%81%D9%8A-%D8%A7%D9%84%D9%81%D8%A7%D8%B4/ HTTP/1.1" 200 0 "-" "FeedBurner/1.0 (http://www.FeedBurner.com)"
185.191.171.6 - - [02/Jul/2024:23:10:28 +0200] "GET /%D8%B4%D8%A7%D9%87%D8%AF-%D8%A8%D8%A7%D9%84%D9%81%D9%8A%D8%AF%D9%8A%D9%88-%D9%85%D9%85%D8%AB%D9%84-%D9%88%D9%81%D9%86%D8%A7%D9%86-%D8%B3%D9%88%D8%AF%D8%A7%D9%86%D9%8A-%D9%8A%D8%B7%D9%84%D9%82-%D9%84/ HTTP/1.1" 403 0 "-" "Mozilla/5.0 (compatible; SemrushBot/7~bl; +http://www.semrush.com/bot.html)"
185.191.171.18 - - [02/Jul/2024:23:12:30 +0200] "GET /%D8%B3%D8%A8%D8%AF%D9%88-%D9%8A%D9%82%D8%AF%D9%85-%D8%B7%D9%84%D8%A8-%D8%A7%D9%8A%D9%82%D8%A7%D9%81-%D9%85%D8%A8%D8%A7%D8%B1%D9%8A%D8%A7%D8%AA-%D8%AF%D9%88%D8%B1-%D8%A7%D9%84%D8%B9%D8%B4%D8%B1%D8%A9/ HTTP/1.1" 403 0 "-" "Mozilla/5.0 (compatible; SemrushBot/7~bl; +http://www.semrush.com/bot.html)"
66.249.70.108 - - [02/Jul/2024:23:13:04 +0200] "GET /nwlhq/h934665.html HTTP/1.1" 200 43429 "-" "Mozilla/5.0 (Linux; Android 6.0.1; Nexus 5X Build/MMB29P) AppleWebKit/537.36 (KHTML, like Gecko) Chrome/125.0.6422.175 Mobile Safari/537.36 (compatible; Googlebot/2.1; +http://www.google.com/bot.html)"
185.170.167.18 - - [02/Jul/2024:23:03:04 +0200] "GET /tag/%D8%A7%D9%84%D8%B3%D9%81%D9%8A%D9%86%D8%A9/ HTTP/1.1" 200 23131 "-" "BacklinksExtendedBot"
85.208.96.207 - - [02/Jul/2024:23:03:23 +0200] "GET /tag/%D8%A7%D9%84%D8%A8%D8%A4%D8%B3/ HTTP/1.1" 403 0 "-" "Mozilla/5.0 (compatible; SemrushBot/7~bl; +http://www.semrush.com/bot.html)"
40.77.167.26 - - [02/Jul/2024:23:03:55 +0200] "GET /akbxp/z1653973.html HTTP/2" 200 43033 "-" "Mozilla/5.0 AppleWebKit/537.36 (KHTML, like Gecko; compatible; bingbot/2.0; +http://www.bing.com/bingbot.htm) Chrome/116.0.1938.76 Safari/537.36"
147.45.78.15 - - [02/Jul/2024:23:04:13 +0200] "POST /74a7c9952328.php HTTP/1.1" 500 9 "-" "curl/7.86.0"
40.77.167.9 - - [02/Jul/2024:23:04:19 +0200] "GET /tdszm/j1837335.html HTTP/2" 200 42354 "-" "Mozilla/5.0 AppleWebKit/537.36 (KHTML, like Gecko; compatible; bingbot/2.0; +http://www.bing.com/bingbot.htm) Chrome/116.0.1938.76 Safari/537.36"
147.45.78.15 - - [02/Jul/2024:23:06:13 +0200] "POST /74a7c9952328.php HTTP/1.1" 500 9 "-" "curl/7.86.0"
85.208.96.203 - - [02/Jul/2024:23:07:26 +0200] "GET /tag/%D8%A7%D9%86%D9%83%D8%B3%D8%B1%D8%AA/ HTTP/1.1" 403 0 "-" "Mozilla/5.0 (compatible; SemrushBot/7~bl; +http://www.semrush.com/bot.html)"
66.249.83.89 - - [02/Jul/2024:23:09:09 +0200] "HEAD /%D8%A7%D9%84%D8%A8%D8%B1%D8%AA%D8%BA%D8%A7%D9%84-%D8%AA%D8%AA%D8%A3%D9%87%D9%84-%D8%A5%D9%84%D9%89-%D8%B1%D8%A8%D8%B9-%D8%A7%D9%84%D9%86%D9%87%D8%A7%D8%A6%D9%8A-%D8%A8%D8%B9%D8%AF-%D8%A7%D9%86%D8%AA/ HTTP/1.1" 200 0 "-" "FeedBurner/1.0 (http://www.FeedBurner.com)"
66.249.83.64 - - [02/Jul/2024:23:09:09 +0200] "HEAD /%D8%A7%D9%84%D8%AE%D8%A7%D8%B1%D8%AC%D9%8A%D8%A9-%D8%A7%D9%84%D8%AF%D8%B9%D9%85-%D8%A7%D9%84%D8%B3%D8%B1%D9%8A%D8%B9-%D8%A7%D8%B1%D8%AA%D9%83%D8%A8%D8%AA-%D9%85%D8%AC%D8%B2%D8%B1%D8%A9-%D8%A8%D8%AD/ HTTP/1.1" 200 0 "-" "FeedBurner/1.0 (http://www.FeedBurner.com)"
85.208.96.197 - - [02/Jul/2024:23:09:27 +0200] "GET /%D9%85%D8%AC%D9%84%D8%B3-%D8%A7%D9%84%D8%B3%D9%8A%D8%A7%D8%AF%D8%A9-%D8%A7%D9%84%D9%85%D8%A4%D8%B3%D8%B3%D8%A9-%D8%A7%D9%84%D8%B9%D8%B3%D9%83%D8%B1%D9%8A%D8%A9-%D9%84%D9%8A%D8%B3%D8%AA-%D8%B6%D8%AF/ HTTP/1.1" 403 0 "-" "Mozilla/5.0 (compatible; SemrushBot/7~bl; +http://www.semrush.com/bot.html)"
66.249.70.108 - - [02/Jul/2024:23:11:44 +0200] "GET /tag/%D9%86%D9%81%D8%B3%D9%87%D8%A7/ HTTP/1.1" 200 41465 "-" "Mozilla/5.0 (Linux; Android 6.0.1; Nexus 5X Build/MMB29P) AppleWebKit/537.36 (KHTML, like Gecko) Chrome/125.0.6422.175 Mobile Safari/537.36 (compatible; Googlebot/2.1; +http://www.google.com/bot.html)"
66.249.70.109 - - [02/Jul/2024:23:13:08 +0200] "GET /mxfax/j1264165.html HTTP/1.1" 200 42779 "-" "Mozilla/5.0 (Linux; Android 6.0.1; Nexus 5X Build/MMB29P) AppleWebKit/537.36 (KHTML, like Gecko) Chrome/125.0.6422.175 Mobile Safari/537.36 (compatible; Googlebot/2.1; +http://www.google.com/bot.html)"
85.208.96.205 - - [02/Jul/2024:23:13:31 +0200] "GET /quran/translate-th-24.html HTTP/1.1" 403 0 "-" "Mozilla/5.0 (compatible; SemrushBot/7~bl; +http://www.semrush.com/bot.html)"
147.45.78.15 - - [02/Jul/2024:23:16:13 +0200] "POST /74a7c9952328.php HTTP/1.1" 500 9 "-" "curl/7.86.0"
66.249.70.110 - - [02/Jul/2024:23:18:09 +0200] "GET /fjsaq/p190345.html HTTP/1.1" 200 42025 "-" "Mozilla/5.0 (Linux; Android 6.0.1; Nexus 5X Build/MMB29P) AppleWebKit/537.36 (KHTML, like Gecko) Chrome/125.0.6422.175 Mobile Safari/537.36 (compatible; Googlebot/2.1; +http://www.google.com/bot.html)"
66.249.70.109 - - [02/Jul/2024:23:18:18 +0200] "GET /%D8%A7%D9%84%D8%A3%D8%AC%D8%B3%D8%A7%D9%85-%D8%A7%D9%84%D8%AB%D9%88%D8%B1%D9%8A%D8%A9-%D8%B9%D9%84%D9%89-%D8%A7%D9%84%D9%85%D8%AD%D9%83-%D8%A8%D8%B9%D8%AF-%D9%82%D8%B1%D8%A7%D8%B1%D8%A7%D8%AA-%D8%A7/ HTTP/1.1" 200 42643 "-" "Mozilla/5.0 (Linux; Android 6.0.1; Nexus 5X Build/MMB29P) AppleWebKit/537.36 (KHTML, like Gecko) Chrome/125.0.6422.175 Mobile Safari/537.36 (compatible; Googlebot/2.1; +http://www.google.com/bot.html)"
66.249.70.108 - - [02/Jul/2024:23:19:20 +0200] "GET /iaiol/v889647.html HTTP/1.1" 200 42077 "-" "Mozilla/5.0 (Linux; Android 6.0.1; Nexus 5X Build/MMB29P) AppleWebKit/537.36 (KHTML, like Gecko) Chrome/125.0.6422.175 Mobile Safari/537.36 (compatible; Googlebot/2.1; +http://www.google.com/bot.html)"
66.249.70.108 - - [02/Jul/2024:23:11:43 +0200] "GET /%D8%A7%D9%84%D8%B3%D9%88%D8%AF%D8%A7%D9%86-%D9%8A%D9%81%D9%82%D8%AF-%D8%A2%D8%AE%D8%B1-%D8%B9%D9%85%D8%A7%D9%84%D9%82%D8%A9-%D8%A7%D9%84%D8%BA%D9%86%D8%A7%D8%A1-%D8%B1%D8%AD%D9%8A%D9%84-%D8%A7%D9%84/ HTTP/1.1" 200 41627 "-" "Mozilla/5.0 (Linux; Android 6.0.1; Nexus 5X Build/MMB29P) AppleWebKit/537.36 (KHTML, like Gecko) Chrome/125.0.6422.175 Mobile Safari/537.36 (compatible; Googlebot/2.1; +http://www.google.com/bot.html)"
147.45.78.15 - - [02/Jul/2024:23:12:13 +0200] "POST /74a7c9952328.php HTTP/1.1" 500 9 "-" "curl/7.86.0"
66.249.70.110 - - [02/Jul/2024:23:14:20 +0200] "GET /un6xee/get-free-twitch-followers.html HTTP/1.1" 200 41397 "-" "Mozilla/5.0 (Linux; Android 6.0.1; Nexus 5X Build/MMB29P) AppleWebKit/537.36 (KHTML, like Gecko) Chrome/125.0.6422.175 Mobile Safari/537.36 (compatible; Googlebot/2.1; +http://www.google.com/bot.html)"
66.249.70.108 - - [02/Jul/2024:23:14:21 +0200] "GET /un6xee/parking-master-multiplayer-2-mod-apk-an1.html HTTP/1.1" 200 43243 "-" "Mozilla/5.0 (Linux; Android 6.0.1; Nexus 5X Build/MMB29P) AppleWebKit/537.36 (KHTML, like Gecko) Chrome/125.0.6422.175 Mobile Safari/537.36 (compatible; Googlebot/2.1; +http://www.google.com/bot.html)"
40.77.167.21 - - [02/Jul/2024:23:15:37 +0200] "GET /wipvn/n2572645.html HTTP/2" 200 42724 "-" "Mozilla/5.0 AppleWebKit/537.36 (KHTML, like Gecko; compatible; bingbot/2.0; +http://www.bing.com/bingbot.htm) Chrome/116.0.1938.76 Safari/537.36"
52.167.144.186 - - [02/Jul/2024:23:15:42 +0200] "GET /yjrwc/y2645664.html HTTP/2" 200 41278 "-" "Mozilla/5.0 AppleWebKit/537.36 (KHTML, like Gecko; compatible; bingbot/2.0; +http://www.bing.com/bingbot.htm) Chrome/116.0.1938.76 Safari/537.36"
66.249.70.110 - - [02/Jul/2024:23:16:33 +0200] "GET /un6xee/devilbiss-gt5000-generator.html HTTP/1.1" 200 42032 "-" "Mozilla/5.0 (Linux; Android 6.0.1; Nexus 5X Build/MMB29P) AppleWebKit/537.36 (KHTML, like Gecko) Chrome/125.0.6422.175 Mobile Safari/537.36 (compatible; Googlebot/2.1; +http://www.google.com/bot.html)"
20.15.133.185 - - [02/Jul/2024:23:16:33 +0200] "GET /hciai/e1735800.html HTTP/2" 200 42231 "-" "Mozilla/5.0 AppleWebKit/537.36 (KHTML, like Gecko; compatible; bingbot/2.0; +http://www.bing.com/bingbot.htm) Chrome/116.0.1938.76 Safari/537.36"
85.208.96.208 - - [02/Jul/2024:23:17:33 +0200] "GET /tag/%D8%AA%D9%86%D8%A7%D8%B6%D9%84/ HTTP/1.1" 403 0 "-" "Mozilla/5.0 (compatible; SemrushBot/7~bl; +http://www.semrush.com/bot.html)"
66.249.70.109 - - [02/Jul/2024:23:18:07 +0200] "GET /%D9%88%D8%A7%D9%84%D9%8A-%D8%A7%D9%84%D8%AE%D8%B1%D8%B7%D9%88%D9%85-%D9%8A%D8%B7%D8%A7%D9%84%D8%A8-%D8%A8%D8%A8%D8%B1%D9%86%D8%A7%D9%85%D8%AC-%D8%B9%D9%85%D9%84-%D8%B9%D8%A7%D8%AC%D9%84-%D9%84%D8%AA/feed/ HTTP/1.1" 200 42090 "-" "Mozilla/5.0 (Linux; Android 6.0.1; Nexus 5X Build/MMB29P) AppleWebKit/537.36 (KHTML, like Gecko) Chrome/125.0.6422.175 Mobile Safari/537.36 (compatible; Googlebot/2.1; +http://www.google.com/bot.html)"
147.45.78.15 - - [02/Jul/2024:23:18:14 +0200] "POST /74a7c9952328.php HTTP/1.1" 500 9 "-" "curl/7.86.0"
66.249.70.108 - - [02/Jul/2024:23:18:17 +0200] "GET /tag/%D8%A7%D9%84%D9%85%D9%88%D8%A7%D9%86%D8%A6/ HTTP/1.1" 200 41751 "-" "Mozilla/5.0 (Linux; Android 6.0.1; Nexus 5X Build/MMB29P) AppleWebKit/537.36 (KHTML, like Gecko) Chrome/125.0.6422.175 Mobile Safari/537.36 (compatible; Googlebot/2.1; +http://www.google.com/bot.html)"
66.249.70.110 - - [02/Jul/2024:23:19:22 +0200] "GET /dkjcs/y264766.html HTTP/1.1" 200 41627 "-" "Mozilla/5.0 (compatible; Googlebot/2.1; +http://www.google.com/bot.html)"
85.208.96.211 - - [02/Jul/2024:23:19:34 +0200] "GET /quran/translate-en_yusuf_ali-28.html HTTP/1.1" 403 0 "-" "Mozilla/5.0 (compatible; SemrushBot/7~bl; +http://www.semrush.com/bot.html)"
66.249.70.108 - - [02/Jul/2024:23:13:08 +0200] "GET /%D8%AA%D8%B2%D8%A7%D9%8A%D8%AF-%D8%AD%D8%A7%D9%84%D8%A7%D8%AA-%D8%A7%D9%84%D8%A7%D8%B4%D8%AA%D8%A8%D8%A7%D9%87-%D8%A8%D9%80%D9%83%D9%88%D8%B1%D9%88%D9%86%D8%A7-%D9%88%D8%AA%D8%B3/ HTTP/1.1" 200 41980 "-" "Mozilla/5.0 (Linux; Android 6.0.1; Nexus 5X Build/MMB29P) AppleWebKit/537.36 (KHTML, like Gecko) Chrome/125.0.6422.175 Mobile Safari/537.36 (compatible; Googlebot/2.1; +http://www.google.com/bot.html)"
147.45.78.15 - - [02/Jul/2024:23:14:12 +0200] "POST /74a7c9952328.php HTTP/1.1" 500 9 "-" "curl/7.86.0"
185.191.171.6 - - [02/Jul/2024:23:14:31 +0200] "GET /%D8%A7%D9%84%D8%AF%D8%B9%D9%85-%D8%A7%D9%84%D8%B3%D8%B1%D9%8A%D8%B9-%D9%8A%D8%B9%D9%84%D9%86-%D8%A5%D8%B7%D9%84%D8%A7%D9%82-%D8%B3%D8%B1%D8%A7%D8%AD-100-%D9%85%D9%86-%D8%A3%D8%B3%D8%B1%D9%89-%D8%A7/ HTTP/1.1" 403 0 "-" "Mozilla/5.0 (compatible; SemrushBot/7~bl; +http://www.semrush.com/bot.html)"
66.249.70.109 - - [02/Jul/2024:23:15:25 +0200] "GET /krkku/f2754325.html HTTP/1.1" 200 41771 "-" "Mozilla/5.0 (Linux; Android 6.0.1; Nexus 5X Build/MMB29P) AppleWebKit/537.36 (KHTML, like Gecko) Chrome/125.0.6422.175 Mobile Safari/537.36 (compatible; Googlebot/2.1; +http://www.google.com/bot.html)"
185.191.171.8 - - [02/Jul/2024:23:15:32 +0200] "GET /%D8%B1%D8%A6%D9%8A%D8%B3-%D9%86%D8%A7%D8%AF%D9%8A%D9%86%D8%A7-%D8%A7%D9%84%D8%B7%D9%8A%D8%B4-%D8%A3%D9%82%D8%B1%D8%B9-%D9%88%D9%86%D8%B2%D9%87%D9%8A/ HTTP/1.1" 403 0 "-" "Mozilla/5.0 (compatible; SemrushBot/7~bl; +http://www.semrush.com/bot.html)"
85.208.96.198 - - [02/Jul/2024:23:16:32 +0200] "GET /%D8%A5%D8%B0%D8%A7-%D8%B6%D8%A7%D8%B9-%D8%A7%D9%84%D8%B7%D8%B1%D9%8A%D9%82-%D9%81%D8%A7%D8%A8%D8%AD%D8%AB%D9%88-%D8%B9%D9%86-%D8%A7%D9%84%D9%82%D9%88%D8%A7%D8%AA-%D8%A7%D9%84%D9%85%D8%B3%D9%84%D8%AD/ HTTP/1.1" 403 0 "-" "Mozilla/5.0 (compatible; SemrushBot/7~bl; +http://www.semrush.com/bot.html)"
185.191.171.3 - - [02/Jul/2024:23:18:33 +0200] "GET /%D8%B3%D8%A7%D8%A8%D9%82%D8%A9-%D9%81%D9%8A-%D8%A7%D9%84%D8%AA%D8%A7%D8%B1%D9%8A%D8%AE-%D8%A7%D9%84%D8%A3%D9%85%D9%8A%D8%B1%D9%83%D9%8A-%D9%85%D8%A7%D8%B0%D8%A7-%D8%AA%D8%B9%D9%86%D9%8A-%D9%85%D8%AD/ HTTP/1.1" 403 0 "-" "Mozilla/5.0 (compatible; SemrushBot/7~bl; +http://www.semrush.com/bot.html)"
52.167.144.235 - - [02/Jul/2024:23:19:55 +0200] "GET /%D8%AA%D8%B1%D9%83%D9%8A%D8%A7-%D8%AA%D8%AA%D8%BA%D9%84%D8%A8-%D8%B9%D9%84%D9%89-%D8%A7%D9%84%D9%86%D9%85%D8%B3%D8%A7-%D9%88%D8%AA%D8%A8%D9%84%D8%BA-%D8%B1%D8%A8%D8%B9-%D8%A7%D9%84%D9%86%D9%87%D8%A7/ HTTP/2" 200 41832 "-" "Mozilla/5.0 AppleWebKit/537.36 (KHTML, like Gecko; compatible; bingbot/2.0; +http://www.bing.com/bingbot.htm) Chrome/116.0.1938.76 Safari/537.36"
66.249.70.110 - - [02/Jul/2024:23:20:37 +0200] "GET /wvvqp/l2109271.html HTTP/1.1" 200 42707 "-" "Mozilla/5.0 (Linux; Android 6.0.1; Nexus 5X Build/MMB29P) AppleWebKit/537.36 (KHTML, like Gecko) Chrome/125.0.6422.175 Mobile Safari/537.36 (compatible; Googlebot/2.1; +http://www.google.com/bot.html)"
66.249.70.109 - - [02/Jul/2024:23:21:48 +0200] "GET /lqfkq/w1130408.html HTTP/1.1" 200 42187 "-" "Mozilla/5.0 (Linux; Android 6.0.1; Nexus 5X Build/MMB29P) AppleWebKit/537.36 (KHTML, like Gecko) Chrome/125.0.6422.175 Mobile Safari/537.36 (compatible; Googlebot/2.1; +http://www.google.com/bot.html)"
147.45.78.15 - - [02/Jul/2024:23:22:16 +0200] "POST /74a7c9952328.php HTTP/1.1" 500 9 "-" "curl/7.86.0"
135.181.9.38 - - [02/Jul/2024:23:22:23 +0200] "POST /wp-cron.php?doing_wp_cron=1719955343.4630229473114013671875 HTTP/1.1" 200 0 "-" "WordPress/6.5.3; https://www.sudancam.net"
45.81.136.186 - - [02/Jul/2024:23:22:23 +0200] "GET / HTTP/2" 301 0 "-" "Mozilla/5.0 (Macintosh; Intel Mac OS X 10_15_7) AppleWebKit/537.36 (KHTML, like Gecko) Chrome/120.0.0.0 Safari/537.36"
135.181.9.38 - - [02/Jul/2024:23:22:26 +0200] "POST /wp-admin/admin-ajax.php?action=async_litespeed&nonce=fa75a626a4&litespeed_type=imgoptm HTTP/1.1" 200 21 "-" "WordPress/6.5.3; https://www.sudancam.net"
85.208.96.209 - - [02/Jul/2024:23:23:37 +0200] "GET /%D8%AB%D9%88%D8%B1%D8%A9-%D8%A7%D9%84%D8%A8%D9%86%D8%A7%D8%AA-%D9%82%D8%A7%D8%AF%D9%85%D8%A9-%D8%B3%D9%88%D8%AF%D8%A7%D9%86-%D8%AA%D8%B1%D8%A8%D9%8A%D9%88%D9%86/ HTTP/1.1" 403 0 "-" "Mozilla/5.0 (compatible; SemrushBot/7~bl; +http://www.semrush.com/bot.html)"
147.45.78.15 - - [02/Jul/2024:23:24:13 +0200] "POST /74a7c9952328.php HTTP/1.1" 500 9 "-" "curl/7.86.0"
85.208.96.210 - - [02/Jul/2024:23:24:37 +0200] "GET /%D8%AD%D9%8A%D8%AF%D8%B1-%D8%A7%D9%84%D9%85%D9%83%D8%A7%D8%B4%D9%81%D9%8A-%D9%8A%D9%83%D8%AA%D8%A8-%D8%AC%D8%A7%D9%85%D8%B9%D8%A9-%D8%B7%D8%A7%D9%84%D8%A8%D8%A7%D9%86%D9%8A%D8%A9/ HTTP/1.1" 403 0 "-" "Mozilla/5.0 (compatible; SemrushBot/7~bl; +http://www.semrush.com/bot.html)"
135.181.9.38 - - [02/Jul/2024:23:25:24 +0200] "POST /wp-cron.php?doing_wp_cron=1719955524.0374090671539306640625 HTTP/1.1" 200 0 "-" "WordPress/6.5.3; https://www.sudancam.net"
135.181.9.38 - - [02/Jul/2024:23:25:24 +0200] "POST /wp-admin/admin-ajax.php?action=async_litespeed&nonce=fa75a626a4&litespeed_type=imgoptm HTTP/1.1" 200 21 "-" "WordPress/6.5.3; https://www.sudancam.net"
147.45.78.15 - - [02/Jul/2024:23:26:17 +0200] "POST /74a7c9952328.php HTTP/1.1" 500 9 "-" "curl/7.86.0"
85.208.96.202 - - [02/Jul/2024:23:26:38 +0200] "GET /quran/translate-ms-89.html HTTP/1.1" 403 0 "-" "Mozilla/5.0 (compatible; SemrushBot/7~bl; +http://www.semrush.com/bot.html)"
85.208.96.204 - - [02/Jul/2024:23:30:41 +0200] "GET /tag/%D8%A3%D8%AA%D9%81%D8%A7%D8%AC%D8%A3/ HTTP/1.1" 403 0 "-" "Mozilla/5.0 (compatible; SemrushBot/7~bl; +http://www.semrush.com/bot.html)"
85.208.96.197 - - [02/Jul/2024:23:31:41 +0200] "GET /quran/translate-pl-17.html HTTP/1.1" 403 0 "-" "Mozilla/5.0 (compatible; SemrushBot/7~bl; +http://www.semrush.com/bot.html)"
66.249.70.108 - - [02/Jul/2024:23:32:10 +0200] "GET /iunqa/a888248.html HTTP/1.1" 200 42460 "-" "Mozilla/5.0 (Linux; Android 6.0.1; Nexus 5X Build/MMB29P) AppleWebKit/537.36 (KHTML, like Gecko) Chrome/125.0.6422.175 Mobile Safari/537.36 (compatible; Googlebot/2.1; +http://www.google.com/bot.html)"
135.181.9.38 - - [02/Jul/2024:23:19:40 +0200] "POST /wp-cron.php?doing_wp_cron=1719955180.2240149974822998046875 HTTP/1.1" 200 0 "-" "WordPress/6.5.3; https://www.sudancam.net"
92.247.181.32 - - [02/Jul/2024:23:19:39 +0200] "GET /feed/ HTTP/1.1" 304 0 "https://www.sudancam.net/" "Inoreader/1.0 (+http://www.inoreader.com/feed-fetcher; 1 subscribers; )"
185.191.171.6 - - [02/Jul/2024:23:21:36 +0200] "GET /%D8%AA%D8%B6%D8%AD%D9%8A%D8%A9-%D8%AB%D9%85-%D8%AA%D8%A3%D9%84%D9%82-%D9%82%D8%B5%D8%A9-%D8%B6%D9%85%D8%A7%D8%AF%D8%A9-%D8%A8%D9%86%D8%B2%D9%8A%D9%85%D8%A7-%D8%A7%D9%84%D8%B4%D9%87%D9%8A%D8%B1%D8%A9/ HTTP/1.1" 403 0 "-" "Mozilla/5.0 (compatible; SemrushBot/7~bl; +http://www.semrush.com/bot.html)"
45.81.136.186 - - [02/Jul/2024:23:22:23 +0200] "GET / HTTP/2" 200 61233 "-" "Mozilla/5.0 (Macintosh; Intel Mac OS X 10_15_7) AppleWebKit/537.36 (KHTML, like Gecko) Chrome/120.0.0.0 Safari/537.36"
66.249.70.108 - - [02/Jul/2024:23:22:33 +0200] "GET /vlhcl/p2205553.html HTTP/1.1" 200 41767 "-" "Mozilla/5.0 (Linux; Android 6.0.1; Nexus 5X Build/MMB29P) AppleWebKit/537.36 (KHTML, like Gecko) Chrome/125.0.6422.175 Mobile Safari/537.36 (compatible; GoogleOther)"
185.191.171.12 - - [02/Jul/2024:23:22:36 +0200] "GET /%D9%85%D8%AD%D9%85%D8%AF-%D9%85%D8%AD%D9%85%D8%AF-%D8%AE%D9%8A%D8%B1-%D9%8A%D9%83%D8%AA%D8%A8-%D8%A8%D8%A7%D9%84%D9%82%D9%8F%D8%B1%D9%92%D8%A8-%D9%85%D9%86-%D8%A7%D9%84%D8%A8%D8%AD%D9%92%D8%B1/ HTTP/1.1" 403 0 "-" "Mozilla/5.0 (compatible; SemrushBot/7~bl; +http://www.semrush.com/bot.html)"
185.170.167.18 - - [02/Jul/2024:23:25:23 +0200] "GET /%D9%87%D9%8A%D8%A6%D8%A9-%D8%AD%D9%83%D9%88%D9%85%D9%8A%D8%A9-%D8%AA%D9%86%D8%AA%D9%82%D8%AF-%D8%A7%D9%87%D9%85%D8%A7%D9%84-%D8%A7%D9%84%D9%85%D8%AC%D8%AA%D9%85%D8%B9-%D8%A7%D9%84%D8%AF%D9%88%D9%84/ HTTP/1.1" 200 45195 "-" "BacklinksExtendedBot"
85.208.96.198 - - [02/Jul/2024:23:27:39 +0200] "GET /tag/%D8%A3%D8%B9%D8%AF%D8%AF%D9%86%D8%A7/ HTTP/1.1" 403 0 "-" "Mozilla/5.0 (compatible; SemrushBot/7~bl; +http://www.semrush.com/bot.html)"
85.208.96.193 - - [02/Jul/2024:23:28:39 +0200] "GET /%D8%B4%D8%A7%D9%87%D8%AF-%D8%A8%D8%A7%D9%84%D9%81%D9%8A%D8%AF%D9%8A%D9%88-%D8%A7%D9%84%D9%86%D9%82%D9%8A%D8%A8-%D8%B3%D9%81%D9%8A%D8%A7%D9%86-%D8%A7%D9%84%D8%AA%D9%85%D8%B1%D8%AF-%D8%B9%D9%84%D9%89/ HTTP/1.1" 403 0 "-" "Mozilla/5.0 (compatible; SemrushBot/7~bl; +http://www.semrush.com/bot.html)"
199.45.154.126 - - [02/Jul/2024:23:33:57 +0200] "GET / HTTP/1.1" 400 52 "-" "Mozilla/5.0 (compatible; CensysInspect/1.1; +https://about.censys.io/)"
135.181.9.38 - - [02/Jul/2024:23:35:06 +0200] "POST /wp-cron.php?doing_wp_cron=1719956106.9121580123901367187500 HTTP/1.1" 200 0 "-" "WordPress/6.5.3; https://www.sudancam.net"
52.167.144.230 - - [02/Jul/2024:23:35:30 +0200] "GET /%D8%B5%D9%86%D8%AF%D9%88%D9%82-%D8%A7%D9%84%D8%B3%D9%83%D8%A7%D9%86-%D8%A7%D9%84%D8%AC%D9%88%D8%B9-%D9%8A%D9%87%D8%AF%D8%AF-%D9%85%D8%A7-%D9%8A%D8%B2%D9%8A%D8%AF-%D8%B9%D9%86-800-%D8%A3%D9%84%D9%81/ HTTP/2" 200 41471 "-" "Mozilla/5.0 AppleWebKit/537.36 (KHTML, like Gecko; compatible; bingbot/2.0; +http://www.bing.com/bingbot.htm) Chrome/116.0.1938.76 Safari/537.36"
185.191.171.7 - - [02/Jul/2024:23:35:44 +0200] "GET /quran/translate-id-2.html HTTP/1.1" 403 0 "-" "Mozilla/5.0 (compatible; SemrushBot/7~bl; +http://www.semrush.com/bot.html)"
85.208.96.209 - - [02/Jul/2024:23:32:42 +0200] "GET /%D9%85%D8%AA%D8%AD%D8%AF%D8%AB-%D8%A7%D9%84%D9%81%D8%B1%D8%A7%D8%BA-%D9%85%D9%86-%D8%B5%D9%8A%D8%A7%D8%BA%D8%A9-%D8%A3%D9%88%D9%84%D9%8A%D8%A9-%D9%84%D9%85%D8%B3%D9%88%D8%AF%D8%A9-%D8%A7%D9%84%D8%A7/ HTTP/1.1" 403 0 "-" "Mozilla/5.0 (compatible; SemrushBot/7~bl; +http://www.semrush.com/bot.html)"
147.45.78.15 - - [02/Jul/2024:23:34:12 +0200] "POST /74a7c9952328.php HTTP/1.1" 500 9 "-" "curl/7.86.0"
185.191.171.13 - - [02/Jul/2024:23:34:43 +0200] "GET /12-%D8%AA%D8%B7%D8%A8%D9%8A%D9%82%D8%A7-%D9%85%D8%AC%D8%A7%D9%86%D9%8A%D8%A7-%D8%A5%D9%84%D9%8A%D9%83-%D8%A3%D9%81%D8%B6%D9%84-%D8%AA%D8%B7%D8%A8%D9%8A%D9%82%D8%A7%D8%AA-%D8%AA%D8%B9%D9%84%D9%85/ HTTP/1.1" 403 0 "-" "Mozilla/5.0 (compatible; SemrushBot/7~bl; +http://www.semrush.com/bot.html)"
185.170.167.18 - - [02/Jul/2024:23:35:06 +0200] "GET /tag/%D8%A7%D9%84%D9%85%D8%AC%D9%88%D9%87%D8%B1%D8%A7%D8%AA/ HTTP/1.1" 200 32603 "-" "BacklinksExtendedBot"
135.181.9.38 - - [02/Jul/2024:23:35:07 +0200] "POST /wp-admin/admin-ajax.php?action=async_litespeed&nonce=fa75a626a4&litespeed_type=imgoptm HTTP/1.1" 200 21 "-" "WordPress/6.5.3; https://www.sudancam.net"
135.181.9.38 - - [02/Jul/2024:23:35:10 +0200] "GET /wp-content/uploads/2023/05/9898797979-1682607216.jpg HTTP/2" 200 70705 "http://sudantribune.com" "Mozilla/5.0 (Macintosh; Intel Mac OS X 10_14_6) AppleWebKit/537.36 (KHTML, like Gecko) Chrome/83.0.4103.116 Safari/537.36"
135.181.9.38 - - [02/Jul/2024:23:19:40 +0200] "POST /wp-admin/admin-ajax.php?action=async_litespeed&nonce=fa75a626a4&litespeed_type=imgoptm HTTP/1.1" 200 21 "-" "WordPress/6.5.3; https://www.sudancam.net"
147.45.78.15 - - [02/Jul/2024:23:20:13 +0200] "POST /74a7c9952328.php HTTP/1.1" 500 9 "-" "curl/7.86.0"
85.208.96.196 - - [02/Jul/2024:23:20:34 +0200] "GET /%D8%A7%D9%84%D9%85%D8%A4%D8%A8%D8%AF-%D9%84%D8%AD%D8%A7%D8%B1%D8%B3-%D8%B9%D9%82%D8%A7%D8%B1-%D8%AE%D8%B7%D9%81-3-%D8%A3%D8%B7%D9%81%D8%A7%D9%84-%D9%88%D9%87%D8%AA%D9%83-%D8%B9%D8%B1%D8%B6%D9%87%D9%85/ HTTP/1.1" 403 0 "-" "Mozilla/5.0 (compatible; SemrushBot/7~bl; +http://www.semrush.com/bot.html)"
66.249.70.109 - - [02/Jul/2024:23:22:52 +0200] "GET /txzhu/a1911062.html HTTP/1.1" 200 41254 "-" "Mozilla/5.0 (compatible; Googlebot/2.1; +http://www.google.com/bot.html)"
52.167.144.235 - - [02/Jul/2024:23:25:17 +0200] "GET /vmxyz/r1827749.html HTTP/2" 200 42839 "-" "Mozilla/5.0 AppleWebKit/537.36 (KHTML, like Gecko; compatible; bingbot/2.0; +http://www.bing.com/bingbot.htm) Chrome/116.0.1938.76 Safari/537.36"
85.208.96.199 - - [02/Jul/2024:23:25:38 +0200] "GET /%D9%85%D8%B2%D8%A7%D8%B1%D8%B9%D9%88-%D8%A7%D9%84%D8%B4%D9%85%D8%A7%D9%84%D9%8A%D8%A9-%D9%8A%D8%AC%D8%AF%D8%AF%D9%88%D9%86-%D8%B1%D9%81%D8%B6%D9%87%D9%85-%D9%84%D9%84%D8%AA%D8%B9%D8%B1%D9%81%D8%A9/ HTTP/1.1" 403 0 "-" "Mozilla/5.0 (compatible; SemrushBot/7~bl; +http://www.semrush.com/bot.html)"
147.45.78.15 - - [02/Jul/2024:23:28:13 +0200] "POST /74a7c9952328.php HTTP/1.1" 500 9 "-" "curl/7.86.0"
40.77.167.67 - - [02/Jul/2024:23:29:31 +0200] "GET /gqpbb/e1040404.html HTTP/2" 200 41650 "-" "Mozilla/5.0 AppleWebKit/537.36 (KHTML, like Gecko; compatible; bingbot/2.0; +http://www.bing.com/bingbot.htm) Chrome/116.0.1938.76 Safari/537.36"
85.208.96.196 - - [02/Jul/2024:23:29:40 +0200] "GET /tag/%D8%A5%D8%B9%D9%81%D8%A7%D8%A1%D8%A7%D8%AA/ HTTP/1.1" 403 0 "-" "Mozilla/5.0 (compatible; SemrushBot/7~bl; +http://www.semrush.com/bot.html)"
147.45.78.15 - - [02/Jul/2024:23:30:12 +0200] "POST /74a7c9952328.php HTTP/1.1" 500 9 "-" "curl/7.86.0"
66.249.70.108 - - [02/Jul/2024:23:30:29 +0200] "GET /txzhu/a1911062.html HTTP/1.1" 200 41254 "-" "Mozilla/5.0 (Linux; Android 6.0.1; Nexus 5X Build/MMB29P) AppleWebKit/537.36 (KHTML, like Gecko) Chrome/125.0.6422.175 Mobile Safari/537.36 (compatible; Googlebot/2.1; +http://www.google.com/bot.html)"
40.77.167.55 - - [02/Jul/2024:23:31:30 +0200] "GET /fpxuj/n2145751.html HTTP/2" 200 41261 "-" "Mozilla/5.0 AppleWebKit/537.36 (KHTML, like Gecko; compatible; bingbot/2.0; +http://www.bing.com/bingbot.htm) Chrome/116.0.1938.76 Safari/537.36"
40.77.167.55 - - [02/Jul/2024:23:31:51 +0200] "GET /ushqe/e1707902.html HTTP/2" 200 41288 "-" "Mozilla/5.0 AppleWebKit/537.36 (KHTML, like Gecko; compatible; bingbot/2.0; +http://www.bing.com/bingbot.htm) Chrome/116.0.1938.76 Safari/537.36"
147.45.78.15 - - [02/Jul/2024:23:32:17 +0200] "POST /74a7c9952328.php HTTP/1.1" 500 9 "-" "curl/7.86.0"
185.191.171.16 - - [02/Jul/2024:23:33:42 +0200] "GET /tag/%D9%8A%D9%84%D9%82%D9%89/ HTTP/1.1" 403 0 "-" "Mozilla/5.0 (compatible; SemrushBot/7~bl; +http://www.semrush.com/bot.html)"
85.208.96.209 - - [02/Jul/2024:23:34:47 +0200] "GET /robots.txt HTTP/1.1" 200 182 "-" "Mozilla/5.0 (compatible; SemrushBot/7~bl; +http://www.semrush.com/bot.html)"
135.181.9.38 - - [02/Jul/2024:23:35:07 +0200] "GET /sitemap_index.xml HTTP/1.1" 200 17157 "-" "WordPress/6.5.3; https://www.sudancam.net"
147.45.78.15 - - [02/Jul/2024:23:36:13 +0200] "POST /74a7c9952328.php HTTP/1.1" 500 9 "-" "curl/7.86.0"
