94.23.7.188 - - [02/Jul/2024:18:59:08 +0200] "GET /tag/%D9%86%D8%B3%D9%82/ HTTP/1.1" 403 0 "-" "Mozilla/5.0 (compatible; MJ12bot/v1.4.8; http://mj12bot.com/)"
94.23.7.188 - - [02/Jul/2024:18:59:11 +0200] "GET /tag/%D9%86%D9%82%D8%B1/ HTTP/1.1" 403 0 "-" "Mozilla/5.0 (compatible; MJ12bot/v1.4.8; http://mj12bot.com/)"
94.23.7.188 - - [02/Jul/2024:18:59:12 +0200] "GET /tag/%D9%86%D9%82%D8%B7%D8%A9/ HTTP/1.1" 403 0 "-" "Mozilla/5.0 (compatible; MJ12bot/v1.4.8; http://mj12bot.com/)"
94.23.7.188 - - [02/Jul/2024:18:59:14 +0200] "GET /tag/%D9%86%D9%85%D9%8A%D8%B1%D9%8A/ HTTP/1.1" 403 0 "-" "Mozilla/5.0 (compatible; MJ12bot/v1.4.8; http://mj12bot.com/)"
94.23.7.188 - - [02/Jul/2024:18:59:17 +0200] "GET /tag/%D9%86%D9%87%D8%A7%D9%8A%D8%A9/ HTTP/1.1" 403 0 "-" "Mozilla/5.0 (compatible; MJ12bot/v1.4.8; http://mj12bot.com/)"
94.23.7.188 - - [02/Jul/2024:18:59:19 +0200] "GET /tag/%D9%86%D9%88%D8%A8%D8%A7%D9%88%D9%8A/ HTTP/1.1" 403 0 "-" "Mozilla/5.0 (compatible; MJ12bot/v1.4.8; http://mj12bot.com/)"
94.23.7.188 - - [02/Jul/2024:18:59:21 +0200] "GET /tag/%D9%86%D9%88%D8%A8%D8%A9/ HTTP/1.1" 403 0 "-" "Mozilla/5.0 (compatible; MJ12bot/v1.4.8; http://mj12bot.com/)"
94.23.7.188 - - [02/Jul/2024:18:59:23 +0200] "GET /tag/%D9%86%D9%8A%D8%A7%D9%84%D8%A7/ HTTP/1.1" 403 0 "-" "Mozilla/5.0 (compatible; MJ12bot/v1.4.8; http://mj12bot.com/)"
94.23.7.188 - - [02/Jul/2024:18:59:25 +0200] "GET /tag/%D9%87%D8%A7%D8%AA%D9%81/ HTTP/1.1" 403 0 "-" "Mozilla/5.0 (compatible; MJ12bot/v1.4.8; http://mj12bot.com/)"
94.23.7.188 - - [02/Jul/2024:18:59:27 +0200] "GET /tag/%D9%87%D8%A7%D8%AC%D8%B1/ HTTP/1.1" 403 0 "-" "Mozilla/5.0 (compatible; MJ12bot/v1.4.8; http://mj12bot.com/)"
94.23.7.188 - - [02/Jul/2024:18:59:29 +0200] "GET /tag/%D9%87%D8%AF%D9%81/ HTTP/1.1" 403 0 "-" "Mozilla/5.0 (compatible; MJ12bot/v1.4.8; http://mj12bot.com/)"
94.23.7.188 - - [02/Jul/2024:18:59:31 +0200] "GET /tag/%D9%87%D8%B0%D9%87/ HTTP/1.1" 403 0 "-" "Mozilla/5.0 (compatible; MJ12bot/v1.4.8; http://mj12bot.com/)"
66.249.70.108 - - [02/Jul/2024:18:59:11 +0200] "GET /mizsr/a1686370.html HTTP/1.1" 200 42184 "-" "Mozilla/5.0 (Linux; Android 6.0.1; Nexus 5X Build/MMB29P) AppleWebKit/537.36 (KHTML, like Gecko) Chrome/125.0.6422.175 Mobile Safari/537.36 (compatible; Googlebot/2.1; +http://www.google.com/bot.html)"
66.249.70.108 - - [02/Jul/2024:18:59:12 +0200] "GET /rsgdg/x2418865.html HTTP/1.1" 200 42542 "-" "Mozilla/5.0 (Linux; Android 6.0.1; Nexus 5X Build/MMB29P) AppleWebKit/537.36 (KHTML, like Gecko) Chrome/125.0.6422.175 Mobile Safari/537.36 (compatible; Googlebot/2.1; +http://www.google.com/bot.html)"
66.249.70.110 - - [02/Jul/2024:18:59:14 +0200] "GET /rinuz/t1893843.html HTTP/1.1" 200 41881 "-" "Mozilla/5.0 (Linux; Android 6.0.1; Nexus 5X Build/MMB29P) AppleWebKit/537.36 (KHTML, like Gecko) Chrome/125.0.6422.175 Mobile Safari/537.36 (compatible; Googlebot/2.1; +http://www.google.com/bot.html)"
52.167.144.166 - - [02/Jul/2024:18:59:36 +0200] "GET /topgh/b841189.html HTTP/2" 200 41484 "-" "Mozilla/5.0 AppleWebKit/537.36 (KHTML, like Gecko; compatible; bingbot/2.0; +http://www.bing.com/bingbot.htm) Chrome/116.0.1938.76 Safari/537.36"
94.23.7.188 - - [02/Jul/2024:18:59:34 +0200] "GET /tag/%D9%87%D9%83%D8%B0%D8%A7/ HTTP/1.1" 403 0 "-" "Mozilla/5.0 (compatible; MJ12bot/v1.4.8; http://mj12bot.com/)"
94.23.7.188 - - [02/Jul/2024:18:59:37 +0200] "GET /tag/%D9%87%D9%84/ HTTP/1.1" 403 0 "-" "Mozilla/5.0 (compatible; MJ12bot/v1.4.8; http://mj12bot.com/)"
66.249.70.109 - - [02/Jul/2024:18:59:09 +0200] "GET /mzufc/n1547595.html HTTP/1.1" 200 43583 "-" "Mozilla/5.0 (Linux; Android 6.0.1; Nexus 5X Build/MMB29P) AppleWebKit/537.36 (KHTML, like Gecko) Chrome/125.0.6422.175 Mobile Safari/537.36 (compatible; Googlebot/2.1; +http://www.google.com/bot.html)"
66.249.70.109 - - [02/Jul/2024:18:59:10 +0200] "GET /qoppb/w1771568.html HTTP/1.1" 200 41508 "-" "Mozilla/5.0 (Linux; Android 6.0.1; Nexus 5X Build/MMB29P) AppleWebKit/537.36 (KHTML, like Gecko) Chrome/125.0.6422.175 Mobile Safari/537.36 (compatible; Googlebot/2.1; +http://www.google.com/bot.html)"
66.249.70.109 - - [02/Jul/2024:18:59:13 +0200] "GET /ithio/d3010761.html HTTP/1.1" 200 42213 "-" "Mozilla/5.0 (Linux; Android 6.0.1; Nexus 5X Build/MMB29P) AppleWebKit/537.36 (KHTML, like Gecko) Chrome/125.0.6422.175 Mobile Safari/537.36 (compatible; Googlebot/2.1; +http://www.google.com/bot.html)"
66.249.70.109 - - [02/Jul/2024:18:59:14 +0200] "GET /ejgts/v350199.html HTTP/1.1" 200 41802 "-" "Mozilla/5.0 (Linux; Android 6.0.1; Nexus 5X Build/MMB29P) AppleWebKit/537.36 (KHTML, like Gecko) Chrome/125.0.6422.175 Mobile Safari/537.36 (compatible; Googlebot/2.1; +http://www.google.com/bot.html)"
94.23.7.188 - - [02/Jul/2024:18:59:39 +0200] "GET /tag/%D9%87%D9%88/ HTTP/1.1" 403 0 "-" "Mozilla/5.0 (compatible; MJ12bot/v1.4.8; http://mj12bot.com/)"
94.23.7.188 - - [02/Jul/2024:18:59:41 +0200] "GET /tag/%D9%87%D9%8A/ HTTP/1.1" 403 0 "-" "Mozilla/5.0 (compatible; MJ12bot/v1.4.8; http://mj12bot.com/)"
94.23.7.188 - - [02/Jul/2024:18:59:42 +0200] "GET /tag/%D9%88%D8%A3%D8%A8%D8%B9%D8%A7%D8%AF/ HTTP/1.1" 403 0 "-" "Mozilla/5.0 (compatible; MJ12bot/v1.4.8; http://mj12bot.com/)"
85.208.96.202 - - [02/Jul/2024:18:59:44 +0200] "GET /tag/%D9%85%D9%88%D8%AC%D9%87%D8%A9/ HTTP/1.1" 403 0 "-" "Mozilla/5.0 (compatible; SemrushBot/7~bl; +http://www.semrush.com/bot.html)"
94.23.7.188 - - [02/Jul/2024:18:59:45 +0200] "GET /tag/%D9%88%D8%A7%D8%A8%D9%83%D9%8A%D8%AA%D9%86%D9%8A/ HTTP/1.1" 403 0 "-" "Mozilla/5.0 (compatible; MJ12bot/v1.4.8; http://mj12bot.com/)"
94.23.7.188 - - [02/Jul/2024:18:59:48 +0200] "GET /tag/%D9%88%D8%A7%D8%B3%D8%B9/ HTTP/1.1" 403 0 "-" "Mozilla/5.0 (compatible; MJ12bot/v1.4.8; http://mj12bot.com/)"
94.23.7.188 - - [02/Jul/2024:18:59:50 +0200] "GET /tag/%D9%88%D8%A7%D9%81%D8%AA%D9%82%D8%A7%D8%AF/ HTTP/1.1" 403 0 "-" "Mozilla/5.0 (compatible; MJ12bot/v1.4.8; http://mj12bot.com/)"
94.23.7.188 - - [02/Jul/2024:18:59:51 +0200] "GET /tag/%D9%88%D8%A7%D9%82%D8%B9%D9%8A%D8%A9/ HTTP/1.1" 403 0 "-" "Mozilla/5.0 (compatible; MJ12bot/v1.4.8; http://mj12bot.com/)"
94.23.7.188 - - [02/Jul/2024:18:59:53 +0200] "GET /tag/%D9%88%D8%A7%D9%84%D8%A3%D9%86%D8%AF%D9%8A%D8%A9/ HTTP/1.1" 403 0 "-" "Mozilla/5.0 (compatible; MJ12bot/v1.4.8; http://mj12bot.com/)"
94.23.7.188 - - [02/Jul/2024:18:59:57 +0200] "GET /tag/%D9%88%D8%A7%D9%84%D8%A7%D9%86/ HTTP/1.1" 403 0 "-" "Mozilla/5.0 (compatible; MJ12bot/v1.4.8; http://mj12bot.com/)"
94.23.7.188 - - [02/Jul/2024:19:00:00 +0200] "GET /tag/%D9%88%D8%A7%D9%84%D8%A7%D9%86%D8%AD%D8%AF%D8%A7%D8%B1/ HTTP/1.1" 403 0 "-" "Mozilla/5.0 (compatible; MJ12bot/v1.4.8; http://mj12bot.com/)"
94.23.7.188 - - [02/Jul/2024:19:00:02 +0200] "GET /tag/%D9%88%D8%A7%D9%84%D8%AA%D8%AE%D8%A7%D8%B1%D9%8A%D9%81/ HTTP/1.1" 403 0 "-" "Mozilla/5.0 (compatible; MJ12bot/v1.4.8; http://mj12bot.com/)"
94.23.7.188 - - [02/Jul/2024:19:00:04 +0200] "GET /tag/%D9%88%D8%A7%D9%84%D8%AA%D8%B1%D8%AA%D8%A7%D9%86/ HTTP/1.1" 403 0 "-" "Mozilla/5.0 (compatible; MJ12bot/v1.4.8; http://mj12bot.com/)"
94.23.7.188 - - [02/Jul/2024:19:00:07 +0200] "GET /tag/%D9%88%D8%A7%D9%84%D8%AA%D8%BA%D9%8A%D9%8A%D8%B1/ HTTP/1.1" 403 0 "-" "Mozilla/5.0 (compatible; MJ12bot/v1.4.8; http://mj12bot.com/)"
94.23.7.188 - - [02/Jul/2024:19:00:08 +0200] "GET /tag/%D9%88%D8%A7%D9%84%D8%AC%D8%AF%D9%8A/ HTTP/1.1" 403 0 "-" "Mozilla/5.0 (compatible; MJ12bot/v1.4.8; http://mj12bot.com/)"
94.23.7.188 - - [02/Jul/2024:19:00:10 +0200] "GET /tag/%D9%88%D8%A7%D9%84%D8%AC%D9%85%D9%87%D9%88%D8%B1/ HTTP/1.1" 403 0 "-" "Mozilla/5.0 (compatible; MJ12bot/v1.4.8; http://mj12bot.com/)"
94.23.7.188 - - [02/Jul/2024:19:00:12 +0200] "GET /tag/%D9%88%D8%A7%D9%84%D8%AE%D9%84%D9%8A%D8%B9/ HTTP/1.1" 403 0 "-" "Mozilla/5.0 (compatible; MJ12bot/v1.4.8; http://mj12bot.com/)"
94.23.7.188 - - [02/Jul/2024:19:00:15 +0200] "GET /tag/%D9%88%D8%A7%D9%84%D8%AF%D8%B1%D9%87%D9%85/ HTTP/1.1" 403 0 "-" "Mozilla/5.0 (compatible; MJ12bot/v1.4.8; http://mj12bot.com/)"
94.23.7.188 - - [02/Jul/2024:19:00:17 +0200] "GET /tag/%D9%88%D8%A7%D9%84%D8%B1%D8%A7%D8%A8%D8%B7%D8%A9/ HTTP/1.1" 403 0 "-" "Mozilla/5.0 (compatible; MJ12bot/v1.4.8; http://mj12bot.com/)"
94.23.7.188 - - [02/Jul/2024:19:00:19 +0200] "GET /tag/%D9%88%D8%A7%D9%84%D8%B1%D9%8A%D8%A7%D9%84/ HTTP/1.1" 403 0 "-" "Mozilla/5.0 (compatible; MJ12bot/v1.4.8; http://mj12bot.com/)"
94.23.7.188 - - [02/Jul/2024:19:00:21 +0200] "GET /tag/%D9%88%D8%A7%D9%84%D8%B9%D8%B1%D8%A7%D9%82/ HTTP/1.1" 403 0 "-" "Mozilla/5.0 (compatible; MJ12bot/v1.4.8; http://mj12bot.com/)"
94.23.7.188 - - [02/Jul/2024:19:00:23 +0200] "GET /tag/%D9%88%D8%A7%D9%84%D8%B9%D8%B3%D9%83%D8%B1%D9%8A%D9%8A%D9%86/ HTTP/1.1" 403 0 "-" "Mozilla/5.0 (compatible; MJ12bot/v1.4.8; http://mj12bot.com/)"
94.23.7.188 - - [02/Jul/2024:19:00:25 +0200] "GET /tag/%D9%88%D8%A7%D9%84%D8%B9%D9%85%D9%84%D8%A7%D8%AA/ HTTP/1.1" 403 0 "-" "Mozilla/5.0 (compatible; MJ12bot/v1.4.8; http://mj12bot.com/)"
94.23.7.188 - - [02/Jul/2024:19:00:27 +0200] "GET /tag/%D9%88%D8%A7%D9%84%D9%81%D8%B1%D8%B3%D8%A7%D9%86/ HTTP/1.1" 403 0 "-" "Mozilla/5.0 (compatible; MJ12bot/v1.4.8; http://mj12bot.com/)"
94.23.7.188 - - [02/Jul/2024:19:00:29 +0200] "GET /tag/%D9%88%D8%A7%D9%84%D9%82%D8%B1%D8%A7%D8%B1/ HTTP/1.1" 403 0 "-" "Mozilla/5.0 (compatible; MJ12bot/v1.4.8; http://mj12bot.com/)"
94.23.7.188 - - [02/Jul/2024:19:00:32 +0200] "GET /tag/%D9%88%D8%A7%D9%84%D9%84%D9%87/ HTTP/1.1" 403 0 "-" "Mozilla/5.0 (compatible; MJ12bot/v1.4.8; http://mj12bot.com/)"
94.23.7.188 - - [02/Jul/2024:19:00:34 +0200] "GET /tag/%D9%88%D8%A7%D9%84%D9%85%D8%AF%D8%B1%D8%A8%D9%8A%D9%86/ HTTP/1.1" 403 0 "-" "Mozilla/5.0 (compatible; MJ12bot/v1.4.8; http://mj12bot.com/)"
94.23.7.188 - - [02/Jul/2024:19:00:37 +0200] "GET /tag/%D9%88%D8%A7%D9%84%D9%85%D9%84%D9%82%D8%A8/ HTTP/1.1" 403 0 "-" "Mozilla/5.0 (compatible; MJ12bot/v1.4.8; http://mj12bot.com/)"
94.23.7.188 - - [02/Jul/2024:19:00:40 +0200] "GET /tag/%D9%88%D8%A7%D9%84%D9%87%D9%84%D8%A7%D9%84/ HTTP/1.1" 403 0 "-" "Mozilla/5.0 (compatible; MJ12bot/v1.4.8; http://mj12bot.com/)"
94.23.7.188 - - [02/Jul/2024:19:00:42 +0200] "GET /tag/%D9%88%D8%A7%D9%84%D9%88%D9%84%D8%A7%D9%8A%D8%A7%D8%AA/ HTTP/1.1" 403 0 "-" "Mozilla/5.0 (compatible; MJ12bot/v1.4.8; http://mj12bot.com/)"
94.23.7.188 - - [02/Jul/2024:19:00:43 +0200] "GET /tag/%D9%88%D8%A8%D8%B1%D8%A9/ HTTP/1.1" 403 0 "-" "Mozilla/5.0 (compatible; MJ12bot/v1.4.8; http://mj12bot.com/)"
85.208.96.193 - - [02/Jul/2024:19:00:45 +0200] "GET /tag/%D9%88%D8%A8%D9%8A%D8%A8%D9%88/ HTTP/1.1" 403 0 "-" "Mozilla/5.0 (compatible; SemrushBot/7~bl; +http://www.semrush.com/bot.html)"
94.23.7.188 - - [02/Jul/2024:19:00:46 +0200] "GET /tag/%D9%88%D8%AA%D8%AD%D9%83%D9%8A%D9%85/ HTTP/1.1" 403 0 "-" "Mozilla/5.0 (compatible; MJ12bot/v1.4.8; http://mj12bot.com/)"
94.23.7.188 - - [02/Jul/2024:19:00:48 +0200] "GET /tag/%D9%88%D8%AA%D8%B3%D8%A7%D9%81%D8%B1/ HTTP/1.1" 403 0 "-" "Mozilla/5.0 (compatible; MJ12bot/v1.4.8; http://mj12bot.com/)"
94.23.7.188 - - [02/Jul/2024:19:00:50 +0200] "GET /tag/%D9%88%D8%AA%D8%B5%D8%AF%D8%B1/ HTTP/1.1" 403 0 "-" "Mozilla/5.0 (compatible; MJ12bot/v1.4.8; http://mj12bot.com/)"
94.23.7.188 - - [02/Jul/2024:19:00:52 +0200] "GET /tag/%D9%88%D8%AA%D8%B5%D9%8A%D8%A8/ HTTP/1.1" 403 0 "-" "Mozilla/5.0 (compatible; MJ12bot/v1.4.8; http://mj12bot.com/)"
94.23.7.188 - - [02/Jul/2024:19:00:55 +0200] "GET /tag/%D9%88%D8%AA%D8%B9%D9%84%D9%85%D9%88%D9%86/ HTTP/1.1" 403 0 "-" "Mozilla/5.0 (compatible; MJ12bot/v1.4.8; http://mj12bot.com/)"
94.23.7.188 - - [02/Jul/2024:19:00:57 +0200] "GET /tag/%D9%88%D8%AA%D9%86%D9%81%D8%B1%D8%AF/ HTTP/1.1" 403 0 "-" "Mozilla/5.0 (compatible; MJ12bot/v1.4.8; http://mj12bot.com/)"
94.23.7.188 - - [02/Jul/2024:19:00:59 +0200] "GET /tag/%D9%88%D8%AA%D9%88%D8%B3%D9%8A%D8%B9/ HTTP/1.1" 403 0 "-" "Mozilla/5.0 (compatible; MJ12bot/v1.4.8; http://mj12bot.com/)"
94.23.7.188 - - [02/Jul/2024:19:01:02 +0200] "GET /tag/%D9%88%D8%AA%D9%8A%D8%B1%D9%8A/ HTTP/1.1" 403 0 "-" "Mozilla/5.0 (compatible; MJ12bot/v1.4.8; http://mj12bot.com/)"
94.23.7.188 - - [02/Jul/2024:19:01:04 +0200] "GET /tag/%D9%88%D8%AC%D8%A8%D8%A9/ HTTP/1.1" 403 0 "-" "Mozilla/5.0 (compatible; MJ12bot/v1.4.8; http://mj12bot.com/)"
94.23.7.188 - - [02/Jul/2024:19:01:07 +0200] "GET /tag/%D9%88%D8%AC%D8%AF%D8%AA%D9%87/ HTTP/1.1" 403 0 "-" "Mozilla/5.0 (compatible; MJ12bot/v1.4.8; http://mj12bot.com/)"
94.23.7.188 - - [02/Jul/2024:19:01:09 +0200] "GET /tag/%D9%88%D8%AC%D9%87%D8%A7/ HTTP/1.1" 403 0 "-" "Mozilla/5.0 (compatible; MJ12bot/v1.4.8; http://mj12bot.com/)"
94.23.7.188 - - [02/Jul/2024:19:01:10 +0200] "GET /tag/%D9%88%D8%AC%D9%88%D8%AF/ HTTP/1.1" 403 0 "-" "Mozilla/5.0 (compatible; MJ12bot/v1.4.8; http://mj12bot.com/)"
94.23.7.188 - - [02/Jul/2024:19:01:12 +0200] "GET /tag/%D9%88%D8%AC%D9%88%D8%AF%D9%8A%D8%A9/ HTTP/1.1" 403 0 "-" "Mozilla/5.0 (compatible; MJ12bot/v1.4.8; http://mj12bot.com/)"
94.23.7.188 - - [02/Jul/2024:19:01:15 +0200] "GET /tag/%D9%88%D8%AD%D9%8A/ HTTP/1.1" 403 0 "-" "Mozilla/5.0 (compatible; MJ12bot/v1.4.8; http://mj12bot.com/)"
94.23.7.188 - - [02/Jul/2024:19:01:17 +0200] "GET /tag/%D9%88%D8%AD%D9%8A%D8%AF%D8%A7/ HTTP/1.1" 403 0 "-" "Mozilla/5.0 (compatible; MJ12bot/v1.4.8; http://mj12bot.com/)"
94.23.7.188 - - [02/Jul/2024:19:01:19 +0200] "GET /tag/%D9%88%D8%AF/ HTTP/1.1" 403 0 "-" "Mozilla/5.0 (compatible; MJ12bot/v1.4.8; http://mj12bot.com/)"
94.23.7.188 - - [02/Jul/2024:19:01:21 +0200] "GET /tag/%D9%88%D8%AF%D8%A7%D9%84%D8%B4%D8%B1%D9%8A%D9%81/ HTTP/1.1" 403 0 "-" "Mozilla/5.0 (compatible; MJ12bot/v1.4.8; http://mj12bot.com/)"
94.23.7.188 - - [02/Jul/2024:19:01:23 +0200] "GET /tag/%D9%88%D8%B1%D9%88%D8%B3%D9%8A%D8%A7/ HTTP/1.1" 403 0 "-" "Mozilla/5.0 (compatible; MJ12bot/v1.4.8; http://mj12bot.com/)"
94.23.7.188 - - [02/Jul/2024:19:01:25 +0200] "GET /tag/%D9%88%D8%B2%D9%85%D9%86/ HTTP/1.1" 403 0 "-" "Mozilla/5.0 (compatible; MJ12bot/v1.4.8; http://mj12bot.com/)"
94.23.7.188 - - [02/Jul/2024:19:01:28 +0200] "GET /tag/%D9%88%D8%B2%D9%86%D9%87%D8%A7/ HTTP/1.1" 403 0 "-" "Mozilla/5.0 (compatible; MJ12bot/v1.4.8; http://mj12bot.com/)"
94.23.7.188 - - [02/Jul/2024:19:01:30 +0200] "GET /tag/%D9%88%D8%B2%D9%8A%D8%B1/ HTTP/1.1" 403 0 "-" "Mozilla/5.0 (compatible; MJ12bot/v1.4.8; http://mj12bot.com/)"
94.23.7.188 - - [02/Jul/2024:19:01:32 +0200] "GET /tag/%D9%88%D8%B3%D8%B7/ HTTP/1.1" 403 0 "-" "Mozilla/5.0 (compatible; MJ12bot/v1.4.8; http://mj12bot.com/)"
94.23.7.188 - - [02/Jul/2024:19:01:34 +0200] "GET /tag/%D9%88%D8%B3%D8%B9%D8%AF/ HTTP/1.1" 403 0 "-" "Mozilla/5.0 (compatible; MJ12bot/v1.4.8; http://mj12bot.com/)"
94.23.7.188 - - [02/Jul/2024:19:01:36 +0200] "GET /tag/%D9%88%D8%B3%D9%85%D8%B3%D8%A7%D8%B1/ HTTP/1.1" 403 0 "-" "Mozilla/5.0 (compatible; MJ12bot/v1.4.8; http://mj12bot.com/)"
94.23.7.188 - - [02/Jul/2024:19:01:38 +0200] "GET /tag/%D9%88%D8%B4%D9%88%D9%82%D8%B1/ HTTP/1.1" 403 0 "-" "Mozilla/5.0 (compatible; MJ12bot/v1.4.8; http://mj12bot.com/)"
94.23.7.188 - - [02/Jul/2024:19:01:41 +0200] "GET /tag/%D9%88%D8%B5%D9%88%D9%84/ HTTP/1.1" 403 0 "-" "Mozilla/5.0 (compatible; MJ12bot/v1.4.8; http://mj12bot.com/)"
94.23.7.188 - - [02/Jul/2024:19:01:43 +0200] "GET /tag/%D9%88%D8%B7%D9%86%D9%87/ HTTP/1.1" 403 0 "-" "Mozilla/5.0 (compatible; MJ12bot/v1.4.8; http://mj12bot.com/)"
94.23.7.188 - - [02/Jul/2024:19:01:45 +0200] "GET /tag/%D9%88%D8%B9%D8%B4%D8%A9/ HTTP/1.1" 403 0 "-" "Mozilla/5.0 (compatible; MJ12bot/v1.4.8; http://mj12bot.com/)"
94.23.7.188 - - [02/Jul/2024:19:01:47 +0200] "GET /tag/%D9%88%D9%81%D8%A7%D8%AA%D9%87/ HTTP/1.1" 403 0 "-" "Mozilla/5.0 (compatible; MJ12bot/v1.4.8; http://mj12bot.com/)"
94.23.7.188 - - [02/Jul/2024:19:01:49 +0200] "GET /tag/%D9%88%D9%81%D9%83%D8%A7%D9%87%D8%A9/ HTTP/1.1" 403 0 "-" "Mozilla/5.0 (compatible; MJ12bot/v1.4.8; http://mj12bot.com/)"
94.23.7.188 - - [02/Jul/2024:19:01:51 +0200] "GET /tag/%D9%88%D9%82%D9%88%D9%84/ HTTP/1.1" 403 0 "-" "Mozilla/5.0 (compatible; MJ12bot/v1.4.8; http://mj12bot.com/)"
94.23.7.188 - - [02/Jul/2024:19:01:53 +0200] "GET /tag/%D9%88%D9%83%D9%84%D8%A7%D8%A8/ HTTP/1.1" 403 0 "-" "Mozilla/5.0 (compatible; MJ12bot/v1.4.8; http://mj12bot.com/)"
94.23.7.188 - - [02/Jul/2024:19:01:55 +0200] "GET /tag/%D9%88%D9%84%D9%8A%D8%AF/ HTTP/1.1" 403 0 "-" "Mozilla/5.0 (compatible; MJ12bot/v1.4.8; http://mj12bot.com/)"
94.23.7.188 - - [02/Jul/2024:19:01:57 +0200] "GET /tag/%D9%88%D9%85%D8%AB%D9%8A%D8%B1%D8%A9/ HTTP/1.1" 403 0 "-" "Mozilla/5.0 (compatible; MJ12bot/v1.4.8; http://mj12bot.com/)"
94.23.7.188 - - [02/Jul/2024:19:01:59 +0200] "GET /tag/%D9%88%D9%85%D8%B1%D9%83%D8%B4/ HTTP/1.1" 403 0 "-" "Mozilla/5.0 (compatible; MJ12bot/v1.4.8; http://mj12bot.com/)"
94.23.7.188 - - [02/Jul/2024:19:02:02 +0200] "GET /tag/%D9%88%D9%85%D8%B1%D9%8A%D8%AE/ HTTP/1.1" 403 0 "-" "Mozilla/5.0 (compatible; MJ12bot/v1.4.8; http://mj12bot.com/)"
94.23.7.188 - - [02/Jul/2024:19:02:04 +0200] "GET /tag/%D9%88%D9%85%D8%B3%D8%AA%D8%B4%D8%A7%D8%B1%D8%AA%D9%87/ HTTP/1.1" 403 0 "-" "Mozilla/5.0 (compatible; MJ12bot/v1.4.8; http://mj12bot.com/)"
94.23.7.188 - - [02/Jul/2024:19:02:06 +0200] "GET /tag/%D9%88%D9%85%D8%B4%D9%86%D9%83%D8%B4/ HTTP/1.1" 403 0 "-" "Mozilla/5.0 (compatible; MJ12bot/v1.4.8; http://mj12bot.com/)"
94.23.7.188 - - [02/Jul/2024:19:02:08 +0200] "GET /tag/%D9%88%D9%85%D8%B7%D8%B1%D8%A8%D8%A9/ HTTP/1.1" 403 0 "-" "Mozilla/5.0 (compatible; MJ12bot/v1.4.8; http://mj12bot.com/)"
94.23.7.188 - - [02/Jul/2024:19:02:11 +0200] "GET /tag/%D9%88%D9%85%D8%B9%D9%84%D9%82%D9%88%D9%86/ HTTP/1.1" 403 0 "-" "Mozilla/5.0 (compatible; MJ12bot/v1.4.8; http://mj12bot.com/)"
94.23.7.188 - - [02/Jul/2024:19:02:14 +0200] "GET /tag/%D9%88%D9%86%D8%A7%D9%82%D8%B4%D8%AA/ HTTP/1.1" 403 0 "-" "Mozilla/5.0 (compatible; MJ12bot/v1.4.8; http://mj12bot.com/)"
94.23.7.188 - - [02/Jul/2024:19:02:16 +0200] "GET /tag/%D9%88%D9%86%D8%A7%D9%84/ HTTP/1.1" 403 0 "-" "Mozilla/5.0 (compatible; MJ12bot/v1.4.8; http://mj12bot.com/)"
94.23.7.188 - - [02/Jul/2024:19:02:18 +0200] "GET /tag/%D9%88%D9%86%D8%AC%D9%88%D9%85/ HTTP/1.1" 403 0 "-" "Mozilla/5.0 (compatible; MJ12bot/v1.4.8; http://mj12bot.com/)"
94.23.7.188 - - [02/Jul/2024:19:02:20 +0200] "GET /tag/%D9%88%D9%86%D8%AF%D9%81%D8%B9/ HTTP/1.1" 403 0 "-" "Mozilla/5.0 (compatible; MJ12bot/v1.4.8; http://mj12bot.com/)"
94.23.7.188 - - [02/Jul/2024:19:02:22 +0200] "GET /tag/%D9%88%D9%86%D8%B4%D8%A7%D8%B7/ HTTP/1.1" 403 0 "-" "Mozilla/5.0 (compatible; MJ12bot/v1.4.8; http://mj12bot.com/)"
94.23.7.188 - - [02/Jul/2024:19:02:24 +0200] "GET /tag/%D9%88%D9%86%D9%82%D9%84%D9%87%D9%85/ HTTP/1.1" 403 0 "-" "Mozilla/5.0 (compatible; MJ12bot/v1.4.8; http://mj12bot.com/)"
94.23.7.188 - - [02/Jul/2024:19:02:26 +0200] "GET /tag/%D9%88%D9%88%D8%AF%D9%86%D9%88%D8%A8%D8%A7%D9%88%D9%8A/ HTTP/1.1" 403 0 "-" "Mozilla/5.0 (compatible; MJ12bot/v1.4.8; http://mj12bot.com/)"
94.23.7.188 - - [02/Jul/2024:19:02:27 +0200] "GET /tag/%D9%88%D9%8A%D8%AD%D8%A8/ HTTP/1.1" 403 0 "-" "Mozilla/5.0 (compatible; MJ12bot/v1.4.8; http://mj12bot.com/)"
94.23.7.188 - - [02/Jul/2024:19:02:29 +0200] "GET /tag/%D9%88%D9%8A%D8%B1%D8%AA%D8%A7%D8%AD/ HTTP/1.1" 403 0 "-" "Mozilla/5.0 (compatible; MJ12bot/v1.4.8; http://mj12bot.com/)"
94.23.7.188 - - [02/Jul/2024:19:02:31 +0200] "GET /tag/%D9%88%D9%8A%D8%B4%D9%8A%D8%AF/ HTTP/1.1" 403 0 "-" "Mozilla/5.0 (compatible; MJ12bot/v1.4.8; http://mj12bot.com/)"
94.23.7.188 - - [02/Jul/2024:19:02:33 +0200] "GET /tag/%D9%88%D9%8A%D8%B7%D8%A7%D9%84%D8%A8/ HTTP/1.1" 403 0 "-" "Mozilla/5.0 (compatible; MJ12bot/v1.4.8; http://mj12bot.com/)"
94.23.7.188 - - [02/Jul/2024:19:02:36 +0200] "GET /tag/%D9%88%D9%8A%D8%B9%D8%B2%D8%B2/ HTTP/1.1" 403 0 "-" "Mozilla/5.0 (compatible; MJ12bot/v1.4.8; http://mj12bot.com/)"
94.23.7.188 - - [02/Jul/2024:19:02:38 +0200] "GET /tag/%D9%88%D9%8A%D8%B9%D8%B3%D9%83%D8%B1/ HTTP/1.1" 403 0 "-" "Mozilla/5.0 (compatible; MJ12bot/v1.4.8; http://mj12bot.com/)"
94.23.7.188 - - [02/Jul/2024:19:02:41 +0200] "GET /tag/%D9%88%D9%8A%D8%B9%D9%84%D9%86/ HTTP/1.1" 403 0 "-" "Mozilla/5.0 (compatible; MJ12bot/v1.4.8; http://mj12bot.com/)"
94.23.7.188 - - [02/Jul/2024:19:02:43 +0200] "GET /tag/%D9%88%D9%8A%D9%82%D9%88%D9%84/ HTTP/1.1" 403 0 "-" "Mozilla/5.0 (compatible; MJ12bot/v1.4.8; http://mj12bot.com/)"
94.23.7.188 - - [02/Jul/2024:19:02:45 +0200] "GET /tag/%D9%88%D9%8A%D9%83%D8%B4%D9%81/ HTTP/1.1" 403 0 "-" "Mozilla/5.0 (compatible; MJ12bot/v1.4.8; http://mj12bot.com/)"
185.191.171.16 - - [02/Jul/2024:19:02:46 +0200] "GET /quran/translate-en_transliteration-16.html HTTP/1.1" 403 0 "-" "Mozilla/5.0 (compatible; SemrushBot/7~bl; +http://www.semrush.com/bot.html)"
94.23.7.188 - - [02/Jul/2024:19:02:47 +0200] "GET /tag/%D9%8A%D8%A4%D9%83%D8%AF/ HTTP/1.1" 403 0 "-" "Mozilla/5.0 (compatible; MJ12bot/v1.4.8; http://mj12bot.com/)"
94.23.7.188 - - [02/Jul/2024:19:02:49 +0200] "GET /tag/%D9%8A%D8%A7/ HTTP/1.1" 403 0 "-" "Mozilla/5.0 (compatible; MJ12bot/v1.4.8; http://mj12bot.com/)"
94.23.7.188 - - [02/Jul/2024:19:02:51 +0200] "GET /tag/%D9%8A%D8%A7%D8%B3%D8%B1/ HTTP/1.1" 403 0 "-" "Mozilla/5.0 (compatible; MJ12bot/v1.4.8; http://mj12bot.com/)"
94.23.7.188 - - [02/Jul/2024:19:02:52 +0200] "GET /tag/%D9%8A%D8%A7%D8%B4%D8%A7%D9%88%D8%B3/ HTTP/1.1" 403 0 "-" "Mozilla/5.0 (compatible; MJ12bot/v1.4.8; http://mj12bot.com/)"
94.23.7.188 - - [02/Jul/2024:19:02:55 +0200] "GET /tag/%D9%8A%D8%AA%D8%AD%D8%AF%D8%AB/ HTTP/1.1" 403 0 "-" "Mozilla/5.0 (compatible; MJ12bot/v1.4.8; http://mj12bot.com/)"
94.23.7.188 - - [02/Jul/2024:19:02:57 +0200] "GET /tag/%D9%8A%D8%AA%D8%AE%D8%B0/ HTTP/1.1" 403 0 "-" "Mozilla/5.0 (compatible; MJ12bot/v1.4.8; http://mj12bot.com/)"
94.23.7.188 - - [02/Jul/2024:19:02:59 +0200] "GET /tag/%D9%8A%D8%AA%D8%AF%D8%B1%D8%A8/ HTTP/1.1" 403 0 "-" "Mozilla/5.0 (compatible; MJ12bot/v1.4.8; http://mj12bot.com/)"
94.23.7.188 - - [02/Jul/2024:19:03:01 +0200] "GET /tag/%D9%8A%D8%AA%D8%B9%D8%A7%D9%85%D9%84/ HTTP/1.1" 403 0 "-" "Mozilla/5.0 (compatible; MJ12bot/v1.4.8; http://mj12bot.com/)"
94.23.7.188 - - [02/Jul/2024:19:03:03 +0200] "GET /tag/%D9%8A%D8%AA%D8%B9%D9%87%D8%AF/ HTTP/1.1" 403 0 "-" "Mozilla/5.0 (compatible; MJ12bot/v1.4.8; http://mj12bot.com/)"
94.23.7.188 - - [02/Jul/2024:19:03:05 +0200] "GET /tag/%D9%8A%D8%AA%D9%81%D9%82%D8%AF/ HTTP/1.1" 403 0 "-" "Mozilla/5.0 (compatible; MJ12bot/v1.4.8; http://mj12bot.com/)"
94.23.7.188 - - [02/Jul/2024:19:03:07 +0200] "GET /tag/%D9%8A%D8%AA%D9%81%D9%88%D9%82/ HTTP/1.1" 403 0 "-" "Mozilla/5.0 (compatible; MJ12bot/v1.4.8; http://mj12bot.com/)"
94.23.7.188 - - [02/Jul/2024:19:03:09 +0200] "GET /tag/%D9%8A%D8%AA%D9%84%D9%82%D9%89/ HTTP/1.1" 403 0 "-" "Mozilla/5.0 (compatible; MJ12bot/v1.4.8; http://mj12bot.com/)"
94.23.7.188 - - [02/Jul/2024:19:03:11 +0200] "GET /tag/%D9%8A%D8%AC%D8%A8/ HTTP/1.1" 403 0 "-" "Mozilla/5.0 (compatible; MJ12bot/v1.4.8; http://mj12bot.com/)"
94.23.7.188 - - [02/Jul/2024:19:03:14 +0200] "GET /tag/%D9%8A%D8%AD%D8%AF%D8%AB/ HTTP/1.1" 403 0 "-" "Mozilla/5.0 (compatible; MJ12bot/v1.4.8; http://mj12bot.com/)"
94.23.7.188 - - [02/Jul/2024:19:03:15 +0200] "GET /tag/%D9%8A%D8%AD%D8%AF%D8%AF/ HTTP/1.1" 403 0 "-" "Mozilla/5.0 (compatible; MJ12bot/v1.4.8; http://mj12bot.com/)"
94.23.7.188 - - [02/Jul/2024:19:03:17 +0200] "GET /tag/%D9%8A%D8%AD%D8%B0%D8%B1/ HTTP/1.1" 403 0 "-" "Mozilla/5.0 (compatible; MJ12bot/v1.4.8; http://mj12bot.com/)"
94.23.7.188 - - [02/Jul/2024:19:03:19 +0200] "GET /tag/%D9%8A%D8%AD%D8%B1%D8%B2/ HTTP/1.1" 403 0 "-" "Mozilla/5.0 (compatible; MJ12bot/v1.4.8; http://mj12bot.com/)"
94.23.7.188 - - [02/Jul/2024:19:03:21 +0200] "GET /tag/%D9%8A%D8%AD%D9%85%D9%84/ HTTP/1.1" 403 0 "-" "Mozilla/5.0 (compatible; MJ12bot/v1.4.8; http://mj12bot.com/)"
94.23.7.188 - - [02/Jul/2024:19:03:23 +0200] "GET /tag/%D9%8A%D8%AE%D8%A7%D8%B7%D8%A8/ HTTP/1.1" 403 0 "-" "Mozilla/5.0 (compatible; MJ12bot/v1.4.8; http://mj12bot.com/)"
94.23.7.188 - - [02/Jul/2024:19:03:25 +0200] "GET /tag/%D9%8A%D8%AE%D8%B6%D8%B9/ HTTP/1.1" 403 0 "-" "Mozilla/5.0 (compatible; MJ12bot/v1.4.8; http://mj12bot.com/)"
94.23.7.188 - - [02/Jul/2024:19:03:27 +0200] "GET /tag/%D9%8A%D8%AE%D8%B7%D8%B7/ HTTP/1.1" 403 0 "-" "Mozilla/5.0 (compatible; MJ12bot/v1.4.8; http://mj12bot.com/)"
94.23.7.188 - - [02/Jul/2024:19:03:28 +0200] "GET /tag/%D9%8A%D8%AE%D8%B7%D9%81/ HTTP/1.1" 403 0 "-" "Mozilla/5.0 (compatible; MJ12bot/v1.4.8; http://mj12bot.com/)"
94.23.7.188 - - [02/Jul/2024:19:03:30 +0200] "GET /tag/%D9%8A%D8%AE%D9%8A%D9%85/ HTTP/1.1" 403 0 "-" "Mozilla/5.0 (compatible; MJ12bot/v1.4.8; http://mj12bot.com/)"
94.23.7.188 - - [02/Jul/2024:19:03:32 +0200] "GET /tag/%D9%8A%D8%AF%D8%B9%D9%88/ HTTP/1.1" 403 0 "-" "Mozilla/5.0 (compatible; MJ12bot/v1.4.8; http://mj12bot.com/)"
94.23.7.188 - - [02/Jul/2024:19:03:34 +0200] "GET /tag/%D9%8A%D8%AF%D8%B9%D9%8A/ HTTP/1.1" 403 0 "-" "Mozilla/5.0 (compatible; MJ12bot/v1.4.8; http://mj12bot.com/)"
94.23.7.188 - - [02/Jul/2024:19:03:36 +0200] "GET /tag/%D9%8A%D8%B1%D8%A7%D9%81%D9%82/ HTTP/1.1" 403 0 "-" "Mozilla/5.0 (compatible; MJ12bot/v1.4.8; http://mj12bot.com/)"
94.23.7.188 - - [02/Jul/2024:19:03:38 +0200] "GET /tag/%D9%8A%D8%B1%D8%AF/ HTTP/1.1" 403 0 "-" "Mozilla/5.0 (compatible; MJ12bot/v1.4.8; http://mj12bot.com/)"
94.23.7.188 - - [02/Jul/2024:19:03:40 +0200] "GET /tag/%D9%8A%D8%B1%D8%AF%D9%85/ HTTP/1.1" 403 0 "-" "Mozilla/5.0 (compatible; MJ12bot/v1.4.8; http://mj12bot.com/)"
94.23.7.188 - - [02/Jul/2024:19:03:41 +0200] "GET /tag/%D9%8A%D8%B1%D9%81%D8%B9/ HTTP/1.1" 403 0 "-" "Mozilla/5.0 (compatible; MJ12bot/v1.4.8; http://mj12bot.com/)"
94.23.7.188 - - [02/Jul/2024:19:03:43 +0200] "GET /tag/%D9%8A%D8%B1%D9%8A%D8%AF/ HTTP/1.1" 403 0 "-" "Mozilla/5.0 (compatible; MJ12bot/v1.4.8; http://mj12bot.com/)"
94.23.7.188 - - [02/Jul/2024:19:03:45 +0200] "GET /tag/%D9%8A%D8%B2%D9%88%D8%B1/ HTTP/1.1" 403 0 "-" "Mozilla/5.0 (compatible; MJ12bot/v1.4.8; http://mj12bot.com/)"
94.23.7.188 - - [02/Jul/2024:19:03:47 +0200] "GET /tag/%D9%8A%D8%B3%D8%AA%D9%84%D9%85/ HTTP/1.1" 403 0 "-" "Mozilla/5.0 (compatible; MJ12bot/v1.4.8; http://mj12bot.com/)"
94.23.7.188 - - [02/Jul/2024:19:03:50 +0200] "GET /tag/%D9%8A%D8%B3%D8%AE%D8%B1/ HTTP/1.1" 403 0 "-" "Mozilla/5.0 (compatible; MJ12bot/v1.4.8; http://mj12bot.com/)"
94.23.7.188 - - [02/Jul/2024:19:03:51 +0200] "GET /tag/%D9%8A%D8%B3%D9%84%D9%83/ HTTP/1.1" 403 0 "-" "Mozilla/5.0 (compatible; MJ12bot/v1.4.8; http://mj12bot.com/)"
94.23.7.188 - - [02/Jul/2024:19:03:53 +0200] "GET /tag/%D9%8A%D8%B4%D8%A7%D8%B1%D9%83/ HTTP/1.1" 403 0 "-" "Mozilla/5.0 (compatible; MJ12bot/v1.4.8; http://mj12bot.com/)"
94.23.7.188 - - [02/Jul/2024:19:03:56 +0200] "GET /tag/%D9%8A%D8%B4%D8%B9%D9%84/ HTTP/1.1" 403 0 "-" "Mozilla/5.0 (compatible; MJ12bot/v1.4.8; http://mj12bot.com/)"
94.23.7.188 - - [02/Jul/2024:19:03:58 +0200] "GET /tag/%D9%8A%D8%B4%D8%B9%D9%84%D8%A7%D9%86/ HTTP/1.1" 403 0 "-" "Mozilla/5.0 (compatible; MJ12bot/v1.4.8; http://mj12bot.com/)"
94.23.7.188 - - [02/Jul/2024:19:04:00 +0200] "GET /tag/%D9%8A%D8%B4%D8%B9%D9%84%D9%88%D9%86/ HTTP/1.1" 403 0 "-" "Mozilla/5.0 (compatible; MJ12bot/v1.4.8; http://mj12bot.com/)"
94.23.7.188 - - [02/Jul/2024:19:04:02 +0200] "GET /tag/%D9%8A%D8%B5%D8%A7%D8%A8/ HTTP/1.1" 403 0 "-" "Mozilla/5.0 (compatible; MJ12bot/v1.4.8; http://mj12bot.com/)"
94.23.7.188 - - [02/Jul/2024:19:04:06 +0200] "GET /tag/%D9%8A%D8%B5%D8%B7%D8%A7%D8%AF/ HTTP/1.1" 403 0 "-" "Mozilla/5.0 (compatible; MJ12bot/v1.4.8; http://mj12bot.com/)"
94.23.7.188 - - [02/Jul/2024:19:04:08 +0200] "GET /tag/%D9%8A%D8%B5%D9%84/ HTTP/1.1" 403 0 "-" "Mozilla/5.0 (compatible; MJ12bot/v1.4.8; http://mj12bot.com/)"
94.23.7.188 - - [02/Jul/2024:19:04:10 +0200] "GET /tag/%D9%8A%D8%B5%D9%8A%D8%A8/ HTTP/1.1" 403 0 "-" "Mozilla/5.0 (compatible; MJ12bot/v1.4.8; http://mj12bot.com/)"
94.23.7.188 - - [02/Jul/2024:19:04:12 +0200] "GET /tag/%D9%8A%D8%B7%D8%A7%D9%84%D8%A8/ HTTP/1.1" 403 0 "-" "Mozilla/5.0 (compatible; MJ12bot/v1.4.8; http://mj12bot.com/)"
94.23.7.188 - - [02/Jul/2024:19:04:14 +0200] "GET /tag/%D9%8A%D8%B7%D8%B1%D8%AD/ HTTP/1.1" 403 0 "-" "Mozilla/5.0 (compatible; MJ12bot/v1.4.8; http://mj12bot.com/)"
94.23.7.188 - - [02/Jul/2024:19:04:16 +0200] "GET /tag/%D9%8A%D8%B9%D8%A7%D9%82%D8%A8/ HTTP/1.1" 403 0 "-" "Mozilla/5.0 (compatible; MJ12bot/v1.4.8; http://mj12bot.com/)"
94.23.7.188 - - [02/Jul/2024:19:04:18 +0200] "GET /tag/%D9%8A%D8%B9%D8%A7%D9%88%D8%AF/ HTTP/1.1" 403 0 "-" "Mozilla/5.0 (compatible; MJ12bot/v1.4.8; http://mj12bot.com/)"
94.23.7.188 - - [02/Jul/2024:19:04:20 +0200] "GET /tag/%D9%8A%D8%B9%D8%AF/ HTTP/1.1" 403 0 "-" "Mozilla/5.0 (compatible; MJ12bot/v1.4.8; http://mj12bot.com/)"
94.23.7.188 - - [02/Jul/2024:19:04:22 +0200] "GET /tag/%D9%8A%D8%B9%D9%84%D9%85/ HTTP/1.1" 403 0 "-" "Mozilla/5.0 (compatible; MJ12bot/v1.4.8; http://mj12bot.com/)"
94.23.7.188 - - [02/Jul/2024:19:04:25 +0200] "GET /tag/%D9%8A%D8%B9%D9%84%D9%86/ HTTP/1.1" 403 0 "-" "Mozilla/5.0 (compatible; MJ12bot/v1.4.8; http://mj12bot.com/)"
94.23.7.188 - - [02/Jul/2024:19:04:26 +0200] "GET /tag/%D9%8A%D8%B9%D9%85%D9%82%D9%88%D9%86/ HTTP/1.1" 403 0 "-" "Mozilla/5.0 (compatible; MJ12bot/v1.4.8; http://mj12bot.com/)"
13.58.169.165 - - [02/Jul/2024:19:04:27 +0200] "GET /robots.txt HTTP/2" 200 128 "-" "Mozilla/5.0 AppleWebKit/537.36 (KHTML, like Gecko; compatible; ClaudeBot/1.0; +claudebot@anthropic.com)"
94.23.7.188 - - [02/Jul/2024:19:04:28 +0200] "GET /tag/%D9%8A%D8%B9%D9%8A%D9%86/ HTTP/1.1" 403 0 "-" "Mozilla/5.0 (compatible; MJ12bot/v1.4.8; http://mj12bot.com/)"
13.58.169.165 - - [02/Jul/2024:19:04:28 +0200] "GET /wp-json/wp/v2/posts//%22https:////www.alnilin.com//wp-content//uploads//2022//05///u0628/u0644/u0642/u064a/u0633-/u0641/u062a/u062d/u064a.jpeg/%22/ HTTP/2" 404 188 "-" "Mozilla/5.0 AppleWebKit/537.36 (KHTML, like Gecko; compatible; ClaudeBot/1.0; +claudebot@anthropic.com)"
94.23.7.188 - - [02/Jul/2024:19:04:30 +0200] "GET /tag/%D9%8A%D8%BA%D8%AF%D8%B1/ HTTP/1.1" 403 0 "-" "Mozilla/5.0 (compatible; MJ12bot/v1.4.8; http://mj12bot.com/)"
94.23.7.188 - - [02/Jul/2024:19:04:31 +0200] "GET /tag/%D9%8A%D8%BA%D9%84%D9%82/ HTTP/1.1" 403 0 "-" "Mozilla/5.0 (compatible; MJ12bot/v1.4.8; http://mj12bot.com/)"
94.23.7.188 - - [02/Jul/2024:19:04:33 +0200] "GET /tag/%D9%8A%D8%BA%D9%86%D9%8A/ HTTP/1.1" 403 0 "-" "Mozilla/5.0 (compatible; MJ12bot/v1.4.8; http://mj12bot.com/)"
94.23.7.188 - - [02/Jul/2024:19:04:35 +0200] "GET /tag/%D9%8A%D9%81%D8%A7%D8%AC%D8%A6/ HTTP/1.1" 403 0 "-" "Mozilla/5.0 (compatible; MJ12bot/v1.4.8; http://mj12bot.com/)"
94.23.7.188 - - [02/Jul/2024:19:04:38 +0200] "GET /tag/%D9%8A%D9%81%D9%83%D8%B1/ HTTP/1.1" 403 0 "-" "Mozilla/5.0 (compatible; MJ12bot/v1.4.8; http://mj12bot.com/)"
94.23.7.188 - - [02/Jul/2024:19:04:39 +0200] "GET /tag/%D9%8A%D9%82%D8%A8%D9%84/ HTTP/1.1" 403 0 "-" "Mozilla/5.0 (compatible; MJ12bot/v1.4.8; http://mj12bot.com/)"
94.23.7.188 - - [02/Jul/2024:19:04:41 +0200] "GET /tag/%D9%8A%D9%82%D8%AF%D9%85/ HTTP/1.1" 403 0 "-" "Mozilla/5.0 (compatible; MJ12bot/v1.4.8; http://mj12bot.com/)"
94.23.7.188 - - [02/Jul/2024:19:04:43 +0200] "GET /tag/%D9%8A%D9%82%D8%AF%D9%85%D9%88%D9%86/ HTTP/1.1" 403 0 "-" "Mozilla/5.0 (compatible; MJ12bot/v1.4.8; http://mj12bot.com/)"
94.23.7.188 - - [02/Jul/2024:19:04:46 +0200] "GET /tag/%D9%8A%D9%82%D9%81/ HTTP/1.1" 403 0 "-" "Mozilla/5.0 (compatible; MJ12bot/v1.4.8; http://mj12bot.com/)"
94.23.7.188 - - [02/Jul/2024:19:04:48 +0200] "GET /tag/%D9%8A%D9%82%D9%84%D8%AF/ HTTP/1.1" 403 0 "-" "Mozilla/5.0 (compatible; MJ12bot/v1.4.8; http://mj12bot.com/)"
94.23.7.188 - - [02/Jul/2024:19:04:49 +0200] "GET /tag/%D9%8A%D9%82%D9%88%D8%AF/ HTTP/1.1" 403 0 "-" "Mozilla/5.0 (compatible; MJ12bot/v1.4.8; http://mj12bot.com/)"
94.23.7.188 - - [02/Jul/2024:19:04:51 +0200] "GET /tag/%D9%8A%D9%82%D9%88%D9%84/ HTTP/1.1" 403 0 "-" "Mozilla/5.0 (compatible; MJ12bot/v1.4.8; http://mj12bot.com/)"
66.249.70.110 - - [02/Jul/2024:19:04:52 +0200] "GET /fkdqg/j2254921.html HTTP/1.1" 200 41476 "-" "Mozilla/5.0 (Linux; Android 6.0.1; Nexus 5X Build/MMB29P) AppleWebKit/537.36 (KHTML, like Gecko) Chrome/125.0.6422.175 Mobile Safari/537.36 (compatible; Googlebot/2.1; +http://www.google.com/bot.html)"
94.23.7.188 - - [02/Jul/2024:19:04:54 +0200] "GET /tag/%D9%8A%D9%83%D8%AA%D8%A8/ HTTP/1.1" 403 0 "-" "Mozilla/5.0 (compatible; MJ12bot/v1.4.8; http://mj12bot.com/)"
94.23.7.188 - - [02/Jul/2024:19:04:55 +0200] "GET /tag/%D9%8A%D9%83%D8%B3%D8%A8/ HTTP/1.1" 403 0 "-" "Mozilla/5.0 (compatible; MJ12bot/v1.4.8; http://mj12bot.com/)"
94.23.7.188 - - [02/Jul/2024:19:04:57 +0200] "GET /tag/%D9%8A%D9%84%D8%AA%D9%82%D9%8A/ HTTP/1.1" 403 0 "-" "Mozilla/5.0 (compatible; MJ12bot/v1.4.8; http://mj12bot.com/)"
94.23.7.188 - - [02/Jul/2024:19:04:59 +0200] "GET /tag/%D9%8A%D9%85%D9%86%D8%B9/ HTTP/1.1" 403 0 "-" "Mozilla/5.0 (compatible; MJ12bot/v1.4.8; http://mj12bot.com/)"
94.23.7.188 - - [02/Jul/2024:19:05:00 +0200] "GET /tag/%D9%8A%D9%85%D9%88%D8%AA/ HTTP/1.1" 403 0 "-" "Mozilla/5.0 (compatible; MJ12bot/v1.4.8; http://mj12bot.com/)"
94.23.7.188 - - [02/Jul/2024:19:05:02 +0200] "GET /tag/%D9%8A%D9%87%D8%B2%D9%85/ HTTP/1.1" 403 0 "-" "Mozilla/5.0 (compatible; MJ12bot/v1.4.8; http://mj12bot.com/)"
94.23.7.188 - - [02/Jul/2024:19:05:03 +0200] "GET /tag/%D9%8A%D9%88%D9%85/ HTTP/1.1" 403 0 "-" "Mozilla/5.0 (compatible; MJ12bot/v1.4.8; http://mj12bot.com/)"
94.23.7.188 - - [02/Jul/2024:19:05:05 +0200] "GET /tag/%D9%8A%D9%88%D9%85%D8%A7/ HTTP/1.1" 403 0 "-" "Mozilla/5.0 (compatible; MJ12bot/v1.4.8; http://mj12bot.com/)"
94.23.7.188 - - [02/Jul/2024:19:05:08 +0200] "GET /tag/2022%D9%85/ HTTP/1.1" 403 0 "-" "Mozilla/5.0 (compatible; MJ12bot/v1.4.8; http://mj12bot.com/)"
52.167.144.232 - - [02/Jul/2024:19:05:54 +0200] "GET /juphh/h2740313.html HTTP/2" 200 41978 "-" "Mozilla/5.0 AppleWebKit/537.36 (KHTML, like Gecko; compatible; bingbot/2.0; +http://www.bing.com/bingbot.htm) Chrome/116.0.1938.76 Safari/537.36"
135.181.9.38 - - [02/Jul/2024:19:07:07 +0200] "POST /wp-admin/admin-ajax.php?action=async_litespeed&nonce=fa75a626a4&litespeed_type=imgoptm HTTP/1.1" 200 21 "-" "WordPress/6.5.3; https://www.sudancam.net"
89.185.85.125 - - [02/Jul/2024:19:07:07 +0200] "GET / HTTP/1.1" 200 61327 "-" "Mozilla/5.0 (X11; Linux i686 on x86_64) AppleWebKit/537.36 (KHTML, like Gecko) Chrome/50.0.2691.91 Safari/537.36"
89.185.85.125 - - [02/Jul/2024:19:07:10 +0200] "POST /wp-content/plugins/wp-automatic/inc/csv.php HTTP/1.1" 403 6610 "https://www.sudancam.net/" "Mozilla/5.0 (X11; Linux i686 on x86_64) AppleWebKit/537.36 (KHTML, like Gecko) Chrome/50.0.2691.91 Safari/537.36"
89.185.85.125 - - [02/Jul/2024:19:07:11 +0200] "POST /wp-content/plugins/wp-automatic/inc/csv.php HTTP/1.1" 404 16299 "https://www.sudancam.net/wp-content/plugins/wp-automatic/inc/csv.php" "Mozilla/5.0 (X11; Linux i686 on x86_64) AppleWebKit/537.36 (KHTML, like Gecko) Chrome/50.0.2691.91 Safari/537.36"
89.185.85.125 - - [02/Jul/2024:19:07:13 +0200] "POST /wp-content/plugins/wp-automatic/inc/csv.php HTTP/1.1" 403 6610 "https://www.sudancam.net/wp-content/plugins/wp-automatic/inc/csv.php" "Mozilla/5.0 (X11; Linux i686 on x86_64) AppleWebKit/537.36 (KHTML, like Gecko) Chrome/50.0.2691.91 Safari/537.36"
89.185.85.125 - - [02/Jul/2024:19:07:14 +0200] "POST /wp-content/plugins/wp-automatic/inc/csv.php HTTP/1.1" 404 16299 "https://www.sudancam.net/wp-content/plugins/wp-automatic/inc/csv.php" "Mozilla/5.0 (X11; Linux i686 on x86_64) AppleWebKit/537.36 (KHTML, like Gecko) Chrome/50.0.2691.91 Safari/537.36"
89.185.85.125 - - [02/Jul/2024:19:07:15 +0200] "POST /wp-content/plugins/wp-automatic/inc/csv.php HTTP/1.1" 404 16299 "https://www.sudancam.net/wp-content/plugins/wp-automatic/inc/csv.php" "Mozilla/5.0 (X11; Linux i686 on x86_64) AppleWebKit/537.36 (KHTML, like Gecko) Chrome/50.0.2691.91 Safari/537.36"
89.185.85.125 - - [02/Jul/2024:19:07:23 +0200] "POST /wp-content/plugins/wp-automatic/inc/csv.php74a7c9952328.php HTTP/1.1" 403 6610 "https://www.sudancam.net/wp-content/plugins/wp-automatic/inc/csv.php" "Mozilla/5.0 (X11; Linux i686 on x86_64) AppleWebKit/537.36 (KHTML, like Gecko) Chrome/50.0.2691.91 Safari/537.36"
89.185.85.125 - - [02/Jul/2024:19:07:25 +0200] "POST /wp-content/plugins/wp-automatic/inc/csv.php74a7c9952328.php HTTP/1.1" 200 26 "https://www.sudancam.net/wp-content/plugins/wp-automatic/inc/csv.php74a7c9952328.php" "Mozilla/5.0 (X11; Linux i686 on x86_64) AppleWebKit/537.36 (KHTML, like Gecko) Chrome/50.0.2691.91 Safari/537.36"
89.185.85.125 - - [02/Jul/2024:19:07:26 +0200] "POST /wp-content/plugins/wp-automatic/inc/csv.php74a7c9952328.php HTTP/1.1" 403 6610 "https://www.sudancam.net/wp-content/plugins/wp-automatic/inc/csv.php74a7c9952328.php" "Mozilla/5.0 (X11; Linux i686 on x86_64) AppleWebKit/537.36 (KHTML, like Gecko) Chrome/50.0.2691.91 Safari/537.36"
89.185.85.125 - - [02/Jul/2024:19:07:27 +0200] "POST /wp-content/plugins/wp-automatic/inc/csv.php74a7c9952328.php HTTP/1.1" 200 52 "https://www.sudancam.net/wp-content/plugins/wp-automatic/inc/csv.php74a7c9952328.php" "Mozilla/5.0 (X11; Linux i686 on x86_64) AppleWebKit/537.36 (KHTML, like Gecko) Chrome/50.0.2691.91 Safari/537.36"
89.185.85.125 - - [02/Jul/2024:19:07:30 +0200] "POST /wp-content/plugins/wp-automatic/inc/csv.php74a7c9952328.php HTTP/1.1" 200 52 "https://www.sudancam.net/wp-content/plugins/wp-automatic/inc/csv.php74a7c9952328.php" "Mozilla/5.0 (X11; Linux i686 on x86_64) AppleWebKit/537.36 (KHTML, like Gecko) Chrome/50.0.2691.91 Safari/537.36"
66.249.70.109 - - [02/Jul/2024:19:02:11 +0200] "GET /htcia/l1323161.html HTTP/1.1" 200 41814 "-" "Mozilla/5.0 (Linux; Android 6.0.1; Nexus 5X Build/MMB29P) AppleWebKit/537.36 (KHTML, like Gecko) Chrome/125.0.6422.175 Mobile Safari/537.36 (compatible; GoogleOther)"
135.181.9.38 - - [02/Jul/2024:19:04:28 +0200] "POST /wp-cron.php?doing_wp_cron=1719939868.6227149963378906250000 HTTP/1.1" 200 0 "-" "WordPress/6.5.3; https://www.sudancam.net"
135.181.9.38 - - [02/Jul/2024:19:04:29 +0200] "POST /wp-admin/admin-ajax.php?action=async_litespeed&nonce=fa75a626a4&litespeed_type=imgoptm HTTP/1.1" 200 21 "-" "WordPress/6.5.3; https://www.sudancam.net"
185.191.171.3 - - [02/Jul/2024:19:04:47 +0200] "GET /%D8%AD%D9%85%D9%8A%D8%AF%D8%AA%D9%8A-%D9%8A%D9%86%D9%81%D9%8A-%D8%A7%D9%86%D8%AA%D9%87%D8%A7%D9%83%D8%A7%D8%AA-%D9%82%D9%88%D8%A7%D8%AA%D9%87-%D8%A8%D8%A7%D9%84%D8%AC%D8%B2%D9%8A%D8%B1%D8%A9-%D9%88/ HTTP/1.1" 403 0 "-" "Mozilla/5.0 (compatible; SemrushBot/7~bl; +http://www.semrush.com/bot.html)"
185.191.171.18 - - [02/Jul/2024:19:05:48 +0200] "GET /%D9%81%D9%8A%D8%AF%D9%8A%D9%88-%D9%82%D9%86%D8%A7%D8%A9-%D8%A7%D9%84%D8%AD%D8%AF%D8%AB-%D8%AA%D9%81%D8%B6%D8%AD-%D8%A7%D9%84%D8%AF%D8%B9%D9%85-%D8%A7%D9%84%D8%B3%D8%B1%D9%8A%D8%B9-%D8%A8%D8%A7%D9%84/ HTTP/1.1" 403 0 "-" "Mozilla/5.0 (compatible; SemrushBot/7~bl; +http://www.semrush.com/bot.html)"
147.45.78.15 - - [02/Jul/2024:19:06:15 +0200] "POST /74a7c9952328.php HTTP/1.1" 500 9 "-" "curl/7.86.0"
135.181.9.38 - - [02/Jul/2024:19:07:07 +0200] "POST /wp-cron.php?doing_wp_cron=1719940027.1689150333404541015625 HTTP/1.1" 200 0 "-" "WordPress/6.5.3; https://www.sudancam.net"
135.181.9.38 - - [02/Jul/2024:19:07:11 +0200] "POST /?wordfence_syncAttackData=1719940031.606 HTTP/1.1" 200 0 "-" "WordPress/6.5.3; https://www.sudancam.net"
185.191.171.9 - - [02/Jul/2024:19:07:48 +0200] "GET /robots.txt HTTP/1.1" 200 182 "-" "Mozilla/5.0 (compatible; SemrushBot/7~bl; +http://www.semrush.com/bot.html)"
135.181.9.38 - - [02/Jul/2024:19:09:48 +0200] "POST /wp-cron.php?doing_wp_cron=1719940188.5771911144256591796875 HTTP/1.1" 200 0 "-" "WordPress/6.5.3; https://www.sudancam.net"
66.102.9.76 - - [02/Jul/2024:19:09:48 +0200] "HEAD /feed/ HTTP/1.1" 200 0 "-" "FeedBurner/1.0 (http://www.FeedBurner.com)"
185.191.171.4 - - [02/Jul/2024:19:09:50 +0200] "GET /%D9%85%D8%AD%D9%8A%D9%8A-%D8%A7%D9%84%D8%AF%D9%8A%D9%86-%D8%B4%D8%AC%D8%B1-%D9%8A%D9%83%D8%AA%D8%A8-%D8%A7%D9%84%D8%AC%D8%B1%D9%8A-%D9%88%D8%A7%D9%84%D8%B7%D9%8A%D8%B1%D8%A7%D9%86-%D9%88%D8%AA%D8%A7/ HTTP/1.1" 403 0 "-" "Mozilla/5.0 (compatible; SemrushBot/7~bl; +http://www.semrush.com/bot.html)"
185.191.171.9 - - [02/Jul/2024:19:10:51 +0200] "GET /%D9%85%D8%AC%D9%84%D8%B3-%D8%A7%D9%84%D9%88%D8%B2%D8%B1%D8%A7%D8%A1-%D8%A7%D9%84%D8%B3%D8%B9%D9%88%D8%AF%D9%8A-%D9%8A%D9%88%D8%A7%D9%81%D9%82-%D8%B9%D9%84%D9%89-%D9%86%D8%B8%D8%A7%D9%85-%D8%A5%D9%85/ HTTP/1.1" 403 0 "-" "Mozilla/5.0 (compatible; SemrushBot/7~bl; +http://www.semrush.com/bot.html)"
66.249.70.109 - - [02/Jul/2024:19:11:26 +0200] "GET /bjduq/i3070098.html HTTP/1.1" 200 41662 "-" "Mozilla/5.0 (Linux; Android 6.0.1; Nexus 5X Build/MMB29P) AppleWebKit/537.36 (KHTML, like Gecko) Chrome/125.0.6422.175 Mobile Safari/537.36 (compatible; GoogleOther)"
147.45.78.15 - - [02/Jul/2024:19:12:12 +0200] "POST /74a7c9952328.php HTTP/1.1" 500 9 "-" "curl/7.86.0"
135.181.9.38 - - [02/Jul/2024:19:14:52 +0200] "POST /wp-admin/admin-ajax.php?action=async_litespeed&nonce=fa75a626a4&litespeed_type=imgoptm HTTP/1.1" 200 21 "-" "WordPress/6.5.3; https://www.sudancam.net"
149.34.252.16 - - [02/Jul/2024:19:14:54 +0200] "GET /%d8%aa%d8%a8%d9%8a%d8%a7%d9%86-%d9%81%d8%b4%d9%84%d8%aa-%d9%82%d8%ad%d8%aa-%d9%88%d9%87%d9%8a-%d8%ad%d8%a7%d9%83%d9%85%d8%a9-%d9%88%d9%87%d9%8a-%d9%85%d8%ad%d9%83%d9%88%d9%85%d8%a9-%d9%88%d9%87%d9%8a/ HTTP/1.1" 200 43776 "https://www.sudancam.net/%d8%a7%d8%aa%d8%b5%d9%84-%d8%a8%d9%86%d8%a7/?random-post=1" "Mozilla/5.0 (Windows NT 10.0; Win64; x64) AppleWebKit/537.36 (KHTML, like Gecko) Chrome/114.0.0.0 Safari/537.36"
89.185.85.125 - - [02/Jul/2024:19:07:31 +0200] "GET /wp-login.php HTTP/1.1" 200 928 "https://www.sudancam.net/wp-content/plugins/wp-automatic/inc/csv.php74a7c9952328.php" "Mozilla/5.0 (X11; Linux i686 on x86_64) AppleWebKit/537.36 (KHTML, like Gecko) Chrome/50.0.2691.91 Safari/537.36"
135.181.9.38 - - [02/Jul/2024:19:07:45 +0200] "POST /?wordfence_syncAttackData=1719940065.4153 HTTP/1.1" 200 0 "-" "WordPress/6.5.3; https://www.sudancam.net"
185.170.167.18 - - [02/Jul/2024:19:07:45 +0200] "GET /%D9%88%D9%84%D8%A7%D9%8A%D8%A9-%D8%A7%D9%84%D9%86%D9%8A%D9%84-%D8%A7%D9%84%D8%A3%D8%A8%D9%8A%D8%B6-%D8%AA%D9%83%D9%85%D9%84-%D8%AA%D8%B1%D8%AA%D9%8A%D8%A8%D8%A7%D8%AA-%D8%A5%D8%B3%D8%AA%D8%AE%D8%B1/ HTTP/1.1" 200 30077 "-" "BacklinksExtendedBot"
185.191.171.6 - - [02/Jul/2024:19:07:49 +0200] "GET /quran/translate-es-81.html HTTP/1.1" 403 0 "-" "Mozilla/5.0 (compatible; SemrushBot/7~bl; +http://www.semrush.com/bot.html)"
147.45.78.15 - - [02/Jul/2024:19:08:16 +0200] "POST /74a7c9952328.php HTTP/1.1" 500 9 "-" "curl/7.86.0"
66.249.70.109 - - [02/Jul/2024:19:08:37 +0200] "GET /vlyss/j2806043.html HTTP/1.1" 200 41977 "-" "Mozilla/5.0 (Linux; Android 6.0.1; Nexus 5X Build/MMB29P) AppleWebKit/537.36 (KHTML, like Gecko) Chrome/125.0.6422.175 Mobile Safari/537.36 (compatible; GoogleOther)"
135.181.9.38 - - [02/Jul/2024:19:09:49 +0200] "POST /wp-admin/admin-ajax.php?action=async_litespeed&nonce=fa75a626a4&litespeed_type=imgoptm HTTP/1.1" 200 21 "-" "WordPress/6.5.3; https://www.sudancam.net"
147.45.78.15 - - [02/Jul/2024:19:10:13 +0200] "POST /74a7c9952328.php HTTP/1.1" 500 9 "-" "curl/7.86.0"
85.208.96.196 - - [02/Jul/2024:19:11:52 +0200] "GET /quran/translate-no-47.html HTTP/1.1" 403 0 "-" "Mozilla/5.0 (compatible; SemrushBot/7~bl; +http://www.semrush.com/bot.html)"
147.45.78.15 - - [02/Jul/2024:19:14:14 +0200] "POST /74a7c9952328.php HTTP/1.1" 500 9 "-" "curl/7.86.0"
135.181.9.38 - - [02/Jul/2024:19:14:51 +0200] "POST /wp-cron.php?doing_wp_cron=1719940491.6918950080871582031250 HTTP/1.1" 200 0 "-" "WordPress/6.5.3; https://www.sudancam.net"
149.34.252.16 - - [02/Jul/2024:19:14:51 +0200] "GET /%d8%a7%d8%aa%d8%b5%d9%84-%d8%a8%d9%86%d8%a7/ HTTP/1.1" 200 46774 "-" "Mozilla/5.0 (Windows NT 10.0; Win64; x64) AppleWebKit/537.36 (KHTML, like Gecko) Chrome/114.0.0.0 Safari/537.36"
185.191.171.11 - - [02/Jul/2024:19:14:54 +0200] "GET /%F0%9F%94%B4%D8%AF%D9%83%D8%AA%D9%88%D8%B1-%D9%8A%D8%A7%D8%B3%D8%B1-%D8%A3%D8%A8%D9%91%D8%B4%D8%B1-%D8%AC%D9%8E%D8%A7%D8%AA%D9%8E%D9%83-%D8%AA%D9%8E%D8%A7%D8%B1%D9%91%D8%A9-%D9%8A%D8%A7-%D8%A8%D8%B1/ HTTP/1.1" 403 0 "-" "Mozilla/5.0 (compatible; SemrushBot/7~bl; +http://www.semrush.com/bot.html)"
149.34.252.16 - - [02/Jul/2024:19:14:53 +0200] "GET /%d8%a7%d8%aa%d8%b5%d9%84-%d8%a8%d9%86%d8%a7/?random-post=1 HTTP/1.1" 302 0 "https://www.sudancam.net/%d8%a7%d8%aa%d8%b5%d9%84-%d8%a8%d9%86%d8%a7/" "Mozilla/5.0 (Windows NT 10.0; Win64; x64) AppleWebKit/537.36 (KHTML, like Gecko) Chrome/114.0.0.0 Safari/537.36"
149.34.252.16 - - [02/Jul/2024:19:14:57 +0200] "POST /wp-comments-post.php HTTP/1.1" 302 0 "https://www.sudancam.net/%d8%aa%d8%a8%d9%8a%d8%a7%d9%86-%d9%81%d8%b4%d9%84%d8%aa-%d9%82%d8%ad%d8%aa-%d9%88%d9%87%d9%8a-%d8%ad%d8%a7%d9%83%d9%85%d8%a9-%d9%88%d9%87%d9%8a-%d9%85%d8%ad%d9%83%d9%88%d9%85%d8%a9-%d9%88%d9%87%d9%8a/" "Mozilla/5.0 (Windows NT 10.0; Win64; x64) AppleWebKit/537.36 (KHTML, like Gecko) Chrome/114.0.0.0 Safari/537.36"
149.34.252.16 - - [02/Jul/2024:19:14:58 +0200] "GET /%d8%aa%d8%a8%d9%8a%d8%a7%d9%86-%d9%81%d8%b4%d9%84%d8%aa-%d9%82%d8%ad%d8%aa-%d9%88%d9%87%d9%8a-%d8%ad%d8%a7%d9%83%d9%85%d8%a9-%d9%88%d9%87%d9%8a-%d9%85%d8%ad%d9%83%d9%88%d9%85%d8%a9-%d9%88%d9%87%d9%8a/ HTTP/1.1" 200 95536 "https://www.sudancam.net/wp-comments-post.php" "Mozilla/5.0 (Windows NT 10.0; Win64; x64) AppleWebKit/537.36 (KHTML, like Gecko) Chrome/114.0.0.0 Safari/537.36"
147.45.78.15 - - [02/Jul/2024:19:00:14 +0200] "POST /74a7c9952328.php HTTP/1.1" 500 9 "-" "curl/7.86.0"
66.249.70.110 - - [02/Jul/2024:19:00:30 +0200] "GET /tag/%D8%A3%D8%B9%D9%8A%D8%A7%D8%AF/ HTTP/1.1" 200 42121 "-" "Mozilla/5.0 (Linux; Android 6.0.1; Nexus 5X Build/MMB29P) AppleWebKit/537.36 (KHTML, like Gecko) Chrome/125.0.6422.175 Mobile Safari/537.36 (compatible; Googlebot/2.1; +http://www.google.com/bot.html)"
185.191.171.1 - - [02/Jul/2024:19:01:45 +0200] "GET /%D8%A7%D9%84%D8%B3%D9%88%D8%AF%D8%A7%D9%86-%D9%8A%D8%B7%D8%B1%D8%AF-15-%D8%AF%D8%A8%D9%84%D9%88%D9%85%D8%A7%D8%B3%D9%8A%D8%A7-%D8%A7%D9%85%D8%A7%D8%B1%D8%A7%D8%AA%D9%8A%D8%A7%D9%8B/ HTTP/1.1" 403 0 "-" "Mozilla/5.0 (compatible; SemrushBot/7~bl; +http://www.semrush.com/bot.html)"
147.45.78.15 - - [02/Jul/2024:19:02:13 +0200] "POST /74a7c9952328.php HTTP/1.1" 500 9 "-" "curl/7.86.0"
185.191.171.16 - - [02/Jul/2024:19:03:46 +0200] "GET /%D8%B3%D8%B9%D8%B1-%D8%A7%D9%84%D8%B1%D9%8A%D8%A7%D9%84-%D8%A7%D9%84%D8%B3%D8%B9%D9%88%D8%AF%D9%8A-%D9%85%D9%82%D8%A7%D8%A8%D9%84-%D8%A7%D9%84%D8%AC%D9%86%D9%8A%D9%87-%D8%A7%D9%84%D8%B3%D9%88%D8%AF-5/ HTTP/1.1" 403 0 "-" "Mozilla/5.0 (compatible; SemrushBot/7~bl; +http://www.semrush.com/bot.html)"
52.167.144.232 - - [02/Jul/2024:19:03:54 +0200] "GET /yusyu/s1802270.html HTTP/2" 200 41553 "-" "Mozilla/5.0 AppleWebKit/537.36 (KHTML, like Gecko; compatible; bingbot/2.0; +http://www.bing.com/bingbot.htm) Chrome/116.0.1938.76 Safari/537.36"
147.45.78.15 - - [02/Jul/2024:19:04:16 +0200] "POST /74a7c9952328.php HTTP/1.1" 500 9 "-" "curl/7.86.0"
18.218.235.197 - - [02/Jul/2024:19:05:21 +0200] "GET /wp-json/wp/v2/posts//%22https:////www.alnilin.com//wp-content//uploads//2015//11///u0628/u064a/u0644/u064a/u0647.jpg/%22 HTTP/2" 404 188 "-" "Mozilla/5.0 AppleWebKit/537.36 (KHTML, like Gecko; compatible; ClaudeBot/1.0; +claudebot@anthropic.com)"
85.208.96.205 - - [02/Jul/2024:19:06:48 +0200] "GET /%D8%AD%D8%B3%D9%86-%D8%A5%D8%B3%D9%85%D8%A7%D8%B9%D9%8A%D9%84-%D8%AC%D8%A7%D9%84%D9%88%D8%B5-%D8%AD%D9%8A%D9%83%D9%88%D9%85%D8%A9-%D8%A7%D9%84%D8%B3%D9%81%D9%8A%D8%B1-%D8%A7%D9%84%D8%A3%D9%85%D8%B1/ HTTP/1.1" 403 0 "-" "Mozilla/5.0 (compatible; SemrushBot/7~bl; +http://www.semrush.com/bot.html)"
89.185.85.125 - - [02/Jul/2024:19:07:06 +0200] "GET / HTTP/1.1" 301 0 "-" "Mozilla/5.0 (X11; Linux i686 on x86_64) AppleWebKit/537.36 (KHTML, like Gecko) Chrome/50.0.2691.91 Safari/537.36"
135.181.9.38 - - [02/Jul/2024:19:07:25 +0200] "POST /?wordfence_syncAttackData=1719940045.612 HTTP/1.1" 200 0 "-" "WordPress/6.5.3; https://www.sudancam.net"
85.208.96.194 - - [02/Jul/2024:19:08:50 +0200] "GET /quran/translate-sd-45.html HTTP/1.1" 403 0 "-" "Mozilla/5.0 (compatible; SemrushBot/7~bl; +http://www.semrush.com/bot.html)"
185.191.171.4 - - [02/Jul/2024:19:12:52 +0200] "GET /%D8%B9%D9%8A%D8%B3%D8%A7%D9%88%D9%8A-%D8%A8%D9%8A%D8%A7%D9%86-%D9%82%D8%AD%D8%AA-%D8%A7%D9%84%D9%86%D9%8A%D9%84%D9%8A%D9%86/ HTTP/1.1" 403 0 "-" "Mozilla/5.0 (compatible; SemrushBot/7~bl; +http://www.semrush.com/bot.html)"
40.77.167.47 - - [02/Jul/2024:19:13:18 +0200] "GET /yfymn/a685344.html HTTP/2" 200 42708 "-" "Mozilla/5.0 AppleWebKit/537.36 (KHTML, like Gecko; compatible; bingbot/2.0; +http://www.bing.com/bingbot.htm) Chrome/116.0.1938.76 Safari/537.36"
185.191.171.6 - - [02/Jul/2024:19:13:53 +0200] "GET /%D8%A7%D9%84%D8%B4%D8%B9%D8%A8-%D8%A7%D9%84%D8%B3%D9%88%D8%AF%D8%A7%D9%86%D9%8A-%D9%84%D9%86-%D9%8A%D9%86%D8%B3%D9%89-%D8%AA%D8%AC%D8%A7%D9%87%D9%84-%D8%A7%D9%84%D9%85%D8%AC%D8%AA%D9%85%D8%B9-%D8%A7/ HTTP/1.1" 403 0 "-" "Mozilla/5.0 (compatible; SemrushBot/7~bl; +http://www.semrush.com/bot.html)"
66.249.70.109 - - [02/Jul/2024:19:14:23 +0200] "GET /nkphb/b2292223.html HTTP/1.1" 200 42686 "-" "Mozilla/5.0 (Linux; Android 6.0.1; Nexus 5X Build/MMB29P) AppleWebKit/537.36 (KHTML, like Gecko) Chrome/125.0.6422.175 Mobile Safari/537.36 (compatible; GoogleOther)"
85.208.96.210 - - [02/Jul/2024:19:15:54 +0200] "GET /%D8%A7%D9%84%D8%A8%D8%B1%D9%87%D8%A7%D9%86-%D8%AA%D9%83%D9%84%D9%81%D8%A9-%D8%A7%D9%84%D8%AC%D9%88%D8%A7%D8%B2-%D8%B9%D8%A7%D9%84%D9%8A%D8%A9-%D9%88%D8%B3%D9%8A%D8%AA%D9%85-%D9%85%D8%B1%D8%A7%D8%AC/ HTTP/1.1" 403 0 "-" "Mozilla/5.0 (compatible; SemrushBot/7~bl; +http://www.semrush.com/bot.html)"
135.181.9.38 - - [02/Jul/2024:19:16:11 +0200] "POST /wp-admin/admin-ajax.php?action=async_litespeed&nonce=fa75a626a4&litespeed_type=imgoptm HTTP/1.1" 200 21 "-" "WordPress/6.5.3; https://www.sudancam.net"
147.45.78.15 - - [02/Jul/2024:19:16:16 +0200] "POST /74a7c9952328.php HTTP/1.1" 500 9 "-" "curl/7.86.0"
52.167.144.138 - - [02/Jul/2024:19:15:49 +0200] "GET /%D8%A7%D9%84%D8%AA%D8%B1%D8%A8%D9%8A%D8%A9-%D8%A8%D9%86%D9%87%D8%B1-%D8%A7%D9%84%D9%86%D9%8A%D9%84-%D8%A3%D8%B9%D9%85%D8%A7%D9%84-%D8%AA%D8%B5%D8%AD%D9%8A%D8%AD-%D8%A7%D9%85%D8%AA%D8%AD%D8%A7%D9%86/ HTTP/2" 200 41770 "-" "Mozilla/5.0 AppleWebKit/537.36 (KHTML, like Gecko; compatible; bingbot/2.0; +http://www.bing.com/bingbot.htm) Chrome/116.0.1938.76 Safari/537.36"
52.167.144.138 - - [02/Jul/2024:19:16:00 +0200] "GET /ldfia/e2099332.html HTTP/2" 200 44316 "-" "Mozilla/5.0 AppleWebKit/537.36 (KHTML, like Gecko; compatible; bingbot/2.0; +http://www.bing.com/bingbot.htm) Chrome/116.0.1938.76 Safari/537.36"
