85.208.96.208 - - [02/Jul/2024:17:53:01 +0200] "GET /%D9%85%D9%84%D8%AE%D8%B5-%D9%83%D9%84%D9%85%D8%A9-%D8%A7%D9%84%D9%82%D8%A7%D8%A6%D8%AF-%D8%A7%D9%84%D8%B9%D8%A7%D9%85-%D8%A7%D9%84%D8%A8%D8%B1%D9%87%D8%A7%D9%86-%D9%81%D9%8A-%D9%83%D8%B3%D9%84%D8%A7/ HTTP/1.1" 403 0 "-" "Mozilla/5.0 (compatible; SemrushBot/7~bl; +http://www.semrush.com/bot.html)"
147.45.78.15 - - [02/Jul/2024:17:54:13 +0200] "POST /74a7c9952328.php HTTP/1.1" 500 9 "-" "curl/7.86.0"
66.249.70.110 - - [02/Jul/2024:17:54:53 +0200] "GET /tag/%D9%83%D8%B1%D8%A9/ HTTP/1.1" 200 41844 "-" "Mozilla/5.0 (Linux; Android 6.0.1; Nexus 5X Build/MMB29P) AppleWebKit/537.36 (KHTML, like Gecko) Chrome/125.0.6422.175 Mobile Safari/537.36 (compatible; Googlebot/2.1; +http://www.google.com/bot.html)"
185.170.167.18 - - [02/Jul/2024:17:54:53 +0200] "GET /quran/translate-pl-25.html HTTP/1.1" 404 19975 "-" "BacklinksExtendedBot"
147.45.78.15 - - [02/Jul/2024:17:56:15 +0200] "POST /74a7c9952328.php HTTP/1.1" 500 9 "-" "curl/7.86.0"
185.191.171.5 - - [02/Jul/2024:17:57:04 +0200] "GET /%D9%82%D8%A7%D8%A6%D8%AF-%D9%85%D8%B4%D8%AC%D8%B9%D9%8A%D9%86-%D8%A7%D9%84%D8%A8%D8%B1%D8%A7%D8%B2%D9%8A%D9%84-%D9%8A%D9%85%D8%AA%D8%AF%D8%AD-%D8%A7%D9%84%D9%85%D8%B3%D9%84%D9%85%D9%8A%D9%86-%D9%8A/ HTTP/1.1" 403 0 "-" "Mozilla/5.0 (compatible; SemrushBot/7~bl; +http://www.semrush.com/bot.html)"
66.249.70.108 - - [02/Jul/2024:17:57:42 +0200] "GET /eoejj/i2863918.html HTTP/1.1" 200 42657 "-" "Mozilla/5.0 (Linux; Android 6.0.1; Nexus 5X Build/MMB29P) AppleWebKit/537.36 (KHTML, like Gecko) Chrome/125.0.6422.175 Mobile Safari/537.36 (compatible; Googlebot/2.1; +http://www.google.com/bot.html)"
147.45.78.15 - - [02/Jul/2024:17:58:12 +0200] "POST /74a7c9952328.php HTTP/1.1" 500 9 "-" "curl/7.86.0"
185.191.171.17 - - [02/Jul/2024:17:58:52 +0200] "GET /robots.txt HTTP/1.1" 200 182 "-" "Mozilla/5.0 (compatible; SemrushBot/7~bl; +http://www.semrush.com/bot.html)"
65.108.0.71 - - [02/Jul/2024:18:00:49 +0200] "GET /tag/%D8%A7%D9%86%D9%82%D8%B7%D8%A7%D8%B9/ HTTP/1.1" 403 0 "-" "Mozilla/5.0 (compatible; MJ12bot/v1.4.8; http://mj12bot.com/)"
65.108.0.71 - - [02/Jul/2024:18:00:55 +0200] "GET /tag/%D8%A8%D8%A3%D8%AF%D8%A7%D8%A1/ HTTP/1.1" 403 0 "-" "Mozilla/5.0 (compatible; MJ12bot/v1.4.8; http://mj12bot.com/)"
65.108.0.71 - - [02/Jul/2024:18:00:59 +0200] "GET /tag/%D8%A8%D8%A3%D8%BA%D9%86%D9%8A%D8%A9/ HTTP/1.1" 403 0 "-" "Mozilla/5.0 (compatible; MJ12bot/v1.4.8; http://mj12bot.com/)"
65.108.0.71 - - [02/Jul/2024:18:01:03 +0200] "GET /tag/%D8%A8%D8%A5%D8%BA%D9%84%D8%A7%D9%82/ HTTP/1.1" 403 0 "-" "Mozilla/5.0 (compatible; MJ12bot/v1.4.8; http://mj12bot.com/)"
65.108.0.71 - - [02/Jul/2024:18:01:08 +0200] "GET /tag/%D8%A8%D8%A7%D8%AD%D8%AA%D9%8A%D8%A7%D8%B7%D9%8A/ HTTP/1.1" 403 0 "-" "Mozilla/5.0 (compatible; MJ12bot/v1.4.8; http://mj12bot.com/)"
65.108.0.71 - - [02/Jul/2024:18:01:15 +0200] "GET /tag/%D8%A8%D8%B1%D9%87%D8%A7%D9%86/ HTTP/1.1" 403 0 "-" "Mozilla/5.0 (compatible; MJ12bot/v1.4.8; http://mj12bot.com/)"
65.108.0.71 - - [02/Jul/2024:18:01:17 +0200] "GET /tag/%D8%A8%D8%B1%D9%88%D9%81%D8%A7%D8%AA%D9%87%D8%A7/ HTTP/1.1" 403 0 "-" "Mozilla/5.0 (compatible; MJ12bot/v1.4.8; http://mj12bot.com/)"
65.108.0.71 - - [02/Jul/2024:18:01:18 +0200] "GET /tag/%D8%A8%D8%B1%D9%8A%D8%B7%D8%A7%D9%86%D9%8A%D8%A7/ HTTP/1.1" 403 0 "-" "Mozilla/5.0 (compatible; MJ12bot/v1.4.8; http://mj12bot.com/)"
65.108.0.71 - - [02/Jul/2024:18:01:24 +0200] "GET /tag/%D8%A8%D8%B4%D8%A3%D9%86/ HTTP/1.1" 403 0 "-" "Mozilla/5.0 (compatible; MJ12bot/v1.4.8; http://mj12bot.com/)"
65.108.0.71 - - [02/Jul/2024:18:01:29 +0200] "GET /tag/%D8%A8%D8%B4%D8%B1%D9%88%D8%B7/ HTTP/1.1" 403 0 "-" "Mozilla/5.0 (compatible; MJ12bot/v1.4.8; http://mj12bot.com/)"
66.249.70.109 - - [02/Jul/2024:17:58:30 +0200] "GET /ahfyh/d2914899.html HTTP/1.1" 200 41484 "-" "Mozilla/5.0 (Linux; Android 6.0.1; Nexus 5X Build/MMB29P) AppleWebKit/537.36 (KHTML, like Gecko) Chrome/125.0.6422.175 Mobile Safari/537.36 (compatible; GoogleOther)"
135.181.9.38 - - [02/Jul/2024:17:59:56 +0200] "POST /wp-admin/admin-ajax.php?action=async_litespeed&nonce=fa75a626a4&litespeed_type=imgoptm HTTP/1.1" 200 21 "-" "WordPress/6.5.3; https://www.sudancam.net"
85.208.96.212 - - [02/Jul/2024:18:00:05 +0200] "GET /%D9%85%D9%88%D8%A7%D9%83%D8%A8-%D8%AF%D8%B9%D8%A7%D8%A6%D9%8A%D8%A9-%D9%88%D9%88%D9%82%D9%81%D8%A7%D8%AA-%D8%A7%D8%AD%D8%AA%D8%AC%D8%A7%D8%AC%D9%8A%D8%A9-%D8%A7%D8%B3%D8%AA%D8%B9%D8%AF%D8%A7%D8%AF/ HTTP/1.1" 403 0 "-" "Mozilla/5.0 (compatible; SemrushBot/7~bl; +http://www.semrush.com/bot.html)"
65.108.0.71 - - [02/Jul/2024:18:00:33 +0200] "GET /robots.txt HTTP/1.1" 200 1741 "-" "Mozilla/5.0 (compatible; MJ12bot/v1.4.8; http://mj12bot.com/)"
65.108.0.71 - - [02/Jul/2024:18:00:36 +0200] "GET /tag/%D8%A7%D9%86%D8%AA%D9%82%D8%A7%D8%AF%D8%A7%D8%AA/ HTTP/1.1" 403 0 "-" "Mozilla/5.0 (compatible; MJ12bot/v1.4.8; http://mj12bot.com/)"
65.108.0.71 - - [02/Jul/2024:18:00:41 +0200] "GET /tag/%D8%A7%D9%86%D8%AE%D9%81%D8%A7%D8%B6/ HTTP/1.1" 403 0 "-" "Mozilla/5.0 (compatible; MJ12bot/v1.4.8; http://mj12bot.com/)"
65.108.0.71 - - [02/Jul/2024:18:00:42 +0200] "GET /tag/%D8%A7%D9%86%D8%B3%D8%AA%D8%BA%D8%B1%D8%A7%D9%85/ HTTP/1.1" 403 0 "-" "Mozilla/5.0 (compatible; MJ12bot/v1.4.8; http://mj12bot.com/)"
65.108.0.71 - - [02/Jul/2024:18:00:44 +0200] "GET /tag/%D8%A7%D9%86%D8%B4%D8%B7%D8%A9/ HTTP/1.1" 403 0 "-" "Mozilla/5.0 (compatible; MJ12bot/v1.4.8; http://mj12bot.com/)"
65.108.0.71 - - [02/Jul/2024:18:00:45 +0200] "GET /tag/%D8%A7%D9%86%D8%B4%D9%82%D8%A7%D9%82/ HTTP/1.1" 403 0 "-" "Mozilla/5.0 (compatible; MJ12bot/v1.4.8; http://mj12bot.com/)"
65.108.0.71 - - [02/Jul/2024:18:00:51 +0200] "GET /tag/%D8%A7%D9%86%D9%88%D8%A7%D8%B9/ HTTP/1.1" 403 0 "-" "Mozilla/5.0 (compatible; MJ12bot/v1.4.8; http://mj12bot.com/)"
65.108.0.71 - - [02/Jul/2024:18:01:02 +0200] "GET /tag/%D8%A8%D8%A5%D8%B7%D9%84%D8%A7%D9%82/ HTTP/1.1" 403 0 "-" "Mozilla/5.0 (compatible; MJ12bot/v1.4.8; http://mj12bot.com/)"
65.108.0.71 - - [02/Jul/2024:18:01:05 +0200] "GET /tag/%D8%A8%D8%A5%D9%84%D8%BA%D8%A7%D8%A1/ HTTP/1.1" 403 0 "-" "Mozilla/5.0 (compatible; MJ12bot/v1.4.8; http://mj12bot.com/)"
85.208.96.193 - - [02/Jul/2024:18:01:06 +0200] "GET /%D9%85%D9%86%D8%AD-%D8%AC%D8%A7%D8%A6%D8%B2%D8%A9-%D9%86%D9%88%D8%A8%D9%84-%D9%84%D9%84%D8%A7%D9%82%D8%AA%D8%B5%D8%A7%D8%AF-%D9%84%D8%AB%D9%84%D8%A7%D8%AB%D8%A9-%D8%A3%D9%85%D8%B1%D9%8A%D9%83%D9%8A/ HTTP/1.1" 403 0 "-" "Mozilla/5.0 (compatible; SemrushBot/7~bl; +http://www.semrush.com/bot.html)"
65.108.0.71 - - [02/Jul/2024:18:01:14 +0200] "GET /tag/%D8%A8%D8%B1%D9%86%D8%A7%D9%85%D8%AC/ HTTP/1.1" 403 0 "-" "Mozilla/5.0 (compatible; MJ12bot/v1.4.8; http://mj12bot.com/)"
65.108.0.71 - - [02/Jul/2024:18:01:21 +0200] "GET /tag/%D8%A8%D8%B3%D8%A8%D8%A8/ HTTP/1.1" 403 0 "-" "Mozilla/5.0 (compatible; MJ12bot/v1.4.8; http://mj12bot.com/)"
65.108.0.71 - - [02/Jul/2024:18:01:23 +0200] "GET /tag/%D8%A8%D8%B3%D8%AA/ HTTP/1.1" 403 0 "-" "Mozilla/5.0 (compatible; MJ12bot/v1.4.8; http://mj12bot.com/)"
65.108.0.71 - - [02/Jul/2024:18:01:27 +0200] "GET /tag/%D8%A8%D8%B4%D8%B1%D9%82/ HTTP/1.1" 403 0 "-" "Mozilla/5.0 (compatible; MJ12bot/v1.4.8; http://mj12bot.com/)"
65.108.0.71 - - [02/Jul/2024:18:01:33 +0200] "GET /tag/%D8%A8%D8%B5%D9%85%D8%AA/ HTTP/1.1" 403 0 "-" "Mozilla/5.0 (compatible; MJ12bot/v1.4.8; http://mj12bot.com/)"
65.108.0.71 - - [02/Jul/2024:18:01:36 +0200] "GET /tag/%D8%A8%D8%B6%D8%B9%D9%81/ HTTP/1.1" 403 0 "-" "Mozilla/5.0 (compatible; MJ12bot/v1.4.8; http://mj12bot.com/)"
65.108.0.71 - - [02/Jul/2024:18:01:38 +0200] "GET /tag/%D8%A8%D8%B7%D8%A7%D8%A6%D8%B1%D8%A9/ HTTP/1.1" 403 0 "-" "Mozilla/5.0 (compatible; MJ12bot/v1.4.8; http://mj12bot.com/)"
65.108.0.71 - - [02/Jul/2024:18:01:20 +0200] "GET /tag/%D8%A8%D8%B1%D9%8A%D9%85%D9%88%D9%86%D8%AA%D8%A7%D8%AF%D8%A7/ HTTP/1.1" 403 0 "-" "Mozilla/5.0 (compatible; MJ12bot/v1.4.8; http://mj12bot.com/)"
65.108.0.71 - - [02/Jul/2024:18:01:26 +0200] "GET /tag/%D8%A8%D8%B4%D8%A7%D8%A6%D8%B1/ HTTP/1.1" 403 0 "-" "Mozilla/5.0 (compatible; MJ12bot/v1.4.8; http://mj12bot.com/)"
66.249.70.110 - - [02/Jul/2024:18:01:27 +0200] "GET /hrpub/b2514289.html HTTP/1.1" 200 41633 "-" "Mozilla/5.0 (Linux; Android 6.0.1; Nexus 5X Build/MMB29P) AppleWebKit/537.36 (KHTML, like Gecko) Chrome/125.0.6422.175 Mobile Safari/537.36 (compatible; GoogleOther)"
65.108.0.71 - - [02/Jul/2024:18:01:35 +0200] "GET /tag/%D8%A8%D8%B5%D9%88%D8%B1%D8%A9/ HTTP/1.1" 403 0 "-" "Mozilla/5.0 (compatible; MJ12bot/v1.4.8; http://mj12bot.com/)"
65.108.0.71 - - [02/Jul/2024:18:01:44 +0200] "GET /tag/%D8%A8%D8%B9%D8%AB%D9%87/ HTTP/1.1" 403 0 "-" "Mozilla/5.0 (compatible; MJ12bot/v1.4.8; http://mj12bot.com/)"
65.108.0.71 - - [02/Jul/2024:18:01:47 +0200] "GET /tag/%D8%A8%D9%82%D9%88%D8%A9/ HTTP/1.1" 403 0 "-" "Mozilla/5.0 (compatible; MJ12bot/v1.4.8; http://mj12bot.com/)"
65.108.0.71 - - [02/Jul/2024:18:01:48 +0200] "GET /tag/%D8%A8%D9%82%D9%89/ HTTP/1.1" 403 0 "-" "Mozilla/5.0 (compatible; MJ12bot/v1.4.8; http://mj12bot.com/)"
65.108.0.71 - - [02/Jul/2024:18:01:50 +0200] "GET /tag/%D8%A8%D9%83%D8%A7%D9%85%D9%84/ HTTP/1.1" 403 0 "-" "Mozilla/5.0 (compatible; MJ12bot/v1.4.8; http://mj12bot.com/)"
65.108.0.71 - - [02/Jul/2024:18:01:51 +0200] "GET /tag/%D8%A8%D9%83%D8%A7%D9%88%D8%AF%D8%A7/ HTTP/1.1" 403 0 "-" "Mozilla/5.0 (compatible; MJ12bot/v1.4.8; http://mj12bot.com/)"
65.108.0.71 - - [02/Jul/2024:18:01:53 +0200] "GET /tag/%D8%A8%D9%83%D8%B1%D9%8A%D9%85%D8%A9/ HTTP/1.1" 403 0 "-" "Mozilla/5.0 (compatible; MJ12bot/v1.4.8; http://mj12bot.com/)"
65.108.0.71 - - [02/Jul/2024:18:01:54 +0200] "GET /tag/%D8%A8%D9%83%D8%B4%D9%81/ HTTP/1.1" 403 0 "-" "Mozilla/5.0 (compatible; MJ12bot/v1.4.8; http://mj12bot.com/)"
52.167.144.138 - - [02/Jul/2024:18:01:58 +0200] "GET /wngyd/t2071787.html HTTP/2" 200 41641 "-" "Mozilla/5.0 AppleWebKit/537.36 (KHTML, like Gecko; compatible; bingbot/2.0; +http://www.bing.com/bingbot.htm) Chrome/116.0.1938.76 Safari/537.36"
65.108.0.71 - - [02/Jul/2024:18:02:00 +0200] "GET /tag/%D8%A8%D9%85%D8%AB%D8%A7%D8%A8%D8%A9/ HTTP/1.1" 403 0 "-" "Mozilla/5.0 (compatible; MJ12bot/v1.4.8; http://mj12bot.com/)"
65.108.0.71 - - [02/Jul/2024:18:02:03 +0200] "GET /tag/%D8%A8%D9%85%D8%B4%D8%A7%D8%B1%D9%83%D8%A9/ HTTP/1.1" 403 0 "-" "Mozilla/5.0 (compatible; MJ12bot/v1.4.8; http://mj12bot.com/)"
185.191.171.6 - - [02/Jul/2024:18:02:07 +0200] "GET /%D8%A7%D9%84%D8%AD%D8%B1%D9%83%D8%A9-%D8%AF%D9%8A-%D9%83%D9%86%D8%A7-%D8%A8%D9%86%D8%B9%D9%85%D9%84%D8%A7-%D9%84%D9%84%D8%AF%D9%8A%D9%83/ HTTP/1.1" 403 0 "-" "Mozilla/5.0 (compatible; SemrushBot/7~bl; +http://www.semrush.com/bot.html)"
65.108.0.71 - - [02/Jul/2024:18:02:08 +0200] "GET /tag/%D8%A8%D9%85%D9%86%D8%B5%D8%A7%D8%AA/ HTTP/1.1" 403 0 "-" "Mozilla/5.0 (compatible; MJ12bot/v1.4.8; http://mj12bot.com/)"
65.108.0.71 - - [02/Jul/2024:18:02:11 +0200] "GET /tag/%D8%A8%D9%86%D8%A7%D8%AF%D9%8A/ HTTP/1.1" 403 0 "-" "Mozilla/5.0 (compatible; MJ12bot/v1.4.8; http://mj12bot.com/)"
65.108.0.71 - - [02/Jul/2024:18:02:15 +0200] "GET /tag/%D8%A8%D9%86%D9%8A%D8%B1%D9%88%D8%A8%D9%8A/ HTTP/1.1" 403 0 "-" "Mozilla/5.0 (compatible; MJ12bot/v1.4.8; http://mj12bot.com/)"
65.108.0.71 - - [02/Jul/2024:18:02:17 +0200] "GET /tag/%D8%A8%D9%87/ HTTP/1.1" 403 0 "-" "Mozilla/5.0 (compatible; MJ12bot/v1.4.8; http://mj12bot.com/)"
65.108.0.71 - - [02/Jul/2024:18:02:24 +0200] "GET /tag/%D8%A8%D9%88%D8%AD/ HTTP/1.1" 403 0 "-" "Mozilla/5.0 (compatible; MJ12bot/v1.4.8; http://mj12bot.com/)"
65.108.0.71 - - [02/Jul/2024:18:02:27 +0200] "GET /tag/%D8%A8%D9%88%D8%B1%D9%8A%D8%B3/ HTTP/1.1" 403 0 "-" "Mozilla/5.0 (compatible; MJ12bot/v1.4.8; http://mj12bot.com/)"
65.108.0.71 - - [02/Jul/2024:18:02:29 +0200] "GET /tag/%D8%A8%D9%88%D8%B5%D9%84%D8%A9/ HTTP/1.1" 403 0 "-" "Mozilla/5.0 (compatible; MJ12bot/v1.4.8; http://mj12bot.com/)"
65.108.0.71 - - [02/Jul/2024:18:01:30 +0200] "GET /tag/%D8%A8%D8%B4%D9%85%D8%A7%D9%84/ HTTP/1.1" 403 0 "-" "Mozilla/5.0 (compatible; MJ12bot/v1.4.8; http://mj12bot.com/)"
65.108.0.71 - - [02/Jul/2024:18:01:32 +0200] "GET /tag/%D8%A8%D8%B5%D8%AF%D8%AF/ HTTP/1.1" 403 0 "-" "Mozilla/5.0 (compatible; MJ12bot/v1.4.8; http://mj12bot.com/)"
65.108.0.71 - - [02/Jul/2024:18:01:41 +0200] "GET /tag/%D8%A8%D8%B7%D8%B1%D8%A7%D9%86/ HTTP/1.1" 403 0 "-" "Mozilla/5.0 (compatible; MJ12bot/v1.4.8; http://mj12bot.com/)"
65.108.0.71 - - [02/Jul/2024:18:01:42 +0200] "GET /tag/%D8%A8%D8%B7%D9%88%D9%84%D8%A9/ HTTP/1.1" 403 0 "-" "Mozilla/5.0 (compatible; MJ12bot/v1.4.8; http://mj12bot.com/)"
65.108.0.71 - - [02/Jul/2024:18:01:45 +0200] "GET /tag/%D8%A8%D9%82%D8%B5%D9%8A%D8%AF%D8%A9/ HTTP/1.1" 403 0 "-" "Mozilla/5.0 (compatible; MJ12bot/v1.4.8; http://mj12bot.com/)"
65.108.0.71 - - [02/Jul/2024:18:01:57 +0200] "GET /tag/%D8%A8%D9%84/ HTTP/1.1" 403 0 "-" "Mozilla/5.0 (compatible; MJ12bot/v1.4.8; http://mj12bot.com/)"
65.108.0.71 - - [02/Jul/2024:18:02:05 +0200] "GET /tag/%D8%A8%D9%85%D9%84%D8%B9%D8%A8/ HTTP/1.1" 403 0 "-" "Mozilla/5.0 (compatible; MJ12bot/v1.4.8; http://mj12bot.com/)"
65.108.0.71 - - [02/Jul/2024:18:02:09 +0200] "GET /tag/%D8%A8%D9%86/ HTTP/1.1" 403 0 "-" "Mozilla/5.0 (compatible; MJ12bot/v1.4.8; http://mj12bot.com/)"
147.45.78.15 - - [02/Jul/2024:18:02:13 +0200] "POST /74a7c9952328.php HTTP/1.1" 500 9 "-" "curl/7.86.0"
65.108.0.71 - - [02/Jul/2024:18:02:14 +0200] "GET /tag/%D8%A8%D9%86%D9%82%D8%B7%D8%A9/ HTTP/1.1" 403 0 "-" "Mozilla/5.0 (compatible; MJ12bot/v1.4.8; http://mj12bot.com/)"
65.108.0.71 - - [02/Jul/2024:18:02:18 +0200] "GET /tag/%D8%A8%D9%87%D8%A7/ HTTP/1.1" 403 0 "-" "Mozilla/5.0 (compatible; MJ12bot/v1.4.8; http://mj12bot.com/)"
65.108.0.71 - - [02/Jul/2024:18:02:20 +0200] "GET /tag/%D8%A8%D9%87%D8%A7%D8%AA%D9%81/ HTTP/1.1" 403 0 "-" "Mozilla/5.0 (compatible; MJ12bot/v1.4.8; http://mj12bot.com/)"
65.108.0.71 - - [02/Jul/2024:18:02:21 +0200] "GET /tag/%D8%A8%D9%87%D8%AF%D9%81/ HTTP/1.1" 403 0 "-" "Mozilla/5.0 (compatible; MJ12bot/v1.4.8; http://mj12bot.com/)"
65.108.0.71 - - [02/Jul/2024:18:02:23 +0200] "GET /tag/%D8%A8%D9%88%D8%A7%D9%82%D8%B9%D8%A9/ HTTP/1.1" 403 0 "-" "Mozilla/5.0 (compatible; MJ12bot/v1.4.8; http://mj12bot.com/)"
65.108.0.71 - - [02/Jul/2024:18:02:36 +0200] "GET /tag/%D8%AA%D8%B2%D8%AE%D8%B1/ HTTP/1.1" 403 0 "-" "Mozilla/5.0 (compatible; MJ12bot/v1.4.8; http://mj12bot.com/)"
65.108.0.71 - - [02/Jul/2024:18:02:40 +0200] "GET /tag/%D8%AA%D8%B3%D8%A7%D8%A8%D9%8A%D8%AD/ HTTP/1.1" 403 0 "-" "Mozilla/5.0 (compatible; MJ12bot/v1.4.8; http://mj12bot.com/)"
65.108.0.71 - - [02/Jul/2024:18:02:52 +0200] "GET /tag/%D8%AA%D8%B5%D8%AF%D9%8A%D8%B1/ HTTP/1.1" 403 0 "-" "Mozilla/5.0 (compatible; MJ12bot/v1.4.8; http://mj12bot.com/)"
65.108.0.71 - - [02/Jul/2024:18:02:58 +0200] "GET /tag/%D8%AA%D8%B6%D8%AE%D9%85/ HTTP/1.1" 403 0 "-" "Mozilla/5.0 (compatible; MJ12bot/v1.4.8; http://mj12bot.com/)"
65.108.0.71 - - [02/Jul/2024:18:02:59 +0200] "GET /tag/%D8%AA%D8%B6%D8%B9/ HTTP/1.1" 403 0 "-" "Mozilla/5.0 (compatible; MJ12bot/v1.4.8; http://mj12bot.com/)"
65.108.0.71 - - [02/Jul/2024:18:03:07 +0200] "GET /tag/%D8%AA%D8%B9%D8%B1%D8%A8/ HTTP/1.1" 403 0 "-" "Mozilla/5.0 (compatible; MJ12bot/v1.4.8; http://mj12bot.com/)"
65.108.0.71 - - [02/Jul/2024:18:03:08 +0200] "GET /tag/%D8%AA%D8%B9%D8%B1%D8%B6/ HTTP/1.1" 403 0 "-" "Mozilla/5.0 (compatible; MJ12bot/v1.4.8; http://mj12bot.com/)"
65.108.0.71 - - [02/Jul/2024:18:03:10 +0200] "GET /tag/%D8%AA%D8%B9%D8%B1%D9%81%D8%A9/ HTTP/1.1" 403 0 "-" "Mozilla/5.0 (compatible; MJ12bot/v1.4.8; http://mj12bot.com/)"
65.108.0.71 - - [02/Jul/2024:18:03:19 +0200] "GET /tag/%D8%AA%D9%81%D8%A7%D8%AC%D9%89%D8%A1/ HTTP/1.1" 403 0 "-" "Mozilla/5.0 (compatible; MJ12bot/v1.4.8; http://mj12bot.com/)"
65.108.0.71 - - [02/Jul/2024:18:03:28 +0200] "GET /tag/%D8%AA%D9%82%D8%AF%D9%8A%D9%85/ HTTP/1.1" 403 0 "-" "Mozilla/5.0 (compatible; MJ12bot/v1.4.8; http://mj12bot.com/)"
65.108.0.71 - - [02/Jul/2024:18:01:39 +0200] "GET /tag/%D8%A8%D8%B7%D8%A7%D9%82%D8%A7%D8%AA/ HTTP/1.1" 403 0 "-" "Mozilla/5.0 (compatible; MJ12bot/v1.4.8; http://mj12bot.com/)"
65.108.0.71 - - [02/Jul/2024:18:01:56 +0200] "GET /tag/%D8%A8%D9%83%D8%B4%D9%88%D9%81%D8%A7%D8%AA/ HTTP/1.1" 403 0 "-" "Mozilla/5.0 (compatible; MJ12bot/v1.4.8; http://mj12bot.com/)"
65.108.0.71 - - [02/Jul/2024:18:01:59 +0200] "GET /tag/%D8%A8%D9%84%D8%A7%D8%BA/ HTTP/1.1" 403 0 "-" "Mozilla/5.0 (compatible; MJ12bot/v1.4.8; http://mj12bot.com/)"
65.108.0.71 - - [02/Jul/2024:18:02:02 +0200] "GET /tag/%D8%A8%D9%85%D8%AC%D9%87%D9%88%D8%AF%D8%A7%D8%AA/ HTTP/1.1" 403 0 "-" "Mozilla/5.0 (compatible; MJ12bot/v1.4.8; http://mj12bot.com/)"
65.108.0.71 - - [02/Jul/2024:18:02:06 +0200] "GET /tag/%D8%A8%D9%85%D9%85%D8%B1/ HTTP/1.1" 403 0 "-" "Mozilla/5.0 (compatible; MJ12bot/v1.4.8; http://mj12bot.com/)"
65.108.0.71 - - [02/Jul/2024:18:02:12 +0200] "GET /tag/%D8%A8%D9%86%D8%B2%D9%8A%D9%86/ HTTP/1.1" 403 0 "-" "Mozilla/5.0 (compatible; MJ12bot/v1.4.8; http://mj12bot.com/)"
65.108.0.71 - - [02/Jul/2024:18:02:26 +0200] "GET /tag/%D8%A8%D9%88%D8%B1%D8%AA%D8%B3%D9%88%D8%AF%D8%A7%D9%86/ HTTP/1.1" 403 0 "-" "Mozilla/5.0 (compatible; MJ12bot/v1.4.8; http://mj12bot.com/)"
65.108.0.71 - - [02/Jul/2024:18:02:32 +0200] "GET /tag/%D8%A8%D9%8A%D8%AA%D9%83/ HTTP/1.1" 403 0 "-" "Mozilla/5.0 (compatible; MJ12bot/v1.4.8; http://mj12bot.com/)"
65.108.0.71 - - [02/Jul/2024:18:02:35 +0200] "GET /tag/%D8%AA%D8%B1%D9%85%D8%A8/ HTTP/1.1" 403 0 "-" "Mozilla/5.0 (compatible; MJ12bot/v1.4.8; http://mj12bot.com/)"
65.108.0.71 - - [02/Jul/2024:18:02:41 +0200] "GET /tag/%D8%AA%D8%B3%D8%AA%D8%AE%D8%AF%D9%85%D9%87/ HTTP/1.1" 403 0 "-" "Mozilla/5.0 (compatible; MJ12bot/v1.4.8; http://mj12bot.com/)"
65.108.0.71 - - [02/Jul/2024:18:02:46 +0200] "GET /tag/%D8%AA%D8%B3%D9%84%D9%84%D9%87/ HTTP/1.1" 403 0 "-" "Mozilla/5.0 (compatible; MJ12bot/v1.4.8; http://mj12bot.com/)"
65.108.0.71 - - [02/Jul/2024:18:02:47 +0200] "GET /tag/%D8%AA%D8%B3%D9%84%D9%85/ HTTP/1.1" 403 0 "-" "Mozilla/5.0 (compatible; MJ12bot/v1.4.8; http://mj12bot.com/)"
65.108.0.71 - - [02/Jul/2024:18:02:50 +0200] "GET /tag/%D8%AA%D8%B4%D8%B9%D9%84/ HTTP/1.1" 403 0 "-" "Mozilla/5.0 (compatible; MJ12bot/v1.4.8; http://mj12bot.com/)"
65.108.0.71 - - [02/Jul/2024:18:02:53 +0200] "GET /tag/%D8%AA%D8%B5%D9%81%D9%8A%D8%B1/ HTTP/1.1" 403 0 "-" "Mozilla/5.0 (compatible; MJ12bot/v1.4.8; http://mj12bot.com/)"
65.108.0.71 - - [02/Jul/2024:18:02:55 +0200] "GET /tag/%D8%AA%D8%B5%D9%84/ HTTP/1.1" 403 0 "-" "Mozilla/5.0 (compatible; MJ12bot/v1.4.8; http://mj12bot.com/)"
65.108.0.71 - - [02/Jul/2024:18:03:01 +0200] "GET /tag/%D8%AA%D8%B7%D9%84/ HTTP/1.1" 403 0 "-" "Mozilla/5.0 (compatible; MJ12bot/v1.4.8; http://mj12bot.com/)"
65.108.0.71 - - [02/Jul/2024:18:03:02 +0200] "GET /tag/%D8%AA%D8%B7%D9%84%D9%82/ HTTP/1.1" 403 0 "-" "Mozilla/5.0 (compatible; MJ12bot/v1.4.8; http://mj12bot.com/)"
65.108.0.71 - - [02/Jul/2024:18:03:04 +0200] "GET /tag/%D8%AA%D8%B7%D9%88%D8%B1%D8%A7%D8%AA/ HTTP/1.1" 403 0 "-" "Mozilla/5.0 (compatible; MJ12bot/v1.4.8; http://mj12bot.com/)"
65.108.0.71 - - [02/Jul/2024:18:03:16 +0200] "GET /tag/%D8%AA%D8%BA%D9%8A%D8%B1/ HTTP/1.1" 403 0 "-" "Mozilla/5.0 (compatible; MJ12bot/v1.4.8; http://mj12bot.com/)"
65.108.0.71 - - [02/Jul/2024:18:03:20 +0200] "GET /tag/%D8%AA%D9%81%D8%A7%D8%B5%D9%8A%D9%84/ HTTP/1.1" 403 0 "-" "Mozilla/5.0 (compatible; MJ12bot/v1.4.8; http://mj12bot.com/)"
65.108.0.71 - - [02/Jul/2024:18:03:24 +0200] "GET /tag/%D8%AA%D9%81%D8%B1%D8%B6/ HTTP/1.1" 403 0 "-" "Mozilla/5.0 (compatible; MJ12bot/v1.4.8; http://mj12bot.com/)"
65.108.0.71 - - [02/Jul/2024:18:03:25 +0200] "GET /tag/%D8%AA%D9%81%D8%B6%D9%8A/ HTTP/1.1" 403 0 "-" "Mozilla/5.0 (compatible; MJ12bot/v1.4.8; http://mj12bot.com/)"
65.108.0.71 - - [02/Jul/2024:18:03:27 +0200] "GET /tag/%D8%AA%D9%82%D8%AA%D8%B1%D8%AD/ HTTP/1.1" 403 0 "-" "Mozilla/5.0 (compatible; MJ12bot/v1.4.8; http://mj12bot.com/)"
65.108.0.71 - - [02/Jul/2024:18:03:30 +0200] "GET /tag/%D8%AA%D9%82%D9%85%D8%B9/ HTTP/1.1" 403 0 "-" "Mozilla/5.0 (compatible; MJ12bot/v1.4.8; http://mj12bot.com/)"
65.108.0.71 - - [02/Jul/2024:18:03:31 +0200] "GET /tag/%D8%AA%D9%82%D9%86%D9%8A%D8%A9/ HTTP/1.1" 403 0 "-" "Mozilla/5.0 (compatible; MJ12bot/v1.4.8; http://mj12bot.com/)"
65.108.0.71 - - [02/Jul/2024:18:03:33 +0200] "GET /tag/%D8%AA%D9%83%D8%AA%D8%A8/ HTTP/1.1" 403 0 "-" "Mozilla/5.0 (compatible; MJ12bot/v1.4.8; http://mj12bot.com/)"
65.108.0.71 - - [02/Jul/2024:18:03:36 +0200] "GET /tag/%D8%AA%D9%83%D8%B3%D8%A8/ HTTP/1.1" 403 0 "-" "Mozilla/5.0 (compatible; MJ12bot/v1.4.8; http://mj12bot.com/)"
135.181.9.38 - - [02/Jul/2024:18:03:39 +0200] "POST /wp-cron.php?doing_wp_cron=1719936219.4164259433746337890625 HTTP/1.1" 200 0 "-" "WordPress/6.5.3; https://www.sudancam.net"
65.108.0.71 - - [02/Jul/2024:18:02:30 +0200] "GET /tag/%D8%A8%D9%88%D9%83%D9%88/ HTTP/1.1" 403 0 "-" "Mozilla/5.0 (compatible; MJ12bot/v1.4.8; http://mj12bot.com/)"
65.108.0.71 - - [02/Jul/2024:18:02:33 +0200] "GET /tag/%D8%AA%D8%AE%D8%AA%D8%A7%D9%86%D8%A7/ HTTP/1.1" 403 0 "-" "Mozilla/5.0 (compatible; MJ12bot/v1.4.8; http://mj12bot.com/)"
65.108.0.71 - - [02/Jul/2024:18:02:38 +0200] "GET /tag/%D8%AA%D8%B2%D9%8A%D8%AF/ HTTP/1.1" 403 0 "-" "Mozilla/5.0 (compatible; MJ12bot/v1.4.8; http://mj12bot.com/)"
65.108.0.71 - - [02/Jul/2024:18:02:43 +0200] "GET /tag/%D8%AA%D8%B3%D8%AC%D9%84/ HTTP/1.1" 403 0 "-" "Mozilla/5.0 (compatible; MJ12bot/v1.4.8; http://mj12bot.com/)"
65.108.0.71 - - [02/Jul/2024:18:02:44 +0200] "GET /tag/%D8%AA%D8%B3%D8%AC%D9%8A%D9%84%D8%A7%D8%AA/ HTTP/1.1" 403 0 "-" "Mozilla/5.0 (compatible; MJ12bot/v1.4.8; http://mj12bot.com/)"
65.108.0.71 - - [02/Jul/2024:18:02:49 +0200] "GET /tag/%D8%AA%D8%B4%D8%A7%D9%88%D8%B1/ HTTP/1.1" 403 0 "-" "Mozilla/5.0 (compatible; MJ12bot/v1.4.8; http://mj12bot.com/)"
65.108.0.71 - - [02/Jul/2024:18:02:56 +0200] "GET /tag/%D8%AA%D8%B5%D9%84%D9%88%D9%86/ HTTP/1.1" 403 0 "-" "Mozilla/5.0 (compatible; MJ12bot/v1.4.8; http://mj12bot.com/)"
65.108.0.71 - - [02/Jul/2024:18:03:05 +0200] "GET /tag/%D8%AA%D8%B9%D8%A7%D9%86%D9%82/ HTTP/1.1" 403 0 "-" "Mozilla/5.0 (compatible; MJ12bot/v1.4.8; http://mj12bot.com/)"
185.191.171.13 - - [02/Jul/2024:18:03:07 +0200] "GET /%D8%A7%D9%84%D8%AA%D8%BA%D9%8A%D9%8A%D8%B1-%D8%A7%D9%84%D8%B9%D8%B3%D9%83%D8%B1%D9%8A%D9%88%D9%86-%D9%84%D9%85-%D9%8A%D8%B7%D9%84%D8%A8%D9%88%D8%A7-%D8%B6%D9%85%D8%A7%D9%86%D8%A7%D8%AA-%D8%A8%D8%B9/ HTTP/1.1" 403 0 "-" "Mozilla/5.0 (compatible; SemrushBot/7~bl; +http://www.semrush.com/bot.html)"
65.108.0.71 - - [02/Jul/2024:18:03:12 +0200] "GET /tag/%D8%AA%D8%B9%D9%84%D9%82/ HTTP/1.1" 403 0 "-" "Mozilla/5.0 (compatible; MJ12bot/v1.4.8; http://mj12bot.com/)"
65.108.0.71 - - [02/Jul/2024:18:03:13 +0200] "GET /tag/%D8%AA%D8%B9%D9%84%D9%86/ HTTP/1.1" 403 0 "-" "Mozilla/5.0 (compatible; MJ12bot/v1.4.8; http://mj12bot.com/)"
65.108.0.71 - - [02/Jul/2024:18:03:14 +0200] "GET /tag/%D8%AA%D8%BA%D8%AA%D8%A7%D9%84/ HTTP/1.1" 403 0 "-" "Mozilla/5.0 (compatible; MJ12bot/v1.4.8; http://mj12bot.com/)"
65.108.0.71 - - [02/Jul/2024:18:03:17 +0200] "GET /tag/%D8%AA%D8%BA%D9%8A%D9%8A%D8%B1/ HTTP/1.1" 403 0 "-" "Mozilla/5.0 (compatible; MJ12bot/v1.4.8; http://mj12bot.com/)"
65.108.0.71 - - [02/Jul/2024:18:03:22 +0200] "GET /tag/%D8%AA%D9%81%D8%AA%D8%AA%D8%AD/ HTTP/1.1" 403 0 "-" "Mozilla/5.0 (compatible; MJ12bot/v1.4.8; http://mj12bot.com/)"
65.108.0.71 - - [02/Jul/2024:18:03:34 +0200] "GET /tag/%D8%AA%D9%83%D8%AB%D9%81/ HTTP/1.1" 403 0 "-" "Mozilla/5.0 (compatible; MJ12bot/v1.4.8; http://mj12bot.com/)"
65.108.0.71 - - [02/Jul/2024:18:03:37 +0200] "GET /tag/%D8%AA%D9%83%D8%B4%D9%81/ HTTP/1.1" 403 0 "-" "Mozilla/5.0 (compatible; MJ12bot/v1.4.8; http://mj12bot.com/)"
3.141.30.118 - - [02/Jul/2024:18:03:38 +0200] "GET /robots.txt HTTP/2" 200 128 "-" "Mozilla/5.0 AppleWebKit/537.36 (KHTML, like Gecko; compatible; ClaudeBot/1.0; +claudebot@anthropic.com)"
65.108.0.71 - - [02/Jul/2024:18:03:39 +0200] "GET /tag/%D8%AA%D9%83%D9%84%D9%81%D8%A9/ HTTP/1.1" 403 0 "-" "Mozilla/5.0 (compatible; MJ12bot/v1.4.8; http://mj12bot.com/)"
3.141.30.118 - - [02/Jul/2024:18:03:39 +0200] "GET /wp-json/wp/v2/posts//%22https:////www.alnilin.com//wp-content//uploads//2019//12//22-06-19-712567807.jpg/%22 HTTP/2" 404 188 "-" "Mozilla/5.0 AppleWebKit/537.36 (KHTML, like Gecko; compatible; ClaudeBot/1.0; +claudebot@anthropic.com)"
65.108.0.71 - - [02/Jul/2024:18:04:01 +0200] "GET /tag/%D8%AA%D9%88%D8%AA%D9%8A/ HTTP/1.1" 403 0 "-" "Mozilla/5.0 (compatible; MJ12bot/v1.4.8; http://mj12bot.com/)"
65.108.0.71 - - [02/Jul/2024:18:04:07 +0200] "GET /tag/%D8%AA%D9%88%D9%81%D9%8A%D9%82/ HTTP/1.1" 403 0 "-" "Mozilla/5.0 (compatible; MJ12bot/v1.4.8; http://mj12bot.com/)"
65.108.0.71 - - [02/Jul/2024:18:04:10 +0200] "GET /tag/%D8%AA%D9%88%D9%82%D9%8A%D8%AA/ HTTP/1.1" 403 0 "-" "Mozilla/5.0 (compatible; MJ12bot/v1.4.8; http://mj12bot.com/)"
65.108.0.71 - - [02/Jul/2024:18:04:11 +0200] "GET /tag/%D8%AA%D9%88%D9%83/ HTTP/1.1" 403 0 "-" "Mozilla/5.0 (compatible; MJ12bot/v1.4.8; http://mj12bot.com/)"
65.108.0.71 - - [02/Jul/2024:18:04:13 +0200] "GET /tag/%D8%AA%D9%88%D9%84%D8%B9/ HTTP/1.1" 403 0 "-" "Mozilla/5.0 (compatible; MJ12bot/v1.4.8; http://mj12bot.com/)"
65.108.0.71 - - [02/Jul/2024:18:04:25 +0200] "GET /tag/%D8%AB%D9%84%D8%A7%D8%AB%D9%8A/ HTTP/1.1" 403 0 "-" "Mozilla/5.0 (compatible; MJ12bot/v1.4.8; http://mj12bot.com/)"
65.108.0.71 - - [02/Jul/2024:18:04:28 +0200] "GET /tag/%D8%AB%D9%85%D8%B1%D8%A7%D8%AA/ HTTP/1.1" 403 0 "-" "Mozilla/5.0 (compatible; MJ12bot/v1.4.8; http://mj12bot.com/)"
65.108.0.71 - - [02/Jul/2024:18:04:29 +0200] "GET /tag/%D8%AB%D9%86%D8%A7%D8%A6%D9%8A%D8%A9/ HTTP/1.1" 403 0 "-" "Mozilla/5.0 (compatible; MJ12bot/v1.4.8; http://mj12bot.com/)"
65.108.0.71 - - [02/Jul/2024:18:04:31 +0200] "GET /tag/%D8%AC%D8%A7%D8%A7%D8%A7%D8%A7%D8%A7%D8%B7/ HTTP/1.1" 403 0 "-" "Mozilla/5.0 (compatible; MJ12bot/v1.4.8; http://mj12bot.com/)"
65.108.0.71 - - [02/Jul/2024:18:04:34 +0200] "GET /tag/%D8%AC%D8%A7%D9%86%D8%A8/ HTTP/1.1" 403 0 "-" "Mozilla/5.0 (compatible; MJ12bot/v1.4.8; http://mj12bot.com/)"
65.108.0.71 - - [02/Jul/2024:18:04:37 +0200] "GET /tag/%D8%AC%D8%AF%D9%8A%D8%AF/ HTTP/1.1" 403 0 "-" "Mozilla/5.0 (compatible; MJ12bot/v1.4.8; http://mj12bot.com/)"
65.108.0.71 - - [02/Jul/2024:18:03:41 +0200] "GET /tag/%D8%AA%D9%84%D8%A7%D8%B9%D8%A8/ HTTP/1.1" 403 0 "-" "Mozilla/5.0 (compatible; MJ12bot/v1.4.8; http://mj12bot.com/)"
65.108.0.71 - - [02/Jul/2024:18:03:43 +0200] "GET /tag/%D8%AA%D9%84%D9%83/ HTTP/1.1" 403 0 "-" "Mozilla/5.0 (compatible; MJ12bot/v1.4.8; http://mj12bot.com/)"
65.108.0.71 - - [02/Jul/2024:18:03:49 +0200] "GET /tag/%D8%AA%D9%86%D8%A7%D9%88%D9%84/ HTTP/1.1" 403 0 "-" "Mozilla/5.0 (compatible; MJ12bot/v1.4.8; http://mj12bot.com/)"
65.108.0.71 - - [02/Jul/2024:18:03:52 +0200] "GET /tag/%D8%AA%D9%86%D9%81%D9%8A%D8%B0/ HTTP/1.1" 403 0 "-" "Mozilla/5.0 (compatible; MJ12bot/v1.4.8; http://mj12bot.com/)"
65.108.0.71 - - [02/Jul/2024:18:03:58 +0200] "GET /tag/%D8%AA%D9%87%D8%B1%D9%8A%D8%A8/ HTTP/1.1" 403 0 "-" "Mozilla/5.0 (compatible; MJ12bot/v1.4.8; http://mj12bot.com/)"
65.108.0.71 - - [02/Jul/2024:18:04:02 +0200] "GET /tag/%D8%AA%D9%88%D8%AB%D9%8A%D9%82/ HTTP/1.1" 403 0 "-" "Mozilla/5.0 (compatible; MJ12bot/v1.4.8; http://mj12bot.com/)"
65.108.0.71 - - [02/Jul/2024:18:04:04 +0200] "GET /tag/%D8%AA%D9%88%D8%B3%D8%A7%D9%86/ HTTP/1.1" 403 0 "-" "Mozilla/5.0 (compatible; MJ12bot/v1.4.8; http://mj12bot.com/)"
185.191.171.17 - - [02/Jul/2024:18:04:08 +0200] "GET /%D8%A7%D8%B3%D8%AA%D8%A6%D9%86%D8%A7%D9%81-%D8%A7%D9%84%D9%86%D9%82%D9%84-%D8%A7%D9%84%D9%86%D9%87%D8%B1%D9%8A-%D8%A8%D9%8A%D9%86-%D8%A7%D9%84%D8%B3%D9%88%D8%AF%D8%A7%D9%86-%D9%88%D8%AC%D9%86%D9%88/ HTTP/1.1" 403 0 "-" "Mozilla/5.0 (compatible; SemrushBot/7~bl; +http://www.semrush.com/bot.html)"
65.108.0.71 - - [02/Jul/2024:18:04:08 +0200] "GET /tag/%D8%AA%D9%88%D9%82%D9%81/ HTTP/1.1" 403 0 "-" "Mozilla/5.0 (compatible; MJ12bot/v1.4.8; http://mj12bot.com/)"
65.108.0.71 - - [02/Jul/2024:18:04:14 +0200] "GET /tag/%D8%AA%D9%8A%D9%83/ HTTP/1.1" 403 0 "-" "Mozilla/5.0 (compatible; MJ12bot/v1.4.8; http://mj12bot.com/)"
65.108.0.71 - - [02/Jul/2024:18:04:19 +0200] "GET /tag/%D8%AB%D8%A7%D9%86%D9%8A%D8%A7/ HTTP/1.1" 403 0 "-" "Mozilla/5.0 (compatible; MJ12bot/v1.4.8; http://mj12bot.com/)"
66.249.70.110 - - [02/Jul/2024:18:04:20 +0200] "GET /yqrff/y2533214.html HTTP/1.1" 200 41385 "-" "Mozilla/5.0 (Linux; Android 6.0.1; Nexus 5X Build/MMB29P) AppleWebKit/537.36 (KHTML, like Gecko) Chrome/125.0.6422.175 Mobile Safari/537.36 (compatible; GoogleOther)"
65.108.0.71 - - [02/Jul/2024:18:04:22 +0200] "GET /tag/%D8%AB%D8%B9%D8%A8%D8%A7%D9%86/ HTTP/1.1" 403 0 "-" "Mozilla/5.0 (compatible; MJ12bot/v1.4.8; http://mj12bot.com/)"
65.108.0.71 - - [02/Jul/2024:18:04:26 +0200] "GET /tag/%D8%AB%D9%85/ HTTP/1.1" 403 0 "-" "Mozilla/5.0 (compatible; MJ12bot/v1.4.8; http://mj12bot.com/)"
65.108.0.71 - - [02/Jul/2024:18:04:35 +0200] "GET /tag/%D8%AC%D8%A8%D9%84/ HTTP/1.1" 403 0 "-" "Mozilla/5.0 (compatible; MJ12bot/v1.4.8; http://mj12bot.com/)"
65.108.0.71 - - [02/Jul/2024:18:04:41 +0200] "GET /tag/%D8%AC%D8%B1%D8%B3%D8%A9/ HTTP/1.1" 403 0 "-" "Mozilla/5.0 (compatible; MJ12bot/v1.4.8; http://mj12bot.com/)"
65.108.0.71 - - [02/Jul/2024:18:03:40 +0200] "GET /tag/%D8%AA%D9%83%D9%88%D9%86/ HTTP/1.1" 403 0 "-" "Mozilla/5.0 (compatible; MJ12bot/v1.4.8; http://mj12bot.com/)"
65.108.0.71 - - [02/Jul/2024:18:03:44 +0200] "GET /tag/%D8%AA%D9%84%D9%85%D9%8A%D8%B0/ HTTP/1.1" 403 0 "-" "Mozilla/5.0 (compatible; MJ12bot/v1.4.8; http://mj12bot.com/)"
65.108.0.71 - - [02/Jul/2024:18:03:46 +0200] "GET /tag/%D8%AA%D9%85%D8%B3%D9%83%D9%87%D8%A7/ HTTP/1.1" 403 0 "-" "Mozilla/5.0 (compatible; MJ12bot/v1.4.8; http://mj12bot.com/)"
65.108.0.71 - - [02/Jul/2024:18:03:47 +0200] "GET /tag/%D8%AA%D9%85%D9%86%D8%B9/ HTTP/1.1" 403 0 "-" "Mozilla/5.0 (compatible; MJ12bot/v1.4.8; http://mj12bot.com/)"
65.108.0.71 - - [02/Jul/2024:18:03:50 +0200] "GET /tag/%D8%AA%D9%86%D9%81%D8%B0/ HTTP/1.1" 403 0 "-" "Mozilla/5.0 (compatible; MJ12bot/v1.4.8; http://mj12bot.com/)"
65.108.0.71 - - [02/Jul/2024:18:03:53 +0200] "GET /tag/%D8%AA%D9%86%D9%82%D8%A7/ HTTP/1.1" 403 0 "-" "Mozilla/5.0 (compatible; MJ12bot/v1.4.8; http://mj12bot.com/)"
65.108.0.71 - - [02/Jul/2024:18:03:55 +0200] "GET /tag/%D8%AA%D9%86%D9%82%D8%B0/ HTTP/1.1" 403 0 "-" "Mozilla/5.0 (compatible; MJ12bot/v1.4.8; http://mj12bot.com/)"
65.108.0.71 - - [02/Jul/2024:18:03:56 +0200] "GET /tag/%D8%AA%D9%86%D9%83%D8%B3%D8%B1/ HTTP/1.1" 403 0 "-" "Mozilla/5.0 (compatible; MJ12bot/v1.4.8; http://mj12bot.com/)"
65.108.0.71 - - [02/Jul/2024:18:03:59 +0200] "GET /tag/%D8%AA%D9%88%D8%AA%D8%B1/ HTTP/1.1" 403 0 "-" "Mozilla/5.0 (compatible; MJ12bot/v1.4.8; http://mj12bot.com/)"
65.108.0.71 - - [02/Jul/2024:18:04:05 +0200] "GET /tag/%D8%AA%D9%88%D8%B6%D9%8A%D8%AD%D8%A7%D8%AA/ HTTP/1.1" 403 0 "-" "Mozilla/5.0 (compatible; MJ12bot/v1.4.8; http://mj12bot.com/)"
147.45.78.15 - - [02/Jul/2024:18:04:14 +0200] "POST /74a7c9952328.php HTTP/1.1" 500 9 "-" "curl/7.86.0"
65.108.0.71 - - [02/Jul/2024:18:04:16 +0200] "GET /tag/%D8%AB%D8%A3%D8%B1/ HTTP/1.1" 403 0 "-" "Mozilla/5.0 (compatible; MJ12bot/v1.4.8; http://mj12bot.com/)"
65.108.0.71 - - [02/Jul/2024:18:04:17 +0200] "GET /tag/%D8%AB%D8%A7%D9%84%D8%AB/ HTTP/1.1" 403 0 "-" "Mozilla/5.0 (compatible; MJ12bot/v1.4.8; http://mj12bot.com/)"
65.108.0.71 - - [02/Jul/2024:18:04:20 +0200] "GET /tag/%D8%AB%D8%A7%D9%86%D9%8A%D8%A9/ HTTP/1.1" 403 0 "-" "Mozilla/5.0 (compatible; MJ12bot/v1.4.8; http://mj12bot.com/)"
65.108.0.71 - - [02/Jul/2024:18:04:23 +0200] "GET /tag/%D8%AB%D9%84%D8%A7%D8%AB/ HTTP/1.1" 403 0 "-" "Mozilla/5.0 (compatible; MJ12bot/v1.4.8; http://mj12bot.com/)"
65.108.0.71 - - [02/Jul/2024:18:04:32 +0200] "GET /tag/%D8%AC%D8%A7%D9%85%D8%B9%D8%A9/ HTTP/1.1" 403 0 "-" "Mozilla/5.0 (compatible; MJ12bot/v1.4.8; http://mj12bot.com/)"
65.108.0.71 - - [02/Jul/2024:18:04:38 +0200] "GET /tag/%D8%AC%D8%AF%D9%8A%D8%AF%D8%A9/ HTTP/1.1" 403 0 "-" "Mozilla/5.0 (compatible; MJ12bot/v1.4.8; http://mj12bot.com/)"
65.108.0.71 - - [02/Jul/2024:18:04:40 +0200] "GET /tag/%D8%AC%D8%B0%D8%B1%D9%8A%D8%A9/ HTTP/1.1" 403 0 "-" "Mozilla/5.0 (compatible; MJ12bot/v1.4.8; http://mj12bot.com/)"
65.108.0.71 - - [02/Jul/2024:18:04:43 +0200] "GET /tag/%D8%AC%D8%B1%D9%8A%D8%A6%D8%A9/ HTTP/1.1" 403 0 "-" "Mozilla/5.0 (compatible; MJ12bot/v1.4.8; http://mj12bot.com/)"
135.181.9.38 - - [02/Jul/2024:18:03:39 +0200] "POST /wp-admin/admin-ajax.php?action=async_litespeed&nonce=fa75a626a4&litespeed_type=imgoptm HTTP/1.1" 200 21 "-" "WordPress/6.5.3; https://www.sudancam.net"
65.108.0.71 - - [02/Jul/2024:18:04:44 +0200] "GET /tag/%D8%AC%D8%B1%D9%8A%D9%85%D8%A9/ HTTP/1.1" 403 0 "-" "Mozilla/5.0 (compatible; MJ12bot/v1.4.8; http://mj12bot.com/)"
65.108.0.71 - - [02/Jul/2024:18:04:46 +0200] "GET /tag/%D8%AC%D8%B3/ HTTP/1.1" 403 0 "-" "Mozilla/5.0 (compatible; MJ12bot/v1.4.8; http://mj12bot.com/)"
65.108.0.71 - - [02/Jul/2024:18:04:48 +0200] "GET /tag/%D8%AC%D8%B9%D9%81%D8%B1/ HTTP/1.1" 403 0 "-" "Mozilla/5.0 (compatible; MJ12bot/v1.4.8; http://mj12bot.com/)"
65.108.0.71 - - [02/Jul/2024:18:04:53 +0200] "GET /tag/%D8%AC%D9%85%D9%87%D9%88%D8%B1%D9%87%D8%A7/ HTTP/1.1" 403 0 "-" "Mozilla/5.0 (compatible; MJ12bot/v1.4.8; http://mj12bot.com/)"
65.108.0.71 - - [02/Jul/2024:18:04:55 +0200] "GET /tag/%D8%AC%D9%86%D9%88%D8%A8/ HTTP/1.1" 403 0 "-" "Mozilla/5.0 (compatible; MJ12bot/v1.4.8; http://mj12bot.com/)"
65.108.0.71 - - [02/Jul/2024:18:05:03 +0200] "GET /tag/%D8%AC%D9%8A%D8%B1%D9%85%D8%A7%D9%86/ HTTP/1.1" 403 0 "-" "Mozilla/5.0 (compatible; MJ12bot/v1.4.8; http://mj12bot.com/)"
65.108.0.71 - - [02/Jul/2024:18:05:04 +0200] "GET /tag/%D8%AD%D8%A7%D9%84%D8%A7%D8%AA/ HTTP/1.1" 403 0 "-" "Mozilla/5.0 (compatible; MJ12bot/v1.4.8; http://mj12bot.com/)"
66.249.70.108 - - [02/Jul/2024:18:05:05 +0200] "GET /ijdhe/p185717.html HTTP/1.1" 200 43358 "-" "Mozilla/5.0 (Linux; Android 6.0.1; Nexus 5X Build/MMB29P) AppleWebKit/537.36 (KHTML, like Gecko) Chrome/125.0.6422.175 Mobile Safari/537.36 (compatible; Googlebot/2.1; +http://www.google.com/bot.html)"
66.249.70.108 - - [02/Jul/2024:18:05:06 +0200] "GET /undra/f2341341.html HTTP/1.1" 200 41653 "-" "Mozilla/5.0 (Linux; Android 6.0.1; Nexus 5X Build/MMB29P) AppleWebKit/537.36 (KHTML, like Gecko) Chrome/125.0.6422.175 Mobile Safari/537.36 (compatible; Googlebot/2.1; +http://www.google.com/bot.html)"
185.191.171.2 - - [02/Jul/2024:18:05:09 +0200] "GET /%D8%AF%D9%88%D9%84-%D8%AA%D8%A8%D9%8A%D8%B9-%D8%AC%D9%88%D8%A7%D8%B2-%D8%B3%D9%81%D8%B1%D9%87%D8%A7-%D9%81%D9%8A-%D8%B3%D9%88%D9%82-%D8%A7%D9%84%D8%AC%D9%86%D8%B3%D9%8A%D8%A7%D8%AA/ HTTP/1.1" 403 0 "-" "Mozilla/5.0 (compatible; SemrushBot/7~bl; +http://www.semrush.com/bot.html)"
65.108.0.71 - - [02/Jul/2024:18:05:09 +0200] "GET /tag/%D8%AD%D8%AA%D9%89/ HTTP/1.1" 403 0 "-" "Mozilla/5.0 (compatible; MJ12bot/v1.4.8; http://mj12bot.com/)"
65.108.0.71 - - [02/Jul/2024:18:05:10 +0200] "GET /tag/%D8%AD%D8%B1%D8%A7%D8%B1%D8%A9/ HTTP/1.1" 403 0 "-" "Mozilla/5.0 (compatible; MJ12bot/v1.4.8; http://mj12bot.com/)"
66.249.70.108 - - [02/Jul/2024:18:05:10 +0200] "GET /rszrt/i966724.html HTTP/1.1" 200 41672 "-" "Mozilla/5.0 (Linux; Android 6.0.1; Nexus 5X Build/MMB29P) AppleWebKit/537.36 (KHTML, like Gecko) Chrome/125.0.6422.175 Mobile Safari/537.36 (compatible; Googlebot/2.1; +http://www.google.com/bot.html)"
66.249.70.108 - - [02/Jul/2024:18:05:11 +0200] "GET /hjfoq/j3075351.html HTTP/1.1" 200 41446 "-" "Mozilla/5.0 (Linux; Android 6.0.1; Nexus 5X Build/MMB29P) AppleWebKit/537.36 (KHTML, like Gecko) Chrome/125.0.6422.175 Mobile Safari/537.36 (compatible; Googlebot/2.1; +http://www.google.com/bot.html)"
66.249.70.108 - - [02/Jul/2024:18:05:13 +0200] "GET /yaqba/n526003.html HTTP/1.1" 200 41838 "-" "Mozilla/5.0 (Linux; Android 6.0.1; Nexus 5X Build/MMB29P) AppleWebKit/537.36 (KHTML, like Gecko) Chrome/125.0.6422.175 Mobile Safari/537.36 (compatible; Googlebot/2.1; +http://www.google.com/bot.html)"
66.249.70.108 - - [02/Jul/2024:18:05:14 +0200] "GET /itqfo/t1104483.html HTTP/1.1" 200 42179 "-" "Mozilla/5.0 (Linux; Android 6.0.1; Nexus 5X Build/MMB29P) AppleWebKit/537.36 (KHTML, like Gecko) Chrome/125.0.6422.175 Mobile Safari/537.36 (compatible; Googlebot/2.1; +http://www.google.com/bot.html)"
65.108.0.71 - - [02/Jul/2024:18:05:15 +0200] "GET /tag/%D8%AD%D8%B3%D9%86%D8%A7%D8%A1/ HTTP/1.1" 403 0 "-" "Mozilla/5.0 (compatible; MJ12bot/v1.4.8; http://mj12bot.com/)"
65.108.0.71 - - [02/Jul/2024:18:04:50 +0200] "GET /tag/%D8%AC%D9%85%D8%A7%D8%B9%D8%A7%D8%AA/ HTTP/1.1" 403 0 "-" "Mozilla/5.0 (compatible; MJ12bot/v1.4.8; http://mj12bot.com/)"
65.108.0.71 - - [02/Jul/2024:18:04:56 +0200] "GET /tag/%D8%AC%D9%88%D8%A7%D8%B2/ HTTP/1.1" 403 0 "-" "Mozilla/5.0 (compatible; MJ12bot/v1.4.8; http://mj12bot.com/)"
65.108.0.71 - - [02/Jul/2024:18:04:58 +0200] "GET /tag/%D8%AC%D9%88%D8%A8%D8%A7/ HTTP/1.1" 403 0 "-" "Mozilla/5.0 (compatible; MJ12bot/v1.4.8; http://mj12bot.com/)"
66.249.70.109 - - [02/Jul/2024:18:04:57 +0200] "GET /tag/%D8%A7%D9%84%D9%81%D9%86%D8%A7%D9%86%D8%A7%D8%AA/ HTTP/1.1" 200 42221 "-" "Mozilla/5.0 (Linux; Android 6.0.1; Nexus 5X Build/MMB29P) AppleWebKit/537.36 (KHTML, like Gecko) Chrome/125.0.6422.175 Mobile Safari/537.36 (compatible; Googlebot/2.1; +http://www.google.com/bot.html)"
66.249.70.109 - - [02/Jul/2024:18:04:58 +0200] "GET /tag/%D8%A7%D9%84%D9%86%D9%87%D8%A7%D8%A6%D9%8A%D8%A9/ HTTP/1.1" 200 41930 "-" "Mozilla/5.0 (Linux; Android 6.0.1; Nexus 5X Build/MMB29P) AppleWebKit/537.36 (KHTML, like Gecko) Chrome/125.0.6422.175 Mobile Safari/537.36 (compatible; Googlebot/2.1; +http://www.google.com/bot.html)"
66.249.70.109 - - [02/Jul/2024:18:05:00 +0200] "GET /un6xee/pipeline-hydrotest-procedure-pdf.html HTTP/1.1" 200 42330 "-" "Mozilla/5.0 (Linux; Android 6.0.1; Nexus 5X Build/MMB29P) AppleWebKit/537.36 (KHTML, like Gecko) Chrome/125.0.6422.175 Mobile Safari/537.36 (compatible; Googlebot/2.1; +http://www.google.com/bot.html)"
65.108.0.71 - - [02/Jul/2024:18:05:01 +0200] "GET /tag/%D8%AC%D9%88%D9%86%D8%B3%D9%88%D9%86/ HTTP/1.1" 403 0 "-" "Mozilla/5.0 (compatible; MJ12bot/v1.4.8; http://mj12bot.com/)"
65.108.0.71 - - [02/Jul/2024:18:05:06 +0200] "GET /tag/%D8%AD%D8%A7%D9%84%D8%A9/ HTTP/1.1" 403 0 "-" "Mozilla/5.0 (compatible; MJ12bot/v1.4.8; http://mj12bot.com/)"
66.249.70.108 - - [02/Jul/2024:18:05:06 +0200] "GET /ygryv/b2643561.html HTTP/1.1" 200 41871 "-" "Mozilla/5.0 (Linux; Android 6.0.1; Nexus 5X Build/MMB29P) AppleWebKit/537.36 (KHTML, like Gecko) Chrome/125.0.6422.175 Mobile Safari/537.36 (compatible; Googlebot/2.1; +http://www.google.com/bot.html)"
66.249.70.108 - - [02/Jul/2024:18:05:07 +0200] "GET /utuun/g2301666.html HTTP/1.1" 200 40988 "-" "Mozilla/5.0 (Linux; Android 6.0.1; Nexus 5X Build/MMB29P) AppleWebKit/537.36 (KHTML, like Gecko) Chrome/125.0.6422.175 Mobile Safari/537.36 (compatible; Googlebot/2.1; +http://www.google.com/bot.html)"
66.249.70.108 - - [02/Jul/2024:18:05:10 +0200] "GET /zvjrl/c1316028.html HTTP/1.1" 200 41634 "-" "Mozilla/5.0 (Linux; Android 6.0.1; Nexus 5X Build/MMB29P) AppleWebKit/537.36 (KHTML, like Gecko) Chrome/125.0.6422.175 Mobile Safari/537.36 (compatible; Googlebot/2.1; +http://www.google.com/bot.html)"
65.108.0.71 - - [02/Jul/2024:18:05:12 +0200] "GET /tag/%D8%AD%D8%B1%D9%8A%D9%82/ HTTP/1.1" 403 0 "-" "Mozilla/5.0 (compatible; MJ12bot/v1.4.8; http://mj12bot.com/)"
66.249.70.108 - - [02/Jul/2024:18:05:13 +0200] "GET /cpkbr/t556195.html HTTP/1.1" 200 42553 "-" "Mozilla/5.0 (Linux; Android 6.0.1; Nexus 5X Build/MMB29P) AppleWebKit/537.36 (KHTML, like Gecko) Chrome/125.0.6422.175 Mobile Safari/537.36 (compatible; Googlebot/2.1; +http://www.google.com/bot.html)"
66.249.70.108 - - [02/Jul/2024:18:05:14 +0200] "GET /phylm/v921159.html HTTP/1.1" 200 41178 "-" "Mozilla/5.0 (Linux; Android 6.0.1; Nexus 5X Build/MMB29P) AppleWebKit/537.36 (KHTML, like Gecko) Chrome/125.0.6422.175 Mobile Safari/537.36 (compatible; Googlebot/2.1; +http://www.google.com/bot.html)"
66.249.70.109 - - [02/Jul/2024:18:05:16 +0200] "GET /ntlmd/t1113375.html HTTP/1.1" 200 42325 "-" "Mozilla/5.0 (Linux; Android 6.0.1; Nexus 5X Build/MMB29P) AppleWebKit/537.36 (KHTML, like Gecko) Chrome/125.0.6422.175 Mobile Safari/537.36 (compatible; Googlebot/2.1; +http://www.google.com/bot.html)"
65.108.0.71 - - [02/Jul/2024:18:04:49 +0200] "GET /tag/%D8%AC%D9%84%D9%88%D8%A7%D9%83/ HTTP/1.1" 403 0 "-" "Mozilla/5.0 (compatible; MJ12bot/v1.4.8; http://mj12bot.com/)"
65.108.0.71 - - [02/Jul/2024:18:04:52 +0200] "GET /tag/%D8%AC%D9%85%D8%A7%D9%84/ HTTP/1.1" 403 0 "-" "Mozilla/5.0 (compatible; MJ12bot/v1.4.8; http://mj12bot.com/)"
66.249.70.108 - - [02/Jul/2024:18:04:57 +0200] "GET /%D9%A9%D9%A9-%D8%B9%D8%A7%D9%85%D8%A7%D9%8B-%D8%B9%D9%84%D9%89-%D8%A7%D8%B3%D8%AA%D8%B4%D9%87%D8%A7%D8%AF-%D8%B9%D8%A8%D8%AF-%D8%A7%D9%84%D9%81%D8%B6%D9%8A%D9%84-%D8%A7%D9%84%D9%85%D8%A7%D8%B8/ HTTP/1.1" 200 41950 "-" "Mozilla/5.0 (Linux; Android 6.0.1; Nexus 5X Build/MMB29P) AppleWebKit/537.36 (KHTML, like Gecko) Chrome/125.0.6422.175 Mobile Safari/537.36 (compatible; Googlebot/2.1; +http://www.google.com/bot.html)"
66.249.70.108 - - [02/Jul/2024:18:04:58 +0200] "GET /tag/%D8%A7%D9%84%D8%A3%D8%B3%D8%A7%D9%81%D9%8A%D8%B1/ HTTP/1.1" 200 41133 "-" "Mozilla/5.0 (Linux; Android 6.0.1; Nexus 5X Build/MMB29P) AppleWebKit/537.36 (KHTML, like Gecko) Chrome/125.0.6422.175 Mobile Safari/537.36 (compatible; Googlebot/2.1; +http://www.google.com/bot.html)"
65.108.0.71 - - [02/Jul/2024:18:04:59 +0200] "GET /tag/%D8%AC%D9%88%D8%AF%D8%A9/ HTTP/1.1" 403 0 "-" "Mozilla/5.0 (compatible; MJ12bot/v1.4.8; http://mj12bot.com/)"
65.108.0.71 - - [02/Jul/2024:18:05:07 +0200] "GET /tag/%D8%AD%D8%A8%D9%8A%D8%A8/ HTTP/1.1" 403 0 "-" "Mozilla/5.0 (compatible; MJ12bot/v1.4.8; http://mj12bot.com/)"
65.108.0.71 - - [02/Jul/2024:18:05:14 +0200] "GET /tag/%D8%AD%D8%B3%D8%A7%D9%85/ HTTP/1.1" 403 0 "-" "Mozilla/5.0 (compatible; MJ12bot/v1.4.8; http://mj12bot.com/)"
65.108.0.71 - - [02/Jul/2024:18:05:16 +0200] "GET /tag/%D8%AD%D8%B7%D8%A7%D9%85/ HTTP/1.1" 403 0 "-" "Mozilla/5.0 (compatible; MJ12bot/v1.4.8; http://mj12bot.com/)"
65.108.0.71 - - [02/Jul/2024:18:05:21 +0200] "GET /tag/%D8%AD%D9%82/ HTTP/1.1" 403 0 "-" "Mozilla/5.0 (compatible; MJ12bot/v1.4.8; http://mj12bot.com/)"
66.249.70.109 - - [02/Jul/2024:18:05:21 +0200] "GET /vtvbm/i236540.html HTTP/1.1" 200 41183 "-" "Mozilla/5.0 (Linux; Android 6.0.1; Nexus 5X Build/MMB29P) AppleWebKit/537.36 (KHTML, like Gecko) Chrome/125.0.6422.175 Mobile Safari/537.36 (compatible; Googlebot/2.1; +http://www.google.com/bot.html)"
65.108.0.71 - - [02/Jul/2024:18:05:23 +0200] "GET /tag/%D8%AD%D9%82%D9%8A%D9%82%D8%A9/ HTTP/1.1" 403 0 "-" "Mozilla/5.0 (compatible; MJ12bot/v1.4.8; http://mj12bot.com/)"
65.108.0.71 - - [02/Jul/2024:18:05:24 +0200] "GET /tag/%D8%AD%D9%83%D9%85/ HTTP/1.1" 403 0 "-" "Mozilla/5.0 (compatible; MJ12bot/v1.4.8; http://mj12bot.com/)"
66.249.70.109 - - [02/Jul/2024:18:05:24 +0200] "GET /zuaxy/i2996648.html HTTP/1.1" 200 41865 "-" "Mozilla/5.0 (Linux; Android 6.0.1; Nexus 5X Build/MMB29P) AppleWebKit/537.36 (KHTML, like Gecko) Chrome/125.0.6422.175 Mobile Safari/537.36 (compatible; Googlebot/2.1; +http://www.google.com/bot.html)"
66.249.70.109 - - [02/Jul/2024:18:05:27 +0200] "GET /lybpe/v999887.html HTTP/1.1" 200 42344 "-" "Mozilla/5.0 (Linux; Android 6.0.1; Nexus 5X Build/MMB29P) AppleWebKit/537.36 (KHTML, like Gecko) Chrome/125.0.6422.175 Mobile Safari/537.36 (compatible; Googlebot/2.1; +http://www.google.com/bot.html)"
66.249.70.110 - - [02/Jul/2024:18:05:27 +0200] "GET /wiqco/i1246978.html HTTP/1.1" 200 42770 "-" "Mozilla/5.0 (Linux; Android 6.0.1; Nexus 5X Build/MMB29P) AppleWebKit/537.36 (KHTML, like Gecko) Chrome/125.0.6422.175 Mobile Safari/537.36 (compatible; Googlebot/2.1; +http://www.google.com/bot.html)"
66.249.70.109 - - [02/Jul/2024:18:05:27 +0200] "GET /mhcxw/n1823663.html HTTP/1.1" 200 42752 "-" "Mozilla/5.0 (Linux; Android 6.0.1; Nexus 5X Build/MMB29P) AppleWebKit/537.36 (KHTML, like Gecko) Chrome/125.0.6422.175 Mobile Safari/537.36 (compatible; Googlebot/2.1; +http://www.google.com/bot.html)"
66.249.70.109 - - [02/Jul/2024:18:05:29 +0200] "GET /fdbjz/m2290674.html HTTP/1.1" 200 42290 "-" "Mozilla/5.0 (Linux; Android 6.0.1; Nexus 5X Build/MMB29P) AppleWebKit/537.36 (KHTML, like Gecko) Chrome/125.0.6422.175 Mobile Safari/537.36 (compatible; Googlebot/2.1; +http://www.google.com/bot.html)"
66.249.70.109 - - [02/Jul/2024:18:05:17 +0200] "GET /kcdsb/x94491.html HTTP/1.1" 200 41311 "-" "Mozilla/5.0 (Linux; Android 6.0.1; Nexus 5X Build/MMB29P) AppleWebKit/537.36 (KHTML, like Gecko) Chrome/125.0.6422.175 Mobile Safari/537.36 (compatible; Googlebot/2.1; +http://www.google.com/bot.html)"
66.249.70.109 - - [02/Jul/2024:18:05:20 +0200] "GET /jjvyb/x1621029.html HTTP/1.1" 200 41386 "-" "Mozilla/5.0 (Linux; Android 6.0.1; Nexus 5X Build/MMB29P) AppleWebKit/537.36 (KHTML, like Gecko) Chrome/125.0.6422.175 Mobile Safari/537.36 (compatible; Googlebot/2.1; +http://www.google.com/bot.html)"
66.249.70.109 - - [02/Jul/2024:18:05:21 +0200] "GET /lqzoy/i902686.html HTTP/1.1" 200 41295 "-" "Mozilla/5.0 (Linux; Android 6.0.1; Nexus 5X Build/MMB29P) AppleWebKit/537.36 (KHTML, like Gecko) Chrome/125.0.6422.175 Mobile Safari/537.36 (compatible; Googlebot/2.1; +http://www.google.com/bot.html)"
66.249.70.109 - - [02/Jul/2024:18:05:23 +0200] "GET /grhrq/j1859409.html HTTP/1.1" 200 43093 "-" "Mozilla/5.0 (Linux; Android 6.0.1; Nexus 5X Build/MMB29P) AppleWebKit/537.36 (KHTML, like Gecko) Chrome/125.0.6422.175 Mobile Safari/537.36 (compatible; Googlebot/2.1; +http://www.google.com/bot.html)"
66.249.70.109 - - [02/Jul/2024:18:05:24 +0200] "GET /znhck/j2369555.html HTTP/1.1" 200 42849 "-" "Mozilla/5.0 (Linux; Android 6.0.1; Nexus 5X Build/MMB29P) AppleWebKit/537.36 (KHTML, like Gecko) Chrome/125.0.6422.175 Mobile Safari/537.36 (compatible; Googlebot/2.1; +http://www.google.com/bot.html)"
65.108.0.71 - - [02/Jul/2024:18:05:25 +0200] "GET /tag/%D8%AD%D9%84/ HTTP/1.1" 403 0 "-" "Mozilla/5.0 (compatible; MJ12bot/v1.4.8; http://mj12bot.com/)"
66.249.70.109 - - [02/Jul/2024:18:05:25 +0200] "GET /lsykf/z1057585.html HTTP/1.1" 200 41341 "-" "Mozilla/5.0 (Linux; Android 6.0.1; Nexus 5X Build/MMB29P) AppleWebKit/537.36 (KHTML, like Gecko) Chrome/125.0.6422.175 Mobile Safari/537.36 (compatible; Googlebot/2.1; +http://www.google.com/bot.html)"
66.249.70.108 - - [02/Jul/2024:18:05:25 +0200] "GET /nnqhw/r1536627.html HTTP/1.1" 200 41910 "-" "Mozilla/5.0 (Linux; Android 6.0.1; Nexus 5X Build/MMB29P) AppleWebKit/537.36 (KHTML, like Gecko) Chrome/125.0.6422.175 Mobile Safari/537.36 (compatible; Googlebot/2.1; +http://www.google.com/bot.html)"
66.249.70.109 - - [02/Jul/2024:18:05:26 +0200] "GET /xmuep/g2829700.html HTTP/1.1" 200 42018 "-" "Mozilla/5.0 (Linux; Android 6.0.1; Nexus 5X Build/MMB29P) AppleWebKit/537.36 (KHTML, like Gecko) Chrome/125.0.6422.175 Mobile Safari/537.36 (compatible; Googlebot/2.1; +http://www.google.com/bot.html)"
65.108.0.71 - - [02/Jul/2024:18:05:28 +0200] "GET /tag/%D8%AD%D9%85%D8%AF%D9%8A/ HTTP/1.1" 403 0 "-" "Mozilla/5.0 (compatible; MJ12bot/v1.4.8; http://mj12bot.com/)"
66.249.70.108 - - [02/Jul/2024:18:05:28 +0200] "GET /geqvh/k3030008.html HTTP/1.1" 200 42055 "-" "Mozilla/5.0 (Linux; Android 6.0.1; Nexus 5X Build/MMB29P) AppleWebKit/537.36 (KHTML, like Gecko) Chrome/125.0.6422.175 Mobile Safari/537.36 (compatible; Googlebot/2.1; +http://www.google.com/bot.html)"
65.108.0.71 - - [02/Jul/2024:18:05:30 +0200] "GET /tag/%D8%AD%D9%85%D9%84%D8%A9/ HTTP/1.1" 403 0 "-" "Mozilla/5.0 (compatible; MJ12bot/v1.4.8; http://mj12bot.com/)"
66.249.70.108 - - [02/Jul/2024:18:05:29 +0200] "GET /paicg/a835572.html HTTP/1.1" 200 42067 "-" "Mozilla/5.0 (Linux; Android 6.0.1; Nexus 5X Build/MMB29P) AppleWebKit/537.36 (KHTML, like Gecko) Chrome/125.0.6422.175 Mobile Safari/537.36 (compatible; Googlebot/2.1; +http://www.google.com/bot.html)"
66.249.70.96 - - [02/Jul/2024:18:05:30 +0200] "GET /wqdah/u2961456.html HTTP/1.1" 200 42460 "-" "Mozilla/5.0 (Linux; Android 6.0.1; Nexus 5X Build/MMB29P) AppleWebKit/537.36 (KHTML, like Gecko) Chrome/125.0.6422.175 Mobile Safari/537.36 (compatible; Googlebot/2.1; +http://www.google.com/bot.html)"
66.249.70.108 - - [02/Jul/2024:18:05:31 +0200] "GET /hdefx/z532515.html HTTP/1.1" 200 41556 "-" "Mozilla/5.0 (Linux; Android 6.0.1; Nexus 5X Build/MMB29P) AppleWebKit/537.36 (KHTML, like Gecko) Chrome/125.0.6422.175 Mobile Safari/537.36 (compatible; Googlebot/2.1; +http://www.google.com/bot.html)"
66.249.70.108 - - [02/Jul/2024:18:05:30 +0200] "GET /lfaco/j2339707.html HTTP/1.1" 200 43507 "-" "Mozilla/5.0 (Linux; Android 6.0.1; Nexus 5X Build/MMB29P) AppleWebKit/537.36 (KHTML, like Gecko) Chrome/125.0.6422.175 Mobile Safari/537.36 (compatible; Googlebot/2.1; +http://www.google.com/bot.html)"
66.249.70.96 - - [02/Jul/2024:18:05:30 +0200] "GET /zhohf/i1475414.html HTTP/1.1" 200 42057 "-" "Mozilla/5.0 (Linux; Android 6.0.1; Nexus 5X Build/MMB29P) AppleWebKit/537.36 (KHTML, like Gecko) Chrome/125.0.6422.175 Mobile Safari/537.36 (compatible; Googlebot/2.1; +http://www.google.com/bot.html)"
135.181.9.38 - - [02/Jul/2024:18:05:31 +0200] "POST /wp-cron.php?doing_wp_cron=1719936331.9222979545593261718750 HTTP/1.1" 200 0 "-" "WordPress/6.5.3; https://www.sudancam.net"
66.249.70.96 - - [02/Jul/2024:18:05:31 +0200] "GET /uqcsj/r1922727.html HTTP/1.1" 200 42354 "-" "Mozilla/5.0 (Linux; Android 6.0.1; Nexus 5X Build/MMB29P) AppleWebKit/537.36 (KHTML, like Gecko) Chrome/125.0.6422.175 Mobile Safari/537.36 (compatible; Googlebot/2.1; +http://www.google.com/bot.html)"
66.249.70.108 - - [02/Jul/2024:18:05:31 +0200] "GET /urqsv/z2663449.html HTTP/1.1" 200 41443 "-" "Mozilla/5.0 (Linux; Android 6.0.1; Nexus 5X Build/MMB29P) AppleWebKit/537.36 (KHTML, like Gecko) Chrome/125.0.6422.175 Mobile Safari/537.36 (compatible; Googlebot/2.1; +http://www.google.com/bot.html)"
185.170.167.18 - - [02/Jul/2024:18:05:31 +0200] "GET /tag/%D8%A7%D9%84%D8%AD%D8%A7%D9%83%D9%88%D8%B1%D8%A9/ HTTP/1.1" 200 22421 "-" "BacklinksExtendedBot"
66.249.70.108 - - [02/Jul/2024:18:05:15 +0200] "GET /nwtel/z3025161.html HTTP/1.1" 200 42058 "-" "Mozilla/5.0 (Linux; Android 6.0.1; Nexus 5X Build/MMB29P) AppleWebKit/537.36 (KHTML, like Gecko) Chrome/125.0.6422.175 Mobile Safari/537.36 (compatible; Googlebot/2.1; +http://www.google.com/bot.html)"
