66.249.70.110 - - [02/Jul/2024:17:30:37 +0200] "GET /%D8%A7%D9%84%D8%AD%D9%84%D9%88-%D9%8A%D8%B7%D9%84%D8%A8-%D8%AA%D9%83%D9%88%D9%8A%D9%86-%D9%84%D8%AC%D8%A7%D9%86-%D9%85%D8%B4%D8%AA%D8%B1%D9%83%D8%A9-%D9%84%D9%85%D9%86%D8%A7%D9%82%D8%B4%D8%A9-%D9%82/ HTTP/1.1" 200 41462 "-" "Mozilla/5.0 (Linux; Android 6.0.1; Nexus 5X Build/MMB29P) AppleWebKit/537.36 (KHTML, like Gecko) Chrome/125.0.6422.175 Mobile Safari/537.36 (compatible; Googlebot/2.1; +http://www.google.com/bot.html)"
85.208.96.206 - - [02/Jul/2024:17:15:38 +0200] "GET /tag/%D9%A4%D9%A0%D9%A0%D9%A0/ HTTP/1.1" 403 0 "-" "Mozilla/5.0 (compatible; SemrushBot/7~bl; +http://www.semrush.com/bot.html)"
85.208.96.202 - - [02/Jul/2024:17:17:39 +0200] "GET /%D8%A7%D9%84%D8%A8%D8%B1%D9%87%D8%A7%D9%86-%D9%8A%D9%84%D8%AA%D9%82%D9%8A-%D9%88%D8%B2%D9%8A%D8%B1-%D8%A7%D9%84%D8%AE%D8%A7%D8%B1%D8%AC%D9%8A%D8%A9-%D8%A7%D9%84%D8%B3%D8%B9%D9%88%D8%AF%D9%8A/ HTTP/1.1" 403 0 "-" "Mozilla/5.0 (compatible; SemrushBot/7~bl; +http://www.semrush.com/bot.html)"
147.45.78.15 - - [02/Jul/2024:17:18:14 +0200] "POST /74a7c9952328.php HTTP/1.1" 500 9 "-" "curl/7.86.0"
85.208.96.200 - - [02/Jul/2024:17:18:39 +0200] "GET /%D8%A7%D9%84%D9%81%D9%86%D8%A7%D9%86-%D9%85%D8%AD%D9%85%D8%AF-%D8%B1%D9%85%D8%B6%D8%A7%D9%86-%D9%85%D8%AA%D9%87%D9%85-%D8%A8%D8%A7%D9%84%D8%B3%D8%B1%D9%82%D8%A9/ HTTP/1.1" 403 0 "-" "Mozilla/5.0 (compatible; SemrushBot/7~bl; +http://www.semrush.com/bot.html)"
147.45.78.15 - - [02/Jul/2024:17:20:14 +0200] "POST /74a7c9952328.php HTTP/1.1" 500 9 "-" "curl/7.86.0"
85.208.96.207 - - [02/Jul/2024:17:20:40 +0200] "GET /tag/%D8%A8%D8%A7%D9%84%D8%AA%D8%B9%D8%A8/ HTTP/1.1" 403 0 "-" "Mozilla/5.0 (compatible; SemrushBot/7~bl; +http://www.semrush.com/bot.html)"
147.45.78.15 - - [02/Jul/2024:17:22:13 +0200] "POST /74a7c9952328.php HTTP/1.1" 500 9 "-" "curl/7.86.0"
85.208.96.202 - - [02/Jul/2024:17:22:41 +0200] "GET /%D8%B4%D8%A7%D9%87%D8%AF-%D8%A8%D8%A7%D9%84%D9%81%D9%8A%D8%AF%D9%8A%D9%88-%D8%BA%D9%8A%D8%AB-%D8%A7%D9%84%D8%A7%D9%85%D8%A7%D8%B1%D8%A7%D8%AA%D9%8A-%D9%8A%D9%81%D8%A7%D8%AC%D8%A6-%D8%A3%D8%B3%D8%B1/ HTTP/1.1" 403 0 "-" "Mozilla/5.0 (compatible; SemrushBot/7~bl; +http://www.semrush.com/bot.html)"
185.170.167.18 - - [02/Jul/2024:17:23:33 +0200] "GET /tag/%D9%81%D8%A7%D8%B6%D9%8A%D8%A9/ HTTP/1.1" 200 22043 "-" "BacklinksExtendedBot"
185.191.171.4 - - [02/Jul/2024:17:25:43 +0200] "GET /quran/translate-ru-23.html HTTP/1.1" 403 0 "-" "Mozilla/5.0 (compatible; SemrushBot/7~bl; +http://www.semrush.com/bot.html)"
147.45.78.15 - - [02/Jul/2024:17:28:17 +0200] "POST /74a7c9952328.php HTTP/1.1" 500 9 "-" "curl/7.86.0"
85.208.96.205 - - [02/Jul/2024:17:29:46 +0200] "GET /tag/%D9%88%D8%A7%D9%84%D8%AA%D8%AD%D8%B6%D8%B1/ HTTP/1.1" 403 0 "-" "Mozilla/5.0 (compatible; SemrushBot/7~bl; +http://www.semrush.com/bot.html)"
66.249.70.108 - - [02/Jul/2024:17:30:38 +0200] "GET /tag/%D9%88%D9%86%D9%87%D8%B1/ HTTP/1.1" 200 42399 "-" "Mozilla/5.0 (Linux; Android 6.0.1; Nexus 5X Build/MMB29P) AppleWebKit/537.36 (KHTML, like Gecko) Chrome/125.0.6422.175 Mobile Safari/537.36 (compatible; Googlebot/2.1; +http://www.google.com/bot.html)"
66.249.70.108 - - [02/Jul/2024:17:30:41 +0200] "GET /ioaca/o579850.html HTTP/1.1" 200 41752 "-" "Mozilla/5.0 (Linux; Android 6.0.1; Nexus 5X Build/MMB29P) AppleWebKit/537.36 (KHTML, like Gecko) Chrome/125.0.6422.175 Mobile Safari/537.36 (compatible; Googlebot/2.1; +http://www.google.com/bot.html)"
66.249.70.109 - - [02/Jul/2024:17:31:08 +0200] "GET /sqbic/i740602.html HTTP/1.1" 200 42520 "-" "Mozilla/5.0 (Linux; Android 6.0.1; Nexus 5X Build/MMB29P) AppleWebKit/537.36 (KHTML, like Gecko) Chrome/125.0.6422.175 Mobile Safari/537.36 (compatible; Googlebot/2.1; +http://www.google.com/bot.html)"
207.46.13.151 - - [02/Jul/2024:17:28:34 +0200] "GET /%D9%84%D9%8A%D8%B3%D8%AA-%D8%A7%D9%84%D8%AD%D8%B1%D9%8A%D8%A9-%D8%BA%D9%8A%D8%A7%D8%A8-%D8%A7%D9%84%D8%A7%D9%84%D8%AA%D8%B2%D8%A7%D9%85%D8%A7%D8%AA-%D8%A7%D9%86%D9%85%D8%A7-%D8%A7%D9%84%D9%82%D8%AF/ HTTP/2" 200 41745 "-" "Mozilla/5.0 AppleWebKit/537.36 (KHTML, like Gecko; compatible; bingbot/2.0; +http://www.bing.com/bingbot.htm) Chrome/116.0.1938.76 Safari/537.36"
85.208.96.209 - - [02/Jul/2024:17:28:45 +0200] "GET /tag/%D8%AC%D9%84%D8%A7%D8%A1/ HTTP/1.1" 403 0 "-" "Mozilla/5.0 (compatible; SemrushBot/7~bl; +http://www.semrush.com/bot.html)"
66.249.70.108 - - [02/Jul/2024:17:29:22 +0200] "GET /%D8%A8%D9%8A%D9%86-%D8%B1%D9%8A%D8%A7%D9%84-%D9%85%D8%AF%D8%B1%D9%8A%D8%AF-%D9%88%D9%84%D9%8A%D9%81%D8%B1%D8%A8%D9%88%D9%84-%D9%87%D9%84-%D9%8A%D8%AD%D8%B3%D9%85-%D8%B2%D9%8A%D8%AF%D8%A7%D9%86/ HTTP/1.1" 200 42495 "-" "Mozilla/5.0 (compatible; Googlebot/2.1; +http://www.google.com/bot.html)"
66.249.70.108 - - [02/Jul/2024:17:29:26 +0200] "GET /tjtvt/m1743010.html HTTP/1.1" 200 41766 "-" "Mozilla/5.0 (Linux; Android 6.0.1; Nexus 5X Build/MMB29P) AppleWebKit/537.36 (KHTML, like Gecko) Chrome/125.0.6422.175 Mobile Safari/537.36 (compatible; Googlebot/2.1; +http://www.google.com/bot.html)"
66.249.70.109 - - [02/Jul/2024:17:30:36 +0200] "GET /tag/%D8%AA%D8%B1%D9%88%D9%8A/ HTTP/1.1" 200 42821 "-" "Mozilla/5.0 (Linux; Android 6.0.1; Nexus 5X Build/MMB29P) AppleWebKit/537.36 (KHTML, like Gecko) Chrome/125.0.6422.175 Mobile Safari/537.36 (compatible; Googlebot/2.1; +http://www.google.com/bot.html)"
66.249.70.109 - - [02/Jul/2024:17:30:38 +0200] "GET /un6xee/influence-letter-after-job-rejection.html HTTP/1.1" 200 41741 "-" "Mozilla/5.0 (Linux; Android 6.0.1; Nexus 5X Build/MMB29P) AppleWebKit/537.36 (KHTML, like Gecko) Chrome/125.0.6422.175 Mobile Safari/537.36 (compatible; Googlebot/2.1; +http://www.google.com/bot.html)"
185.191.171.19 - - [02/Jul/2024:17:30:47 +0200] "GET /%D8%AD%D8%A7%D8%B1%D8%B3-%D9%85%D8%B1%D9%85%D9%89-%D9%81%D8%B1%D9%8A%D9%82-%D8%A5%D8%AA%D8%AD%D8%A7%D8%AF-%D9%82%D8%B1%D9%8A%D8%B4-%D8%AD%D9%85%D8%AF-%D8%A3%D8%AD%D9%85%D8%AF-%D9%8A%D8%AE%D8%B7%D9%81/ HTTP/1.1" 403 0 "-" "Mozilla/5.0 (compatible; SemrushBot/7~bl; +http://www.semrush.com/bot.html)"
66.249.70.109 - - [02/Jul/2024:17:31:01 +0200] "GET /%D8%AD%D8%AA%D9%89-%D8%A5%D8%B4%D8%B9%D8%A7%D8%B1-%D8%A2%D8%AE%D8%B1-%D8%AA%D8%B9%D9%84%D9%8A%D9%82-%D8%A5%D8%B6%D8%B1%D8%A7%D8%A8-%D8%A7%D9%84%D8%B9%D8%A7%D9%85%D9%84%D9%8A%D9%86-%D8%A8%D8%A7/ HTTP/1.1" 200 41631 "-" "Mozilla/5.0 (compatible; Googlebot/2.1; +http://www.google.com/bot.html)"
147.45.78.15 - - [02/Jul/2024:17:32:14 +0200] "POST /74a7c9952328.php HTTP/1.1" 500 9 "-" "curl/7.86.0"
85.208.96.198 - - [02/Jul/2024:17:32:48 +0200] "GET /%D8%A7%D9%84%D8%BA%D8%B1%D9%8A%D9%85%D8%A7%D9%86-%D8%A7%D9%84%D8%AA%D9%82%D9%84%D9%8A%D8%AF%D9%8A%D8%A7%D9%86-%D8%B1%D9%8A%D8%A7%D9%84-%D9%85%D8%AF%D8%B1%D9%8A%D8%AF-%D9%88%D8%A8%D8%B1%D8%B4%D9%84/ HTTP/1.1" 403 0 "-" "Mozilla/5.0 (compatible; SemrushBot/7~bl; +http://www.semrush.com/bot.html)"
191.102.181.136 - - [02/Jul/2024:17:33:16 +0200] "GET /jp2023 HTTP/1.1" 200 30 "https://www.sudancam.net" "Mozilla/5.0 (Windows NT 10.0; WOW64) AppleWebKit/537.36 (KHTML, like Gecko) Chrome/86.0.4240.198 Safari/537.36"
66.249.70.109 - - [02/Jul/2024:17:33:52 +0200] "GET /axpbs/p792661.html HTTP/1.1" 200 41939 "-" "Mozilla/5.0 (Linux; Android 6.0.1; Nexus 5X Build/MMB29P) AppleWebKit/537.36 (KHTML, like Gecko) Chrome/125.0.6422.175 Mobile Safari/537.36 (compatible; Googlebot/2.1; +http://www.google.com/bot.html)"
66.249.70.108 - - [02/Jul/2024:17:35:43 +0200] "GET /un6xee/leetcode-capital-one-salary-reddit.html HTTP/1.1" 200 41742 "-" "Mozilla/5.0 (Linux; Android 6.0.1; Nexus 5X Build/MMB29P) AppleWebKit/537.36 (KHTML, like Gecko) Chrome/125.0.6422.175 Mobile Safari/537.36 (compatible; Googlebot/2.1; +http://www.google.com/bot.html)"
66.249.70.108 - - [02/Jul/2024:17:35:48 +0200] "GET /zytqc/z539535.html HTTP/1.1" 200 42445 "-" "Mozilla/5.0 (Linux; Android 6.0.1; Nexus 5X Build/MMB29P) AppleWebKit/537.36 (KHTML, like Gecko) Chrome/125.0.6422.175 Mobile Safari/537.36 (compatible; Googlebot/2.1; +http://www.google.com/bot.html)"
185.191.171.19 - - [02/Jul/2024:17:35:49 +0200] "GET /%D8%A3%D8%A8%D8%B1%D8%B2-%D8%B9%D9%86%D8%A7%D9%88%D9%8A%D9%86-%D8%A7%D9%84%D8%B5%D8%AD%D9%81-%D8%A7%D9%84%D8%B3%D9%88%D8%AF%D8%A7%D9%86%D9%8A%D8%A9-%D8%A7%D9%84%D8%B3%D9%8A%D8%A7%D8%B3%D9%8A%D8%A9-125/ HTTP/1.1" 403 0 "-" "Mozilla/5.0 (compatible; SemrushBot/7~bl; +http://www.semrush.com/bot.html)"
66.249.70.108 - - [02/Jul/2024:17:35:50 +0200] "GET /wbkqc/g87376.html HTTP/1.1" 200 41976 "-" "Mozilla/5.0 (Linux; Android 6.0.1; Nexus 5X Build/MMB29P) AppleWebKit/537.36 (KHTML, like Gecko) Chrome/125.0.6422.175 Mobile Safari/537.36 (compatible; Googlebot/2.1; +http://www.google.com/bot.html)"
85.208.96.202 - - [02/Jul/2024:17:37:51 +0200] "GET /%D8%B9%D8%B1%D9%85%D8%A7%D9%86-%D9%8A%D8%AF%D8%B9%D9%88-%D9%84%D8%A8%D9%86%D8%A7%D8%A1-%D8%AC%D8%A8%D9%87%D8%A9-%D9%88%D8%B7%D9%86%D9%8A%D8%A9-%D9%85%D9%88%D8%AD%D8%AF%D8%A9-%D9%84%D8%A5%D9%86%D9%87/ HTTP/1.1" 403 0 "-" "Mozilla/5.0 (compatible; SemrushBot/7~bl; +http://www.semrush.com/bot.html)"
40.77.167.52 - - [02/Jul/2024:17:38:42 +0200] "GET /afaen/x958159.html HTTP/2" 200 42199 "-" "Mozilla/5.0 AppleWebKit/537.36 (KHTML, like Gecko; compatible; bingbot/2.0; +http://www.bing.com/bingbot.htm) Chrome/116.0.1938.76 Safari/537.36"
40.77.167.52 - - [02/Jul/2024:17:38:43 +0200] "GET /%D8%B4%D8%A7%D9%87%D8%AF-%D8%A7%D9%84%D8%B5%D9%88%D8%B1%D8%A9-%D8%A7%D9%84%D8%AA%D9%8A-%D8%AA%D8%B3%D8%A8%D8%A8%D8%AA-%D9%81%D9%8A-%D8%A5%D8%B5%D8%A7%D8%A8%D8%A9-%D8%A7%D9%84%D9%86%D8%AC%D9%85%D8%A9/ HTTP/2" 200 42070 "-" "Mozilla/5.0 AppleWebKit/537.36 (KHTML, like Gecko; compatible; bingbot/2.0; +http://www.bing.com/bingbot.htm) Chrome/116.0.1938.76 Safari/537.36"
185.191.171.15 - - [02/Jul/2024:17:39:52 +0200] "GET /tag/%D9%88%D8%A7%D9%84%D8%AC%D9%86%D9%88%D8%A8/ HTTP/1.1" 403 0 "-" "Mozilla/5.0 (compatible; SemrushBot/7~bl; +http://www.semrush.com/bot.html)"
66.249.70.110 - - [02/Jul/2024:17:40:43 +0200] "GET /sxznp/t467145.html HTTP/1.1" 200 42178 "-" "Mozilla/5.0 (Linux; Android 6.0.1; Nexus 5X Build/MMB29P) AppleWebKit/537.36 (KHTML, like Gecko) Chrome/125.0.6422.175 Mobile Safari/537.36 (compatible; Googlebot/2.1; +http://www.google.com/bot.html)"
185.191.171.6 - - [02/Jul/2024:17:42:54 +0200] "GET /tag/%D8%A7%D9%84%D8%B1%D8%AC%D8%B9%D8%A9/ HTTP/1.1" 403 0 "-" "Mozilla/5.0 (compatible; SemrushBot/7~bl; +http://www.semrush.com/bot.html)"
147.45.78.15 - - [02/Jul/2024:17:44:12 +0200] "POST /74a7c9952328.php HTTP/1.1" 500 9 "-" "curl/7.86.0"
85.208.96.211 - - [02/Jul/2024:17:31:47 +0200] "GET /%D8%AC%D9%84%D9%88%D8%B3-%D9%84%D9%82%D8%A7%D8%AF%D8%A9-%D8%A7%D9%88-%D9%85%D9%85%D8%AB%D9%84%D9%8A-%D8%A7%D9%84%D8%AC%D9%8A%D8%B4-%D9%85%D8%B9-%D9%85%D9%85%D8%AB%D9%84%D9%8A-%D8%A7%D9%84%D8%A5%D8%B7/ HTTP/1.1" 403 0 "-" "Mozilla/5.0 (compatible; SemrushBot/7~bl; +http://www.semrush.com/bot.html)"
85.208.96.200 - - [02/Jul/2024:17:33:48 +0200] "GET /%D8%B4%D8%A7%D9%87%D8%AF-%D8%A8%D8%A7%D9%84%D8%B5%D9%88%D8%B1%D8%A9-%D8%B4%D8%A7%D8%A8-%D9%88%D9%81%D8%AA%D8%A7%D8%A9-%D9%8A%D8%AA%D8%AE%D8%B0%D8%A7%D9%86-%D9%88%D8%B6%D8%B9%D9%8A%D8%A9-%D8%B1%D9%88/ HTTP/1.1" 403 0 "-" "Mozilla/5.0 (compatible; SemrushBot/7~bl; +http://www.semrush.com/bot.html)"
40.77.167.5 - - [02/Jul/2024:17:33:58 +0200] "GET /kvjvi/x2819525.html HTTP/2" 200 41479 "-" "Mozilla/5.0 AppleWebKit/537.36 (KHTML, like Gecko; compatible; bingbot/2.0; +http://www.bing.com/bingbot.htm) Chrome/116.0.1938.76 Safari/537.36"
147.45.78.15 - - [02/Jul/2024:17:34:12 +0200] "POST /74a7c9952328.php HTTP/1.1" 500 9 "-" "curl/7.86.0"
40.77.167.254 - - [02/Jul/2024:17:35:21 +0200] "GET /wusab/u932052.html HTTP/2" 200 41587 "-" "Mozilla/5.0 AppleWebKit/537.36 (KHTML, like Gecko; compatible; bingbot/2.0; +http://www.bing.com/bingbot.htm) Chrome/116.0.1938.76 Safari/537.36"
147.45.78.15 - - [02/Jul/2024:17:36:12 +0200] "POST /74a7c9952328.php HTTP/1.1" 500 9 "-" "curl/7.86.0"
85.208.96.212 - - [02/Jul/2024:17:36:50 +0200] "GET /tag/%D9%84%D9%80%D8%AA%D9%88%D9%8A%D8%AA%D8%B1/ HTTP/1.1" 403 0 "-" "Mozilla/5.0 (compatible; SemrushBot/7~bl; +http://www.semrush.com/bot.html)"
66.249.70.109 - - [02/Jul/2024:17:39:03 +0200] "GET /phrgm/m1407584.html HTTP/1.1" 200 42614 "-" "Mozilla/5.0 (Linux; Android 6.0.1; Nexus 5X Build/MMB29P) AppleWebKit/537.36 (KHTML, like Gecko) Chrome/125.0.6422.175 Mobile Safari/537.36 (compatible; Googlebot/2.1; +http://www.google.com/bot.html)"
147.45.78.15 - - [02/Jul/2024:17:40:17 +0200] "POST /74a7c9952328.php HTTP/1.1" 500 9 "-" "curl/7.86.0"
185.191.171.5 - - [02/Jul/2024:17:40:52 +0200] "GET /tag/%D8%AD%D8%B8/ HTTP/1.1" 403 0 "-" "Mozilla/5.0 (compatible; SemrushBot/7~bl; +http://www.semrush.com/bot.html)"
66.249.70.110 - - [02/Jul/2024:17:41:46 +0200] "GET /%D9%87%D9%8A%D8%A6%D8%A9-%D8%A7%D9%84%D9%85%D9%8A%D8%A7%D9%87-%D9%85%D9%84%D9%8A%D8%B4%D9%8A%D8%A7-%D8%A7%D9%84%D8%AF%D8%B9%D9%85-%D8%A7%D9%84%D8%B3%D8%B1%D9%8A%D8%B9-%D8%AA%D8%AD%D8%AA%D9%84-%D9%85/ HTTP/1.1" 200 41647 "-" "Mozilla/5.0 (compatible; Googlebot/2.1; +http://www.google.com/bot.html)"
66.249.70.108 - - [02/Jul/2024:17:41:49 +0200] "GET /hfbja/p1820285.html HTTP/1.1" 200 42845 "-" "Mozilla/5.0 (Linux; Android 6.0.1; Nexus 5X Build/MMB29P) AppleWebKit/537.36 (KHTML, like Gecko) Chrome/125.0.6422.175 Mobile Safari/537.36 (compatible; Googlebot/2.1; +http://www.google.com/bot.html)"
185.191.171.17 - - [02/Jul/2024:17:41:53 +0200] "GET /%D8%B4%D8%A7%D9%87%D8%AF-%D8%A8%D8%A7%D9%84%D9%81%D9%8A%D8%AF%D9%8A%D9%88-%D8%A7%D9%84%D9%81%D9%86%D8%A7%D9%86%D8%A9-%D8%A5%D9%8A%D9%85%D8%A7%D9%86-%D8%A7%D9%84%D8%B4%D8%B1%D9%8A%D9%81-%D8%AA%D8%B8/ HTTP/1.1" 403 0 "-" "Mozilla/5.0 (compatible; SemrushBot/7~bl; +http://www.semrush.com/bot.html)"
147.45.78.15 - - [02/Jul/2024:17:42:12 +0200] "POST /74a7c9952328.php HTTP/1.1" 500 9 "-" "curl/7.86.0"
185.191.171.18 - - [02/Jul/2024:17:46:57 +0200] "GET /%D8%A7%D9%84%D8%B7%D8%A7%D9%87%D8%B1-%D8%B3%D8%A7%D8%AA%D9%8A-%D8%B3%D9%84%D8%A7%D9%85-%D8%A7%D9%84%D8%B4%D8%AC%D8%B9%D8%A7%D9%86-%D8%A7%D9%84%D9%86%D9%8A%D9%84%D9%8A%D9%86/ HTTP/1.1" 403 0 "-" "Mozilla/5.0 (compatible; SemrushBot/7~bl; +http://www.semrush.com/bot.html)"
157.55.39.49 - - [02/Jul/2024:17:47:06 +0200] "GET /sitemap_index_13.xml HTTP/2" 200 14687 "-" "Mozilla/5.0 AppleWebKit/537.36 (KHTML, like Gecko; compatible; bingbot/2.0; +http://www.bing.com/bingbot.htm) Chrome/116.0.1938.76 Safari/537.36"
157.55.39.49 - - [02/Jul/2024:17:47:07 +0200] "GET /sitemap_index_23.xml HTTP/2" 200 14354 "-" "Mozilla/5.0 AppleWebKit/537.36 (KHTML, like Gecko; compatible; bingbot/2.0; +http://www.bing.com/bingbot.htm) Chrome/116.0.1938.76 Safari/537.36"
157.55.39.49 - - [02/Jul/2024:17:47:08 +0200] "GET /sitemap_index_9.xml HTTP/2" 200 14664 "-" "Mozilla/5.0 AppleWebKit/537.36 (KHTML, like Gecko; compatible; bingbot/2.0; +http://www.bing.com/bingbot.htm) Chrome/116.0.1938.76 Safari/537.36"
157.55.39.49 - - [02/Jul/2024:17:47:09 +0200] "GET /sitemap_index_4.xml HTTP/2" 200 14560 "-" "Mozilla/5.0 AppleWebKit/537.36 (KHTML, like Gecko; compatible; bingbot/2.0; +http://www.bing.com/bingbot.htm) Chrome/116.0.1938.76 Safari/537.36"
157.55.39.49 - - [02/Jul/2024:17:47:11 +0200] "GET /sitemap_index_22.xml HTTP/2" 200 14438 "-" "Mozilla/5.0 AppleWebKit/537.36 (KHTML, like Gecko; compatible; bingbot/2.0; +http://www.bing.com/bingbot.htm) Chrome/116.0.1938.76 Safari/537.36"
157.55.39.49 - - [02/Jul/2024:17:47:16 +0200] "GET /sitemap_index_11.xml HTTP/2" 200 14609 "-" "Mozilla/5.0 AppleWebKit/537.36 (KHTML, like Gecko; compatible; bingbot/2.0; +http://www.bing.com/bingbot.htm) Chrome/116.0.1938.76 Safari/537.36"
157.55.39.49 - - [02/Jul/2024:17:47:16 +0200] "GET /sitemap_index_12.xml HTTP/2" 200 14585 "-" "Mozilla/5.0 AppleWebKit/537.36 (KHTML, like Gecko; compatible; bingbot/2.0; +http://www.bing.com/bingbot.htm) Chrome/116.0.1938.76 Safari/537.36"
157.55.39.49 - - [02/Jul/2024:17:47:17 +0200] "GET /%D8%A7%D8%B4%D8%AA%D8%A8%D8%A7%D9%83%D8%A7%D8%AA-%D8%A8%D9%8A%D9%86-%D8%A7%D9%84%D8%AC%D9%8A%D8%B4-%D9%88%D8%A7%D9%84%D8%AF%D8%B9%D9%85-%D8%A7%D9%84%D8%B3%D8%B1%D9%8A%D8%B9-%D8%B9%D9%84%D9%89-%D8%AA/ HTTP/2" 200 43782 "-" "Mozilla/5.0 AppleWebKit/537.36 (KHTML, like Gecko; compatible; bingbot/2.0; +http://www.bing.com/bingbot.htm) Chrome/116.0.1938.76 Safari/537.36"
52.167.144.203 - - [02/Jul/2024:17:47:32 +0200] "GET /sitemap_index_14.xml HTTP/2" 200 14519 "-" "Mozilla/5.0 AppleWebKit/537.36 (KHTML, like Gecko; compatible; bingbot/2.0; +http://www.bing.com/bingbot.htm) Chrome/116.0.1938.76 Safari/537.36"
52.167.144.203 - - [02/Jul/2024:17:47:33 +0200] "GET /sitemap_index_19.xml HTTP/2" 200 14624 "-" "Mozilla/5.0 AppleWebKit/537.36 (KHTML, like Gecko; compatible; bingbot/2.0; +http://www.bing.com/bingbot.htm) Chrome/116.0.1938.76 Safari/537.36"
52.167.144.203 - - [02/Jul/2024:17:47:33 +0200] "GET /sitemap_index_10.xml HTTP/2" 200 14448 "-" "Mozilla/5.0 AppleWebKit/537.36 (KHTML, like Gecko; compatible; bingbot/2.0; +http://www.bing.com/bingbot.htm) Chrome/116.0.1938.76 Safari/537.36"
52.167.144.203 - - [02/Jul/2024:17:47:34 +0200] "GET /sitemap_index_6.xml HTTP/2" 200 14334 "-" "Mozilla/5.0 AppleWebKit/537.36 (KHTML, like Gecko; compatible; bingbot/2.0; +http://www.bing.com/bingbot.htm) Chrome/116.0.1938.76 Safari/537.36"
52.167.144.203 - - [02/Jul/2024:17:47:35 +0200] "GET /sitemap.xml HTTP/2" 200 483 "-" "Mozilla/5.0 AppleWebKit/537.36 (KHTML, like Gecko; compatible; bingbot/2.0; +http://www.bing.com/bingbot.htm) Chrome/116.0.1938.76 Safari/537.36"
52.167.144.203 - - [02/Jul/2024:17:47:36 +0200] "GET /sitemap_index_25.xml HTTP/2" 200 14349 "-" "Mozilla/5.0 AppleWebKit/537.36 (KHTML, like Gecko; compatible; bingbot/2.0; +http://www.bing.com/bingbot.htm) Chrome/116.0.1938.76 Safari/537.36"
52.167.144.203 - - [02/Jul/2024:17:47:36 +0200] "GET /sitemap_index_17.xml HTTP/2" 200 14577 "-" "Mozilla/5.0 AppleWebKit/537.36 (KHTML, like Gecko; compatible; bingbot/2.0; +http://www.bing.com/bingbot.htm) Chrome/116.0.1938.76 Safari/537.36"
52.167.144.203 - - [02/Jul/2024:17:47:37 +0200] "GET /sitemap_index_7.xml HTTP/2" 200 14550 "-" "Mozilla/5.0 AppleWebKit/537.36 (KHTML, like Gecko; compatible; bingbot/2.0; +http://www.bing.com/bingbot.htm) Chrome/116.0.1938.76 Safari/537.36"
52.167.144.203 - - [02/Jul/2024:17:47:38 +0200] "GET /sitemap_index_29.xml HTTP/2" 200 14301 "-" "Mozilla/5.0 AppleWebKit/537.36 (KHTML, like Gecko; compatible; bingbot/2.0; +http://www.bing.com/bingbot.htm) Chrome/116.0.1938.76 Safari/537.36"
52.167.144.203 - - [02/Jul/2024:17:47:39 +0200] "GET /sitemap_index_15.xml HTTP/2" 200 14352 "-" "Mozilla/5.0 AppleWebKit/537.36 (KHTML, like Gecko; compatible; bingbot/2.0; +http://www.bing.com/bingbot.htm) Chrome/116.0.1938.76 Safari/537.36"
52.167.144.203 - - [02/Jul/2024:17:47:40 +0200] "GET /sitemap_index_21.xml HTTP/2" 200 14525 "-" "Mozilla/5.0 AppleWebKit/537.36 (KHTML, like Gecko; compatible; bingbot/2.0; +http://www.bing.com/bingbot.htm) Chrome/116.0.1938.76 Safari/537.36"
52.167.144.203 - - [02/Jul/2024:17:47:41 +0200] "GET /sitemap_index_1.xml HTTP/2" 200 14467 "-" "Mozilla/5.0 AppleWebKit/537.36 (KHTML, like Gecko; compatible; bingbot/2.0; +http://www.bing.com/bingbot.htm) Chrome/116.0.1938.76 Safari/537.36"
52.167.144.203 - - [02/Jul/2024:17:47:41 +0200] "GET /sitemap_index_26.xml HTTP/2" 200 14442 "-" "Mozilla/5.0 AppleWebKit/537.36 (KHTML, like Gecko; compatible; bingbot/2.0; +http://www.bing.com/bingbot.htm) Chrome/116.0.1938.76 Safari/537.36"
52.167.144.203 - - [02/Jul/2024:17:47:42 +0200] "GET /sitemap_index_30.xml HTTP/2" 200 14315 "-" "Mozilla/5.0 AppleWebKit/537.36 (KHTML, like Gecko; compatible; bingbot/2.0; +http://www.bing.com/bingbot.htm) Chrome/116.0.1938.76 Safari/537.36"
52.167.144.203 - - [02/Jul/2024:17:47:43 +0200] "GET /sitemap_index_2.xml HTTP/2" 200 14598 "-" "Mozilla/5.0 AppleWebKit/537.36 (KHTML, like Gecko; compatible; bingbot/2.0; +http://www.bing.com/bingbot.htm) Chrome/116.0.1938.76 Safari/537.36"
52.167.144.203 - - [02/Jul/2024:17:47:47 +0200] "GET /sitemap447.xml HTTP/2" 200 14366 "-" "Mozilla/5.0 AppleWebKit/537.36 (KHTML, like Gecko; compatible; bingbot/2.0; +http://www.bing.com/bingbot.htm) Chrome/116.0.1938.76 Safari/537.36"
52.167.144.203 - - [02/Jul/2024:17:47:47 +0200] "GET /sitemap474.xml HTTP/2" 200 14330 "-" "Mozilla/5.0 AppleWebKit/537.36 (KHTML, like Gecko; compatible; bingbot/2.0; +http://www.bing.com/bingbot.htm) Chrome/116.0.1938.76 Safari/537.36"
52.167.144.203 - - [02/Jul/2024:17:47:48 +0200] "GET /sitemap322.xml HTTP/2" 200 14529 "-" "Mozilla/5.0 AppleWebKit/537.36 (KHTML, like Gecko; compatible; bingbot/2.0; +http://www.bing.com/bingbot.htm) Chrome/116.0.1938.76 Safari/537.36"
52.167.144.203 - - [02/Jul/2024:17:47:49 +0200] "GET /sitemap770.xml HTTP/2" 200 14415 "-" "Mozilla/5.0 AppleWebKit/537.36 (KHTML, like Gecko; compatible; bingbot/2.0; +http://www.bing.com/bingbot.htm) Chrome/116.0.1938.76 Safari/537.36"
52.167.144.203 - - [02/Jul/2024:17:47:50 +0200] "GET /sitemap429.xml HTTP/2" 200 14435 "-" "Mozilla/5.0 AppleWebKit/537.36 (KHTML, like Gecko; compatible; bingbot/2.0; +http://www.bing.com/bingbot.htm) Chrome/116.0.1938.76 Safari/537.36"
52.167.144.203 - - [02/Jul/2024:17:47:51 +0200] "GET /sitemap649.xml HTTP/2" 200 14561 "-" "Mozilla/5.0 AppleWebKit/537.36 (KHTML, like Gecko; compatible; bingbot/2.0; +http://www.bing.com/bingbot.htm) Chrome/116.0.1938.76 Safari/537.36"
52.167.144.203 - - [02/Jul/2024:17:47:52 +0200] "GET /sitemap845.xml HTTP/2" 200 14331 "-" "Mozilla/5.0 AppleWebKit/537.36 (KHTML, like Gecko; compatible; bingbot/2.0; +http://www.bing.com/bingbot.htm) Chrome/116.0.1938.76 Safari/537.36"
52.167.144.203 - - [02/Jul/2024:17:47:53 +0200] "GET /sitemap339.xml HTTP/2" 200 14318 "-" "Mozilla/5.0 AppleWebKit/537.36 (KHTML, like Gecko; compatible; bingbot/2.0; +http://www.bing.com/bingbot.htm) Chrome/116.0.1938.76 Safari/537.36"
52.167.144.203 - - [02/Jul/2024:17:47:53 +0200] "GET /sitemap325.xml HTTP/2" 200 14344 "-" "Mozilla/5.0 AppleWebKit/537.36 (KHTML, like Gecko; compatible; bingbot/2.0; +http://www.bing.com/bingbot.htm) Chrome/116.0.1938.76 Safari/537.36"
52.167.144.203 - - [02/Jul/2024:17:47:55 +0200] "GET /sitemap531.xml HTTP/2" 200 14689 "-" "Mozilla/5.0 AppleWebKit/537.36 (KHTML, like Gecko; compatible; bingbot/2.0; +http://www.bing.com/bingbot.htm) Chrome/116.0.1938.76 Safari/537.36"
52.167.144.203 - - [02/Jul/2024:17:47:56 +0200] "GET /sitemap606.xml HTTP/2" 200 14422 "-" "Mozilla/5.0 AppleWebKit/537.36 (KHTML, like Gecko; compatible; bingbot/2.0; +http://www.bing.com/bingbot.htm) Chrome/116.0.1938.76 Safari/537.36"
52.167.144.203 - - [02/Jul/2024:17:47:57 +0200] "GET /sitemap872.xml HTTP/2" 200 14340 "-" "Mozilla/5.0 AppleWebKit/537.36 (KHTML, like Gecko; compatible; bingbot/2.0; +http://www.bing.com/bingbot.htm) Chrome/116.0.1938.76 Safari/537.36"
85.208.96.195 - - [02/Jul/2024:17:47:57 +0200] "GET /%D8%A7%D9%84%D8%A3%D9%85%D9%85-%D8%A7%D9%84%D9%85%D8%AA%D8%AD%D8%AF%D8%A9-%D8%A7%D8%B4%D8%AA%D8%A8%D8%A7%D9%83%D8%A7%D8%AA-%D9%86%D9%8A%D8%A7%D9%84%D8%A7-%D8%AE%D9%84%D9%81%D8%AA-60-%D9%82%D8%AA/ HTTP/1.1" 403 0 "-" "Mozilla/5.0 (compatible; SemrushBot/7~bl; +http://www.semrush.com/bot.html)"
52.167.144.203 - - [02/Jul/2024:17:47:57 +0200] "GET /sitemap645.xml HTTP/2" 200 14348 "-" "Mozilla/5.0 AppleWebKit/537.36 (KHTML, like Gecko; compatible; bingbot/2.0; +http://www.bing.com/bingbot.htm) Chrome/116.0.1938.76 Safari/537.36"
52.167.144.203 - - [02/Jul/2024:17:47:58 +0200] "GET /sitemap259.xml HTTP/2" 200 14596 "-" "Mozilla/5.0 AppleWebKit/537.36 (KHTML, like Gecko; compatible; bingbot/2.0; +http://www.bing.com/bingbot.htm) Chrome/116.0.1938.76 Safari/537.36"
52.167.144.203 - - [02/Jul/2024:17:47:59 +0200] "GET /sitemap286.xml HTTP/2" 200 14390 "-" "Mozilla/5.0 AppleWebKit/537.36 (KHTML, like Gecko; compatible; bingbot/2.0; +http://www.bing.com/bingbot.htm) Chrome/116.0.1938.76 Safari/537.36"
52.167.144.203 - - [02/Jul/2024:17:48:00 +0200] "GET /sitemap651.xml HTTP/2" 200 14718 "-" "Mozilla/5.0 AppleWebKit/537.36 (KHTML, like Gecko; compatible; bingbot/2.0; +http://www.bing.com/bingbot.htm) Chrome/116.0.1938.76 Safari/537.36"
52.167.144.203 - - [02/Jul/2024:17:48:01 +0200] "GET /sitemap585.xml HTTP/2" 200 14524 "-" "Mozilla/5.0 AppleWebKit/537.36 (KHTML, like Gecko; compatible; bingbot/2.0; +http://www.bing.com/bingbot.htm) Chrome/116.0.1938.76 Safari/537.36"
185.191.171.18 - - [02/Jul/2024:17:44:55 +0200] "GET /%D8%B1%D8%B4%D8%A7%D9%86-%D8%A3%D9%88%D8%B4%D9%8A-%D8%A5%D9%86%D9%87%D9%85-%D9%8A%D8%B3%D8%B1%D9%82%D9%88%D9%86-%D9%85%D8%B3%D8%AA%D9%82%D8%A8%D9%84%D9%83%D9%85-%D9%85%D8%B1%D8%A9-%D8%A3%D8%AE%D8%B1/ HTTP/1.1" 403 0 "-" "Mozilla/5.0 (compatible; SemrushBot/7~bl; +http://www.semrush.com/bot.html)"
147.45.78.15 - - [02/Jul/2024:17:46:13 +0200] "POST /74a7c9952328.php HTTP/1.1" 500 9 "-" "curl/7.86.0"
40.77.167.61 - - [02/Jul/2024:17:47:02 +0200] "GET /sitemap_index_18.xml HTTP/2" 200 14371 "-" "Mozilla/5.0 AppleWebKit/537.36 (KHTML, like Gecko; compatible; bingbot/2.0; +http://www.bing.com/bingbot.htm) Chrome/116.0.1938.76 Safari/537.36"
40.77.167.61 - - [02/Jul/2024:17:47:04 +0200] "GET /sitemap_index_24.xml HTTP/2" 200 14359 "-" "Mozilla/5.0 AppleWebKit/537.36 (KHTML, like Gecko; compatible; bingbot/2.0; +http://www.bing.com/bingbot.htm) Chrome/116.0.1938.76 Safari/537.36"
40.77.167.61 - - [02/Jul/2024:17:47:05 +0200] "GET /sitemap_index_3.xml HTTP/2" 200 14616 "-" "Mozilla/5.0 AppleWebKit/537.36 (KHTML, like Gecko; compatible; bingbot/2.0; +http://www.bing.com/bingbot.htm) Chrome/116.0.1938.76 Safari/537.36"
40.77.167.61 - - [02/Jul/2024:17:47:06 +0200] "GET /sitemap_index_8.xml HTTP/2" 200 14573 "-" "Mozilla/5.0 AppleWebKit/537.36 (KHTML, like Gecko; compatible; bingbot/2.0; +http://www.bing.com/bingbot.htm) Chrome/116.0.1938.76 Safari/537.36"
40.77.167.61 - - [02/Jul/2024:17:47:07 +0200] "GET /sitemap_index_5.xml HTTP/2" 200 14304 "-" "Mozilla/5.0 AppleWebKit/537.36 (KHTML, like Gecko; compatible; bingbot/2.0; +http://www.bing.com/bingbot.htm) Chrome/116.0.1938.76 Safari/537.36"
40.77.167.61 - - [02/Jul/2024:17:47:11 +0200] "GET /sitemap_index_20.xml HTTP/2" 200 14695 "-" "Mozilla/5.0 AppleWebKit/537.36 (KHTML, like Gecko; compatible; bingbot/2.0; +http://www.bing.com/bingbot.htm) Chrome/116.0.1938.76 Safari/537.36"
40.77.167.61 - - [02/Jul/2024:17:47:13 +0200] "GET /sitemap_index_27.xml HTTP/2" 200 14477 "-" "Mozilla/5.0 AppleWebKit/537.36 (KHTML, like Gecko; compatible; bingbot/2.0; +http://www.bing.com/bingbot.htm) Chrome/116.0.1938.76 Safari/537.36"
40.77.167.61 - - [02/Jul/2024:17:47:14 +0200] "GET /sitemap_index_16.xml HTTP/2" 200 14581 "-" "Mozilla/5.0 AppleWebKit/537.36 (KHTML, like Gecko; compatible; bingbot/2.0; +http://www.bing.com/bingbot.htm) Chrome/116.0.1938.76 Safari/537.36"
40.77.167.61 - - [02/Jul/2024:17:47:14 +0200] "GET /sitemap_index_28.xml HTTP/2" 200 14344 "-" "Mozilla/5.0 AppleWebKit/537.36 (KHTML, like Gecko; compatible; bingbot/2.0; +http://www.bing.com/bingbot.htm) Chrome/116.0.1938.76 Safari/537.36"
66.249.70.110 - - [02/Jul/2024:17:33:49 +0200] "GET /qtkzq/b3014529.html HTTP/1.1" 200 42584 "-" "Mozilla/5.0 (Linux; Android 6.0.1; Nexus 5X Build/MMB29P) AppleWebKit/537.36 (KHTML, like Gecko) Chrome/125.0.6422.175 Mobile Safari/537.36 (compatible; Googlebot/2.1; +http://www.google.com/bot.html)"
66.249.70.108 - - [02/Jul/2024:17:33:55 +0200] "GET /wntnn/n602885.html HTTP/1.1" 200 41796 "-" "Mozilla/5.0 (Linux; Android 6.0.1; Nexus 5X Build/MMB29P) AppleWebKit/537.36 (KHTML, like Gecko) Chrome/125.0.6422.175 Mobile Safari/537.36 (compatible; Googlebot/2.1; +http://www.google.com/bot.html)"
66.249.70.109 - - [02/Jul/2024:17:34:10 +0200] "GET /vawbv/y1939088.html HTTP/1.1" 200 41889 "-" "Mozilla/5.0 (Linux; Android 6.0.1; Nexus 5X Build/MMB29P) AppleWebKit/537.36 (KHTML, like Gecko) Chrome/125.0.6422.175 Mobile Safari/537.36 (compatible; Googlebot/2.1; +http://www.google.com/bot.html)"
66.249.70.108 - - [02/Jul/2024:17:34:28 +0200] "GET /vkcql/t516753.html HTTP/1.1" 200 42268 "-" "Mozilla/5.0 (Linux; Android 6.0.1; Nexus 5X Build/MMB29P) AppleWebKit/537.36 (KHTML, like Gecko) Chrome/125.0.6422.175 Mobile Safari/537.36 (compatible; Googlebot/2.1; +http://www.google.com/bot.html)"
85.208.96.194 - - [02/Jul/2024:17:34:49 +0200] "GET /tag/%D8%A3%D9%87%D8%B1%D8%A7%D9%85%D8%A7%D8%AA/ HTTP/1.1" 403 0 "-" "Mozilla/5.0 (compatible; SemrushBot/7~bl; +http://www.semrush.com/bot.html)"
147.45.78.15 - - [02/Jul/2024:17:38:12 +0200] "POST /74a7c9952328.php HTTP/1.1" 500 9 "-" "curl/7.86.0"
185.191.171.19 - - [02/Jul/2024:17:38:51 +0200] "GET /tag/%D8%A7%D9%84%D9%83%D9%81%D8%A7%D8%AD/ HTTP/1.1" 403 0 "-" "Mozilla/5.0 (compatible; SemrushBot/7~bl; +http://www.semrush.com/bot.html)"
66.249.70.108 - - [02/Jul/2024:17:39:38 +0200] "GET /%D8%A7%D9%84%D8%B3%D9%88%D8%AF%D8%A7%D9%86-%D8%AA%D8%B9%D8%B1%D8%B6-%D9%85%D9%86%D8%B2%D9%84-%D8%B3%D9%81%D9%8A%D8%B1-%D8%A7%D9%84%D8%A3%D8%B1%D8%AF%D9%86-%D9%81%D9%8A-%D8%A7%D9%84%D8%AE%D8%B1%D8%B7/feed/ HTTP/1.1" 200 41754 "-" "Mozilla/5.0 (Linux; Android 6.0.1; Nexus 5X Build/MMB29P) AppleWebKit/537.36 (KHTML, like Gecko) Chrome/125.0.6422.175 Mobile Safari/537.36 (compatible; Googlebot/2.1; +http://www.google.com/bot.html)"
89.185.85.125 - - [02/Jul/2024:17:41:14 +0200] "GET /wp-login.php HTTP/1.1" 200 928 "-" "Mozilla/5.0 (Macintosh; Intel Mac OS X 10_11_3) AppleWebKit/537.36 (KHTML, like Gecko) Chrome/55.0.2888.13 Safari/537.36"
185.191.171.2 - - [02/Jul/2024:17:43:55 +0200] "GET /%D8%B9%D9%85%D8%A7%D8%B1-%D8%B7%D9%8A%D9%81%D9%88%D8%B1-%D8%A3%D8%AA%D8%B7%D9%84%D8%B9-%D8%A8%D8%AA%D8%B4%D9%88%D9%91%D9%82-%D9%84%D9%84%D8%AA%D8%AD%D9%84%D9%8A%D9%82-%D9%85%D8%B9-%D9%83%D8%A8%D8%A7/ HTTP/1.1" 403 0 "-" "Mozilla/5.0 (compatible; SemrushBot/7~bl; +http://www.semrush.com/bot.html)"
185.191.171.2 - - [02/Jul/2024:17:45:56 +0200] "GET /tag/%D9%88%D8%B3%D9%8A%D8%AE%D8%AA%D9%81%D9%8A/ HTTP/1.1" 403 0 "-" "Mozilla/5.0 (compatible; SemrushBot/7~bl; +http://www.semrush.com/bot.html)"
157.55.39.49 - - [02/Jul/2024:17:48:13 +0200] "GET /sitemap619.xml HTTP/2" 200 14341 "-" "Mozilla/5.0 AppleWebKit/537.36 (KHTML, like Gecko; compatible; bingbot/2.0; +http://www.bing.com/bingbot.htm) Chrome/116.0.1938.76 Safari/537.36"
157.55.39.49 - - [02/Jul/2024:17:48:13 +0200] "GET /sitemap846.xml HTTP/2" 200 14668 "-" "Mozilla/5.0 AppleWebKit/537.36 (KHTML, like Gecko; compatible; bingbot/2.0; +http://www.bing.com/bingbot.htm) Chrome/116.0.1938.76 Safari/537.36"
157.55.39.49 - - [02/Jul/2024:17:48:14 +0200] "GET /sitemap790.xml HTTP/2" 200 14550 "-" "Mozilla/5.0 AppleWebKit/537.36 (KHTML, like Gecko; compatible; bingbot/2.0; +http://www.bing.com/bingbot.htm) Chrome/116.0.1938.76 Safari/537.36"
157.55.39.49 - - [02/Jul/2024:17:48:16 +0200] "GET /sitemap348.xml HTTP/2" 200 14537 "-" "Mozilla/5.0 AppleWebKit/537.36 (KHTML, like Gecko; compatible; bingbot/2.0; +http://www.bing.com/bingbot.htm) Chrome/116.0.1938.76 Safari/537.36"
157.55.39.49 - - [02/Jul/2024:17:48:17 +0200] "GET /sitemap363.xml HTTP/2" 200 14431 "-" "Mozilla/5.0 AppleWebKit/537.36 (KHTML, like Gecko; compatible; bingbot/2.0; +http://www.bing.com/bingbot.htm) Chrome/116.0.1938.76 Safari/537.36"
157.55.39.49 - - [02/Jul/2024:17:48:18 +0200] "GET /sitemap318.xml HTTP/2" 200 14451 "-" "Mozilla/5.0 AppleWebKit/537.36 (KHTML, like Gecko; compatible; bingbot/2.0; +http://www.bing.com/bingbot.htm) Chrome/116.0.1938.76 Safari/537.36"
157.55.39.49 - - [02/Jul/2024:17:48:18 +0200] "GET /sitemap803.xml HTTP/2" 200 14347 "-" "Mozilla/5.0 AppleWebKit/537.36 (KHTML, like Gecko; compatible; bingbot/2.0; +http://www.bing.com/bingbot.htm) Chrome/116.0.1938.76 Safari/537.36"
157.55.39.49 - - [02/Jul/2024:17:48:19 +0200] "GET /sitemap534.xml HTTP/2" 200 14467 "-" "Mozilla/5.0 AppleWebKit/537.36 (KHTML, like Gecko; compatible; bingbot/2.0; +http://www.bing.com/bingbot.htm) Chrome/116.0.1938.76 Safari/537.36"
157.55.39.49 - - [02/Jul/2024:17:48:20 +0200] "GET /sitemap546.xml HTTP/2" 200 14755 "-" "Mozilla/5.0 AppleWebKit/537.36 (KHTML, like Gecko; compatible; bingbot/2.0; +http://www.bing.com/bingbot.htm) Chrome/116.0.1938.76 Safari/537.36"
157.55.39.49 - - [02/Jul/2024:17:48:21 +0200] "GET /sitemap533.xml HTTP/2" 200 14568 "-" "Mozilla/5.0 AppleWebKit/537.36 (KHTML, like Gecko; compatible; bingbot/2.0; +http://www.bing.com/bingbot.htm) Chrome/116.0.1938.76 Safari/537.36"
157.55.39.49 - - [02/Jul/2024:17:48:22 +0200] "GET /sitemap256.xml HTTP/2" 200 14391 "-" "Mozilla/5.0 AppleWebKit/537.36 (KHTML, like Gecko; compatible; bingbot/2.0; +http://www.bing.com/bingbot.htm) Chrome/116.0.1938.76 Safari/537.36"
157.55.39.49 - - [02/Jul/2024:17:48:23 +0200] "GET /sitemap265.xml HTTP/2" 200 14376 "-" "Mozilla/5.0 AppleWebKit/537.36 (KHTML, like Gecko; compatible; bingbot/2.0; +http://www.bing.com/bingbot.htm) Chrome/116.0.1938.76 Safari/537.36"
157.55.39.49 - - [02/Jul/2024:17:48:23 +0200] "GET /sitemap719.xml HTTP/2" 200 14362 "-" "Mozilla/5.0 AppleWebKit/537.36 (KHTML, like Gecko; compatible; bingbot/2.0; +http://www.bing.com/bingbot.htm) Chrome/116.0.1938.76 Safari/537.36"
157.55.39.49 - - [02/Jul/2024:17:48:24 +0200] "GET /sitemap345.xml HTTP/2" 200 14689 "-" "Mozilla/5.0 AppleWebKit/537.36 (KHTML, like Gecko; compatible; bingbot/2.0; +http://www.bing.com/bingbot.htm) Chrome/116.0.1938.76 Safari/537.36"
157.55.39.49 - - [02/Jul/2024:17:48:25 +0200] "GET /sitemap411.xml HTTP/2" 200 14441 "-" "Mozilla/5.0 AppleWebKit/537.36 (KHTML, like Gecko; compatible; bingbot/2.0; +http://www.bing.com/bingbot.htm) Chrome/116.0.1938.76 Safari/537.36"
157.55.39.49 - - [02/Jul/2024:17:48:26 +0200] "GET /sitemap435.xml HTTP/2" 200 14396 "-" "Mozilla/5.0 AppleWebKit/537.36 (KHTML, like Gecko; compatible; bingbot/2.0; +http://www.bing.com/bingbot.htm) Chrome/116.0.1938.76 Safari/537.36"
157.55.39.49 - - [02/Jul/2024:17:48:27 +0200] "GET /sitemap728.xml HTTP/2" 200 14361 "-" "Mozilla/5.0 AppleWebKit/537.36 (KHTML, like Gecko; compatible; bingbot/2.0; +http://www.bing.com/bingbot.htm) Chrome/116.0.1938.76 Safari/537.36"
135.181.9.38 - - [02/Jul/2024:17:48:35 +0200] "POST /wp-admin/admin-ajax.php?action=async_litespeed&nonce=fa75a626a4&litespeed_type=imgoptm HTTP/1.1" 200 21 "-" "WordPress/6.5.3; https://www.sudancam.net"
66.249.70.109 - - [02/Jul/2024:17:49:48 +0200] "GET /ietwd/j2253569.html HTTP/1.1" 200 42218 "-" "Mozilla/5.0 (Linux; Android 6.0.1; Nexus 5X Build/MMB29P) AppleWebKit/537.36 (KHTML, like Gecko) Chrome/125.0.6422.175 Mobile Safari/537.36 (compatible; GoogleOther)"
40.77.167.61 - - [02/Jul/2024:17:50:05 +0200] "GET /sitemap725.xml HTTP/2" 200 14612 "-" "Mozilla/5.0 AppleWebKit/537.36 (KHTML, like Gecko; compatible; bingbot/2.0; +http://www.bing.com/bingbot.htm) Chrome/116.0.1938.76 Safari/537.36"
40.77.167.61 - - [02/Jul/2024:17:50:07 +0200] "GET /sitemap865.xml HTTP/2" 200 14323 "-" "Mozilla/5.0 AppleWebKit/537.36 (KHTML, like Gecko; compatible; bingbot/2.0; +http://www.bing.com/bingbot.htm) Chrome/116.0.1938.76 Safari/537.36"
40.77.167.61 - - [02/Jul/2024:17:50:08 +0200] "GET /sitemap871.xml HTTP/2" 200 14607 "-" "Mozilla/5.0 AppleWebKit/537.36 (KHTML, like Gecko; compatible; bingbot/2.0; +http://www.bing.com/bingbot.htm) Chrome/116.0.1938.76 Safari/537.36"
40.77.167.61 - - [02/Jul/2024:17:50:09 +0200] "GET /sitemap604.xml HTTP/2" 200 14353 "-" "Mozilla/5.0 AppleWebKit/537.36 (KHTML, like Gecko; compatible; bingbot/2.0; +http://www.bing.com/bingbot.htm) Chrome/116.0.1938.76 Safari/537.36"
40.77.167.61 - - [02/Jul/2024:17:50:10 +0200] "GET /sitemap366.xml HTTP/2" 200 14751 "-" "Mozilla/5.0 AppleWebKit/537.36 (KHTML, like Gecko; compatible; bingbot/2.0; +http://www.bing.com/bingbot.htm) Chrome/116.0.1938.76 Safari/537.36"
40.77.167.61 - - [02/Jul/2024:17:50:16 +0200] "GET /sitemap671.xml HTTP/2" 200 14525 "-" "Mozilla/5.0 AppleWebKit/537.36 (KHTML, like Gecko; compatible; bingbot/2.0; +http://www.bing.com/bingbot.htm) Chrome/116.0.1938.76 Safari/537.36"
40.77.167.61 - - [02/Jul/2024:17:50:17 +0200] "GET /sitemap860.xml HTTP/2" 200 14509 "-" "Mozilla/5.0 AppleWebKit/537.36 (KHTML, like Gecko; compatible; bingbot/2.0; +http://www.bing.com/bingbot.htm) Chrome/116.0.1938.76 Safari/537.36"
40.77.167.61 - - [02/Jul/2024:17:50:18 +0200] "GET /sitemap625.xml HTTP/2" 200 14459 "-" "Mozilla/5.0 AppleWebKit/537.36 (KHTML, like Gecko; compatible; bingbot/2.0; +http://www.bing.com/bingbot.htm) Chrome/116.0.1938.76 Safari/537.36"
40.77.167.61 - - [02/Jul/2024:17:50:19 +0200] "GET /sitemap361.xml HTTP/2" 200 14391 "-" "Mozilla/5.0 AppleWebKit/537.36 (KHTML, like Gecko; compatible; bingbot/2.0; +http://www.bing.com/bingbot.htm) Chrome/116.0.1938.76 Safari/537.36"
40.77.167.61 - - [02/Jul/2024:17:50:20 +0200] "GET /sitemap780.xml HTTP/2" 200 14476 "-" "Mozilla/5.0 AppleWebKit/537.36 (KHTML, like Gecko; compatible; bingbot/2.0; +http://www.bing.com/bingbot.htm) Chrome/116.0.1938.76 Safari/537.36"
40.77.167.61 - - [02/Jul/2024:17:50:24 +0200] "GET /sitemap795.xml HTTP/2" 200 14390 "-" "Mozilla/5.0 AppleWebKit/537.36 (KHTML, like Gecko; compatible; bingbot/2.0; +http://www.bing.com/bingbot.htm) Chrome/116.0.1938.76 Safari/537.36"
40.77.167.61 - - [02/Jul/2024:17:50:25 +0200] "GET /sitemap647.xml HTTP/2" 200 14327 "-" "Mozilla/5.0 AppleWebKit/537.36 (KHTML, like Gecko; compatible; bingbot/2.0; +http://www.bing.com/bingbot.htm) Chrome/116.0.1938.76 Safari/537.36"
40.77.167.61 - - [02/Jul/2024:17:50:26 +0200] "GET /ltsrv/m2391424.html HTTP/2" 200 41543 "-" "Mozilla/5.0 AppleWebKit/537.36 (KHTML, like Gecko; compatible; bingbot/2.0; +http://www.bing.com/bingbot.htm) Chrome/116.0.1938.76 Safari/537.36"
66.249.70.110 - - [02/Jul/2024:17:50:47 +0200] "GET /nosdd/d360451.html HTTP/1.1" 200 41694 "-" "Mozilla/5.0 (Linux; Android 6.0.1; Nexus 5X Build/MMB29P) AppleWebKit/537.36 (KHTML, like Gecko) Chrome/125.0.6422.175 Mobile Safari/537.36 (compatible; Googlebot/2.1; +http://www.google.com/bot.html)"
52.167.144.203 - - [02/Jul/2024:17:48:01 +0200] "GET /sitemap745.xml HTTP/2" 200 14343 "-" "Mozilla/5.0 AppleWebKit/537.36 (KHTML, like Gecko; compatible; bingbot/2.0; +http://www.bing.com/bingbot.htm) Chrome/116.0.1938.76 Safari/537.36"
52.167.144.203 - - [02/Jul/2024:17:48:02 +0200] "GET /sitemap863.xml HTTP/2" 200 14656 "-" "Mozilla/5.0 AppleWebKit/537.36 (KHTML, like Gecko; compatible; bingbot/2.0; +http://www.bing.com/bingbot.htm) Chrome/116.0.1938.76 Safari/537.36"
147.45.78.15 - - [02/Jul/2024:17:48:13 +0200] "POST /74a7c9952328.php HTTP/1.1" 500 9 "-" "curl/7.86.0"
40.77.167.61 - - [02/Jul/2024:17:48:30 +0200] "GET /sitemap344.xml HTTP/2" 200 14546 "-" "Mozilla/5.0 AppleWebKit/537.36 (KHTML, like Gecko; compatible; bingbot/2.0; +http://www.bing.com/bingbot.htm) Chrome/116.0.1938.76 Safari/537.36"
40.77.167.61 - - [02/Jul/2024:17:48:31 +0200] "GET /sitemap443.xml HTTP/2" 200 14317 "-" "Mozilla/5.0 AppleWebKit/537.36 (KHTML, like Gecko; compatible; bingbot/2.0; +http://www.bing.com/bingbot.htm) Chrome/116.0.1938.76 Safari/537.36"
40.77.167.61 - - [02/Jul/2024:17:48:31 +0200] "GET /sitemap432.xml HTTP/2" 200 14496 "-" "Mozilla/5.0 AppleWebKit/537.36 (KHTML, like Gecko; compatible; bingbot/2.0; +http://www.bing.com/bingbot.htm) Chrome/116.0.1938.76 Safari/537.36"
40.77.167.61 - - [02/Jul/2024:17:48:32 +0200] "GET /sitemap666.xml HTTP/2" 200 14402 "-" "Mozilla/5.0 AppleWebKit/537.36 (KHTML, like Gecko; compatible; bingbot/2.0; +http://www.bing.com/bingbot.htm) Chrome/116.0.1938.76 Safari/537.36"
40.77.167.61 - - [02/Jul/2024:17:48:33 +0200] "GET /sitemap634.xml HTTP/2" 200 14684 "-" "Mozilla/5.0 AppleWebKit/537.36 (KHTML, like Gecko; compatible; bingbot/2.0; +http://www.bing.com/bingbot.htm) Chrome/116.0.1938.76 Safari/537.36"
40.77.167.61 - - [02/Jul/2024:17:48:34 +0200] "GET /sitemap326.xml HTTP/2" 200 14449 "-" "Mozilla/5.0 AppleWebKit/537.36 (KHTML, like Gecko; compatible; bingbot/2.0; +http://www.bing.com/bingbot.htm) Chrome/116.0.1938.76 Safari/537.36"
40.77.167.61 - - [02/Jul/2024:17:48:35 +0200] "GET /sitemap797.xml HTTP/2" 200 14603 "-" "Mozilla/5.0 AppleWebKit/537.36 (KHTML, like Gecko; compatible; bingbot/2.0; +http://www.bing.com/bingbot.htm) Chrome/116.0.1938.76 Safari/537.36"
185.170.167.18 - - [02/Jul/2024:17:48:34 +0200] "GET /tag/%D9%88%D8%A7%D9%84%D9%88%D8%AB%D9%8A%D9%82%D8%A9/ HTTP/1.1" 200 31279 "-" "BacklinksExtendedBot"
185.191.171.1 - - [02/Jul/2024:17:48:58 +0200] "GET /tag/%D8%A8%D8%B4%D8%B1%D9%82/ HTTP/1.1" 403 0 "-" "Mozilla/5.0 (compatible; SemrushBot/7~bl; +http://www.semrush.com/bot.html)"
40.77.167.61 - - [02/Jul/2024:17:52:05 +0200] "GET /sxncj/t1914981.html HTTP/2" 200 41541 "-" "Mozilla/5.0 AppleWebKit/537.36 (KHTML, like Gecko; compatible; bingbot/2.0; +http://www.bing.com/bingbot.htm) Chrome/116.0.1938.76 Safari/537.36"
147.45.78.15 - - [02/Jul/2024:17:52:15 +0200] "POST /74a7c9952328.php HTTP/1.1" 500 9 "-" "curl/7.86.0"
40.77.167.61 - - [02/Jul/2024:17:52:25 +0200] "GET /eaqme/n1150003.html HTTP/2" 200 42057 "-" "Mozilla/5.0 AppleWebKit/537.36 (KHTML, like Gecko; compatible; bingbot/2.0; +http://www.bing.com/bingbot.htm) Chrome/116.0.1938.76 Safari/537.36"
66.249.70.110 - - [02/Jul/2024:17:53:43 +0200] "GET /%D9%88%D8%A7%D9%84%D9%89-%D8%A7%D9%84%D9%82%D8%B6%D8%A7%D8%B1%D9%81-%D9%8A%D9%88%D9%83%D8%AF-%D8%A7%D9%87%D8%AA%D9%85%D8%A7%D9%85%D9%87-%D8%A8%D8%AA%D8%B1%D9%82%D9%8A%D8%A9-%D9%88%D8%AA%D8%B7%D9%88/ HTTP/1.1" 200 41777 "-" "Mozilla/5.0 (compatible; Googlebot/2.1; +http://www.google.com/bot.html)"
135.181.9.38 - - [02/Jul/2024:17:54:54 +0200] "POST /wp-admin/admin-ajax.php?action=async_litespeed&nonce=fa75a626a4&litespeed_type=imgoptm HTTP/1.1" 200 21 "-" "WordPress/6.5.3; https://www.sudancam.net"
85.208.96.207 - - [02/Jul/2024:17:56:03 +0200] "GET /%D8%A3%D9%8A%D9%86-%D8%BA%D8%B2%D9%84%D8%A7%D9%86%D9%86%D8%A7-%D9%88%D8%A7%D9%84%D8%A3%D8%B1%D8%A7%D9%86%D8%A8%D8%9F-%D8%A7%D9%84%D9%86%D9%8A%D9%84%D9%8A%D9%86/ HTTP/1.1" 403 0 "-" "Mozilla/5.0 (compatible; SemrushBot/7~bl; +http://www.semrush.com/bot.html)"
52.167.144.203 - - [02/Jul/2024:17:48:03 +0200] "GET /sitemap511.xml HTTP/2" 200 14440 "-" "Mozilla/5.0 AppleWebKit/537.36 (KHTML, like Gecko; compatible; bingbot/2.0; +http://www.bing.com/bingbot.htm) Chrome/116.0.1938.76 Safari/537.36"
52.167.144.203 - - [02/Jul/2024:17:48:04 +0200] "GET /sitemap342.xml HTTP/2" 200 14511 "-" "Mozilla/5.0 AppleWebKit/537.36 (KHTML, like Gecko; compatible; bingbot/2.0; +http://www.bing.com/bingbot.htm) Chrome/116.0.1938.76 Safari/537.36"
52.167.144.203 - - [02/Jul/2024:17:48:05 +0200] "GET /sitemap690.xml HTTP/2" 200 14402 "-" "Mozilla/5.0 AppleWebKit/537.36 (KHTML, like Gecko; compatible; bingbot/2.0; +http://www.bing.com/bingbot.htm) Chrome/116.0.1938.76 Safari/537.36"
52.167.144.203 - - [02/Jul/2024:17:48:06 +0200] "GET /sitemap307.xml HTTP/2" 200 14407 "-" "Mozilla/5.0 AppleWebKit/537.36 (KHTML, like Gecko; compatible; bingbot/2.0; +http://www.bing.com/bingbot.htm) Chrome/116.0.1938.76 Safari/537.36"
52.167.144.203 - - [02/Jul/2024:17:48:06 +0200] "GET /sitemap298.xml HTTP/2" 200 14591 "-" "Mozilla/5.0 AppleWebKit/537.36 (KHTML, like Gecko; compatible; bingbot/2.0; +http://www.bing.com/bingbot.htm) Chrome/116.0.1938.76 Safari/537.36"
52.167.144.203 - - [02/Jul/2024:17:48:07 +0200] "GET /sitemap862.xml HTTP/2" 200 14676 "-" "Mozilla/5.0 AppleWebKit/537.36 (KHTML, like Gecko; compatible; bingbot/2.0; +http://www.bing.com/bingbot.htm) Chrome/116.0.1938.76 Safari/537.36"
135.181.9.38 - - [02/Jul/2024:17:48:34 +0200] "POST /wp-cron.php?doing_wp_cron=1719935314.8964259624481201171875 HTTP/1.1" 200 0 "-" "WordPress/6.5.3; https://www.sudancam.net"
85.208.96.208 - - [02/Jul/2024:17:49:59 +0200] "GET /tag/%D9%84%D9%80%D9%8A%D8%A7%D8%B3%D8%B1/ HTTP/1.1" 403 0 "-" "Mozilla/5.0 (compatible; SemrushBot/7~bl; +http://www.semrush.com/bot.html)"
147.45.78.15 - - [02/Jul/2024:17:50:16 +0200] "POST /74a7c9952328.php HTTP/1.1" 500 9 "-" "curl/7.86.0"
66.249.70.108 - - [02/Jul/2024:17:51:56 +0200] "GET /tag/%D9%8A%D8%AF%D8%B9%D9%88/ HTTP/1.1" 200 41646 "-" "Mozilla/5.0 (Linux; Android 6.0.1; Nexus 5X Build/MMB29P) AppleWebKit/537.36 (KHTML, like Gecko) Chrome/125.0.6422.175 Mobile Safari/537.36 (compatible; Googlebot/2.1; +http://www.google.com/bot.html)"
185.191.171.13 - - [02/Jul/2024:17:52:00 +0200] "GET /%D8%A8%D8%B9%D8%AF-%D8%A3%D9%86-%D8%B3%D8%AE%D8%B1-%D9%85%D9%86-%D8%B1%D9%8A%D8%A7%D9%84-%D9%85%D8%AF%D8%B1%D9%8A%D8%AF-%D8%A8%D9%8A%D8%B1%D9%8A%D8%B2-%D9%8A%D8%B1%D8%AF-%D8%A8%D9%82%D9%88%D8%A9/ HTTP/1.1" 403 0 "-" "Mozilla/5.0 (compatible; SemrushBot/7~bl; +http://www.semrush.com/bot.html)"
66.249.70.109 - - [02/Jul/2024:17:52:42 +0200] "GET /kczoi/m1950438.html HTTP/1.1" 200 42207 "-" "Mozilla/5.0 (Linux; Android 6.0.1; Nexus 5X Build/MMB29P) AppleWebKit/537.36 (KHTML, like Gecko) Chrome/125.0.6422.175 Mobile Safari/537.36 (compatible; GoogleOther)"
85.208.96.195 - - [02/Jul/2024:17:54:02 +0200] "GET /quran/translate-tr-39.html HTTP/1.1" 403 0 "-" "Mozilla/5.0 (compatible; SemrushBot/7~bl; +http://www.semrush.com/bot.html)"
135.181.9.38 - - [02/Jul/2024:17:54:54 +0200] "POST /wp-cron.php?doing_wp_cron=1719935694.0596299171447753906250 HTTP/1.1" 200 0 "-" "WordPress/6.5.3; https://www.sudancam.net"
185.191.171.13 - - [02/Jul/2024:17:55:02 +0200] "GET /%D8%A7%D9%84%D8%AE%D8%B1%D8%B7%D9%88%D9%85-%D9%88%D8%AC%D9%88%D8%A8%D8%A7-%D8%B4%D8%B1%D9%88%D8%B7-%D8%AA%D8%B9%D8%AC%D9%8A%D8%B2%D9%8A%D8%A9-%D9%84%D9%81%D8%AA%D8%AD-%D8%A7%D9%84%D9%85%D8%B9%D8%A7/ HTTP/1.1" 403 0 "-" "Mozilla/5.0 (compatible; SemrushBot/7~bl; +http://www.semrush.com/bot.html)"
185.170.167.18 - - [02/Jul/2024:17:55:06 +0200] "GET /%D8%A8%D8%A7%D9%84%D9%81%D9%8A%D8%AF%D9%8A%D9%88-%D8%A7%D9%84%D9%82%D9%88%D9%89-%D8%A7%D9%84%D8%B3%D9%8A%D8%A7%D8%B3%D9%8A%D8%A9-%D8%A7%D9%84%D8%B3%D9%88%D8%AF%D8%A7%D9%86%D9%8A%D8%A9-%D8%AA%D8%AF/ HTTP/1.1" 200 31591 "-" "BacklinksExtendedBot"
66.249.70.109 - - [02/Jul/2024:17:55:33 +0200] "GET /feqmw/a2025566.html HTTP/1.1" 200 41404 "-" "Mozilla/5.0 (Linux; Android 6.0.1; Nexus 5X Build/MMB29P) AppleWebKit/537.36 (KHTML, like Gecko) Chrome/125.0.6422.175 Mobile Safari/537.36 (compatible; GoogleOther)"
66.249.70.110 - - [02/Jul/2024:17:57:35 +0200] "GET /%D9%88%D8%A7%D9%84%D9%89-%D8%A7%D9%84%D9%82%D8%B6%D8%A7%D8%B1%D9%81-%D9%8A%D9%88%D9%83%D8%AF-%D8%A7%D9%87%D8%AA%D9%85%D8%A7%D9%85%D9%87-%D8%A8%D8%AA%D8%B1%D9%82%D9%8A%D8%A9-%D9%88%D8%AA%D8%B7%D9%88/ HTTP/1.1" 200 41777 "-" "Mozilla/5.0 (Linux; Android 6.0.1; Nexus 5X Build/MMB29P) AppleWebKit/537.36 (KHTML, like Gecko) Chrome/125.0.6422.175 Mobile Safari/537.36 (compatible; Googlebot/2.1; +http://www.google.com/bot.html)"
185.191.171.11 - - [02/Jul/2024:17:58:04 +0200] "GET /%D9%84%D9%85%D8%A7%D8%B0%D8%A7-%D8%AA%D9%84%D9%88%D9%85%D9%88%D9%86-%D8%A8%D8%B9%D8%B6-%D8%A7%D9%84%D8%AF%D9%8A%D8%B3%D9%85%D8%A8%D8%B1%D9%8A%D9%8A%D9%86-%D8%B9%D9%84%D9%89-%D9%87%D8%B0%D9%87-%D8%A7/ HTTP/1.1" 403 0 "-" "Mozilla/5.0 (compatible; SemrushBot/7~bl; +http://www.semrush.com/bot.html)"
85.208.96.208 - - [02/Jul/2024:17:59:05 +0200] "GET /quran/translate-en_transliteration-89.html HTTP/1.1" 403 0 "-" "Mozilla/5.0 (compatible; SemrushBot/7~bl; +http://www.semrush.com/bot.html)"
135.181.9.38 - - [02/Jul/2024:17:59:55 +0200] "POST /wp-cron.php?doing_wp_cron=1719935995.9243381023406982421875 HTTP/1.1" 200 0 "-" "WordPress/6.5.3; https://www.sudancam.net"
66.102.9.77 - - [02/Jul/2024:17:59:55 +0200] "HEAD /feed/ HTTP/1.1" 200 0 "-" "FeedBurner/1.0 (http://www.FeedBurner.com)"
147.45.78.15 - - [02/Jul/2024:18:00:12 +0200] "POST /74a7c9952328.php HTTP/1.1" 500 9 "-" "curl/7.86.0"
65.108.0.71 - - [02/Jul/2024:18:00:35 +0200] "GET /tag/%D8%A7%D9%86%D8%AA%D9%82%D8%A7%D8%AF/ HTTP/1.1" 403 0 "-" "Mozilla/5.0 (compatible; MJ12bot/v1.4.8; http://mj12bot.com/)"
65.108.0.71 - - [02/Jul/2024:18:00:38 +0200] "GET /tag/%D8%A7%D9%86%D8%AA%D9%87%D8%A7%D8%A1/ HTTP/1.1" 403 0 "-" "Mozilla/5.0 (compatible; MJ12bot/v1.4.8; http://mj12bot.com/)"
65.108.0.71 - - [02/Jul/2024:18:00:39 +0200] "GET /tag/%D8%A7%D9%86%D8%AC%D8%A7%D8%B2/ HTTP/1.1" 403 0 "-" "Mozilla/5.0 (compatible; MJ12bot/v1.4.8; http://mj12bot.com/)"
65.108.0.71 - - [02/Jul/2024:18:00:47 +0200] "GET /tag/%D8%A7%D9%86%D8%B6%D9%85%D8%A7%D9%85/ HTTP/1.1" 403 0 "-" "Mozilla/5.0 (compatible; MJ12bot/v1.4.8; http://mj12bot.com/)"
65.108.0.71 - - [02/Jul/2024:18:00:48 +0200] "GET /tag/%D8%A7%D9%86%D9%82%D8%B4%D8%B9/ HTTP/1.1" 403 0 "-" "Mozilla/5.0 (compatible; MJ12bot/v1.4.8; http://mj12bot.com/)"
65.108.0.71 - - [02/Jul/2024:18:00:53 +0200] "GET /tag/%D8%A7%D9%87%D9%84%D9%8A/ HTTP/1.1" 403 0 "-" "Mozilla/5.0 (compatible; MJ12bot/v1.4.8; http://mj12bot.com/)"
65.108.0.71 - - [02/Jul/2024:18:00:54 +0200] "GET /tag/%D8%A7%D9%8A%D9%85%D8%A7%D9%86/ HTTP/1.1" 403 0 "-" "Mozilla/5.0 (compatible; MJ12bot/v1.4.8; http://mj12bot.com/)"
65.108.0.71 - - [02/Jul/2024:18:00:57 +0200] "GET /tag/%D8%A8%D8%A3%D8%B1%D9%83%D9%88%D9%8A%D8%AA/ HTTP/1.1" 403 0 "-" "Mozilla/5.0 (compatible; MJ12bot/v1.4.8; http://mj12bot.com/)"
65.108.0.71 - - [02/Jul/2024:18:01:00 +0200] "GET /tag/%D8%A8%D8%A3%D9%85%D8%B1/ HTTP/1.1" 403 0 "-" "Mozilla/5.0 (compatible; MJ12bot/v1.4.8; http://mj12bot.com/)"
65.108.0.71 - - [02/Jul/2024:18:01:06 +0200] "GET /tag/%D8%A8%D8%A7%D8%A6%D8%B9%D8%A9/ HTTP/1.1" 403 0 "-" "Mozilla/5.0 (compatible; MJ12bot/v1.4.8; http://mj12bot.com/)"
52.167.144.138 - - [02/Jul/2024:18:01:09 +0200] "GET /szbyx/f2794963.html HTTP/2" 200 42005 "-" "Mozilla/5.0 AppleWebKit/537.36 (KHTML, like Gecko; compatible; bingbot/2.0; +http://www.bing.com/bingbot.htm) Chrome/116.0.1938.76 Safari/537.36"
65.108.0.71 - - [02/Jul/2024:18:01:09 +0200] "GET /tag/%D8%A8%D8%A7%D8%AD%D8%AB/ HTTP/1.1" 403 0 "-" "Mozilla/5.0 (compatible; MJ12bot/v1.4.8; http://mj12bot.com/)"
65.108.0.71 - - [02/Jul/2024:18:01:11 +0200] "GET /tag/%D8%A8%D8%B1%D8%B5%D8%A7%D8%B5/ HTTP/1.1" 403 0 "-" "Mozilla/5.0 (compatible; MJ12bot/v1.4.8; http://mj12bot.com/)"
65.108.0.71 - - [02/Jul/2024:18:01:12 +0200] "GET /tag/%D8%A8%D8%B1%D8%BA%D9%85/ HTTP/1.1" 403 0 "-" "Mozilla/5.0 (compatible; MJ12bot/v1.4.8; http://mj12bot.com/)"
185.191.171.12 - - [02/Jul/2024:17:51:00 +0200] "GET /%D8%A7%D9%84%D8%A7%D9%85%D9%84-%D9%8A%D8%AA%D8%AE%D8%B7%D9%89-%D9%87%D9%84%D8%A7%D9%84-%D8%A7%D9%84%D8%B3%D8%A7%D8%AD%D9%84-%D8%A8%D9%87%D8%AF%D9%81-%D8%A7%D9%84%D8%B1%D9%8A%D8%AD/ HTTP/1.1" 403 0 "-" "Mozilla/5.0 (compatible; SemrushBot/7~bl; +http://www.semrush.com/bot.html)"
