85.208.96.202 - - [02/Jul/2024:18:45:35 +0200] "GET /tag/%D9%88%D8%AA%D8%B8%D8%A7%D9%87%D8%B1%D8%A7%D8%AA/ HTTP/1.1" 403 0 "-" "Mozilla/5.0 (compatible; SemrushBot/7~bl; +http://www.semrush.com/bot.html)"
185.191.171.3 - - [02/Jul/2024:18:46:36 +0200] "GET /tag/%D8%AD%D9%82%D9%84/ HTTP/1.1" 403 0 "-" "Mozilla/5.0 (compatible; SemrushBot/7~bl; +http://www.semrush.com/bot.html)"
85.208.96.208 - - [02/Jul/2024:18:48:37 +0200] "GET /%D9%85%D9%88%D9%86%D8%AF%D9%8A%D8%A7%D9%84-2022-%D8%A7%D9%86%D8%AA%D8%B9%D8%A7%D8%B4-%D9%82%D9%88%D9%8A-%D9%81%D9%8A-%D8%AD%D8%AC%D9%88%D8%B2%D8%A7%D8%AA-%D8%B1%D8%AD%D9%84%D8%A7%D8%AA/ HTTP/1.1" 403 0 "-" "Mozilla/5.0 (compatible; SemrushBot/7~bl; +http://www.semrush.com/bot.html)"
94.23.7.188 - - [02/Jul/2024:18:51:45 +0200] "GET /robots.txt HTTP/1.1" 200 1741 "-" "Mozilla/5.0 (compatible; MJ12bot/v1.4.8; http://mj12bot.com/)"
94.23.7.188 - - [02/Jul/2024:18:51:48 +0200] "GET /tag/%D9%84%D9%84%D9%85%D8%AD%D9%83%D9%85%D8%A9/ HTTP/1.1" 403 0 "-" "Mozilla/5.0 (compatible; MJ12bot/v1.4.8; http://mj12bot.com/)"
94.23.7.188 - - [02/Jul/2024:18:51:49 +0200] "GET /tag/%D9%84%D9%84%D9%85%D8%AF%D8%B1%D8%AC%D8%A7%D8%AA/ HTTP/1.1" 403 0 "-" "Mozilla/5.0 (compatible; MJ12bot/v1.4.8; http://mj12bot.com/)"
94.23.7.188 - - [02/Jul/2024:18:51:51 +0200] "GET /tag/%D9%84%D9%84%D9%85%D8%B0%D9%8A%D8%B9%D8%A9/ HTTP/1.1" 403 0 "-" "Mozilla/5.0 (compatible; MJ12bot/v1.4.8; http://mj12bot.com/)"
94.23.7.188 - - [02/Jul/2024:18:51:53 +0200] "GET /tag/%D9%84%D9%84%D9%85%D8%B1%D8%A9/ HTTP/1.1" 403 0 "-" "Mozilla/5.0 (compatible; MJ12bot/v1.4.8; http://mj12bot.com/)"
94.23.7.188 - - [02/Jul/2024:18:51:56 +0200] "GET /tag/%D9%84%D9%84%D9%85%D8%B1%D9%88%D8%B1/ HTTP/1.1" 403 0 "-" "Mozilla/5.0 (compatible; MJ12bot/v1.4.8; http://mj12bot.com/)"
94.23.7.188 - - [02/Jul/2024:18:51:58 +0200] "GET /tag/%D9%84%D9%84%D9%85%D8%B1%D9%8A%D8%AE/ HTTP/1.1" 403 0 "-" "Mozilla/5.0 (compatible; MJ12bot/v1.4.8; http://mj12bot.com/)"
94.23.7.188 - - [02/Jul/2024:18:52:00 +0200] "GET /tag/%D9%84%D9%84%D9%85%D8%B3%D8%A7%D8%A8%D9%82%D8%A7%D8%AA/ HTTP/1.1" 403 0 "-" "Mozilla/5.0 (compatible; MJ12bot/v1.4.8; http://mj12bot.com/)"
94.23.7.188 - - [02/Jul/2024:18:52:01 +0200] "GET /tag/%D9%84%D9%84%D9%85%D8%B3%D8%AA%D8%AE%D8%AF%D9%85%D9%8A%D9%86/ HTTP/1.1" 403 0 "-" "Mozilla/5.0 (compatible; MJ12bot/v1.4.8; http://mj12bot.com/)"
94.23.7.188 - - [02/Jul/2024:18:52:03 +0200] "GET /tag/%D9%84%D9%84%D9%85%D8%B3%D8%AA%D9%87%D9%84%D9%83/ HTTP/1.1" 403 0 "-" "Mozilla/5.0 (compatible; MJ12bot/v1.4.8; http://mj12bot.com/)"
94.23.7.188 - - [02/Jul/2024:18:52:09 +0200] "GET /tag/%D9%84%D9%84%D9%85%D8%B3%D9%84%D9%85%D9%8A%D9%86/ HTTP/1.1" 403 0 "-" "Mozilla/5.0 (compatible; MJ12bot/v1.4.8; http://mj12bot.com/)"
94.23.7.188 - - [02/Jul/2024:18:52:13 +0200] "GET /tag/%D9%84%D9%84%D9%85%D8%B4%D8%A7%D8%B1%D9%83%D9%87/ HTTP/1.1" 403 0 "-" "Mozilla/5.0 (compatible; MJ12bot/v1.4.8; http://mj12bot.com/)"
94.23.7.188 - - [02/Jul/2024:18:52:16 +0200] "GET /tag/%D9%84%D9%84%D9%85%D9%85%D8%AA%D8%A7%D8%B2/ HTTP/1.1" 403 0 "-" "Mozilla/5.0 (compatible; MJ12bot/v1.4.8; http://mj12bot.com/)"
94.23.7.188 - - [02/Jul/2024:18:52:21 +0200] "GET /tag/%D9%84%D9%84%D9%85%D9%88%D8%A7%D8%B5%D9%81%D8%A7%D8%AA/ HTTP/1.1" 403 0 "-" "Mozilla/5.0 (compatible; MJ12bot/v1.4.8; http://mj12bot.com/)"
94.23.7.188 - - [02/Jul/2024:18:52:26 +0200] "GET /tag/%D9%84%D9%84%D9%87%D9%84%D8%A7%D9%84/ HTTP/1.1" 403 0 "-" "Mozilla/5.0 (compatible; MJ12bot/v1.4.8; http://mj12bot.com/)"
94.23.7.188 - - [02/Jul/2024:18:52:35 +0200] "GET /tag/%D9%84%D9%84%D9%88%D8%B3%D9%8A%D8%B7/ HTTP/1.1" 403 0 "-" "Mozilla/5.0 (compatible; MJ12bot/v1.4.8; http://mj12bot.com/)"
94.23.7.188 - - [02/Jul/2024:18:52:38 +0200] "GET /tag/%D9%84%D9%85%D8%AD%D8%A7%D8%B1%D8%A8%D8%A9/ HTTP/1.1" 403 0 "-" "Mozilla/5.0 (compatible; MJ12bot/v1.4.8; http://mj12bot.com/)"
94.23.7.188 - - [02/Jul/2024:18:52:42 +0200] "GET /tag/%D9%84%D9%85%D8%AD%D8%A7%D8%B5%D8%B1%D8%A9/ HTTP/1.1" 403 0 "-" "Mozilla/5.0 (compatible; MJ12bot/v1.4.8; http://mj12bot.com/)"
94.23.7.188 - - [02/Jul/2024:18:52:48 +0200] "GET /tag/%D9%84%D9%85%D8%AF%D9%8A%D8%B1/ HTTP/1.1" 403 0 "-" "Mozilla/5.0 (compatible; MJ12bot/v1.4.8; http://mj12bot.com/)"
66.249.70.108 - - [02/Jul/2024:18:43:55 +0200] "GET /tdomi/o1853382.html HTTP/1.1" 200 42625 "-" "Mozilla/5.0 (Linux; Android 6.0.1; Nexus 5X Build/MMB29P) AppleWebKit/537.36 (KHTML, like Gecko) Chrome/125.0.6422.175 Mobile Safari/537.36 (compatible; Googlebot/2.1; +http://www.google.com/bot.html)"
66.249.70.108 - - [02/Jul/2024:18:43:56 +0200] "GET /qlqde/u2544546.html HTTP/1.1" 200 42353 "-" "Mozilla/5.0 (Linux; Android 6.0.1; Nexus 5X Build/MMB29P) AppleWebKit/537.36 (KHTML, like Gecko) Chrome/125.0.6422.175 Mobile Safari/537.36 (compatible; Googlebot/2.1; +http://www.google.com/bot.html)"
147.45.78.15 - - [02/Jul/2024:18:44:12 +0200] "POST /74a7c9952328.php HTTP/1.1" 500 9 "-" "curl/7.86.0"
85.208.96.212 - - [02/Jul/2024:18:44:35 +0200] "GET /%D8%B7%D9%81%D9%84-%D9%85%D8%AA%D9%88%D9%81%D9%89-%D8%AF%D9%85%D8%A7%D8%BA%D9%8A%D8%A7%D9%8B-%D9%8A%D9%86%D9%82%D8%B0-%D8%AD%D9%8A%D8%A7%D8%A9-3-%D8%B3%D8%B9%D9%88%D8%AF%D9%8A%D9%8A%D9%86-%D9%88%D9%8A/ HTTP/1.1" 403 0 "-" "Mozilla/5.0 (compatible; SemrushBot/7~bl; +http://www.semrush.com/bot.html)"
66.249.70.108 - - [02/Jul/2024:18:45:00 +0200] "GET /azcxu/j644143.html HTTP/1.1" 200 42019 "-" "Mozilla/5.0 (Linux; Android 6.0.1; Nexus 5X Build/MMB29P) AppleWebKit/537.36 (KHTML, like Gecko) Chrome/125.0.6422.175 Mobile Safari/537.36 (compatible; GoogleOther)"
66.249.70.108 - - [02/Jul/2024:18:45:58 +0200] "GET /jiqcd/q1548170.html HTTP/1.1" 200 41439 "-" "Mozilla/5.0 (compatible; Googlebot/2.1; +http://www.google.com/bot.html)"
52.167.144.181 - - [02/Jul/2024:18:46:13 +0200] "GET /%D8%A7%D9%84%D8%AF%D8%B9%D9%85-%D8%A7%D9%84%D8%B3%D8%B1%D9%8A%D8%B9-%D8%AA%D8%B9%D9%84%D9%86-%D8%A7%D9%84%D8%B3%D9%8A%D8%B7%D8%B1%D8%A9-%D8%B9%D9%84%D9%89-%D8%B1%D8%A6%D8%A7%D8%B3%D8%A9-%D8%A7%D9%84/ HTTP/2" 200 43236 "-" "Mozilla/5.0 AppleWebKit/537.36 (KHTML, like Gecko; compatible; bingbot/2.0; +http://www.bing.com/bingbot.htm) Chrome/116.0.1938.76 Safari/537.36"
185.191.171.4 - - [02/Jul/2024:18:47:37 +0200] "GET /%D9%84%D8%AC%D9%86%D8%A9-%D8%A7%D9%84%D9%85%D8%B9%D9%84%D9%85%D9%8A%D9%86-%D8%AA%D9%82%D8%B1%D8%B1-%D8%AA%D9%85%D8%AF%D9%8A%D8%AF-%D8%A5%D8%BA%D9%84%D8%A7%D9%82-%D8%A7%D9%84%D9%85%D8%AF%D8%A7%D8%B1/ HTTP/1.1" 403 0 "-" "Mozilla/5.0 (compatible; SemrushBot/7~bl; +http://www.semrush.com/bot.html)"
66.249.70.108 - - [02/Jul/2024:18:48:00 +0200] "GET /lyqmv/r2519011.html HTTP/1.1" 200 42308 "-" "Mozilla/5.0 (Linux; Android 6.0.1; Nexus 5X Build/MMB29P) AppleWebKit/537.36 (KHTML, like Gecko) Chrome/125.0.6422.175 Mobile Safari/537.36 (compatible; GoogleOther)"
147.45.78.15 - - [02/Jul/2024:18:50:14 +0200] "POST /74a7c9952328.php HTTP/1.1" 500 9 "-" "curl/7.86.0"
40.77.167.14 - - [02/Jul/2024:18:50:44 +0200] "GET /%D8%A7%D9%84%D8%AA%D8%AD%D8%B1%D8%B1-%D8%A7%D9%84%D8%AD%D9%82%D9%8A%D9%82%D9%8A-%D9%85%D9%86-%D9%81%D8%B1%D9%86%D8%B3%D8%A7-%D9%88%D8%A7%D8%B3%D8%AA%D8%B9%D8%B1%D8%A7%D8%B6%D8%A7%D8%AA-%D8%A7%D9%84/ HTTP/2" 200 41571 "-" "Mozilla/5.0 AppleWebKit/537.36 (KHTML, like Gecko; compatible; bingbot/2.0; +http://www.bing.com/bingbot.htm) Chrome/116.0.1938.76 Safari/537.36"
66.249.70.108 - - [02/Jul/2024:18:50:50 +0200] "GET /nwfew/c3042012.html HTTP/1.1" 200 41796 "-" "Mozilla/5.0 (Linux; Android 6.0.1; Nexus 5X Build/MMB29P) AppleWebKit/537.36 (KHTML, like Gecko) Chrome/125.0.6422.175 Mobile Safari/537.36 (compatible; GoogleOther)"
85.208.96.203 - - [02/Jul/2024:18:51:39 +0200] "GET /tag/%D8%A7%D9%84%D9%83%D8%AF%D9%88%D8%A7%D9%86%D9%8A/ HTTP/1.1" 403 0 "-" "Mozilla/5.0 (compatible; SemrushBot/7~bl; +http://www.semrush.com/bot.html)"
147.45.78.15 - - [02/Jul/2024:18:52:12 +0200] "POST /74a7c9952328.php HTTP/1.1" 500 9 "-" "curl/7.86.0"
3.138.61.216 - - [02/Jul/2024:18:53:24 +0200] "GET /wp-json/wp/v2/posts//%22https:////www.alnilin.com//wp-content//uploads//2022//03///u0633/u0631/u0627/u062c-/u0627/u0644/u062f/u064a/u0646-/u0645/u0635/u0637/u0641/u0649-427x470.jpg/%22 HTTP/2" 404 188 "-" "Mozilla/5.0 AppleWebKit/537.36 (KHTML, like Gecko; compatible; ClaudeBot/1.0; +claudebot@anthropic.com)"
94.23.7.188 - - [02/Jul/2024:18:52:54 +0200] "GET /tag/%D9%84%D9%85%D8%B1%D8%A7%D9%87%D9%82/ HTTP/1.1" 403 0 "-" "Mozilla/5.0 (compatible; MJ12bot/v1.4.8; http://mj12bot.com/)"
94.23.7.188 - - [02/Jul/2024:18:52:56 +0200] "GET /tag/%D9%84%D9%85%D8%B1%D9%8A%D8%AE/ HTTP/1.1" 403 0 "-" "Mozilla/5.0 (compatible; MJ12bot/v1.4.8; http://mj12bot.com/)"
94.23.7.188 - - [02/Jul/2024:18:52:58 +0200] "GET /tag/%D9%84%D9%85%D8%B3%D8%A7%D8%B1%D8%A7%D8%AA/ HTTP/1.1" 403 0 "-" "Mozilla/5.0 (compatible; MJ12bot/v1.4.8; http://mj12bot.com/)"
94.23.7.188 - - [02/Jul/2024:18:53:02 +0200] "GET /tag/%D9%84%D9%85%D8%B3%D8%A7%D8%B9%D8%AF%D8%A9/ HTTP/1.1" 403 0 "-" "Mozilla/5.0 (compatible; MJ12bot/v1.4.8; http://mj12bot.com/)"
94.23.7.188 - - [02/Jul/2024:18:53:07 +0200] "GET /tag/%D9%84%D9%85%D8%B9%D8%A7%D9%84%D8%AC%D8%A9/ HTTP/1.1" 403 0 "-" "Mozilla/5.0 (compatible; MJ12bot/v1.4.8; http://mj12bot.com/)"
94.23.7.188 - - [02/Jul/2024:18:53:10 +0200] "GET /tag/%D9%84%D9%85%D9%84%D8%A7%D9%82%D8%A7%D8%A9/ HTTP/1.1" 403 0 "-" "Mozilla/5.0 (compatible; MJ12bot/v1.4.8; http://mj12bot.com/)"
94.23.7.188 - - [02/Jul/2024:18:53:14 +0200] "GET /tag/%D9%84%D9%85%D9%86%D8%B9%D8%B1%D8%A6%D9%8A%D8%B3/ HTTP/1.1" 403 0 "-" "Mozilla/5.0 (compatible; MJ12bot/v1.4.8; http://mj12bot.com/)"
94.23.7.188 - - [02/Jul/2024:18:53:17 +0200] "GET /tag/%D9%84%D9%85%D9%88%D8%A7%D8%AC%D9%87%D8%A9/ HTTP/1.1" 403 0 "-" "Mozilla/5.0 (compatible; MJ12bot/v1.4.8; http://mj12bot.com/)"
94.23.7.188 - - [02/Jul/2024:18:53:22 +0200] "GET /tag/%D9%84%D9%85%D9%88%D8%A7%D9%82%D9%81/ HTTP/1.1" 403 0 "-" "Mozilla/5.0 (compatible; MJ12bot/v1.4.8; http://mj12bot.com/)"
135.181.9.38 - - [02/Jul/2024:18:53:24 +0200] "POST /wp-cron.php?doing_wp_cron=1719939204.9474699497222900390625 HTTP/1.1" 200 0 "-" "WordPress/6.5.3; https://www.sudancam.net"
94.23.7.188 - - [02/Jul/2024:18:53:25 +0200] "GET /tag/%D9%84%D9%85%D9%88%D8%A7%D9%83%D8%A8/ HTTP/1.1" 403 0 "-" "Mozilla/5.0 (compatible; MJ12bot/v1.4.8; http://mj12bot.com/)"
135.181.9.38 - - [02/Jul/2024:18:53:25 +0200] "POST /wp-admin/admin-ajax.php?action=async_litespeed&nonce=fa75a626a4&litespeed_type=imgoptm HTTP/1.1" 200 21 "-" "WordPress/6.5.3; https://www.sudancam.net"
94.23.7.188 - - [02/Jul/2024:18:53:27 +0200] "GET /tag/%D9%84%D9%86/ HTTP/1.1" 403 0 "-" "Mozilla/5.0 (compatible; MJ12bot/v1.4.8; http://mj12bot.com/)"
94.23.7.188 - - [02/Jul/2024:18:53:32 +0200] "GET /tag/%D9%84%D9%86%D8%AF%D9%86/ HTTP/1.1" 403 0 "-" "Mozilla/5.0 (compatible; MJ12bot/v1.4.8; http://mj12bot.com/)"
94.23.7.188 - - [02/Jul/2024:18:53:35 +0200] "GET /tag/%D9%84%D9%86%D9%87%D8%A7%D8%A6%D9%8A/ HTTP/1.1" 403 0 "-" "Mozilla/5.0 (compatible; MJ12bot/v1.4.8; http://mj12bot.com/)"
94.23.7.188 - - [02/Jul/2024:18:53:37 +0200] "GET /tag/%D9%84%D9%87/ HTTP/1.1" 403 0 "-" "Mozilla/5.0 (compatible; MJ12bot/v1.4.8; http://mj12bot.com/)"
94.23.7.188 - - [02/Jul/2024:18:53:40 +0200] "GET /tag/%D9%84%D9%87%D8%A7/ HTTP/1.1" 403 0 "-" "Mozilla/5.0 (compatible; MJ12bot/v1.4.8; http://mj12bot.com/)"
185.191.171.16 - - [02/Jul/2024:18:53:41 +0200] "GET /quran/translate-bn-19.html HTTP/1.1" 403 0 "-" "Mozilla/5.0 (compatible; SemrushBot/7~bl; +http://www.semrush.com/bot.html)"
94.23.7.188 - - [02/Jul/2024:18:53:43 +0200] "GET /tag/%D9%84%D9%87%D8%B0%D8%A7/ HTTP/1.1" 403 0 "-" "Mozilla/5.0 (compatible; MJ12bot/v1.4.8; http://mj12bot.com/)"
94.23.7.188 - - [02/Jul/2024:18:53:47 +0200] "GET /tag/%D9%84%D9%87%D8%B0%D9%87/ HTTP/1.1" 403 0 "-" "Mozilla/5.0 (compatible; MJ12bot/v1.4.8; http://mj12bot.com/)"
94.23.7.188 - - [02/Jul/2024:18:53:52 +0200] "GET /tag/%D9%84%D9%88%D8%B4%D9%8A/ HTTP/1.1" 403 0 "-" "Mozilla/5.0 (compatible; MJ12bot/v1.4.8; http://mj12bot.com/)"
94.23.7.188 - - [02/Jul/2024:18:53:55 +0200] "GET /tag/%D9%84%D9%88%D9%82%D9%81/ HTTP/1.1" 403 0 "-" "Mozilla/5.0 (compatible; MJ12bot/v1.4.8; http://mj12bot.com/)"
94.23.7.188 - - [02/Jul/2024:18:54:00 +0200] "GET /tag/%D9%84%D9%8A%D8%AA%D9%83/ HTTP/1.1" 403 0 "-" "Mozilla/5.0 (compatible; MJ12bot/v1.4.8; http://mj12bot.com/)"
66.249.70.110 - - [02/Jul/2024:18:42:59 +0200] "GET /nkoum/z69871.html HTTP/1.1" 200 41614 "-" "Mozilla/5.0 (Linux; Android 6.0.1; Nexus 5X Build/MMB29P) AppleWebKit/537.36 (KHTML, like Gecko) Chrome/125.0.6422.175 Mobile Safari/537.36 (compatible; Googlebot/2.1; +http://www.google.com/bot.html)"
135.181.9.38 - - [02/Jul/2024:18:43:03 +0200] "POST /wp-admin/admin-ajax.php?action=async_litespeed&nonce=fa75a626a4&litespeed_type=imgoptm HTTP/1.1" 200 21 "-" "WordPress/6.5.3; https://www.sudancam.net"
66.249.70.108 - - [02/Jul/2024:18:43:16 +0200] "GET /ajpom/l1000449.html HTTP/1.1" 200 42305 "-" "Mozilla/5.0 (Linux; Android 6.0.1; Nexus 5X Build/MMB29P) AppleWebKit/537.36 (KHTML, like Gecko) Chrome/125.0.6422.175 Mobile Safari/537.36 (compatible; Googlebot/2.1; +http://www.google.com/bot.html)"
66.249.70.108 - - [02/Jul/2024:18:43:23 +0200] "GET /kpvmc/g131862.html HTTP/1.1" 200 43128 "-" "Mozilla/5.0 (Linux; Android 6.0.1; Nexus 5X Build/MMB29P) AppleWebKit/537.36 (KHTML, like Gecko) Chrome/125.0.6422.175 Mobile Safari/537.36 (compatible; Googlebot/2.1; +http://www.google.com/bot.html)"
66.249.70.108 - - [02/Jul/2024:18:43:24 +0200] "GET /tldto/i1289878.html HTTP/1.1" 200 41572 "-" "Mozilla/5.0 (Linux; Android 6.0.1; Nexus 5X Build/MMB29P) AppleWebKit/537.36 (KHTML, like Gecko) Chrome/125.0.6422.175 Mobile Safari/537.36 (compatible; Googlebot/2.1; +http://www.google.com/bot.html)"
66.249.70.108 - - [02/Jul/2024:18:43:24 +0200] "GET /wslpy/d2534571.html HTTP/1.1" 200 42342 "-" "Mozilla/5.0 (Linux; Android 6.0.1; Nexus 5X Build/MMB29P) AppleWebKit/537.36 (KHTML, like Gecko) Chrome/125.0.6422.175 Mobile Safari/537.36 (compatible; Googlebot/2.1; +http://www.google.com/bot.html)"
66.249.70.108 - - [02/Jul/2024:18:43:27 +0200] "GET /utzgo/k726460.html HTTP/1.1" 200 41590 "-" "Mozilla/5.0 (Linux; Android 6.0.1; Nexus 5X Build/MMB29P) AppleWebKit/537.36 (KHTML, like Gecko) Chrome/125.0.6422.175 Mobile Safari/537.36 (compatible; Googlebot/2.1; +http://www.google.com/bot.html)"
66.249.70.109 - - [02/Jul/2024:18:43:57 +0200] "GET /xhyal/e2745588.html HTTP/1.1" 200 41862 "-" "Mozilla/5.0 (Linux; Android 6.0.1; Nexus 5X Build/MMB29P) AppleWebKit/537.36 (KHTML, like Gecko) Chrome/125.0.6422.175 Mobile Safari/537.36 (compatible; Googlebot/2.1; +http://www.google.com/bot.html)"
52.167.144.226 - - [02/Jul/2024:18:45:24 +0200] "GET /czkrj/r1822081.html HTTP/2" 200 42042 "-" "Mozilla/5.0 AppleWebKit/537.36 (KHTML, like Gecko; compatible; bingbot/2.0; +http://www.bing.com/bingbot.htm) Chrome/116.0.1938.76 Safari/537.36"
147.45.78.15 - - [02/Jul/2024:18:46:13 +0200] "POST /74a7c9952328.php HTTP/1.1" 500 9 "-" "curl/7.86.0"
147.45.78.15 - - [02/Jul/2024:18:48:12 +0200] "POST /74a7c9952328.php HTTP/1.1" 500 9 "-" "curl/7.86.0"
185.191.171.18 - - [02/Jul/2024:18:49:38 +0200] "GET /%D9%87%D9%84-%D8%AD%D8%B3%D9%85-%D8%A7%D9%84%D8%B3%D9%88%D8%AF%D8%A7%D9%86%D9%8A%D9%88%D9%86-%D8%AE%D9%84%D8%A7%D9%81%D8%A7%D8%AA%D9%87%D9%85-%D8%A3%D9%85-%D8%AA%D8%B9%D9%85%D9%82%D8%AA-%D8%A3%D8%B2/ HTTP/1.1" 403 0 "-" "Mozilla/5.0 (compatible; SemrushBot/7~bl; +http://www.semrush.com/bot.html)"
185.191.171.1 - - [02/Jul/2024:18:50:39 +0200] "GET /%D8%A7%D9%84%D9%8A%D8%A7%D9%87-%D8%B3%D8%A7%D8%AA-%D8%A7%D9%84%D8%A5%D9%85%D8%A7%D8%B1%D8%A7%D8%AA%D9%8A%D8%A9-%D8%AA%D9%88%D9%82%D9%91%D8%B9-%D8%A7%D8%AA%D9%81%D8%A7%D9%82%D9%8A/ HTTP/1.1" 403 0 "-" "Mozilla/5.0 (compatible; SemrushBot/7~bl; +http://www.semrush.com/bot.html)"
185.191.171.9 - - [02/Jul/2024:18:52:40 +0200] "GET /%D8%A8%D9%86%D8%B3%D8%A8%D8%A9-%D9%86%D8%AC%D8%A7%D8%AD-%D9%A7%D9%A1%D9%AA-%D9%88%D9%84%D8%A7%D9%8A%D8%A9-%D8%A7%D9%84%D9%86%D9%8A%D9%84-%D8%A7%D9%84%D8%A3%D8%A8%D9%8A%D8%B6-%D8%AA%D8%B9%D9%84%D9%86/ HTTP/1.1" 403 0 "-" "Mozilla/5.0 (compatible; SemrushBot/7~bl; +http://www.semrush.com/bot.html)"
20.15.133.185 - - [02/Jul/2024:18:54:09 +0200] "GET /eqggl/v2108605.html HTTP/2" 200 41416 "-" "Mozilla/5.0 AppleWebKit/537.36 (KHTML, like Gecko; compatible; bingbot/2.0; +http://www.bing.com/bingbot.htm) Chrome/116.0.1938.76 Safari/537.36"
94.23.7.188 - - [02/Jul/2024:18:54:06 +0200] "GET /tag/%D9%84%D9%8A%D8%B2%D8%A7/ HTTP/1.1" 403 0 "-" "Mozilla/5.0 (compatible; MJ12bot/v1.4.8; http://mj12bot.com/)"
94.23.7.188 - - [02/Jul/2024:18:54:09 +0200] "GET /tag/%D9%84%D9%8A%D9%81%D8%B1%D8%A8%D9%88%D9%84/ HTTP/1.1" 403 0 "-" "Mozilla/5.0 (compatible; MJ12bot/v1.4.8; http://mj12bot.com/)"
94.23.7.188 - - [02/Jul/2024:18:54:14 +0200] "GET /tag/%D9%84%D9%8A%D9%88%D9%85/ HTTP/1.1" 403 0 "-" "Mozilla/5.0 (compatible; MJ12bot/v1.4.8; http://mj12bot.com/)"
94.23.7.188 - - [02/Jul/2024:18:54:17 +0200] "GET /tag/%D9%85%D8%A3%D8%B3%D8%A7%D9%88%D9%8A%D8%A9/ HTTP/1.1" 403 0 "-" "Mozilla/5.0 (compatible; MJ12bot/v1.4.8; http://mj12bot.com/)"
94.23.7.188 - - [02/Jul/2024:18:54:20 +0200] "GET /tag/%D9%85%D8%A4%D8%AF%D8%A8%D8%A9/ HTTP/1.1" 403 0 "-" "Mozilla/5.0 (compatible; MJ12bot/v1.4.8; http://mj12bot.com/)"
94.23.7.188 - - [02/Jul/2024:18:54:23 +0200] "GET /tag/%D9%85%D8%A7/ HTTP/1.1" 403 0 "-" "Mozilla/5.0 (compatible; MJ12bot/v1.4.8; http://mj12bot.com/)"
94.23.7.188 - - [02/Jul/2024:18:54:28 +0200] "GET /tag/%D9%85%D8%A7%D8%B0%D8%A7/ HTTP/1.1" 403 0 "-" "Mozilla/5.0 (compatible; MJ12bot/v1.4.8; http://mj12bot.com/)"
94.23.7.188 - - [02/Jul/2024:18:54:31 +0200] "GET /tag/%D9%85%D8%A7%D9%84/ HTTP/1.1" 403 0 "-" "Mozilla/5.0 (compatible; MJ12bot/v1.4.8; http://mj12bot.com/)"
94.23.7.188 - - [02/Jul/2024:18:54:35 +0200] "GET /tag/%D9%85%D8%A7%D9%84%D9%8A%D8%A7/ HTTP/1.1" 403 0 "-" "Mozilla/5.0 (compatible; MJ12bot/v1.4.8; http://mj12bot.com/)"
94.23.7.188 - - [02/Jul/2024:18:54:39 +0200] "GET /tag/%D9%85%D8%A7%D9%84-%D9%88-%D8%A3%D8%B9%D9%85%D8%A7%D9%84/ HTTP/1.1" 403 0 "-" "Mozilla/5.0 (compatible; MJ12bot/v1.4.8; http://mj12bot.com/)"
185.191.171.15 - - [02/Jul/2024:18:54:41 +0200] "GET /tag/%D8%AA%D9%88%D9%84%D8%B9/ HTTP/1.1" 403 0 "-" "Mozilla/5.0 (compatible; SemrushBot/7~bl; +http://www.semrush.com/bot.html)"
94.23.7.188 - - [02/Jul/2024:18:54:42 +0200] "GET /tag/%D9%85%D8%A7%D9%8A%D9%88/ HTTP/1.1" 403 0 "-" "Mozilla/5.0 (compatible; MJ12bot/v1.4.8; http://mj12bot.com/)"
94.23.7.188 - - [02/Jul/2024:18:54:45 +0200] "GET /tag/%D9%85%D8%A8%D8%A7%D8%A8%D9%8A/ HTTP/1.1" 403 0 "-" "Mozilla/5.0 (compatible; MJ12bot/v1.4.8; http://mj12bot.com/)"
94.23.7.188 - - [02/Jul/2024:18:54:50 +0200] "GET /tag/%D9%85%D8%A8%D8%A7%D8%AD%D8%AB%D8%A7%D8%AA/ HTTP/1.1" 403 0 "-" "Mozilla/5.0 (compatible; MJ12bot/v1.4.8; http://mj12bot.com/)"
94.23.7.188 - - [02/Jul/2024:18:54:56 +0200] "GET /tag/%D9%85%D8%A8%D8%A7%D8%B1%D8%A9/ HTTP/1.1" 403 0 "-" "Mozilla/5.0 (compatible; MJ12bot/v1.4.8; http://mj12bot.com/)"
94.23.7.188 - - [02/Jul/2024:18:54:59 +0200] "GET /tag/%D9%85%D8%A8%D8%A7%D8%B1%D9%83/ HTTP/1.1" 403 0 "-" "Mozilla/5.0 (compatible; MJ12bot/v1.4.8; http://mj12bot.com/)"
94.23.7.188 - - [02/Jul/2024:18:55:03 +0200] "GET /tag/%D9%85%D8%AA%D8%A7%D8%A8%D8%B9%D9%8A%D9%87%D8%A7/ HTTP/1.1" 403 0 "-" "Mozilla/5.0 (compatible; MJ12bot/v1.4.8; http://mj12bot.com/)"
94.23.7.188 - - [02/Jul/2024:18:55:06 +0200] "GET /tag/%D9%85%D8%AA%D8%AD%D8%AF%D8%AB/ HTTP/1.1" 403 0 "-" "Mozilla/5.0 (compatible; MJ12bot/v1.4.8; http://mj12bot.com/)"
94.23.7.188 - - [02/Jul/2024:18:55:09 +0200] "GET /tag/%D9%85%D8%AA%D8%B1%D9%88%D9%83/ HTTP/1.1" 403 0 "-" "Mozilla/5.0 (compatible; MJ12bot/v1.4.8; http://mj12bot.com/)"
94.23.7.188 - - [02/Jul/2024:18:55:12 +0200] "GET /tag/%D9%85%D8%AA%D9%87%D9%85%D9%8A%D9%86/ HTTP/1.1" 403 0 "-" "Mozilla/5.0 (compatible; MJ12bot/v1.4.8; http://mj12bot.com/)"
94.23.7.188 - - [02/Jul/2024:18:55:14 +0200] "GET /tag/%D9%85%D8%AC%D8%A7%D9%85%D9%84%D8%A9/ HTTP/1.1" 403 0 "-" "Mozilla/5.0 (compatible; MJ12bot/v1.4.8; http://mj12bot.com/)"
94.23.7.188 - - [02/Jul/2024:18:55:17 +0200] "GET /tag/%D9%85%D8%AC%D9%84%D8%B3/ HTTP/1.1" 403 0 "-" "Mozilla/5.0 (compatible; MJ12bot/v1.4.8; http://mj12bot.com/)"
94.23.7.188 - - [02/Jul/2024:18:55:23 +0200] "GET /tag/%D9%85%D8%AD%D8%A7%D8%AF%D8%AB%D8%A9/ HTTP/1.1" 403 0 "-" "Mozilla/5.0 (compatible; MJ12bot/v1.4.8; http://mj12bot.com/)"
94.23.7.188 - - [02/Jul/2024:18:55:25 +0200] "GET /tag/%D9%85%D8%AD%D8%AA%D9%85%D9%84%D8%A9/ HTTP/1.1" 403 0 "-" "Mozilla/5.0 (compatible; MJ12bot/v1.4.8; http://mj12bot.com/)"
94.23.7.188 - - [02/Jul/2024:18:55:28 +0200] "GET /tag/%D9%85%D8%AD%D8%B7%D8%A9/ HTTP/1.1" 403 0 "-" "Mozilla/5.0 (compatible; MJ12bot/v1.4.8; http://mj12bot.com/)"
94.23.7.188 - - [02/Jul/2024:18:55:31 +0200] "GET /tag/%D9%85%D8%AD%D9%81%D8%B8%D8%A9/ HTTP/1.1" 403 0 "-" "Mozilla/5.0 (compatible; MJ12bot/v1.4.8; http://mj12bot.com/)"
94.23.7.188 - - [02/Jul/2024:18:55:35 +0200] "GET /tag/%D9%85%D8%AD%D9%84%D9%87%D8%A7/ HTTP/1.1" 403 0 "-" "Mozilla/5.0 (compatible; MJ12bot/v1.4.8; http://mj12bot.com/)"
94.23.7.188 - - [02/Jul/2024:18:55:38 +0200] "GET /tag/%D9%85%D8%AD%D9%85%D8%AF/ HTTP/1.1" 403 0 "-" "Mozilla/5.0 (compatible; MJ12bot/v1.4.8; http://mj12bot.com/)"
94.23.7.188 - - [02/Jul/2024:18:55:40 +0200] "GET /tag/%D9%85%D8%AD%D9%85%D9%88%D8%AF/ HTTP/1.1" 403 0 "-" "Mozilla/5.0 (compatible; MJ12bot/v1.4.8; http://mj12bot.com/)"
85.208.96.203 - - [02/Jul/2024:18:55:42 +0200] "GET /%D8%B4%D8%A7%D9%87%D8%AF-%D8%A8%D8%A7%D9%84%D9%81%D9%8A%D8%AF%D9%8A%D9%88-%D8%A7%D9%84%D9%81%D9%86%D8%A7%D9%86-%D8%B5%D9%84%D8%A7%D8%AD-%D9%88%D9%84%D9%8A-%D9%8A%D9%82%D8%AF%D9%85-%D9%81%D8%A7%D8%B5/ HTTP/1.1" 403 0 "-" "Mozilla/5.0 (compatible; SemrushBot/7~bl; +http://www.semrush.com/bot.html)"
94.23.7.188 - - [02/Jul/2024:18:55:43 +0200] "GET /tag/%D9%85%D8%AE%D8%B1%D8%AC/ HTTP/1.1" 403 0 "-" "Mozilla/5.0 (compatible; MJ12bot/v1.4.8; http://mj12bot.com/)"
94.23.7.188 - - [02/Jul/2024:18:55:46 +0200] "GET /tag/%D9%85%D8%AE%D8%B7%D8%B7-%D8%B2%D9%85%D9%86%D9%8A/ HTTP/1.1" 403 0 "-" "Mozilla/5.0 (compatible; MJ12bot/v1.4.8; http://mj12bot.com/)"
94.23.7.188 - - [02/Jul/2024:18:55:50 +0200] "GET /tag/%D9%85%D8%AF%D8%A7%D9%81%D8%B9%D8%A7/ HTTP/1.1" 403 0 "-" "Mozilla/5.0 (compatible; MJ12bot/v1.4.8; http://mj12bot.com/)"
94.23.7.188 - - [02/Jul/2024:18:55:53 +0200] "GET /tag/%D9%85%D8%AF%D8%B1%D8%A8/ HTTP/1.1" 403 0 "-" "Mozilla/5.0 (compatible; MJ12bot/v1.4.8; http://mj12bot.com/)"
94.23.7.188 - - [02/Jul/2024:18:55:57 +0200] "GET /tag/%D9%85%D8%AF%D8%B1%D8%A8%D9%87/ HTTP/1.1" 403 0 "-" "Mozilla/5.0 (compatible; MJ12bot/v1.4.8; http://mj12bot.com/)"
94.23.7.188 - - [02/Jul/2024:18:56:00 +0200] "GET /tag/%D9%85%D8%AF%D8%B1%D9%8A%D8%AF/ HTTP/1.1" 403 0 "-" "Mozilla/5.0 (compatible; MJ12bot/v1.4.8; http://mj12bot.com/)"
94.23.7.188 - - [02/Jul/2024:18:56:05 +0200] "GET /tag/%D9%85%D8%AF%D9%86%D9%8A/ HTTP/1.1" 403 0 "-" "Mozilla/5.0 (compatible; MJ12bot/v1.4.8; http://mj12bot.com/)"
94.23.7.188 - - [02/Jul/2024:18:56:09 +0200] "GET /tag/%D9%85%D8%AF%D9%8A%D8%B1/ HTTP/1.1" 403 0 "-" "Mozilla/5.0 (compatible; MJ12bot/v1.4.8; http://mj12bot.com/)"
94.23.7.188 - - [02/Jul/2024:18:56:11 +0200] "GET /tag/%D9%85%D8%B1%D8%A9/ HTTP/1.1" 403 0 "-" "Mozilla/5.0 (compatible; MJ12bot/v1.4.8; http://mj12bot.com/)"
94.23.7.188 - - [02/Jul/2024:18:56:13 +0200] "GET /tag/%D9%85%D8%B1%D8%AD%D9%84%D8%A9/ HTTP/1.1" 403 0 "-" "Mozilla/5.0 (compatible; MJ12bot/v1.4.8; http://mj12bot.com/)"
94.23.7.188 - - [02/Jul/2024:18:56:16 +0200] "GET /tag/%D9%85%D8%B1%D9%8A%D8%AE/ HTTP/1.1" 403 0 "-" "Mozilla/5.0 (compatible; MJ12bot/v1.4.8; http://mj12bot.com/)"
94.23.7.188 - - [02/Jul/2024:18:56:19 +0200] "GET /tag/%D9%85%D8%B3%D8%A4%D9%88%D9%84%D8%A9/ HTTP/1.1" 403 0 "-" "Mozilla/5.0 (compatible; MJ12bot/v1.4.8; http://mj12bot.com/)"
94.23.7.188 - - [02/Jul/2024:18:56:22 +0200] "GET /tag/%D9%85%D8%B3%D8%A7%D8%B1/ HTTP/1.1" 403 0 "-" "Mozilla/5.0 (compatible; MJ12bot/v1.4.8; http://mj12bot.com/)"
94.23.7.188 - - [02/Jul/2024:18:56:27 +0200] "GET /tag/%D9%85%D8%B3%D8%AA%D9%82%D8%B1%D8%A7/ HTTP/1.1" 403 0 "-" "Mozilla/5.0 (compatible; MJ12bot/v1.4.8; http://mj12bot.com/)"
94.23.7.188 - - [02/Jul/2024:18:56:32 +0200] "GET /tag/%D9%85%D8%B3%D8%AA%D9%85%D8%B1%D8%A9%D8%A7%D9%84%D8%B3%D9%8A%D8%B7%D8%B1%D8%A9/ HTTP/1.1" 403 0 "-" "Mozilla/5.0 (compatible; MJ12bot/v1.4.8; http://mj12bot.com/)"
66.249.70.109 - - [02/Jul/2024:18:54:03 +0200] "GET /ehokb/i445294.html HTTP/1.1" 200 41979 "-" "Mozilla/5.0 (Linux; Android 6.0.1; Nexus 5X Build/MMB29P) AppleWebKit/537.36 (KHTML, like Gecko) Chrome/125.0.6422.175 Mobile Safari/537.36 (compatible; GoogleOther)"
147.45.78.15 - - [02/Jul/2024:18:54:12 +0200] "POST /74a7c9952328.php HTTP/1.1" 500 9 "-" "curl/7.86.0"
52.15.189.48 - - [02/Jul/2024:18:54:16 +0200] "GET /wp-json/wp/v2/posts//%22https:////www.alnilin.com//wp-content//uploads//2018//11///u0635/u062d/u0641.jpg/%22 HTTP/2" 404 188 "-" "Mozilla/5.0 AppleWebKit/537.36 (KHTML, like Gecko; compatible; ClaudeBot/1.0; +claudebot@anthropic.com)"
147.45.78.15 - - [02/Jul/2024:18:56:19 +0200] "POST /74a7c9952328.php HTTP/1.1" 500 9 "-" "curl/7.86.0"
94.23.7.188 - - [02/Jul/2024:18:56:49 +0200] "GET /tag/%D9%85%D8%B3%D8%AA%D9%88%D9%89/ HTTP/1.1" 403 0 "-" "Mozilla/5.0 (compatible; MJ12bot/v1.4.8; http://mj12bot.com/)"
94.23.7.188 - - [02/Jul/2024:18:56:52 +0200] "GET /tag/%D9%85%D8%B4%D8%A7%D8%AC%D8%B1%D8%AA%D9%87%D8%A7/ HTTP/1.1" 403 0 "-" "Mozilla/5.0 (compatible; MJ12bot/v1.4.8; http://mj12bot.com/)"
66.249.70.108 - - [02/Jul/2024:18:56:55 +0200] "GET /tag/%D8%A3%D9%82%D8%A8%D9%84/ HTTP/1.1" 200 42653 "-" "Mozilla/5.0 (Linux; Android 6.0.1; Nexus 5X Build/MMB29P) AppleWebKit/537.36 (KHTML, like Gecko) Chrome/125.0.6422.175 Mobile Safari/537.36 (compatible; Googlebot/2.1; +http://www.google.com/bot.html)"
94.23.7.188 - - [02/Jul/2024:18:56:56 +0200] "GET /tag/%D9%85%D8%B4%D8%AA%D8%B1%D9%83%D9%87/ HTTP/1.1" 403 0 "-" "Mozilla/5.0 (compatible; MJ12bot/v1.4.8; http://mj12bot.com/)"
66.249.70.108 - - [02/Jul/2024:18:56:57 +0200] "GET /ksafl/f1917125.html HTTP/1.1" 200 41986 "-" "Mozilla/5.0 (Linux; Android 6.0.1; Nexus 5X Build/MMB29P) AppleWebKit/537.36 (KHTML, like Gecko) Chrome/125.0.6422.175 Mobile Safari/537.36 (compatible; Googlebot/2.1; +http://www.google.com/bot.html)"
66.249.70.110 - - [02/Jul/2024:18:56:57 +0200] "GET /pyjec/r176047.html HTTP/1.1" 200 41635 "-" "Mozilla/5.0 (Linux; Android 6.0.1; Nexus 5X Build/MMB29P) AppleWebKit/537.36 (KHTML, like Gecko) Chrome/125.0.6422.175 Mobile Safari/537.36 (compatible; Googlebot/2.1; +http://www.google.com/bot.html)"
66.249.70.108 - - [02/Jul/2024:18:56:58 +0200] "GET /hlijz/a2555134.html HTTP/1.1" 200 41172 "-" "Mozilla/5.0 (Linux; Android 6.0.1; Nexus 5X Build/MMB29P) AppleWebKit/537.36 (KHTML, like Gecko) Chrome/125.0.6422.175 Mobile Safari/537.36 (compatible; Googlebot/2.1; +http://www.google.com/bot.html)"
94.23.7.188 - - [02/Jul/2024:18:56:59 +0200] "GET /tag/%D9%85%D8%B4%D9%83%D9%84%D8%A9/ HTTP/1.1" 403 0 "-" "Mozilla/5.0 (compatible; MJ12bot/v1.4.8; http://mj12bot.com/)"
66.249.70.108 - - [02/Jul/2024:18:57:00 +0200] "GET /fykir/x676761.html HTTP/1.1" 200 41753 "-" "Mozilla/5.0 (Linux; Android 6.0.1; Nexus 5X Build/MMB29P) AppleWebKit/537.36 (KHTML, like Gecko) Chrome/125.0.6422.175 Mobile Safari/537.36 (compatible; Googlebot/2.1; +http://www.google.com/bot.html)"
94.23.7.188 - - [02/Jul/2024:18:57:02 +0200] "GET /tag/%D9%85%D8%B5%D8%B1/ HTTP/1.1" 403 0 "-" "Mozilla/5.0 (compatible; MJ12bot/v1.4.8; http://mj12bot.com/)"
66.249.70.108 - - [02/Jul/2024:18:57:02 +0200] "GET /mxaok/l2929779.html HTTP/1.1" 200 42284 "-" "Mozilla/5.0 (Linux; Android 6.0.1; Nexus 5X Build/MMB29P) AppleWebKit/537.36 (KHTML, like Gecko) Chrome/125.0.6422.175 Mobile Safari/537.36 (compatible; Googlebot/2.1; +http://www.google.com/bot.html)"
66.249.70.108 - - [02/Jul/2024:18:57:02 +0200] "GET /cvxyg/u3002224.html HTTP/1.1" 200 41030 "-" "Mozilla/5.0 (Linux; Android 6.0.1; Nexus 5X Build/MMB29P) AppleWebKit/537.36 (KHTML, like Gecko) Chrome/125.0.6422.175 Mobile Safari/537.36 (compatible; Googlebot/2.1; +http://www.google.com/bot.html)"
66.249.70.108 - - [02/Jul/2024:18:57:03 +0200] "GET /xqxxa/i400782.html HTTP/1.1" 200 42123 "-" "Mozilla/5.0 (Linux; Android 6.0.1; Nexus 5X Build/MMB29P) AppleWebKit/537.36 (KHTML, like Gecko) Chrome/125.0.6422.175 Mobile Safari/537.36 (compatible; Googlebot/2.1; +http://www.google.com/bot.html)"
20.15.133.185 - - [02/Jul/2024:18:54:11 +0200] "GET /ygqwg/y564130.html HTTP/2" 200 42006 "-" "Mozilla/5.0 AppleWebKit/537.36 (KHTML, like Gecko; compatible; bingbot/2.0; +http://www.bing.com/bingbot.htm) Chrome/116.0.1938.76 Safari/537.36"
85.208.96.205 - - [02/Jul/2024:18:56:42 +0200] "GET /%D8%A3%D8%B5%D8%A7%D9%84%D8%A9-%D8%AA%D8%AF%D8%B9%D9%85-%D9%85%D9%86%D8%AA%D8%AE%D8%A8-%D8%A7%D9%84%D9%85%D8%BA%D8%B1%D8%A8-%D8%B6%D8%AF-%D8%A5%D8%B3%D8%A8%D8%A7%D9%86%D9%8A%D8%A7/ HTTP/1.1" 403 0 "-" "Mozilla/5.0 (compatible; SemrushBot/7~bl; +http://www.semrush.com/bot.html)"
66.249.70.108 - - [02/Jul/2024:18:56:54 +0200] "GET /tag/%D9%85%D9%82%D8%AF%D9%85%D8%A9/ HTTP/1.1" 200 42681 "-" "Mozilla/5.0 (Linux; Android 6.0.1; Nexus 5X Build/MMB29P) AppleWebKit/537.36 (KHTML, like Gecko) Chrome/125.0.6422.175 Mobile Safari/537.36 (compatible; Googlebot/2.1; +http://www.google.com/bot.html)"
66.249.70.109 - - [02/Jul/2024:18:57:00 +0200] "GET /afrlw/n2088109.html HTTP/1.1" 200 42637 "-" "Mozilla/5.0 (Linux; Android 6.0.1; Nexus 5X Build/MMB29P) AppleWebKit/537.36 (KHTML, like Gecko) Chrome/125.0.6422.175 Mobile Safari/537.36 (compatible; Googlebot/2.1; +http://www.google.com/bot.html)"
66.249.70.108 - - [02/Jul/2024:18:57:00 +0200] "GET /exazi/a1825782.html HTTP/1.1" 200 41660 "-" "Mozilla/5.0 (Linux; Android 6.0.1; Nexus 5X Build/MMB29P) AppleWebKit/537.36 (KHTML, like Gecko) Chrome/125.0.6422.175 Mobile Safari/537.36 (compatible; Googlebot/2.1; +http://www.google.com/bot.html)"
66.249.70.108 - - [02/Jul/2024:18:57:02 +0200] "GET /mpntz/s2818090.html HTTP/1.1" 200 41050 "-" "Mozilla/5.0 (Linux; Android 6.0.1; Nexus 5X Build/MMB29P) AppleWebKit/537.36 (KHTML, like Gecko) Chrome/125.0.6422.175 Mobile Safari/537.36 (compatible; Googlebot/2.1; +http://www.google.com/bot.html)"
94.23.7.188 - - [02/Jul/2024:18:57:44 +0200] "GET /tag/%D9%85%D8%B9%D8%A8%D8%B1/ HTTP/1.1" 403 0 "-" "Mozilla/5.0 (compatible; MJ12bot/v1.4.8; http://mj12bot.com/)"
94.23.7.188 - - [02/Jul/2024:18:57:50 +0200] "GET /tag/%D9%85%D8%B9%D8%AA%D8%B5%D9%85/ HTTP/1.1" 403 0 "-" "Mozilla/5.0 (compatible; MJ12bot/v1.4.8; http://mj12bot.com/)"
52.167.144.224 - - [02/Jul/2024:18:57:50 +0200] "GET /xkpro/p1290249.html HTTP/2" 200 41774 "-" "Mozilla/5.0 AppleWebKit/537.36 (KHTML, like Gecko; compatible; bingbot/2.0; +http://www.bing.com/bingbot.htm) Chrome/116.0.1938.76 Safari/537.36"
185.170.167.18 - - [02/Jul/2024:18:57:49 +0200] "GET /%D8%A7%D8%A8%D8%B1%D8%A7%D9%87%D9%8A%D9%85-%D8%AD%D9%85%D9%8A%D8%AF%D8%AA%D9%8A-%D9%84%D9%8A%D8%AA%D9%83-%D8%A7%D9%83%D8%AA%D9%81%D9%8A%D8%AA-%D8%A8%D8%B9%D8%B2%D8%A7%D8%A1-%D8%B9%D8%A8%D8%B1-%D8%A7/ HTTP/1.1" 200 29901 "-" "BacklinksExtendedBot"
94.23.7.188 - - [02/Jul/2024:18:57:57 +0200] "GET /tag/%D9%85%D8%B9%D8%AA%D9%82%D9%84%D9%8A%D9%86/ HTTP/1.1" 403 0 "-" "Mozilla/5.0 (compatible; MJ12bot/v1.4.8; http://mj12bot.com/)"
94.23.7.188 - - [02/Jul/2024:18:57:59 +0200] "GET /tag/%D9%85%D8%B9%D8%AA%D9%85%D8%AF%D9%8A%D8%A9/ HTTP/1.1" 403 0 "-" "Mozilla/5.0 (compatible; MJ12bot/v1.4.8; http://mj12bot.com/)"
94.23.7.188 - - [02/Jul/2024:18:58:01 +0200] "GET /tag/%D9%85%D8%B9%D8%B1%D8%B6/ HTTP/1.1" 403 0 "-" "Mozilla/5.0 (compatible; MJ12bot/v1.4.8; http://mj12bot.com/)"
94.23.7.188 - - [02/Jul/2024:18:58:03 +0200] "GET /tag/%D9%85%D8%B9%D8%B1%D9%88%D9%81/ HTTP/1.1" 403 0 "-" "Mozilla/5.0 (compatible; MJ12bot/v1.4.8; http://mj12bot.com/)"
94.23.7.188 - - [02/Jul/2024:18:58:04 +0200] "GET /tag/%D9%85%D8%B9%D8%B3%D9%83%D8%B1/ HTTP/1.1" 403 0 "-" "Mozilla/5.0 (compatible; MJ12bot/v1.4.8; http://mj12bot.com/)"
94.23.7.188 - - [02/Jul/2024:18:58:06 +0200] "GET /tag/%D9%85%D9%81%D8%A7%D8%AC%D8%A6/ HTTP/1.1" 403 0 "-" "Mozilla/5.0 (compatible; MJ12bot/v1.4.8; http://mj12bot.com/)"
94.23.7.188 - - [02/Jul/2024:18:58:08 +0200] "GET /tag/%D9%85%D9%81%D8%A7%D8%B1%D9%82%D8%A7%D8%AA/ HTTP/1.1" 403 0 "-" "Mozilla/5.0 (compatible; MJ12bot/v1.4.8; http://mj12bot.com/)"
94.23.7.188 - - [02/Jul/2024:18:58:10 +0200] "GET /tag/%D9%85%D9%82%D8%A7%D8%A8%D9%84/ HTTP/1.1" 403 0 "-" "Mozilla/5.0 (compatible; MJ12bot/v1.4.8; http://mj12bot.com/)"
3.15.231.128 - - [02/Jul/2024:18:58:10 +0200] "GET /wp-json/wp/v2/posts//%22https:////koorasudan.net//wp-content//uploads//2021//09///u0627/u0644/u062f/u0648/u064a/u0645.jpg/%22 HTTP/2" 404 188 "-" "Mozilla/5.0 AppleWebKit/537.36 (KHTML, like Gecko; compatible; ClaudeBot/1.0; +claudebot@anthropic.com)"
94.23.7.188 - - [02/Jul/2024:18:58:12 +0200] "GET /tag/%D9%85%D9%82%D8%A7%D9%88%D9%85%D8%A9/ HTTP/1.1" 403 0 "-" "Mozilla/5.0 (compatible; MJ12bot/v1.4.8; http://mj12bot.com/)"
94.23.7.188 - - [02/Jul/2024:18:58:14 +0200] "GET /tag/%D9%85%D9%82%D8%AF%D9%85/ HTTP/1.1" 403 0 "-" "Mozilla/5.0 (compatible; MJ12bot/v1.4.8; http://mj12bot.com/)"
94.23.7.188 - - [02/Jul/2024:18:58:16 +0200] "GET /tag/%D9%85%D9%84%D8%B2%D9%85/ HTTP/1.1" 403 0 "-" "Mozilla/5.0 (compatible; MJ12bot/v1.4.8; http://mj12bot.com/)"
94.23.7.188 - - [02/Jul/2024:18:58:19 +0200] "GET /tag/%D9%85%D9%84%D9%8A%D8%B4%D9%8A%D8%A7/ HTTP/1.1" 403 0 "-" "Mozilla/5.0 (compatible; MJ12bot/v1.4.8; http://mj12bot.com/)"
94.23.7.188 - - [02/Jul/2024:18:58:21 +0200] "GET /tag/%D9%85%D9%85%D8%A7%D8%B2%D8%AD%D8%A9/ HTTP/1.1" 403 0 "-" "Mozilla/5.0 (compatible; MJ12bot/v1.4.8; http://mj12bot.com/)"
94.23.7.188 - - [02/Jul/2024:18:58:22 +0200] "GET /tag/%D9%85%D9%86/ HTTP/1.1" 403 0 "-" "Mozilla/5.0 (compatible; MJ12bot/v1.4.8; http://mj12bot.com/)"
94.23.7.188 - - [02/Jul/2024:18:58:24 +0200] "GET /tag/%D9%85%D9%86%D8%AA%D9%87%D9%8A%D8%A9/ HTTP/1.1" 403 0 "-" "Mozilla/5.0 (compatible; MJ12bot/v1.4.8; http://mj12bot.com/)"
94.23.7.188 - - [02/Jul/2024:18:58:26 +0200] "GET /tag/%D9%85%D9%86%D8%B5%D8%A7%D8%AA/ HTTP/1.1" 403 0 "-" "Mozilla/5.0 (compatible; MJ12bot/v1.4.8; http://mj12bot.com/)"
94.23.7.188 - - [02/Jul/2024:18:58:29 +0200] "GET /tag/%D9%85%D9%86%D9%88%D8%B9%D8%A7%D8%AA/ HTTP/1.1" 403 0 "-" "Mozilla/5.0 (compatible; MJ12bot/v1.4.8; http://mj12bot.com/)"
66.249.70.110 - - [02/Jul/2024:18:58:29 +0200] "GET /lzaqt/d67249.html HTTP/1.1" 200 41441 "-" "Mozilla/5.0 (Linux; Android 6.0.1; Nexus 5X Build/MMB29P) AppleWebKit/537.36 (KHTML, like Gecko) Chrome/125.0.6422.175 Mobile Safari/537.36 (compatible; Googlebot/2.1; +http://www.google.com/bot.html)"
94.23.7.188 - - [02/Jul/2024:18:58:31 +0200] "GET /tag/%D9%85%D9%86%D9%89/ HTTP/1.1" 403 0 "-" "Mozilla/5.0 (compatible; MJ12bot/v1.4.8; http://mj12bot.com/)"
94.23.7.188 - - [02/Jul/2024:18:58:33 +0200] "GET /tag/%D9%85%D9%87%D8%A7%D9%85%D9%8A/ HTTP/1.1" 403 0 "-" "Mozilla/5.0 (compatible; MJ12bot/v1.4.8; http://mj12bot.com/)"
94.23.7.188 - - [02/Jul/2024:18:58:35 +0200] "GET /tag/%D9%85%D9%88%D8%A7%D8%B7%D9%86/ HTTP/1.1" 403 0 "-" "Mozilla/5.0 (compatible; MJ12bot/v1.4.8; http://mj12bot.com/)"
94.23.7.188 - - [02/Jul/2024:18:58:37 +0200] "GET /tag/%D9%85%D9%88%D8%A7%D8%B7%D9%86%D9%8A%D9%86/ HTTP/1.1" 403 0 "-" "Mozilla/5.0 (compatible; MJ12bot/v1.4.8; http://mj12bot.com/)"
18.224.31.11 - - [02/Jul/2024:18:58:37 +0200] "GET /wp-json/wp/v2/posts//%22https:////koorasudan.net//wp-content//uploads//2022//10//FB_IMG_16648108872568833-250x250.jpg/%22 HTTP/2" 404 188 "-" "Mozilla/5.0 AppleWebKit/537.36 (KHTML, like Gecko; compatible; ClaudeBot/1.0; +claudebot@anthropic.com)"
94.23.7.188 - - [02/Jul/2024:18:58:39 +0200] "GET /tag/%D9%85%D9%88%D8%A8%D8%A7%D9%8A%D9%84/ HTTP/1.1" 403 0 "-" "Mozilla/5.0 (compatible; MJ12bot/v1.4.8; http://mj12bot.com/)"
94.23.7.188 - - [02/Jul/2024:18:58:42 +0200] "GET /tag/%D9%85%D9%88%D8%B9%D8%AF/ HTTP/1.1" 403 0 "-" "Mozilla/5.0 (compatible; MJ12bot/v1.4.8; http://mj12bot.com/)"
85.208.96.203 - - [02/Jul/2024:18:58:44 +0200] "GET /tag/%D8%B3%D8%B9%D9%8A/ HTTP/1.1" 403 0 "-" "Mozilla/5.0 (compatible; SemrushBot/7~bl; +http://www.semrush.com/bot.html)"
94.23.7.188 - - [02/Jul/2024:18:58:44 +0200] "GET /tag/%D9%85%D9%88%D9%83%D8%A8/ HTTP/1.1" 403 0 "-" "Mozilla/5.0 (compatible; MJ12bot/v1.4.8; http://mj12bot.com/)"
66.249.70.108 - - [02/Jul/2024:18:57:03 +0200] "GET /efrmn/r1387101.html HTTP/1.1" 200 42100 "-" "Mozilla/5.0 (Linux; Android 6.0.1; Nexus 5X Build/MMB29P) AppleWebKit/537.36 (KHTML, like Gecko) Chrome/125.0.6422.175 Mobile Safari/537.36 (compatible; Googlebot/2.1; +http://www.google.com/bot.html)"
94.23.7.188 - - [02/Jul/2024:18:57:05 +0200] "GET /tag/%D9%85%D8%B5%D8%B1%D9%8A/ HTTP/1.1" 403 0 "-" "Mozilla/5.0 (compatible; MJ12bot/v1.4.8; http://mj12bot.com/)"
94.23.7.188 - - [02/Jul/2024:18:57:09 +0200] "GET /tag/%D9%85%D8%B5%D8%B7%D9%81%D9%89/ HTTP/1.1" 403 0 "-" "Mozilla/5.0 (compatible; MJ12bot/v1.4.8; http://mj12bot.com/)"
94.23.7.188 - - [02/Jul/2024:18:57:12 +0200] "GET /tag/%D9%85%D8%B5%D9%86%D8%B9%D9%88/ HTTP/1.1" 403 0 "-" "Mozilla/5.0 (compatible; MJ12bot/v1.4.8; http://mj12bot.com/)"
94.23.7.188 - - [02/Jul/2024:18:57:17 +0200] "GET /tag/%D9%85%D8%B7%D8%B1%D8%A8/ HTTP/1.1" 403 0 "-" "Mozilla/5.0 (compatible; MJ12bot/v1.4.8; http://mj12bot.com/)"
94.23.7.188 - - [02/Jul/2024:18:57:20 +0200] "GET /tag/%D9%85%D8%B9/ HTTP/1.1" 403 0 "-" "Mozilla/5.0 (compatible; MJ12bot/v1.4.8; http://mj12bot.com/)"
94.23.7.188 - - [02/Jul/2024:18:57:26 +0200] "GET /tag/%D9%85%D8%B9%D8%A7%D9%86%D8%A7%D8%A9/ HTTP/1.1" 403 0 "-" "Mozilla/5.0 (compatible; MJ12bot/v1.4.8; http://mj12bot.com/)"
66.249.70.108 - - [02/Jul/2024:18:58:55 +0200] "GET /nshkf/m171674.html HTTP/1.1" 200 42143 "-" "Mozilla/5.0 (Linux; Android 6.0.1; Nexus 5X Build/MMB29P) AppleWebKit/537.36 (KHTML, like Gecko) Chrome/125.0.6422.175 Mobile Safari/537.36 (compatible; GoogleOther)"
66.249.70.108 - - [02/Jul/2024:18:58:57 +0200] "GET /igrus/p275157.html HTTP/1.1" 200 41728 "-" "Mozilla/5.0 (Linux; Android 6.0.1; Nexus 5X Build/MMB29P) AppleWebKit/537.36 (KHTML, like Gecko) Chrome/125.0.6422.175 Mobile Safari/537.36 (compatible; Googlebot/2.1; +http://www.google.com/bot.html)"
66.249.70.108 - - [02/Jul/2024:18:58:57 +0200] "GET /tag/%D9%81%D9%8A%D8%B5%D9%84/ HTTP/1.1" 200 41652 "-" "Mozilla/5.0 (Linux; Android 6.0.1; Nexus 5X Build/MMB29P) AppleWebKit/537.36 (KHTML, like Gecko) Chrome/125.0.6422.175 Mobile Safari/537.36 (compatible; Googlebot/2.1; +http://www.google.com/bot.html)"
66.249.70.108 - - [02/Jul/2024:18:58:58 +0200] "GET /gnzuu/f1546625.html HTTP/1.1" 200 41147 "-" "Mozilla/5.0 (Linux; Android 6.0.1; Nexus 5X Build/MMB29P) AppleWebKit/537.36 (KHTML, like Gecko) Chrome/125.0.6422.175 Mobile Safari/537.36 (compatible; Googlebot/2.1; +http://www.google.com/bot.html)"
66.249.70.108 - - [02/Jul/2024:18:58:59 +0200] "GET /glxxf/t2596415.html HTTP/1.1" 200 41510 "-" "Mozilla/5.0 (Linux; Android 6.0.1; Nexus 5X Build/MMB29P) AppleWebKit/537.36 (KHTML, like Gecko) Chrome/125.0.6422.175 Mobile Safari/537.36 (compatible; Googlebot/2.1; +http://www.google.com/bot.html)"
66.249.70.108 - - [02/Jul/2024:18:58:59 +0200] "GET /kvncv/u600760.html HTTP/1.1" 200 41266 "-" "Mozilla/5.0 (Linux; Android 6.0.1; Nexus 5X Build/MMB29P) AppleWebKit/537.36 (KHTML, like Gecko) Chrome/125.0.6422.175 Mobile Safari/537.36 (compatible; Googlebot/2.1; +http://www.google.com/bot.html)"
66.249.70.108 - - [02/Jul/2024:18:58:59 +0200] "GET /xvrkw/w2677850.html HTTP/1.1" 200 42296 "-" "Mozilla/5.0 (Linux; Android 6.0.1; Nexus 5X Build/MMB29P) AppleWebKit/537.36 (KHTML, like Gecko) Chrome/125.0.6422.175 Mobile Safari/537.36 (compatible; Googlebot/2.1; +http://www.google.com/bot.html)"
66.249.70.108 - - [02/Jul/2024:18:58:59 +0200] "GET /obfyp/u2675378.html HTTP/1.1" 200 41526 "-" "Mozilla/5.0 (Linux; Android 6.0.1; Nexus 5X Build/MMB29P) AppleWebKit/537.36 (KHTML, like Gecko) Chrome/125.0.6422.175 Mobile Safari/537.36 (compatible; Googlebot/2.1; +http://www.google.com/bot.html)"
66.249.70.108 - - [02/Jul/2024:18:59:00 +0200] "GET /enjgu/v230183.html HTTP/1.1" 200 42051 "-" "Mozilla/5.0 (Linux; Android 6.0.1; Nexus 5X Build/MMB29P) AppleWebKit/537.36 (KHTML, like Gecko) Chrome/125.0.6422.175 Mobile Safari/537.36 (compatible; Googlebot/2.1; +http://www.google.com/bot.html)"
66.249.70.109 - - [02/Jul/2024:18:56:54 +0200] "GET /tag/%D9%84%D9%84%D9%85%D8%B1%D8%A8%D8%B9/ HTTP/1.1" 200 41149 "-" "Mozilla/5.0 (Linux; Android 6.0.1; Nexus 5X Build/MMB29P) AppleWebKit/537.36 (KHTML, like Gecko) Chrome/125.0.6422.175 Mobile Safari/537.36 (compatible; Googlebot/2.1; +http://www.google.com/bot.html)"
66.249.70.109 - - [02/Jul/2024:18:56:56 +0200] "GET /ozdtv/m1788302.html HTTP/1.1" 200 42404 "-" "Mozilla/5.0 (Linux; Android 6.0.1; Nexus 5X Build/MMB29P) AppleWebKit/537.36 (KHTML, like Gecko) Chrome/125.0.6422.175 Mobile Safari/537.36 (compatible; Googlebot/2.1; +http://www.google.com/bot.html)"
66.249.70.109 - - [02/Jul/2024:18:56:58 +0200] "GET /xtlbl/f338769.html HTTP/1.1" 200 41835 "-" "Mozilla/5.0 (Linux; Android 6.0.1; Nexus 5X Build/MMB29P) AppleWebKit/537.36 (KHTML, like Gecko) Chrome/125.0.6422.175 Mobile Safari/537.36 (compatible; Googlebot/2.1; +http://www.google.com/bot.html)"
20.15.133.185 - - [02/Jul/2024:18:56:58 +0200] "GET /fnxnd/u1739664.html HTTP/2" 200 41951 "-" "Mozilla/5.0 AppleWebKit/537.36 (KHTML, like Gecko; compatible; bingbot/2.0; +http://www.bing.com/bingbot.htm) Chrome/116.0.1938.76 Safari/537.36"
66.249.70.109 - - [02/Jul/2024:18:56:58 +0200] "GET /lmxfg/q1807130.html HTTP/1.1" 200 41460 "-" "Mozilla/5.0 (Linux; Android 6.0.1; Nexus 5X Build/MMB29P) AppleWebKit/537.36 (KHTML, like Gecko) Chrome/125.0.6422.175 Mobile Safari/537.36 (compatible; Googlebot/2.1; +http://www.google.com/bot.html)"
66.249.70.109 - - [02/Jul/2024:18:56:59 +0200] "GET /zoqbl/w1308560.html HTTP/1.1" 200 42081 "-" "Mozilla/5.0 (Linux; Android 6.0.1; Nexus 5X Build/MMB29P) AppleWebKit/537.36 (KHTML, like Gecko) Chrome/125.0.6422.175 Mobile Safari/537.36 (compatible; Googlebot/2.1; +http://www.google.com/bot.html)"
66.249.70.109 - - [02/Jul/2024:18:56:59 +0200] "GET /cqqlz/e2709838.html HTTP/1.1" 200 42529 "-" "Mozilla/5.0 (Linux; Android 6.0.1; Nexus 5X Build/MMB29P) AppleWebKit/537.36 (KHTML, like Gecko) Chrome/125.0.6422.175 Mobile Safari/537.36 (compatible; Googlebot/2.1; +http://www.google.com/bot.html)"
66.249.70.109 - - [02/Jul/2024:18:57:00 +0200] "GET /kglbn/h2909963.html HTTP/1.1" 200 41581 "-" "Mozilla/5.0 (Linux; Android 6.0.1; Nexus 5X Build/MMB29P) AppleWebKit/537.36 (KHTML, like Gecko) Chrome/125.0.6422.175 Mobile Safari/537.36 (compatible; Googlebot/2.1; +http://www.google.com/bot.html)"
66.249.70.109 - - [02/Jul/2024:18:57:01 +0200] "GET /vzysc/l3066175.html HTTP/1.1" 200 42150 "-" "Mozilla/5.0 (Linux; Android 6.0.1; Nexus 5X Build/MMB29P) AppleWebKit/537.36 (KHTML, like Gecko) Chrome/125.0.6422.175 Mobile Safari/537.36 (compatible; Googlebot/2.1; +http://www.google.com/bot.html)"
66.249.70.109 - - [02/Jul/2024:18:57:01 +0200] "GET /kajpq/n172247.html HTTP/1.1" 200 41770 "-" "Mozilla/5.0 (Linux; Android 6.0.1; Nexus 5X Build/MMB29P) AppleWebKit/537.36 (KHTML, like Gecko) Chrome/125.0.6422.175 Mobile Safari/537.36 (compatible; Googlebot/2.1; +http://www.google.com/bot.html)"
66.249.70.109 - - [02/Jul/2024:18:57:09 +0200] "GET /fkdqg/j2254921.html HTTP/1.1" 200 41476 "-" "Mozilla/5.0 (compatible; Googlebot/2.1; +http://www.google.com/bot.html)"
185.191.171.4 - - [02/Jul/2024:18:57:43 +0200] "GET /quran/translate-en_transliteration-99.html HTTP/1.1" 403 0 "-" "Mozilla/5.0 (compatible; SemrushBot/7~bl; +http://www.semrush.com/bot.html)"
135.181.9.38 - - [02/Jul/2024:18:57:50 +0200] "POST /wp-cron.php?doing_wp_cron=1719939470.3332469463348388671875 HTTP/1.1" 200 0 "-" "WordPress/6.5.3; https://www.sudancam.net"
135.181.9.38 - - [02/Jul/2024:18:57:51 +0200] "POST /wp-admin/admin-ajax.php?action=async_litespeed&nonce=fa75a626a4&litespeed_type=imgoptm HTTP/1.1" 200 21 "-" "WordPress/6.5.3; https://www.sudancam.net"
40.77.167.4 - - [02/Jul/2024:18:58:06 +0200] "GET /wpblo/x856707.html HTTP/2" 200 41331 "-" "Mozilla/5.0 AppleWebKit/537.36 (KHTML, like Gecko; compatible; bingbot/2.0; +http://www.bing.com/bingbot.htm) Chrome/116.0.1938.76 Safari/537.36"
147.45.78.15 - - [02/Jul/2024:18:58:15 +0200] "POST /74a7c9952328.php HTTP/1.1" 500 9 "-" "curl/7.86.0"
66.249.70.108 - - [02/Jul/2024:18:59:01 +0200] "GET /hilqg/x278467.html HTTP/1.1" 200 42293 "-" "Mozilla/5.0 (Linux; Android 6.0.1; Nexus 5X Build/MMB29P) AppleWebKit/537.36 (KHTML, like Gecko) Chrome/125.0.6422.175 Mobile Safari/537.36 (compatible; Googlebot/2.1; +http://www.google.com/bot.html)"
66.249.70.108 - - [02/Jul/2024:18:59:01 +0200] "GET /zigno/w163832.html HTTP/1.1" 200 41753 "-" "Mozilla/5.0 (Linux; Android 6.0.1; Nexus 5X Build/MMB29P) AppleWebKit/537.36 (KHTML, like Gecko) Chrome/125.0.6422.175 Mobile Safari/537.36 (compatible; Googlebot/2.1; +http://www.google.com/bot.html)"
66.249.70.108 - - [02/Jul/2024:18:59:02 +0200] "GET /djajf/o261376.html HTTP/1.1" 200 42531 "-" "Mozilla/5.0 (Linux; Android 6.0.1; Nexus 5X Build/MMB29P) AppleWebKit/537.36 (KHTML, like Gecko) Chrome/125.0.6422.175 Mobile Safari/537.36 (compatible; Googlebot/2.1; +http://www.google.com/bot.html)"
66.249.70.108 - - [02/Jul/2024:18:59:03 +0200] "GET /mcljv/n2558423.html HTTP/1.1" 200 42330 "-" "Mozilla/5.0 (Linux; Android 6.0.1; Nexus 5X Build/MMB29P) AppleWebKit/537.36 (KHTML, like Gecko) Chrome/125.0.6422.175 Mobile Safari/537.36 (compatible; Googlebot/2.1; +http://www.google.com/bot.html)"
66.249.70.108 - - [02/Jul/2024:18:59:04 +0200] "GET /ygvas/v1509253.html HTTP/1.1" 200 43406 "-" "Mozilla/5.0 (Linux; Android 6.0.1; Nexus 5X Build/MMB29P) AppleWebKit/537.36 (KHTML, like Gecko) Chrome/125.0.6422.175 Mobile Safari/537.36 (compatible; Googlebot/2.1; +http://www.google.com/bot.html)"
66.249.70.108 - - [02/Jul/2024:18:59:06 +0200] "GET /ddnie/i2236590.html HTTP/1.1" 200 41380 "-" "Mozilla/5.0 (Linux; Android 6.0.1; Nexus 5X Build/MMB29P) AppleWebKit/537.36 (KHTML, like Gecko) Chrome/125.0.6422.175 Mobile Safari/537.36 (compatible; Googlebot/2.1; +http://www.google.com/bot.html)"
66.249.70.108 - - [02/Jul/2024:18:59:06 +0200] "GET /dojys/c861678.html HTTP/1.1" 200 41414 "-" "Mozilla/5.0 (Linux; Android 6.0.1; Nexus 5X Build/MMB29P) AppleWebKit/537.36 (KHTML, like Gecko) Chrome/125.0.6422.175 Mobile Safari/537.36 (compatible; Googlebot/2.1; +http://www.google.com/bot.html)"
66.249.70.108 - - [02/Jul/2024:18:59:07 +0200] "GET /wkxhh/f1657385.html HTTP/1.1" 200 42590 "-" "Mozilla/5.0 (Linux; Android 6.0.1; Nexus 5X Build/MMB29P) AppleWebKit/537.36 (KHTML, like Gecko) Chrome/125.0.6422.175 Mobile Safari/537.36 (compatible; Googlebot/2.1; +http://www.google.com/bot.html)"
66.249.70.108 - - [02/Jul/2024:18:59:07 +0200] "GET /xfhkc/p1938091.html HTTP/1.1" 200 41363 "-" "Mozilla/5.0 (Linux; Android 6.0.1; Nexus 5X Build/MMB29P) AppleWebKit/537.36 (KHTML, like Gecko) Chrome/125.0.6422.175 Mobile Safari/537.36 (compatible; Googlebot/2.1; +http://www.google.com/bot.html)"
66.249.70.108 - - [02/Jul/2024:18:59:08 +0200] "GET /laqxx/k2418670.html HTTP/1.1" 200 41409 "-" "Mozilla/5.0 (Linux; Android 6.0.1; Nexus 5X Build/MMB29P) AppleWebKit/537.36 (KHTML, like Gecko) Chrome/125.0.6422.175 Mobile Safari/537.36 (compatible; Googlebot/2.1; +http://www.google.com/bot.html)"
66.249.70.108 - - [02/Jul/2024:18:59:08 +0200] "GET /fviuh/m446676.html HTTP/1.1" 200 41950 "-" "Mozilla/5.0 (Linux; Android 6.0.1; Nexus 5X Build/MMB29P) AppleWebKit/537.36 (KHTML, like Gecko) Chrome/125.0.6422.175 Mobile Safari/537.36 (compatible; Googlebot/2.1; +http://www.google.com/bot.html)"
66.249.70.108 - - [02/Jul/2024:18:59:09 +0200] "GET /hzoos/j630389.html HTTP/1.1" 200 42298 "-" "Mozilla/5.0 (Linux; Android 6.0.1; Nexus 5X Build/MMB29P) AppleWebKit/537.36 (KHTML, like Gecko) Chrome/125.0.6422.175 Mobile Safari/537.36 (compatible; Googlebot/2.1; +http://www.google.com/bot.html)"
66.249.70.108 - - [02/Jul/2024:18:59:11 +0200] "GET /aornq/p2862053.html HTTP/1.1" 200 42110 "-" "Mozilla/5.0 (Linux; Android 6.0.1; Nexus 5X Build/MMB29P) AppleWebKit/537.36 (KHTML, like Gecko) Chrome/125.0.6422.175 Mobile Safari/537.36 (compatible; Googlebot/2.1; +http://www.google.com/bot.html)"
66.249.70.109 - - [02/Jul/2024:18:58:45 +0200] "GET /tag/%D8%AA%D8%B8%D9%87%D8%B1/ HTTP/1.1" 200 41435 "-" "Mozilla/5.0 (Linux; Android 6.0.1; Nexus 5X Build/MMB29P) AppleWebKit/537.36 (KHTML, like Gecko) Chrome/125.0.6422.175 Mobile Safari/537.36 (compatible; Googlebot/2.1; +http://www.google.com/bot.html)"
94.23.7.188 - - [02/Jul/2024:18:58:46 +0200] "GET /tag/%D9%85%D9%88%D9%87%D9%88%D8%A8%D8%A9/ HTTP/1.1" 403 0 "-" "Mozilla/5.0 (compatible; MJ12bot/v1.4.8; http://mj12bot.com/)"
94.23.7.188 - - [02/Jul/2024:18:58:48 +0200] "GET /tag/%D9%85%D9%8A%D8%AF%D9%8A%D8%A7/ HTTP/1.1" 403 0 "-" "Mozilla/5.0 (compatible; MJ12bot/v1.4.8; http://mj12bot.com/)"
94.23.7.188 - - [02/Jul/2024:18:58:50 +0200] "GET /tag/%D9%85%D9%8A%D9%84%D8%A7%D9%86/ HTTP/1.1" 403 0 "-" "Mozilla/5.0 (compatible; MJ12bot/v1.4.8; http://mj12bot.com/)"
94.23.7.188 - - [02/Jul/2024:18:58:53 +0200] "GET /tag/%D9%86%D8%A7%D8%AF%D9%8A%D9%83/ HTTP/1.1" 403 0 "-" "Mozilla/5.0 (compatible; MJ12bot/v1.4.8; http://mj12bot.com/)"
94.23.7.188 - - [02/Jul/2024:18:58:56 +0200] "GET /tag/%D9%86%D8%A7%D8%B1%D9%8A%D8%A7/ HTTP/1.1" 403 0 "-" "Mozilla/5.0 (compatible; MJ12bot/v1.4.8; http://mj12bot.com/)"
94.23.7.188 - - [02/Jul/2024:18:58:58 +0200] "GET /tag/%D9%86%D8%A7%D8%B5%D8%B1/ HTTP/1.1" 403 0 "-" "Mozilla/5.0 (compatible; MJ12bot/v1.4.8; http://mj12bot.com/)"
94.23.7.188 - - [02/Jul/2024:18:59:01 +0200] "GET /tag/%D9%86%D8%A7%D9%81%D8%B9%D8%A9/ HTTP/1.1" 403 0 "-" "Mozilla/5.0 (compatible; MJ12bot/v1.4.8; http://mj12bot.com/)"
94.23.7.188 - - [02/Jul/2024:18:59:02 +0200] "GET /tag/%D9%86%D8%AC%D8%B1%D9%8A/ HTTP/1.1" 403 0 "-" "Mozilla/5.0 (compatible; MJ12bot/v1.4.8; http://mj12bot.com/)"
94.23.7.188 - - [02/Jul/2024:18:59:04 +0200] "GET /tag/%D9%86%D8%AD%D9%88/ HTTP/1.1" 403 0 "-" "Mozilla/5.0 (compatible; MJ12bot/v1.4.8; http://mj12bot.com/)"
94.23.7.188 - - [02/Jul/2024:18:59:06 +0200] "GET /tag/%D9%86%D8%B3%D8%AE%D8%A9/ HTTP/1.1" 403 0 "-" "Mozilla/5.0 (compatible; MJ12bot/v1.4.8; http://mj12bot.com/)"
