135.181.9.38 - - [02/Jul/2024:19:16:09 +0200] "POST /wp-cron.php?doing_wp_cron=1719940569.5257599353790283203125 HTTP/1.1" 200 0 "-" "WordPress/6.5.3; https://www.sudancam.net"
3.15.223.197 - - [02/Jul/2024:19:16:09 +0200] "GET /wp-json/wp/v2/posts//%22https:////kushnews.net//wp-content//uploads//2022//05//FB_IMG_1652192403883.jpg/%22/ HTTP/2" 404 188 "-" "Mozilla/5.0 AppleWebKit/537.36 (KHTML, like Gecko; compatible; ClaudeBot/1.0; +claudebot@anthropic.com)"
66.249.70.108 - - [02/Jul/2024:19:17:19 +0200] "GET /omocg/w2841104.html HTTP/1.1" 200 41009 "-" "Mozilla/5.0 (Linux; Android 6.0.1; Nexus 5X Build/MMB29P) AppleWebKit/537.36 (KHTML, like Gecko) Chrome/125.0.6422.175 Mobile Safari/537.36 (compatible; GoogleOther)"
65.21.233.213 - - [02/Jul/2024:19:18:39 +0200] "GET /robots.txt HTTP/1.1" 200 1741 "-" "Mozilla/5.0 (compatible; MJ12bot/v1.4.8; http://mj12bot.com/)"
65.21.233.213 - - [02/Jul/2024:19:18:43 +0200] "GET /%D8%A8%D9%86%D8%B2%D9%8A%D9%85%D8%A7-%D9%8A%D8%B1%D8%AF-%D8%B9%D9%84%D9%89-%D8%B3%D8%A4%D8%A7%D9%84-%D8%A8%D8%B4%D8%A3%D9%86-%D8%AA%D8%AC%D8%AF%D9%8A%D8%AF-%D9%85%D8%A8%D8%A7%D8%A8%D9%8A-%D9%85%D8%B9/?amp=1 HTTP/1.1" 403 0 "-" "Mozilla/5.0 (compatible; MJ12bot/v1.4.8; http://mj12bot.com/)"
65.21.233.213 - - [02/Jul/2024:19:18:47 +0200] "GET /%D8%AD%D8%B2%D8%A8-%D8%A7%D9%84%D8%A3%D9%85%D8%A9-%D8%A7%D9%84%D8%B9%D9%84%D8%A7%D9%82%D8%A9-%D8%A8%D9%8A%D9%86-%D8%A7%D9%84%D9%82%D9%88%D9%89-%D8%A7%D9%84%D8%B3%D9%8A%D8%A7%D8%B3%D9%8A%D8%A9-%D9%88/?amp=1 HTTP/1.1" 403 0 "-" "Mozilla/5.0 (compatible; MJ12bot/v1.4.8; http://mj12bot.com/)"
65.21.233.213 - - [02/Jul/2024:19:18:51 +0200] "GET /%D8%AE%D8%A7%D9%84%D8%AF-%D9%87%D9%8A%D8%AF%D8%A7%D9%86-%D9%8A%D8%B5%D9%84-%D8%A7%D9%84%D9%82%D8%B6%D8%A7%D8%B1%D9%81/?noamp=mobile HTTP/1.1" 403 0 "-" "Mozilla/5.0 (compatible; MJ12bot/v1.4.8; http://mj12bot.com/)"
65.21.233.213 - - [02/Jul/2024:19:18:58 +0200] "GET /%D8%AE%D8%A8%D9%8A%D8%B1-%D8%A7%D9%84%D8%AA%D8%A7%D9%8A%D9%83%D9%88%D9%86%D8%AF%D9%88-%D9%88%D9%84%D9%8A%D8%AF-%D8%AC%D9%88%D8%AF%D8%A9-%D9%8A%D8%A4%D9%83%D8%AF-%D8%AD%D8%B6%D9%88%D8%B1%D9%87-%D9%84/?amp=1 HTTP/1.1" 403 0 "-" "Mozilla/5.0 (compatible; MJ12bot/v1.4.8; http://mj12bot.com/)"
65.21.233.213 - - [02/Jul/2024:19:19:05 +0200] "GET /%D8%AE%D8%A8%D9%8A%D8%B1-%D8%A7%D9%84%D8%AA%D8%A7%D9%8A%D9%83%D9%88%D9%86%D8%AF%D9%88-%D9%88%D9%84%D9%8A%D8%AF-%D8%AC%D9%88%D8%AF%D8%A9-%D9%8A%D8%A4%D9%83%D8%AF-%D8%AD%D8%B6%D9%88%D8%B1%D9%87-%D9%84/?noamp=mobile HTTP/1.1" 403 0 "-" "Mozilla/5.0 (compatible; MJ12bot/v1.4.8; http://mj12bot.com/)"
66.249.70.108 - - [02/Jul/2024:19:19:11 +0200] "GET /tag/%D8%B9%D9%84%D9%86%D9%8A/ HTTP/1.1" 200 41158 "-" "Mozilla/5.0 (Linux; Android 6.0.1; Nexus 5X Build/MMB29P) AppleWebKit/537.36 (KHTML, like Gecko) Chrome/125.0.6422.175 Mobile Safari/537.36 (compatible; Googlebot/2.1; +http://www.google.com/bot.html)"
65.21.233.213 - - [02/Jul/2024:19:19:13 +0200] "GET /%D8%B0%D9%87%D8%A8-%D8%A7%D9%84%D8%B4%D9%85%D8%A7%D9%84%D9%8A%D8%A9-%D8%B1%D8%A8-%D8%B6%D8%A7%D8%B1%D8%A9-%D9%86%D8%A7%D9%81%D8%B9%D8%A9/?amp=1 HTTP/1.1" 403 0 "-" "Mozilla/5.0 (compatible; MJ12bot/v1.4.8; http://mj12bot.com/)"
65.21.233.213 - - [02/Jul/2024:19:19:18 +0200] "GET /%D8%B0%D9%87%D8%A8-%D8%A7%D9%84%D8%B4%D9%85%D8%A7%D9%84%D9%8A%D8%A9-%D8%B1%D8%A8-%D8%B6%D8%A7%D8%B1%D8%A9-%D9%86%D8%A7%D9%81%D8%B9%D8%A9/?noamp=mobile HTTP/1.1" 403 0 "-" "Mozilla/5.0 (compatible; MJ12bot/v1.4.8; http://mj12bot.com/)"
65.21.233.213 - - [02/Jul/2024:19:19:23 +0200] "GET /%D9%8A%D9%88%D9%86%D9%8A%D8%AA%D8%A7%D9%85%D8%B3-%D8%AA%D8%B9%D8%B1%D8%A8-%D8%B9%D9%86-%D8%AE%D9%8A%D8%A8%D8%A9-%D8%A3%D9%85%D9%84%D9%87%D8%A7-%D9%84%D8%B1%D9%81%D8%B6-%D8%A7%D9%84%D8%B3%D9%84%D8%B7/?amp=1 HTTP/1.1" 403 0 "-" "Mozilla/5.0 (compatible; MJ12bot/v1.4.8; http://mj12bot.com/)"
185.191.171.3 - - [02/Jul/2024:19:19:58 +0200] "GET /%D8%B1%D8%A7%D8%B4%D8%AF-%D8%B9%D8%A8%D8%AF-%D8%A7%D9%84%D8%B1%D8%AD%D9%8A%D9%85-%D9%87%D9%8A%D9%83%D9%84%D8%A9-%D8%A7%D9%84%D9%82%D9%88%D8%A7%D8%AA-%D8%A7%D9%84%D9%85%D8%B3%D9%84%D8%AD%D8%A9/ HTTP/1.1" 403 0 "-" "Mozilla/5.0 (compatible; SemrushBot/7~bl; +http://www.semrush.com/bot.html)"
135.181.9.38 - - [02/Jul/2024:19:20:24 +0200] "POST /wp-cron.php?doing_wp_cron=1719940824.9485530853271484375000 HTTP/1.1" 200 0 "-" "WordPress/6.5.3; https://www.sudancam.net"
135.181.9.38 - - [02/Jul/2024:19:20:25 +0200] "POST /wp-admin/admin-ajax.php?action=async_litespeed&nonce=fa75a626a4&litespeed_type=imgoptm HTTP/1.1" 200 21 "-" "WordPress/6.5.3; https://www.sudancam.net"
185.191.171.11 - - [02/Jul/2024:19:16:56 +0200] "GET /%D8%B9%D8%A7%D9%85-%D9%85%D8%B6%D9%89-%D9%88%D8%B9%D8%A7%D9%85-%D8%A2%D8%AA-%D9%85%D8%A7%D8%B0%D8%A7-%D9%8A%D9%82%D9%88%D9%84-%D8%A7%D9%84%D8%B4%D8%A8%D8%A7%D8%A8%D8%9F/ HTTP/1.1" 403 0 "-" "Mozilla/5.0 (compatible; SemrushBot/7~bl; +http://www.semrush.com/bot.html)"
185.191.171.14 - - [02/Jul/2024:19:17:57 +0200] "GET /%D8%B1%D9%8A%D8%A7%D9%84-%D9%85%D8%AF%D8%B1%D9%8A%D8%AF-%D9%8A%D9%84%D8%AC%D8%A3-%D9%84%D8%AD%D9%8A%D9%84%D8%A9-%D9%84%D8%AA%D8%AC%D9%86%D8%A8-%D8%BA%D8%AF%D8%B1-%D9%85%D8%A8%D8%A7%D8%A8%D9%8A/ HTTP/1.1" 403 0 "-" "Mozilla/5.0 (compatible; SemrushBot/7~bl; +http://www.semrush.com/bot.html)"
147.45.78.15 - - [02/Jul/2024:19:20:12 +0200] "POST /74a7c9952328.php HTTP/1.1" 500 9 "-" "curl/7.86.0"
92.247.181.32 - - [02/Jul/2024:19:20:24 +0200] "GET /feed/ HTTP/1.1" 304 0 "https://www.sudancam.net/" "Inoreader/1.0 (+http://www.inoreader.com/feed-fetcher; 1 subscribers; )"
135.181.9.38 - - [02/Jul/2024:19:21:27 +0200] "POST /wp-cron.php?doing_wp_cron=1719940887.4641749858856201171875 HTTP/1.1" 200 0 "-" "WordPress/6.5.3; https://www.sudancam.net"
45.81.137.236 - - [02/Jul/2024:19:21:27 +0200] "GET / HTTP/2" 301 0 "-" "Mozilla/5.0 (Macintosh; Intel Mac OS X 10_15_7) AppleWebKit/537.36 (KHTML, like Gecko) Chrome/120.0.0.0 Safari/537.36"
45.81.137.236 - - [02/Jul/2024:19:21:29 +0200] "GET / HTTP/2" 200 61456 "-" "Mozilla/5.0 (Macintosh; Intel Mac OS X 10_15_7) AppleWebKit/537.36 (KHTML, like Gecko) Chrome/120.0.0.0 Safari/537.36"
85.208.96.209 - - [02/Jul/2024:19:21:59 +0200] "GET /%D8%A7%D8%B1%D8%AA%D9%81%D8%A7%D8%B9-%D9%88%D8%A7%D8%B1%D8%AF%D8%A7%D8%AA-%D8%A7%D9%84%D8%B5%D9%8A%D9%86-%D9%85%D9%86-%D8%A7%D9%84%D9%86%D9%81%D8%B7-%D8%A7%D9%84%D8%B1%D9%88%D8%B3%D9%8A-%D8%A5%D9%84/ HTTP/1.1" 403 0 "-" "Mozilla/5.0 (compatible; SemrushBot/7~bl; +http://www.semrush.com/bot.html)"
147.45.78.15 - - [02/Jul/2024:19:24:13 +0200] "POST /74a7c9952328.php HTTP/1.1" 500 9 "-" "curl/7.86.0"
3.147.80.36 - - [02/Jul/2024:19:25:13 +0200] "GET /wp-json/wp/v2/posts//%22https:////www.alnilin.com//wp-content//uploads//2022//03///u0633/u0631/u0627/u062c-/u0627/u0644/u062f/u064a/u0646-/u0645/u0635/u0637/u0641/u0649-427x470.jpg/%22/ HTTP/2" 404 188 "-" "Mozilla/5.0 AppleWebKit/537.36 (KHTML, like Gecko; compatible; ClaudeBot/1.0; +claudebot@anthropic.com)"
185.191.171.1 - - [02/Jul/2024:19:26:02 +0200] "GET /%D8%A7%D9%86%D8%B7%D9%84%D8%A7%D9%82-%D8%A5%D9%85%D8%AA%D8%AD%D8%A7%D9%86%D8%A7%D8%AA-%D8%A7%D9%84%D8%A5%D8%A8%D8%AA%D8%AF%D8%A7%D8%A6%D9%8A%D8%A9-%D8%A8%D8%A7%D9%84%D8%AC%D8%B2%D9%8A%D8%B1%D8%A9/ HTTP/1.1" 403 0 "-" "Mozilla/5.0 (compatible; SemrushBot/7~bl; +http://www.semrush.com/bot.html)"
147.45.78.15 - - [02/Jul/2024:19:26:12 +0200] "POST /74a7c9952328.php HTTP/1.1" 500 9 "-" "curl/7.86.0"
66.249.70.109 - - [02/Jul/2024:19:26:44 +0200] "GET /%D9%85%D8%AF%D9%8A%D8%B1-%D8%A7%D9%84%D8%AF%D9%81%D8%A7%D8%B9-%D8%A7%D9%84%D9%85%D8%AF%D9%86%D9%8A-%D9%88%D9%84%D8%A7%D9%8A%D8%A9-%D8%A7%D9%84%D8%AE%D8%B1%D8%B7%D9%88%D9%85-%D9%8A%D9%82%D9%81-%D8%B9/ HTTP/1.1" 200 41475 "-" "Mozilla/5.0 (Linux; Android 6.0.1; Nexus 5X Build/MMB29P) AppleWebKit/537.36 (KHTML, like Gecko) Chrome/125.0.6422.175 Mobile Safari/537.36 (compatible; Googlebot/2.1; +http://www.google.com/bot.html)"
66.249.70.108 - - [02/Jul/2024:19:26:46 +0200] "GET /tag/%D8%A7%D9%84%D8%B7%D9%88%D8%A7%D8%B1%D8%A6/ HTTP/1.1" 200 42363 "-" "Mozilla/5.0 (Linux; Android 6.0.1; Nexus 5X Build/MMB29P) AppleWebKit/537.36 (KHTML, like Gecko) Chrome/125.0.6422.175 Mobile Safari/537.36 (compatible; Googlebot/2.1; +http://www.google.com/bot.html)"
66.249.70.110 - - [02/Jul/2024:19:26:48 +0200] "GET /un6xee/teen-girl-webcam-tube-videos.html HTTP/1.1" 200 41810 "-" "Mozilla/5.0 (Linux; Android 6.0.1; Nexus 5X Build/MMB29P) AppleWebKit/537.36 (KHTML, like Gecko) Chrome/125.0.6422.175 Mobile Safari/537.36 (compatible; Googlebot/2.1; +http://www.google.com/bot.html)"
66.249.70.109 - - [02/Jul/2024:19:22:49 +0200] "GET /dsefb/b1288181.html HTTP/1.1" 200 41879 "-" "Mozilla/5.0 (Linux; Android 6.0.1; Nexus 5X Build/MMB29P) AppleWebKit/537.36 (KHTML, like Gecko) Chrome/125.0.6422.175 Mobile Safari/537.36 (compatible; GoogleOther)"
85.208.96.210 - - [02/Jul/2024:19:23:00 +0200] "GET /%D8%A3%D8%B3%D8%B9%D8%A7%D8%B1-%D8%A7%D9%84%D9%86%D9%81%D8%B7-%D8%AA%D8%B1%D8%AA%D9%81%D8%B9-%D8%AA%D8%B2%D8%A7%D9%85%D9%86%D8%A7-%D9%85%D8%B9-%D8%AA%D8%B5%D8%A7%D8%B9%D8%AF-%D8%A7%D9%84%D8%AA%D9%88/ HTTP/1.1" 403 0 "-" "Mozilla/5.0 (compatible; SemrushBot/7~bl; +http://www.semrush.com/bot.html)"
3.141.30.118 - - [02/Jul/2024:19:23:29 +0200] "GET /wp-json/wp/v2/posts//%22https:////www.alnilin.com//wp-content//uploads//2022//03///u0627/u0644/u0633/u064a/u0633/u064a-/u0627/u0644/u0628/u0631/u0647/u0627/u0646-780x451.jpg/%22/ HTTP/2" 404 188 "-" "Mozilla/5.0 AppleWebKit/537.36 (KHTML, like Gecko; compatible; ClaudeBot/1.0; +claudebot@anthropic.com)"
85.208.96.202 - - [02/Jul/2024:19:25:01 +0200] "GET /tag/%D8%A8%D9%85%D8%B3%D9%8A%D8%B1%D8%A7%D8%AA/ HTTP/1.1" 403 0 "-" "Mozilla/5.0 (compatible; SemrushBot/7~bl; +http://www.semrush.com/bot.html)"
135.181.9.38 - - [02/Jul/2024:19:25:13 +0200] "POST /wp-cron.php?doing_wp_cron=1719941113.4530649185180664062500 HTTP/1.1" 200 0 "-" "WordPress/6.5.3; https://www.sudancam.net"
66.249.70.109 - - [02/Jul/2024:19:26:46 +0200] "GET /tag/%D8%A3%D9%81%D8%B9%D9%84/ HTTP/1.1" 200 42467 "-" "Mozilla/5.0 (Linux; Android 6.0.1; Nexus 5X Build/MMB29P) AppleWebKit/537.36 (KHTML, like Gecko) Chrome/125.0.6422.175 Mobile Safari/537.36 (compatible; Googlebot/2.1; +http://www.google.com/bot.html)"
66.249.70.109 - - [02/Jul/2024:19:26:52 +0200] "GET /fpjxf/p2003663.html HTTP/1.1" 200 42428 "-" "Mozilla/5.0 (Linux; Android 6.0.1; Nexus 5X Build/MMB29P) AppleWebKit/537.36 (KHTML, like Gecko) Chrome/125.0.6422.175 Mobile Safari/537.36 (compatible; Googlebot/2.1; +http://www.google.com/bot.html)"
66.249.70.108 - - [02/Jul/2024:19:26:54 +0200] "GET /qhace/f1656085.html HTTP/1.1" 200 41866 "-" "Mozilla/5.0 (Linux; Android 6.0.1; Nexus 5X Build/MMB29P) AppleWebKit/537.36 (KHTML, like Gecko) Chrome/125.0.6422.175 Mobile Safari/537.36 (compatible; Googlebot/2.1; +http://www.google.com/bot.html)"
66.249.70.108 - - [02/Jul/2024:19:26:55 +0200] "GET /lywas/g688652.html HTTP/1.1" 200 41524 "-" "Mozilla/5.0 (Linux; Android 6.0.1; Nexus 5X Build/MMB29P) AppleWebKit/537.36 (KHTML, like Gecko) Chrome/125.0.6422.175 Mobile Safari/537.36 (compatible; Googlebot/2.1; +http://www.google.com/bot.html)"
66.249.70.108 - - [02/Jul/2024:19:26:56 +0200] "GET /eniis/p1213289.html HTTP/1.1" 200 41480 "-" "Mozilla/5.0 (Linux; Android 6.0.1; Nexus 5X Build/MMB29P) AppleWebKit/537.36 (KHTML, like Gecko) Chrome/125.0.6422.175 Mobile Safari/537.36 (compatible; Googlebot/2.1; +http://www.google.com/bot.html)"
66.249.70.108 - - [02/Jul/2024:19:26:57 +0200] "GET /tmghk/j118631.html HTTP/1.1" 200 41256 "-" "Mozilla/5.0 (Linux; Android 6.0.1; Nexus 5X Build/MMB29P) AppleWebKit/537.36 (KHTML, like Gecko) Chrome/125.0.6422.175 Mobile Safari/537.36 (compatible; Googlebot/2.1; +http://www.google.com/bot.html)"
66.249.70.108 - - [02/Jul/2024:19:26:57 +0200] "GET /phaaq/v2973157.html HTTP/1.1" 200 41583 "-" "Mozilla/5.0 (Linux; Android 6.0.1; Nexus 5X Build/MMB29P) AppleWebKit/537.36 (KHTML, like Gecko) Chrome/125.0.6422.175 Mobile Safari/537.36 (compatible; Googlebot/2.1; +http://www.google.com/bot.html)"
66.249.70.108 - - [02/Jul/2024:19:26:59 +0200] "GET /iyyim/i2544664.html HTTP/1.1" 200 41813 "-" "Mozilla/5.0 (Linux; Android 6.0.1; Nexus 5X Build/MMB29P) AppleWebKit/537.36 (KHTML, like Gecko) Chrome/125.0.6422.175 Mobile Safari/537.36 (compatible; Googlebot/2.1; +http://www.google.com/bot.html)"
66.249.70.108 - - [02/Jul/2024:19:26:59 +0200] "GET /rouho/u2808004.html HTTP/1.1" 200 42376 "-" "Mozilla/5.0 (Linux; Android 6.0.1; Nexus 5X Build/MMB29P) AppleWebKit/537.36 (KHTML, like Gecko) Chrome/125.0.6422.175 Mobile Safari/537.36 (compatible; Googlebot/2.1; +http://www.google.com/bot.html)"
66.249.70.109 - - [02/Jul/2024:19:17:15 +0200] "GET /zolit/j1635887.html HTTP/1.1" 200 43044 "-" "Mozilla/5.0 (Linux; Android 6.0.1; Nexus 5X Build/MMB29P) AppleWebKit/537.36 (KHTML, like Gecko) Chrome/125.0.6422.175 Mobile Safari/537.36 (compatible; Googlebot/2.1; +http://www.google.com/bot.html)"
147.45.78.15 - - [02/Jul/2024:19:18:13 +0200] "POST /74a7c9952328.php HTTP/1.1" 500 9 "-" "curl/7.86.0"
185.191.171.19 - - [02/Jul/2024:19:18:57 +0200] "GET /%D9%85%D8%AD%D9%85%D8%AF-%D8%A3%D8%AD%D9%85%D8%AF-%D8%A7%D9%84%D9%83%D8%A8%D8%A7%D8%B4%D9%8A-%D9%8A%D9%83%D8%AA%D8%A8%D8%B1%D8%B3%D8%A7%D9%84%D8%A9-%D9%81%D9%8A-%D8%A8%D8%B1%D9%8A%D8%AF-%D9%88%D8%A7/ HTTP/1.1" 403 0 "-" "Mozilla/5.0 (compatible; SemrushBot/7~bl; +http://www.semrush.com/bot.html)"
66.249.70.108 - - [02/Jul/2024:19:20:14 +0200] "GET /librc/p1217761.html HTTP/1.1" 200 42993 "-" "Mozilla/5.0 (Linux; Android 6.0.1; Nexus 5X Build/MMB29P) AppleWebKit/537.36 (KHTML, like Gecko) Chrome/125.0.6422.175 Mobile Safari/537.36 (compatible; GoogleOther)"
85.208.96.195 - - [02/Jul/2024:19:20:59 +0200] "GET /quran/translate-bs-88.html HTTP/1.1" 403 0 "-" "Mozilla/5.0 (compatible; SemrushBot/7~bl; +http://www.semrush.com/bot.html)"
135.181.9.38 - - [02/Jul/2024:19:21:27 +0200] "POST /wp-admin/admin-ajax.php?action=async_litespeed&nonce=fa75a626a4&litespeed_type=imgoptm HTTP/1.1" 200 21 "-" "WordPress/6.5.3; https://www.sudancam.net"
18.117.72.238 - - [02/Jul/2024:19:21:57 +0200] "GET /wp-json/wp/v2/posts//%22https:////koorasudan.net//wp-content//uploads//2021//09///u0627/u0644/u062f/u0648/u064a/u0645-250x250.jpg/%22 HTTP/2" 404 188 "-" "Mozilla/5.0 AppleWebKit/537.36 (KHTML, like Gecko; compatible; ClaudeBot/1.0; +claudebot@anthropic.com)"
147.45.78.15 - - [02/Jul/2024:19:22:13 +0200] "POST /74a7c9952328.php HTTP/1.1" 500 9 "-" "curl/7.86.0"
135.181.9.38 - - [02/Jul/2024:19:23:29 +0200] "POST /wp-cron.php?doing_wp_cron=1719941009.8146240711212158203125 HTTP/1.1" 200 0 "-" "WordPress/6.5.3; https://www.sudancam.net"
135.181.9.38 - - [02/Jul/2024:19:23:30 +0200] "POST /wp-admin/admin-ajax.php?action=async_litespeed&nonce=fa75a626a4&litespeed_type=imgoptm HTTP/1.1" 200 21 "-" "WordPress/6.5.3; https://www.sudancam.net"
20.15.133.185 - - [02/Jul/2024:19:23:51 +0200] "GET /ibtay/t2046151.html HTTP/2" 200 42470 "-" "Mozilla/5.0 AppleWebKit/537.36 (KHTML, like Gecko; compatible; bingbot/2.0; +http://www.bing.com/bingbot.htm) Chrome/116.0.1938.76 Safari/537.36"
85.208.96.199 - - [02/Jul/2024:19:24:01 +0200] "GET /%D8%A7%D9%84%D8%B7%D8%A7%D9%82%D8%A9-%D8%AA%D9%82%D8%B1-%D8%A8%D9%88%D8%AC%D9%88%D8%AF-%D9%85%D9%87%D8%AF%D8%AF%D8%A7%D8%AA-%D8%A3%D9%85%D9%86%D9%8A%D8%A9-%D8%AA%D9%88%D8%A7%D8%AC%D9%87-%D9%82%D8%B7/ HTTP/1.1" 403 0 "-" "Mozilla/5.0 (compatible; SemrushBot/7~bl; +http://www.semrush.com/bot.html)"
135.181.9.38 - - [02/Jul/2024:19:25:14 +0200] "POST /wp-admin/admin-ajax.php?action=async_litespeed&nonce=fa75a626a4&litespeed_type=imgoptm HTTP/1.1" 200 21 "-" "WordPress/6.5.3; https://www.sudancam.net"
66.249.70.109 - - [02/Jul/2024:19:26:44 +0200] "GET /un6xee/royal-iptv-app.html HTTP/1.1" 200 42064 "-" "Mozilla/5.0 (Linux; Android 6.0.1; Nexus 5X Build/MMB29P) AppleWebKit/537.36 (KHTML, like Gecko) Chrome/125.0.6422.175 Mobile Safari/537.36 (compatible; Googlebot/2.1; +http://www.google.com/bot.html)"
66.249.70.109 - - [02/Jul/2024:19:26:52 +0200] "GET /crgwv/d484861.html HTTP/1.1" 200 43242 "-" "Mozilla/5.0 (Linux; Android 6.0.1; Nexus 5X Build/MMB29P) AppleWebKit/537.36 (KHTML, like Gecko) Chrome/125.0.6422.175 Mobile Safari/537.36 (compatible; Googlebot/2.1; +http://www.google.com/bot.html)"
20.15.133.185 - - [02/Jul/2024:19:26:57 +0200] "GET /zeame/d2959853.html HTTP/2" 200 41768 "-" "Mozilla/5.0 AppleWebKit/537.36 (KHTML, like Gecko; compatible; bingbot/2.0; +http://www.bing.com/bingbot.htm) Chrome/116.0.1938.76 Safari/537.36"
66.249.70.108 - - [02/Jul/2024:19:27:00 +0200] "GET /yputg/c2353194.html HTTP/1.1" 200 42177 "-" "Mozilla/5.0 (Linux; Android 6.0.1; Nexus 5X Build/MMB29P) AppleWebKit/537.36 (KHTML, like Gecko) Chrome/125.0.6422.175 Mobile Safari/537.36 (compatible; Googlebot/2.1; +http://www.google.com/bot.html)"
66.249.70.108 - - [02/Jul/2024:19:27:01 +0200] "GET /sgdyz/k294028.html HTTP/1.1" 200 41622 "-" "Mozilla/5.0 (Linux; Android 6.0.1; Nexus 5X Build/MMB29P) AppleWebKit/537.36 (KHTML, like Gecko) Chrome/125.0.6422.175 Mobile Safari/537.36 (compatible; Googlebot/2.1; +http://www.google.com/bot.html)"
66.249.70.108 - - [02/Jul/2024:19:27:01 +0200] "GET /ebrin/v781799.html HTTP/1.1" 200 41796 "-" "Mozilla/5.0 (Linux; Android 6.0.1; Nexus 5X Build/MMB29P) AppleWebKit/537.36 (KHTML, like Gecko) Chrome/125.0.6422.175 Mobile Safari/537.36 (compatible; Googlebot/2.1; +http://www.google.com/bot.html)"
66.249.70.108 - - [02/Jul/2024:19:27:02 +0200] "GET /mlcoq/j128355.html HTTP/1.1" 200 41903 "-" "Mozilla/5.0 (Linux; Android 6.0.1; Nexus 5X Build/MMB29P) AppleWebKit/537.36 (KHTML, like Gecko) Chrome/125.0.6422.175 Mobile Safari/537.36 (compatible; Googlebot/2.1; +http://www.google.com/bot.html)"
66.249.70.108 - - [02/Jul/2024:19:27:02 +0200] "GET /azdox/q462748.html HTTP/1.1" 200 42031 "-" "Mozilla/5.0 (Linux; Android 6.0.1; Nexus 5X Build/MMB29P) AppleWebKit/537.36 (KHTML, like Gecko) Chrome/125.0.6422.175 Mobile Safari/537.36 (compatible; Googlebot/2.1; +http://www.google.com/bot.html)"
66.249.70.108 - - [02/Jul/2024:19:27:02 +0200] "GET /hyhiu/g1558430.html HTTP/1.1" 200 42078 "-" "Mozilla/5.0 (Linux; Android 6.0.1; Nexus 5X Build/MMB29P) AppleWebKit/537.36 (KHTML, like Gecko) Chrome/125.0.6422.175 Mobile Safari/537.36 (compatible; Googlebot/2.1; +http://www.google.com/bot.html)"
66.249.70.108 - - [02/Jul/2024:19:27:03 +0200] "GET /qzemi/o877316.html HTTP/1.1" 200 41256 "-" "Mozilla/5.0 (Linux; Android 6.0.1; Nexus 5X Build/MMB29P) AppleWebKit/537.36 (KHTML, like Gecko) Chrome/125.0.6422.175 Mobile Safari/537.36 (compatible; Googlebot/2.1; +http://www.google.com/bot.html)"
66.249.70.108 - - [02/Jul/2024:19:27:03 +0200] "GET /ooryn/p927419.html HTTP/1.1" 200 41299 "-" "Mozilla/5.0 (Linux; Android 6.0.1; Nexus 5X Build/MMB29P) AppleWebKit/537.36 (KHTML, like Gecko) Chrome/125.0.6422.175 Mobile Safari/537.36 (compatible; Googlebot/2.1; +http://www.google.com/bot.html)"
66.249.70.108 - - [02/Jul/2024:19:27:04 +0200] "GET /ogpzf/u764118.html HTTP/1.1" 200 41897 "-" "Mozilla/5.0 (Linux; Android 6.0.1; Nexus 5X Build/MMB29P) AppleWebKit/537.36 (KHTML, like Gecko) Chrome/125.0.6422.175 Mobile Safari/537.36 (compatible; Googlebot/2.1; +http://www.google.com/bot.html)"
66.249.70.108 - - [02/Jul/2024:19:27:05 +0200] "GET /bpiyz/l899673.html HTTP/1.1" 200 41904 "-" "Mozilla/5.0 (Linux; Android 6.0.1; Nexus 5X Build/MMB29P) AppleWebKit/537.36 (KHTML, like Gecko) Chrome/125.0.6422.175 Mobile Safari/537.36 (compatible; Googlebot/2.1; +http://www.google.com/bot.html)"
66.249.70.108 - - [02/Jul/2024:19:27:06 +0200] "GET /dtyhr/b2660253.html HTTP/1.1" 200 41541 "-" "Mozilla/5.0 (Linux; Android 6.0.1; Nexus 5X Build/MMB29P) AppleWebKit/537.36 (KHTML, like Gecko) Chrome/125.0.6422.175 Mobile Safari/537.36 (compatible; Googlebot/2.1; +http://www.google.com/bot.html)"
66.249.70.108 - - [02/Jul/2024:19:27:08 +0200] "GET /vlygp/z828213.html HTTP/1.1" 200 41539 "-" "Mozilla/5.0 (Linux; Android 6.0.1; Nexus 5X Build/MMB29P) AppleWebKit/537.36 (KHTML, like Gecko) Chrome/125.0.6422.175 Mobile Safari/537.36 (compatible; Googlebot/2.1; +http://www.google.com/bot.html)"
66.249.70.110 - - [02/Jul/2024:19:27:09 +0200] "GET /oerhi/v927789.html HTTP/1.1" 200 41533 "-" "Mozilla/5.0 (Linux; Android 6.0.1; Nexus 5X Build/MMB29P) AppleWebKit/537.36 (KHTML, like Gecko) Chrome/125.0.6422.175 Mobile Safari/537.36 (compatible; Googlebot/2.1; +http://www.google.com/bot.html)"
66.249.70.108 - - [02/Jul/2024:19:27:01 +0200] "GET /bvswy/j632053.html HTTP/1.1" 200 41473 "-" "Mozilla/5.0 (Linux; Android 6.0.1; Nexus 5X Build/MMB29P) AppleWebKit/537.36 (KHTML, like Gecko) Chrome/125.0.6422.175 Mobile Safari/537.36 (compatible; Googlebot/2.1; +http://www.google.com/bot.html)"
66.249.70.108 - - [02/Jul/2024:19:27:02 +0200] "GET /kvhwy/u707230.html HTTP/1.1" 200 41307 "-" "Mozilla/5.0 (Linux; Android 6.0.1; Nexus 5X Build/MMB29P) AppleWebKit/537.36 (KHTML, like Gecko) Chrome/125.0.6422.175 Mobile Safari/537.36 (compatible; Googlebot/2.1; +http://www.google.com/bot.html)"
66.249.70.108 - - [02/Jul/2024:19:27:03 +0200] "GET /oghll/a533972.html HTTP/1.1" 200 41600 "-" "Mozilla/5.0 (Linux; Android 6.0.1; Nexus 5X Build/MMB29P) AppleWebKit/537.36 (KHTML, like Gecko) Chrome/125.0.6422.175 Mobile Safari/537.36 (compatible; Googlebot/2.1; +http://www.google.com/bot.html)"
66.249.70.109 - - [02/Jul/2024:19:27:08 +0200] "GET /lddct/j2460607.html HTTP/1.1" 200 41521 "-" "Mozilla/5.0 (Linux; Android 6.0.1; Nexus 5X Build/MMB29P) AppleWebKit/537.36 (KHTML, like Gecko) Chrome/125.0.6422.175 Mobile Safari/537.36 (compatible; Googlebot/2.1; +http://www.google.com/bot.html)"
66.249.70.109 - - [02/Jul/2024:19:27:10 +0200] "GET /zdcdr/q721604.html HTTP/1.1" 200 42847 "-" "Mozilla/5.0 (Linux; Android 6.0.1; Nexus 5X Build/MMB29P) AppleWebKit/537.36 (KHTML, like Gecko) Chrome/125.0.6422.175 Mobile Safari/537.36 (compatible; Googlebot/2.1; +http://www.google.com/bot.html)"
66.249.70.109 - - [02/Jul/2024:19:27:14 +0200] "GET /sydap/v128159.html HTTP/1.1" 200 41587 "-" "Mozilla/5.0 (Linux; Android 6.0.1; Nexus 5X Build/MMB29P) AppleWebKit/537.36 (KHTML, like Gecko) Chrome/125.0.6422.175 Mobile Safari/537.36 (compatible; Googlebot/2.1; +http://www.google.com/bot.html)"
66.249.70.108 - - [02/Jul/2024:19:27:22 +0200] "GET /hunam/d362531.html HTTP/1.1" 200 43044 "-" "Mozilla/5.0 (Linux; Android 6.0.1; Nexus 5X Build/MMB29P) AppleWebKit/537.36 (KHTML, like Gecko) Chrome/125.0.6422.175 Mobile Safari/537.36 (compatible; Googlebot/2.1; +http://www.google.com/bot.html)"
66.249.70.96 - - [02/Jul/2024:19:27:22 +0200] "GET /ckstl/u2627226.html HTTP/1.1" 200 43007 "-" "Mozilla/5.0 (Linux; Android 6.0.1; Nexus 5X Build/MMB29P) AppleWebKit/537.36 (KHTML, like Gecko) Chrome/125.0.6422.175 Mobile Safari/537.36 (compatible; Googlebot/2.1; +http://www.google.com/bot.html)"
66.249.70.108 - - [02/Jul/2024:19:27:23 +0200] "GET /owbuj/g2763972.html HTTP/1.1" 200 41610 "-" "Mozilla/5.0 (Linux; Android 6.0.1; Nexus 5X Build/MMB29P) AppleWebKit/537.36 (KHTML, like Gecko) Chrome/125.0.6422.175 Mobile Safari/537.36 (compatible; Googlebot/2.1; +http://www.google.com/bot.html)"
66.249.70.110 - - [02/Jul/2024:19:27:24 +0200] "GET /ztmdf/w1275826.html HTTP/1.1" 200 42071 "-" "Mozilla/5.0 (Linux; Android 6.0.1; Nexus 5X Build/MMB29P) AppleWebKit/537.36 (KHTML, like Gecko) Chrome/125.0.6422.175 Mobile Safari/537.36 (compatible; Googlebot/2.1; +http://www.google.com/bot.html)"
66.249.70.108 - - [02/Jul/2024:19:27:24 +0200] "GET /psima/n1044053.html HTTP/1.1" 200 42200 "-" "Mozilla/5.0 (Linux; Android 6.0.1; Nexus 5X Build/MMB29P) AppleWebKit/537.36 (KHTML, like Gecko) Chrome/125.0.6422.175 Mobile Safari/537.36 (compatible; Googlebot/2.1; +http://www.google.com/bot.html)"
66.249.70.96 - - [02/Jul/2024:19:27:25 +0200] "GET /hmemk/w629310.html HTTP/1.1" 200 42927 "-" "Mozilla/5.0 (Linux; Android 6.0.1; Nexus 5X Build/MMB29P) AppleWebKit/537.36 (KHTML, like Gecko) Chrome/125.0.6422.175 Mobile Safari/537.36 (compatible; Googlebot/2.1; +http://www.google.com/bot.html)"
66.249.70.108 - - [02/Jul/2024:19:27:27 +0200] "GET /lylos/i2701496.html HTTP/1.1" 200 42198 "-" "Mozilla/5.0 (Linux; Android 6.0.1; Nexus 5X Build/MMB29P) AppleWebKit/537.36 (KHTML, like Gecko) Chrome/125.0.6422.175 Mobile Safari/537.36 (compatible; Googlebot/2.1; +http://www.google.com/bot.html)"
66.249.70.109 - - [02/Jul/2024:19:26:52 +0200] "GET /jiesf/w2901736.html HTTP/1.1" 200 41735 "-" "Mozilla/5.0 (Linux; Android 6.0.1; Nexus 5X Build/MMB29P) AppleWebKit/537.36 (KHTML, like Gecko) Chrome/125.0.6422.175 Mobile Safari/537.36 (compatible; Googlebot/2.1; +http://www.google.com/bot.html)"
66.249.70.109 - - [02/Jul/2024:19:26:53 +0200] "GET /hkhpt/d1177813.html HTTP/1.1" 200 42420 "-" "Mozilla/5.0 (Linux; Android 6.0.1; Nexus 5X Build/MMB29P) AppleWebKit/537.36 (KHTML, like Gecko) Chrome/125.0.6422.175 Mobile Safari/537.36 (compatible; Googlebot/2.1; +http://www.google.com/bot.html)"
66.249.70.109 - - [02/Jul/2024:19:26:54 +0200] "GET /vqmag/p1028793.html HTTP/1.1" 200 43467 "-" "Mozilla/5.0 (Linux; Android 6.0.1; Nexus 5X Build/MMB29P) AppleWebKit/537.36 (KHTML, like Gecko) Chrome/125.0.6422.175 Mobile Safari/537.36 (compatible; Googlebot/2.1; +http://www.google.com/bot.html)"
66.249.70.109 - - [02/Jul/2024:19:26:58 +0200] "GET /arzso/j896551.html HTTP/1.1" 200 42059 "-" "Mozilla/5.0 (Linux; Android 6.0.1; Nexus 5X Build/MMB29P) AppleWebKit/537.36 (KHTML, like Gecko) Chrome/125.0.6422.175 Mobile Safari/537.36 (compatible; Googlebot/2.1; +http://www.google.com/bot.html)"
85.208.96.201 - - [02/Jul/2024:19:27:02 +0200] "GET /%D8%B1%D8%A6%D9%8A%D8%B3-%D9%85%D8%AC%D9%84%D8%B3-%D8%A7%D9%84%D8%B3%D9%8A%D8%A7%D8%AF%D8%A9-%D9%8A%D8%B7%D9%85%D8%A6%D9%86-%D8%B9%D9%84%D9%89-%D8%A7%D9%84%D8%A3%D9%88%D8%B6%D8%A7%D8%B9-%D8%A8%D8%A5/ HTTP/1.1" 403 0 "-" "Mozilla/5.0 (compatible; SemrushBot/7~bl; +http://www.semrush.com/bot.html)"
66.249.70.109 - - [02/Jul/2024:19:27:07 +0200] "GET /mtqzp/v1171929.html HTTP/1.1" 200 41438 "-" "Mozilla/5.0 (Linux; Android 6.0.1; Nexus 5X Build/MMB29P) AppleWebKit/537.36 (KHTML, like Gecko) Chrome/125.0.6422.175 Mobile Safari/537.36 (compatible; Googlebot/2.1; +http://www.google.com/bot.html)"
66.249.70.97 - - [02/Jul/2024:19:27:26 +0200] "GET /nlwyq/r786995.html HTTP/1.1" 200 41775 "-" "Mozilla/5.0 (Linux; Android 6.0.1; Nexus 5X Build/MMB29P) AppleWebKit/537.36 (KHTML, like Gecko) Chrome/125.0.6422.175 Mobile Safari/537.36 (compatible; Googlebot/2.1; +http://www.google.com/bot.html)"
66.249.70.109 - - [02/Jul/2024:19:27:28 +0200] "GET /aeqlc/t1380343.html HTTP/1.1" 200 41700 "-" "Mozilla/5.0 (Linux; Android 6.0.1; Nexus 5X Build/MMB29P) AppleWebKit/537.36 (KHTML, like Gecko) Chrome/125.0.6422.175 Mobile Safari/537.36 (compatible; Googlebot/2.1; +http://www.google.com/bot.html)"
66.249.70.97 - - [02/Jul/2024:19:27:29 +0200] "GET /cjjjr/f217011.html HTTP/1.1" 200 41398 "-" "Mozilla/5.0 (Linux; Android 6.0.1; Nexus 5X Build/MMB29P) AppleWebKit/537.36 (KHTML, like Gecko) Chrome/125.0.6422.175 Mobile Safari/537.36 (compatible; Googlebot/2.1; +http://www.google.com/bot.html)"
66.249.70.97 - - [02/Jul/2024:19:27:30 +0200] "GET /wnzit/f1036869.html HTTP/1.1" 200 42462 "-" "Mozilla/5.0 (Linux; Android 6.0.1; Nexus 5X Build/MMB29P) AppleWebKit/537.36 (KHTML, like Gecko) Chrome/125.0.6422.175 Mobile Safari/537.36 (compatible; Googlebot/2.1; +http://www.google.com/bot.html)"
66.249.70.97 - - [02/Jul/2024:19:27:33 +0200] "GET /ansnw/h263969.html HTTP/1.1" 200 42669 "-" "Mozilla/5.0 (Linux; Android 6.0.1; Nexus 5X Build/MMB29P) AppleWebKit/537.36 (KHTML, like Gecko) Chrome/125.0.6422.175 Mobile Safari/537.36 (compatible; Googlebot/2.1; +http://www.google.com/bot.html)"
66.249.70.109 - - [02/Jul/2024:19:27:34 +0200] "GET /bzgdg/l2355543.html HTTP/1.1" 200 41825 "-" "Mozilla/5.0 (Linux; Android 6.0.1; Nexus 5X Build/MMB29P) AppleWebKit/537.36 (KHTML, like Gecko) Chrome/125.0.6422.175 Mobile Safari/537.36 (compatible; Googlebot/2.1; +http://www.google.com/bot.html)"
66.249.70.97 - - [02/Jul/2024:19:27:34 +0200] "GET /ydowc/d336843.html HTTP/1.1" 200 42014 "-" "Mozilla/5.0 (Linux; Android 6.0.1; Nexus 5X Build/MMB29P) AppleWebKit/537.36 (KHTML, like Gecko) Chrome/125.0.6422.175 Mobile Safari/537.36 (compatible; Googlebot/2.1; +http://www.google.com/bot.html)"
66.249.70.108 - - [02/Jul/2024:19:27:11 +0200] "GET /uvaos/y850754.html HTTP/1.1" 200 41385 "-" "Mozilla/5.0 (Linux; Android 6.0.1; Nexus 5X Build/MMB29P) AppleWebKit/537.36 (KHTML, like Gecko) Chrome/125.0.6422.175 Mobile Safari/537.36 (compatible; Googlebot/2.1; +http://www.google.com/bot.html)"
66.249.70.110 - - [02/Jul/2024:19:27:12 +0200] "GET /dffnj/j2097465.html HTTP/1.1" 200 42748 "-" "Mozilla/5.0 (Linux; Android 6.0.1; Nexus 5X Build/MMB29P) AppleWebKit/537.36 (KHTML, like Gecko) Chrome/125.0.6422.175 Mobile Safari/537.36 (compatible; Googlebot/2.1; +http://www.google.com/bot.html)"
66.249.70.108 - - [02/Jul/2024:19:27:13 +0200] "GET /lngey/i2079628.html HTTP/1.1" 200 42398 "-" "Mozilla/5.0 (Linux; Android 6.0.1; Nexus 5X Build/MMB29P) AppleWebKit/537.36 (KHTML, like Gecko) Chrome/125.0.6422.175 Mobile Safari/537.36 (compatible; Googlebot/2.1; +http://www.google.com/bot.html)"
66.249.70.108 - - [02/Jul/2024:19:27:15 +0200] "GET /cykyq/m2877598.html HTTP/1.1" 200 41652 "-" "Mozilla/5.0 (Linux; Android 6.0.1; Nexus 5X Build/MMB29P) AppleWebKit/537.36 (KHTML, like Gecko) Chrome/125.0.6422.175 Mobile Safari/537.36 (compatible; Googlebot/2.1; +http://www.google.com/bot.html)"
66.249.70.108 - - [02/Jul/2024:19:27:16 +0200] "GET /djdqr/t2880335.html HTTP/1.1" 200 42532 "-" "Mozilla/5.0 (Linux; Android 6.0.1; Nexus 5X Build/MMB29P) AppleWebKit/537.36 (KHTML, like Gecko) Chrome/125.0.6422.175 Mobile Safari/537.36 (compatible; Googlebot/2.1; +http://www.google.com/bot.html)"
66.249.70.110 - - [02/Jul/2024:19:27:18 +0200] "GET /ejlhx/e1034762.html HTTP/1.1" 200 41857 "-" "Mozilla/5.0 (Linux; Android 6.0.1; Nexus 5X Build/MMB29P) AppleWebKit/537.36 (KHTML, like Gecko) Chrome/125.0.6422.175 Mobile Safari/537.36 (compatible; Googlebot/2.1; +http://www.google.com/bot.html)"
66.249.70.110 - - [02/Jul/2024:19:27:19 +0200] "GET /bkdnr/y947734.html HTTP/1.1" 200 41518 "-" "Mozilla/5.0 (Linux; Android 6.0.1; Nexus 5X Build/MMB29P) AppleWebKit/537.36 (KHTML, like Gecko) Chrome/125.0.6422.175 Mobile Safari/537.36 (compatible; Googlebot/2.1; +http://www.google.com/bot.html)"
66.249.70.110 - - [02/Jul/2024:19:27:19 +0200] "GET /tyevx/y3029970.html HTTP/1.1" 200 42407 "-" "Mozilla/5.0 (Linux; Android 6.0.1; Nexus 5X Build/MMB29P) AppleWebKit/537.36 (KHTML, like Gecko) Chrome/125.0.6422.175 Mobile Safari/537.36 (compatible; Googlebot/2.1; +http://www.google.com/bot.html)"
66.249.70.108 - - [02/Jul/2024:19:27:21 +0200] "GET /jyzaa/c2160950.html HTTP/1.1" 200 41885 "-" "Mozilla/5.0 (Linux; Android 6.0.1; Nexus 5X Build/MMB29P) AppleWebKit/537.36 (KHTML, like Gecko) Chrome/125.0.6422.175 Mobile Safari/537.36 (compatible; Googlebot/2.1; +http://www.google.com/bot.html)"
66.249.70.110 - - [02/Jul/2024:19:27:23 +0200] "GET /zywhw/t470993.html HTTP/1.1" 200 41779 "-" "Mozilla/5.0 (Linux; Android 6.0.1; Nexus 5X Build/MMB29P) AppleWebKit/537.36 (KHTML, like Gecko) Chrome/125.0.6422.175 Mobile Safari/537.36 (compatible; Googlebot/2.1; +http://www.google.com/bot.html)"
66.249.70.96 - - [02/Jul/2024:19:27:26 +0200] "GET /zgvtp/a850574.html HTTP/1.1" 200 41368 "-" "Mozilla/5.0 (Linux; Android 6.0.1; Nexus 5X Build/MMB29P) AppleWebKit/537.36 (KHTML, like Gecko) Chrome/125.0.6422.175 Mobile Safari/537.36 (compatible; Googlebot/2.1; +http://www.google.com/bot.html)"
66.249.70.96 - - [02/Jul/2024:19:27:30 +0200] "GET /pdlxp/m1695872.html HTTP/1.1" 200 41349 "-" "Mozilla/5.0 (Linux; Android 6.0.1; Nexus 5X Build/MMB29P) AppleWebKit/537.36 (KHTML, like Gecko) Chrome/125.0.6422.175 Mobile Safari/537.36 (compatible; Googlebot/2.1; +http://www.google.com/bot.html)"
66.249.70.98 - - [02/Jul/2024:19:27:35 +0200] "GET /pllmi/h168185.html HTTP/1.1" 200 41443 "-" "Mozilla/5.0 (Linux; Android 6.0.1; Nexus 5X Build/MMB29P) AppleWebKit/537.36 (KHTML, like Gecko) Chrome/125.0.6422.175 Mobile Safari/537.36 (compatible; Googlebot/2.1; +http://www.google.com/bot.html)"
66.249.70.110 - - [02/Jul/2024:19:27:28 +0200] "GET /asiki/w1837608.html HTTP/1.1" 200 41169 "-" "Mozilla/5.0 (Linux; Android 6.0.1; Nexus 5X Build/MMB29P) AppleWebKit/537.36 (KHTML, like Gecko) Chrome/125.0.6422.175 Mobile Safari/537.36 (compatible; Googlebot/2.1; +http://www.google.com/bot.html)"
66.249.70.108 - - [02/Jul/2024:19:27:30 +0200] "GET /asilv/e2254162.html HTTP/1.1" 200 43535 "-" "Mozilla/5.0 (Linux; Android 6.0.1; Nexus 5X Build/MMB29P) AppleWebKit/537.36 (KHTML, like Gecko) Chrome/125.0.6422.175 Mobile Safari/537.36 (compatible; Googlebot/2.1; +http://www.google.com/bot.html)"
66.249.70.108 - - [02/Jul/2024:19:27:31 +0200] "GET /ygkyx/r770641.html HTTP/1.1" 200 42933 "-" "Mozilla/5.0 (Linux; Android 6.0.1; Nexus 5X Build/MMB29P) AppleWebKit/537.36 (KHTML, like Gecko) Chrome/125.0.6422.175 Mobile Safari/537.36 (compatible; Googlebot/2.1; +http://www.google.com/bot.html)"
66.249.70.110 - - [02/Jul/2024:19:27:32 +0200] "GET /mslgs/m2197750.html HTTP/1.1" 200 42137 "-" "Mozilla/5.0 (Linux; Android 6.0.1; Nexus 5X Build/MMB29P) AppleWebKit/537.36 (KHTML, like Gecko) Chrome/125.0.6422.175 Mobile Safari/537.36 (compatible; Googlebot/2.1; +http://www.google.com/bot.html)"
66.249.70.99 - - [02/Jul/2024:19:27:37 +0200] "GET /xqups/v1409101.html HTTP/1.1" 200 41398 "-" "Mozilla/5.0 (Linux; Android 6.0.1; Nexus 5X Build/MMB29P) AppleWebKit/537.36 (KHTML, like Gecko) Chrome/125.0.6422.175 Mobile Safari/537.36 (compatible; Googlebot/2.1; +http://www.google.com/bot.html)"
66.249.70.99 - - [02/Jul/2024:19:27:39 +0200] "GET /hkqoc/s2416988.html HTTP/1.1" 200 41642 "-" "Mozilla/5.0 (Linux; Android 6.0.1; Nexus 5X Build/MMB29P) AppleWebKit/537.36 (KHTML, like Gecko) Chrome/125.0.6422.175 Mobile Safari/537.36 (compatible; Googlebot/2.1; +http://www.google.com/bot.html)"
66.249.70.109 - - [02/Jul/2024:19:27:41 +0200] "GET /qazgu/b526745.html HTTP/1.1" 200 42012 "-" "Mozilla/5.0 (Linux; Android 6.0.1; Nexus 5X Build/MMB29P) AppleWebKit/537.36 (KHTML, like Gecko) Chrome/125.0.6422.175 Mobile Safari/537.36 (compatible; Googlebot/2.1; +http://www.google.com/bot.html)"
66.249.70.98 - - [02/Jul/2024:19:27:54 +0200] "GET /rbuuz/z1699681.html HTTP/1.1" 200 42520 "-" "Mozilla/5.0 (Linux; Android 6.0.1; Nexus 5X Build/MMB29P) AppleWebKit/537.36 (KHTML, like Gecko) Chrome/125.0.6422.175 Mobile Safari/537.36 (compatible; Googlebot/2.1; +http://www.google.com/bot.html)"
135.181.9.38 - - [02/Jul/2024:19:28:09 +0200] "POST /wp-cron.php?doing_wp_cron=1719941289.8109860420227050781250 HTTP/1.1" 200 0 "-" "WordPress/6.5.3; https://www.sudancam.net"
3.149.214.155 - - [02/Jul/2024:19:28:09 +0200] "GET /wp-json/wp/v2/posts//%22https:////koorasudan.net//wp-content//uploads//2022//10//FB_IMG_16648108872568833.jpg/%22 HTTP/2" 404 188 "-" "Mozilla/5.0 AppleWebKit/537.36 (KHTML, like Gecko; compatible; ClaudeBot/1.0; +claudebot@anthropic.com)"
135.181.9.38 - - [02/Jul/2024:19:28:10 +0200] "POST /wp-admin/admin-ajax.php?action=async_litespeed&nonce=fa75a626a4&litespeed_type=imgoptm HTTP/1.1" 200 21 "-" "WordPress/6.5.3; https://www.sudancam.net"
185.191.171.8 - - [02/Jul/2024:19:29:03 +0200] "GET /%D8%A5%D8%B3%D8%AA%D9%82%D8%A7%D9%84%D8%A9-%D9%85%D8%AF%D9%8A%D8%B1-%D8%A7%D9%84%D8%B1%D9%8A%D8%A7%D8%B6%D8%A9-%D8%A8%D9%83%D8%B3%D9%84%D8%A7-%D8%AA%D9%81%D8%AC%D8%B1-%D8%A7%D9%84%D8%A7%D9%88%D8%B6/ HTTP/1.1" 403 0 "-" "Mozilla/5.0 (compatible; SemrushBot/7~bl; +http://www.semrush.com/bot.html)"
66.249.70.97 - - [02/Jul/2024:19:29:42 +0200] "GET /%D8%A3%D8%AD%D8%AF%D8%A7%D8%AB-%D8%AF%D8%A7%D9%85%D9%8A%D8%A9-%D8%A8%D8%A8%D9%88%D8%B1%D8%AA%D8%B3%D9%88%D8%AF%D8%A7%D9%86-%D8%B1%D8%AC%D9%84-%D9%8A%D9%82%D8%AA%D9%84-%D8%AB%D9%84%D8%A7%D8%AB%D8%A7/feed/ HTTP/1.1" 200 41619 "-" "Mozilla/5.0 (Linux; Android 6.0.1; Nexus 5X Build/MMB29P) AppleWebKit/537.36 (KHTML, like Gecko) Chrome/125.0.6422.175 Mobile Safari/537.36 (compatible; Googlebot/2.1; +http://www.google.com/bot.html)"
66.249.70.99 - - [02/Jul/2024:19:27:40 +0200] "GET /ipnuc/h325433.html HTTP/1.1" 200 41634 "-" "Mozilla/5.0 (Linux; Android 6.0.1; Nexus 5X Build/MMB29P) AppleWebKit/537.36 (KHTML, like Gecko) Chrome/125.0.6422.175 Mobile Safari/537.36 (compatible; Googlebot/2.1; +http://www.google.com/bot.html)"
147.45.78.15 - - [02/Jul/2024:19:28:17 +0200] "POST /74a7c9952328.php HTTP/1.1" 500 9 "-" "curl/7.86.0"
85.208.96.211 - - [02/Jul/2024:19:30:04 +0200] "GET /%D8%A2%D8%AF%D9%85-%D8%B3%D9%88%D8%AF%D8%A7%D9%83%D8%A7%D9%84-%D9%82%D8%A7%D8%AF%D8%B1%D9%88%D9%86-%D8%B9%D9%84%D9%89-%D8%A7%D9%84%D8%AA%D8%AC%D8%AF%D9%8A%D8%AF-%D9%84%D9%84%D8%AA%D8%B4-%D9%88/ HTTP/1.1" 403 0 "-" "Mozilla/5.0 (compatible; SemrushBot/7~bl; +http://www.semrush.com/bot.html)"
40.77.167.14 - - [02/Jul/2024:19:30:11 +0200] "GET /ygucq/y1323720.html HTTP/2" 200 41258 "-" "Mozilla/5.0 AppleWebKit/537.36 (KHTML, like Gecko; compatible; bingbot/2.0; +http://www.bing.com/bingbot.htm) Chrome/116.0.1938.76 Safari/537.36"
66.249.70.97 - - [02/Jul/2024:19:30:50 +0200] "GET /tpcbl/y116930.html HTTP/1.1" 200 41658 "-" "Mozilla/5.0 (compatible; Googlebot/2.1; +http://www.google.com/bot.html)"
66.249.70.108 - - [02/Jul/2024:19:30:53 +0200] "GET /loage/n944941.html HTTP/1.1" 200 40920 "-" "Mozilla/5.0 (Linux; Android 6.0.1; Nexus 5X Build/MMB29P) AppleWebKit/537.36 (KHTML, like Gecko) Chrome/125.0.6422.175 Mobile Safari/537.36 (compatible; Googlebot/2.1; +http://www.google.com/bot.html)"
66.249.70.110 - - [02/Jul/2024:19:30:53 +0200] "GET /wiwhe/q608686.html HTTP/1.1" 200 41390 "-" "Mozilla/5.0 (Linux; Android 6.0.1; Nexus 5X Build/MMB29P) AppleWebKit/537.36 (KHTML, like Gecko) Chrome/125.0.6422.175 Mobile Safari/537.36 (compatible; Googlebot/2.1; +http://www.google.com/bot.html)"
66.249.70.109 - - [02/Jul/2024:19:30:54 +0200] "GET /fdwth/r1926445.html HTTP/1.1" 200 42494 "-" "Mozilla/5.0 (Linux; Android 6.0.1; Nexus 5X Build/MMB29P) AppleWebKit/537.36 (KHTML, like Gecko) Chrome/125.0.6422.175 Mobile Safari/537.36 (compatible; Googlebot/2.1; +http://www.google.com/bot.html)"
66.249.70.108 - - [02/Jul/2024:19:30:54 +0200] "GET /zpjhj/y386030.html HTTP/1.1" 200 41945 "-" "Mozilla/5.0 (Linux; Android 6.0.1; Nexus 5X Build/MMB29P) AppleWebKit/537.36 (KHTML, like Gecko) Chrome/125.0.6422.175 Mobile Safari/537.36 (compatible; Googlebot/2.1; +http://www.google.com/bot.html)"
66.249.70.109 - - [02/Jul/2024:19:30:55 +0200] "GET /lckml/y1194942.html HTTP/1.1" 200 41670 "-" "Mozilla/5.0 (Linux; Android 6.0.1; Nexus 5X Build/MMB29P) AppleWebKit/537.36 (KHTML, like Gecko) Chrome/125.0.6422.175 Mobile Safari/537.36 (compatible; Googlebot/2.1; +http://www.google.com/bot.html)"
66.249.70.109 - - [02/Jul/2024:19:30:56 +0200] "GET /reevt/m2435130.html HTTP/1.1" 200 41309 "-" "Mozilla/5.0 (Linux; Android 6.0.1; Nexus 5X Build/MMB29P) AppleWebKit/537.36 (KHTML, like Gecko) Chrome/125.0.6422.175 Mobile Safari/537.36 (compatible; Googlebot/2.1; +http://www.google.com/bot.html)"
66.249.70.109 - - [02/Jul/2024:19:30:57 +0200] "GET /hukgc/p288157.html HTTP/1.1" 200 41731 "-" "Mozilla/5.0 (Linux; Android 6.0.1; Nexus 5X Build/MMB29P) AppleWebKit/537.36 (KHTML, like Gecko) Chrome/125.0.6422.175 Mobile Safari/537.36 (compatible; Googlebot/2.1; +http://www.google.com/bot.html)"
66.249.70.110 - - [02/Jul/2024:19:30:57 +0200] "GET /xqumc/x2643063.html HTTP/1.1" 200 42160 "-" "Mozilla/5.0 (Linux; Android 6.0.1; Nexus 5X Build/MMB29P) AppleWebKit/537.36 (KHTML, like Gecko) Chrome/125.0.6422.175 Mobile Safari/537.36 (compatible; Googlebot/2.1; +http://www.google.com/bot.html)"
66.249.70.109 - - [02/Jul/2024:19:30:58 +0200] "GET /ysfpd/h755031.html HTTP/1.1" 200 42251 "-" "Mozilla/5.0 (Linux; Android 6.0.1; Nexus 5X Build/MMB29P) AppleWebKit/537.36 (KHTML, like Gecko) Chrome/125.0.6422.175 Mobile Safari/537.36 (compatible; Googlebot/2.1; +http://www.google.com/bot.html)"
66.249.70.98 - - [02/Jul/2024:19:27:35 +0200] "GET /fdgjv/u2263720.html HTTP/1.1" 200 42649 "-" "Mozilla/5.0 (Linux; Android 6.0.1; Nexus 5X Build/MMB29P) AppleWebKit/537.36 (KHTML, like Gecko) Chrome/125.0.6422.175 Mobile Safari/537.36 (compatible; Googlebot/2.1; +http://www.google.com/bot.html)"
66.249.70.97 - - [02/Jul/2024:19:27:36 +0200] "GET /mgsxq/m348864.html HTTP/1.1" 200 42405 "-" "Mozilla/5.0 (Linux; Android 6.0.1; Nexus 5X Build/MMB29P) AppleWebKit/537.36 (KHTML, like Gecko) Chrome/125.0.6422.175 Mobile Safari/537.36 (compatible; Googlebot/2.1; +http://www.google.com/bot.html)"
66.249.70.98 - - [02/Jul/2024:19:27:37 +0200] "GET /dprjh/e1001872.html HTTP/1.1" 200 42018 "-" "Mozilla/5.0 (Linux; Android 6.0.1; Nexus 5X Build/MMB29P) AppleWebKit/537.36 (KHTML, like Gecko) Chrome/125.0.6422.175 Mobile Safari/537.36 (compatible; Googlebot/2.1; +http://www.google.com/bot.html)"
66.249.70.97 - - [02/Jul/2024:19:27:38 +0200] "GET /zgqve/a518632.html HTTP/1.1" 200 41635 "-" "Mozilla/5.0 (Linux; Android 6.0.1; Nexus 5X Build/MMB29P) AppleWebKit/537.36 (KHTML, like Gecko) Chrome/125.0.6422.175 Mobile Safari/537.36 (compatible; Googlebot/2.1; +http://www.google.com/bot.html)"
85.208.96.200 - - [02/Jul/2024:19:28:03 +0200] "GET /%D9%85%D8%AD%D9%85%D8%AF-%D8%B9%D8%A8%D8%AF%D8%A7%D9%84%D9%82%D8%A7%D8%AF%D8%B1-%D9%8A%D9%83%D8%AA%D8%A8-%D8%B3%D8%B9%D8%A7%D8%AF%D8%A9-%D8%A7%D9%84%D8%AC%D9%86%D8%B1%D8%A7%D9%84-%D8%A7%D9%84%D8%A8/ HTTP/1.1" 403 0 "-" "Mozilla/5.0 (compatible; SemrushBot/7~bl; +http://www.semrush.com/bot.html)"
66.249.70.96 - - [02/Jul/2024:19:28:38 +0200] "GET /%D9%83%D8%A3%D8%B3-%D8%A7%D9%84%D8%A3%D9%85%D9%85-%D8%A7%D9%84%D8%A3%D9%81%D8%B1%D9%8A%D9%82%D9%8A%D8%A9-%D8%B9%D9%88%D8%AF%D8%A9-%D9%81%D9%8A-%D9%86%D8%B4%D8%B1%D8%A9-%D8%AE%D8%A7%D8%B5%D8%A9-%D8%B9/ HTTP/1.1" 200 43450 "-" "Mozilla/5.0 (Linux; Android 6.0.1; Nexus 5X Build/MMB29P) AppleWebKit/537.36 (KHTML, like Gecko) Chrome/125.0.6422.175 Mobile Safari/537.36 (compatible; Googlebot/2.1; +http://www.google.com/bot.html)"
66.249.70.96 - - [02/Jul/2024:19:29:42 +0200] "GET /tag/%D8%A7%D9%84%D8%A3%D9%85%D8%B1%D9%8A%D9%86/ HTTP/1.1" 200 41138 "-" "Mozilla/5.0 (Linux; Android 6.0.1; Nexus 5X Build/MMB29P) AppleWebKit/537.36 (KHTML, like Gecko) Chrome/125.0.6422.175 Mobile Safari/537.36 (compatible; Googlebot/2.1; +http://www.google.com/bot.html)"
147.45.78.15 - - [02/Jul/2024:19:30:13 +0200] "POST /74a7c9952328.php HTTP/1.1" 500 9 "-" "curl/7.86.0"
66.249.70.96 - - [02/Jul/2024:19:30:53 +0200] "GET /ezpjs/y1035198.html HTTP/1.1" 200 42054 "-" "Mozilla/5.0 (Linux; Android 6.0.1; Nexus 5X Build/MMB29P) AppleWebKit/537.36 (KHTML, like Gecko) Chrome/125.0.6422.175 Mobile Safari/537.36 (compatible; Googlebot/2.1; +http://www.google.com/bot.html)"
66.249.70.96 - - [02/Jul/2024:19:30:55 +0200] "GET /utpis/i2816312.html HTTP/1.1" 200 41875 "-" "Mozilla/5.0 (Linux; Android 6.0.1; Nexus 5X Build/MMB29P) AppleWebKit/537.36 (KHTML, like Gecko) Chrome/125.0.6422.175 Mobile Safari/537.36 (compatible; Googlebot/2.1; +http://www.google.com/bot.html)"
66.249.70.108 - - [02/Jul/2024:19:31:00 +0200] "GET /qcbol/n711409.html HTTP/1.1" 200 42034 "-" "Mozilla/5.0 (Linux; Android 6.0.1; Nexus 5X Build/MMB29P) AppleWebKit/537.36 (KHTML, like Gecko) Chrome/125.0.6422.175 Mobile Safari/537.36 (compatible; Googlebot/2.1; +http://www.google.com/bot.html)"
66.249.70.108 - - [02/Jul/2024:19:31:01 +0200] "GET /oysab/k549946.html HTTP/1.1" 200 41290 "-" "Mozilla/5.0 (Linux; Android 6.0.1; Nexus 5X Build/MMB29P) AppleWebKit/537.36 (KHTML, like Gecko) Chrome/125.0.6422.175 Mobile Safari/537.36 (compatible; Googlebot/2.1; +http://www.google.com/bot.html)"
66.249.70.108 - - [02/Jul/2024:19:31:07 +0200] "GET /bkmod/w1252114.html HTTP/1.1" 200 42117 "-" "Mozilla/5.0 (Linux; Android 6.0.1; Nexus 5X Build/MMB29P) AppleWebKit/537.36 (KHTML, like Gecko) Chrome/125.0.6422.175 Mobile Safari/537.36 (compatible; Googlebot/2.1; +http://www.google.com/bot.html)"
66.249.70.96 - - [02/Jul/2024:19:30:56 +0200] "GET /hxorz/z1119829.html HTTP/1.1" 200 43019 "-" "Mozilla/5.0 (Linux; Android 6.0.1; Nexus 5X Build/MMB29P) AppleWebKit/537.36 (KHTML, like Gecko) Chrome/125.0.6422.175 Mobile Safari/537.36 (compatible; Googlebot/2.1; +http://www.google.com/bot.html)"
66.249.70.96 - - [02/Jul/2024:19:30:58 +0200] "GET /cblrh/b746055.html HTTP/1.1" 200 42022 "-" "Mozilla/5.0 (Linux; Android 6.0.1; Nexus 5X Build/MMB29P) AppleWebKit/537.36 (KHTML, like Gecko) Chrome/125.0.6422.175 Mobile Safari/537.36 (compatible; Googlebot/2.1; +http://www.google.com/bot.html)"
85.208.96.205 - - [02/Jul/2024:19:31:05 +0200] "GET /%D9%82%D9%8A%D8%A7%D8%AF%D9%8A-%D8%A8%D8%A7%D9%84%D8%B4%D9%8A%D9%88%D8%B9%D9%8A-%D8%AE%D8%B1%D9%88%D8%AC-%D8%A7%D9%84%D8%A8%D8%B9%D8%AB-%D9%85%D9%86-%D8%A7%D9%84%D8%AD%D8%B1%D9%8A%D8%A9-%D9%88%D8%A7/ HTTP/1.1" 403 0 "-" "Mozilla/5.0 (compatible; SemrushBot/7~bl; +http://www.semrush.com/bot.html)"
66.249.70.108 - - [02/Jul/2024:19:31:10 +0200] "GET /mukym/x2072987.html HTTP/1.1" 200 42355 "-" "Mozilla/5.0 (Linux; Android 6.0.1; Nexus 5X Build/MMB29P) AppleWebKit/537.36 (KHTML, like Gecko) Chrome/125.0.6422.175 Mobile Safari/537.36 (compatible; Googlebot/2.1; +http://www.google.com/bot.html)"
66.249.70.109 - - [02/Jul/2024:19:31:11 +0200] "GET /kaiha/i2628982.html HTTP/1.1" 200 41543 "-" "Mozilla/5.0 (Linux; Android 6.0.1; Nexus 5X Build/MMB29P) AppleWebKit/537.36 (KHTML, like Gecko) Chrome/125.0.6422.175 Mobile Safari/537.36 (compatible; Googlebot/2.1; +http://www.google.com/bot.html)"
66.249.70.109 - - [02/Jul/2024:19:31:12 +0200] "GET /uvvvn/e2419444.html HTTP/1.1" 200 43374 "-" "Mozilla/5.0 (Linux; Android 6.0.1; Nexus 5X Build/MMB29P) AppleWebKit/537.36 (KHTML, like Gecko) Chrome/125.0.6422.175 Mobile Safari/537.36 (compatible; Googlebot/2.1; +http://www.google.com/bot.html)"
66.249.70.108 - - [02/Jul/2024:19:31:12 +0200] "GET /xltml/e1909142.html HTTP/1.1" 200 42452 "-" "Mozilla/5.0 (Linux; Android 6.0.1; Nexus 5X Build/MMB29P) AppleWebKit/537.36 (KHTML, like Gecko) Chrome/125.0.6422.175 Mobile Safari/537.36 (compatible; Googlebot/2.1; +http://www.google.com/bot.html)"
66.249.70.109 - - [02/Jul/2024:19:31:12 +0200] "GET /uiall/o534818.html HTTP/1.1" 200 42283 "-" "Mozilla/5.0 (Linux; Android 6.0.1; Nexus 5X Build/MMB29P) AppleWebKit/537.36 (KHTML, like Gecko) Chrome/125.0.6422.175 Mobile Safari/537.36 (compatible; Googlebot/2.1; +http://www.google.com/bot.html)"
66.249.70.109 - - [02/Jul/2024:19:31:13 +0200] "GET /lqopa/f1237355.html HTTP/1.1" 200 43104 "-" "Mozilla/5.0 (Linux; Android 6.0.1; Nexus 5X Build/MMB29P) AppleWebKit/537.36 (KHTML, like Gecko) Chrome/125.0.6422.175 Mobile Safari/537.36 (compatible; Googlebot/2.1; +http://www.google.com/bot.html)"
66.249.70.108 - - [02/Jul/2024:19:31:14 +0200] "GET /fegxh/x235879.html HTTP/1.1" 200 42411 "-" "Mozilla/5.0 (Linux; Android 6.0.1; Nexus 5X Build/MMB29P) AppleWebKit/537.36 (KHTML, like Gecko) Chrome/125.0.6422.175 Mobile Safari/537.36 (compatible; Googlebot/2.1; +http://www.google.com/bot.html)"
66.249.70.110 - - [02/Jul/2024:19:31:15 +0200] "GET /uzsmt/p1733965.html HTTP/1.1" 200 42184 "-" "Mozilla/5.0 (Linux; Android 6.0.1; Nexus 5X Build/MMB29P) AppleWebKit/537.36 (KHTML, like Gecko) Chrome/125.0.6422.175 Mobile Safari/537.36 (compatible; Googlebot/2.1; +http://www.google.com/bot.html)"
66.249.70.110 - - [02/Jul/2024:19:31:17 +0200] "GET /luvsg/g288928.html HTTP/1.1" 200 42137 "-" "Mozilla/5.0 (Linux; Android 6.0.1; Nexus 5X Build/MMB29P) AppleWebKit/537.36 (KHTML, like Gecko) Chrome/125.0.6422.175 Mobile Safari/537.36 (compatible; Googlebot/2.1; +http://www.google.com/bot.html)"
66.249.70.108 - - [02/Jul/2024:19:31:17 +0200] "GET /ztisu/w1028436.html HTTP/1.1" 200 41754 "-" "Mozilla/5.0 (Linux; Android 6.0.1; Nexus 5X Build/MMB29P) AppleWebKit/537.36 (KHTML, like Gecko) Chrome/125.0.6422.175 Mobile Safari/537.36 (compatible; Googlebot/2.1; +http://www.google.com/bot.html)"
66.249.70.108 - - [02/Jul/2024:19:31:08 +0200] "GET /zpteb/n1887363.html HTTP/1.1" 200 41164 "-" "Mozilla/5.0 (Linux; Android 6.0.1; Nexus 5X Build/MMB29P) AppleWebKit/537.36 (KHTML, like Gecko) Chrome/125.0.6422.175 Mobile Safari/537.36 (compatible; Googlebot/2.1; +http://www.google.com/bot.html)"
66.249.70.108 - - [02/Jul/2024:19:31:09 +0200] "GET /wuotr/d566007.html HTTP/1.1" 200 40953 "-" "Mozilla/5.0 (Linux; Android 6.0.1; Nexus 5X Build/MMB29P) AppleWebKit/537.36 (KHTML, like Gecko) Chrome/125.0.6422.175 Mobile Safari/537.36 (compatible; Googlebot/2.1; +http://www.google.com/bot.html)"
66.249.70.108 - - [02/Jul/2024:19:31:10 +0200] "GET /ijlwg/y1558058.html HTTP/1.1" 200 41707 "-" "Mozilla/5.0 (Linux; Android 6.0.1; Nexus 5X Build/MMB29P) AppleWebKit/537.36 (KHTML, like Gecko) Chrome/125.0.6422.175 Mobile Safari/537.36 (compatible; Googlebot/2.1; +http://www.google.com/bot.html)"
66.249.70.108 - - [02/Jul/2024:19:31:10 +0200] "GET /dpsaa/e1226096.html HTTP/1.1" 200 42985 "-" "Mozilla/5.0 (Linux; Android 6.0.1; Nexus 5X Build/MMB29P) AppleWebKit/537.36 (KHTML, like Gecko) Chrome/125.0.6422.175 Mobile Safari/537.36 (compatible; Googlebot/2.1; +http://www.google.com/bot.html)"
66.249.70.108 - - [02/Jul/2024:19:31:11 +0200] "GET /wltxm/i330322.html HTTP/1.1" 200 41467 "-" "Mozilla/5.0 (Linux; Android 6.0.1; Nexus 5X Build/MMB29P) AppleWebKit/537.36 (KHTML, like Gecko) Chrome/125.0.6422.175 Mobile Safari/537.36 (compatible; Googlebot/2.1; +http://www.google.com/bot.html)"
66.249.70.109 - - [02/Jul/2024:19:31:12 +0200] "GET /ucszl/y889624.html HTTP/1.1" 200 41514 "-" "Mozilla/5.0 (Linux; Android 6.0.1; Nexus 5X Build/MMB29P) AppleWebKit/537.36 (KHTML, like Gecko) Chrome/125.0.6422.175 Mobile Safari/537.36 (compatible; Googlebot/2.1; +http://www.google.com/bot.html)"
66.249.70.109 - - [02/Jul/2024:19:31:13 +0200] "GET /vklep/z1350293.html HTTP/1.1" 200 42067 "-" "Mozilla/5.0 (Linux; Android 6.0.1; Nexus 5X Build/MMB29P) AppleWebKit/537.36 (KHTML, like Gecko) Chrome/125.0.6422.175 Mobile Safari/537.36 (compatible; Googlebot/2.1; +http://www.google.com/bot.html)"
66.249.70.109 - - [02/Jul/2024:19:31:14 +0200] "GET /fgnth/u599954.html HTTP/1.1" 200 41257 "-" "Mozilla/5.0 (Linux; Android 6.0.1; Nexus 5X Build/MMB29P) AppleWebKit/537.36 (KHTML, like Gecko) Chrome/125.0.6422.175 Mobile Safari/537.36 (compatible; Googlebot/2.1; +http://www.google.com/bot.html)"
