66.249.70.109 - - [02/Jul/2024:15:58:22 +0200] "GET /hnasr/r1122083.html HTTP/1.1" 200 41914 "-" "Mozilla/5.0 (Linux; Android 6.0.1; Nexus 5X Build/MMB29P) AppleWebKit/537.36 (KHTML, like Gecko) Chrome/125.0.6422.175 Mobile Safari/537.36 (compatible; Googlebot/2.1; +http://www.google.com/bot.html)"
66.249.70.96 - - [02/Jul/2024:15:58:22 +0200] "GET /aygvp/x1809711.html HTTP/1.1" 200 42338 "-" "Mozilla/5.0 (Linux; Android 6.0.1; Nexus 5X Build/MMB29P) AppleWebKit/537.36 (KHTML, like Gecko) Chrome/125.0.6422.175 Mobile Safari/537.36 (compatible; Googlebot/2.1; +http://www.google.com/bot.html)"
66.249.70.96 - - [02/Jul/2024:15:58:22 +0200] "GET /jtyiu/s1293580.html HTTP/1.1" 200 43395 "-" "Mozilla/5.0 (Linux; Android 6.0.1; Nexus 5X Build/MMB29P) AppleWebKit/537.36 (KHTML, like Gecko) Chrome/125.0.6422.175 Mobile Safari/537.36 (compatible; Googlebot/2.1; +http://www.google.com/bot.html)"
66.249.70.109 - - [02/Jul/2024:15:58:23 +0200] "GET /xvami/x1753421.html HTTP/1.1" 200 42861 "-" "Mozilla/5.0 (Linux; Android 6.0.1; Nexus 5X Build/MMB29P) AppleWebKit/537.36 (KHTML, like Gecko) Chrome/125.0.6422.175 Mobile Safari/537.36 (compatible; Googlebot/2.1; +http://www.google.com/bot.html)"
66.249.70.109 - - [02/Jul/2024:15:58:23 +0200] "GET /vwqcl/r1896181.html HTTP/1.1" 200 41487 "-" "Mozilla/5.0 (Linux; Android 6.0.1; Nexus 5X Build/MMB29P) AppleWebKit/537.36 (KHTML, like Gecko) Chrome/125.0.6422.175 Mobile Safari/537.36 (compatible; Googlebot/2.1; +http://www.google.com/bot.html)"
66.249.70.108 - - [02/Jul/2024:15:58:17 +0200] "GET /hdzqj/v354177.html HTTP/1.1" 200 41670 "-" "Mozilla/5.0 (Linux; Android 6.0.1; Nexus 5X Build/MMB29P) AppleWebKit/537.36 (KHTML, like Gecko) Chrome/125.0.6422.175 Mobile Safari/537.36 (compatible; Googlebot/2.1; +http://www.google.com/bot.html)"
66.249.70.97 - - [02/Jul/2024:15:58:26 +0200] "GET /ocysg/w1398104.html HTTP/1.1" 200 41635 "-" "Mozilla/5.0 (Linux; Android 6.0.1; Nexus 5X Build/MMB29P) AppleWebKit/537.36 (KHTML, like Gecko) Chrome/125.0.6422.175 Mobile Safari/537.36 (compatible; Googlebot/2.1; +http://www.google.com/bot.html)"
66.249.70.97 - - [02/Jul/2024:15:58:27 +0200] "GET /imyig/d251563.html HTTP/1.1" 200 42449 "-" "Mozilla/5.0 (Linux; Android 6.0.1; Nexus 5X Build/MMB29P) AppleWebKit/537.36 (KHTML, like Gecko) Chrome/125.0.6422.175 Mobile Safari/537.36 (compatible; Googlebot/2.1; +http://www.google.com/bot.html)"
66.249.70.96 - - [02/Jul/2024:15:58:29 +0200] "GET /akamc/w298772.html HTTP/1.1" 200 41991 "-" "Mozilla/5.0 (Linux; Android 6.0.1; Nexus 5X Build/MMB29P) AppleWebKit/537.36 (KHTML, like Gecko) Chrome/125.0.6422.175 Mobile Safari/537.36 (compatible; Googlebot/2.1; +http://www.google.com/bot.html)"
66.249.70.97 - - [02/Jul/2024:15:58:30 +0200] "GET /csucc/r245519.html HTTP/1.1" 200 41581 "-" "Mozilla/5.0 (Linux; Android 6.0.1; Nexus 5X Build/MMB29P) AppleWebKit/537.36 (KHTML, like Gecko) Chrome/125.0.6422.175 Mobile Safari/537.36 (compatible; Googlebot/2.1; +http://www.google.com/bot.html)"
66.249.70.108 - - [02/Jul/2024:15:58:31 +0200] "GET /alenc/b1149757.html HTTP/1.1" 200 42299 "-" "Mozilla/5.0 (Linux; Android 6.0.1; Nexus 5X Build/MMB29P) AppleWebKit/537.36 (KHTML, like Gecko) Chrome/125.0.6422.175 Mobile Safari/537.36 (compatible; Googlebot/2.1; +http://www.google.com/bot.html)"
66.249.70.97 - - [02/Jul/2024:15:58:31 +0200] "GET /wjdtl/h266803.html HTTP/1.1" 200 42898 "-" "Mozilla/5.0 (Linux; Android 6.0.1; Nexus 5X Build/MMB29P) AppleWebKit/537.36 (KHTML, like Gecko) Chrome/125.0.6422.175 Mobile Safari/537.36 (compatible; Googlebot/2.1; +http://www.google.com/bot.html)"
66.249.70.96 - - [02/Jul/2024:15:58:32 +0200] "GET /edjuf/y779176.html HTTP/1.1" 200 41621 "-" "Mozilla/5.0 (Linux; Android 6.0.1; Nexus 5X Build/MMB29P) AppleWebKit/537.36 (KHTML, like Gecko) Chrome/125.0.6422.175 Mobile Safari/537.36 (compatible; Googlebot/2.1; +http://www.google.com/bot.html)"
66.249.70.99 - - [02/Jul/2024:15:58:32 +0200] "GET /qpokz/h338043.html HTTP/1.1" 200 41085 "-" "Mozilla/5.0 (Linux; Android 6.0.1; Nexus 5X Build/MMB29P) AppleWebKit/537.36 (KHTML, like Gecko) Chrome/125.0.6422.175 Mobile Safari/537.36 (compatible; Googlebot/2.1; +http://www.google.com/bot.html)"
66.249.70.108 - - [02/Jul/2024:15:58:32 +0200] "GET /tjjbb/j125625.html HTTP/1.1" 200 41244 "-" "Mozilla/5.0 (Linux; Android 6.0.1; Nexus 5X Build/MMB29P) AppleWebKit/537.36 (KHTML, like Gecko) Chrome/125.0.6422.175 Mobile Safari/537.36 (compatible; Googlebot/2.1; +http://www.google.com/bot.html)"
66.249.70.110 - - [02/Jul/2024:15:58:33 +0200] "GET /nluqz/g2318462.html HTTP/1.1" 200 41684 "-" "Mozilla/5.0 (Linux; Android 6.0.1; Nexus 5X Build/MMB29P) AppleWebKit/537.36 (KHTML, like Gecko) Chrome/125.0.6422.175 Mobile Safari/537.36 (compatible; Googlebot/2.1; +http://www.google.com/bot.html)"
66.249.70.110 - - [02/Jul/2024:15:58:34 +0200] "GET /wplou/z371939.html HTTP/1.1" 200 42623 "-" "Mozilla/5.0 (Linux; Android 6.0.1; Nexus 5X Build/MMB29P) AppleWebKit/537.36 (KHTML, like Gecko) Chrome/125.0.6422.175 Mobile Safari/537.36 (compatible; Googlebot/2.1; +http://www.google.com/bot.html)"
66.249.70.97 - - [02/Jul/2024:15:58:34 +0200] "GET /ddnqh/v184423.html HTTP/1.1" 200 41523 "-" "Mozilla/5.0 (Linux; Android 6.0.1; Nexus 5X Build/MMB29P) AppleWebKit/537.36 (KHTML, like Gecko) Chrome/125.0.6422.175 Mobile Safari/537.36 (compatible; Googlebot/2.1; +http://www.google.com/bot.html)"
66.249.70.110 - - [02/Jul/2024:15:58:19 +0200] "GET /tktuy/y1516276.html HTTP/1.1" 200 41708 "-" "Mozilla/5.0 (Linux; Android 6.0.1; Nexus 5X Build/MMB29P) AppleWebKit/537.36 (KHTML, like Gecko) Chrome/125.0.6422.175 Mobile Safari/537.36 (compatible; Googlebot/2.1; +http://www.google.com/bot.html)"
66.249.70.108 - - [02/Jul/2024:15:58:19 +0200] "GET /ppwxk/d2971007.html HTTP/1.1" 200 41785 "-" "Mozilla/5.0 (Linux; Android 6.0.1; Nexus 5X Build/MMB29P) AppleWebKit/537.36 (KHTML, like Gecko) Chrome/125.0.6422.175 Mobile Safari/537.36 (compatible; Googlebot/2.1; +http://www.google.com/bot.html)"
66.249.70.108 - - [02/Jul/2024:15:58:20 +0200] "GET /qxrdy/d2094833.html HTTP/1.1" 200 41716 "-" "Mozilla/5.0 (Linux; Android 6.0.1; Nexus 5X Build/MMB29P) AppleWebKit/537.36 (KHTML, like Gecko) Chrome/125.0.6422.175 Mobile Safari/537.36 (compatible; Googlebot/2.1; +http://www.google.com/bot.html)"
66.249.70.110 - - [02/Jul/2024:15:58:20 +0200] "GET /hcfrw/i2699962.html HTTP/1.1" 200 41456 "-" "Mozilla/5.0 (Linux; Android 6.0.1; Nexus 5X Build/MMB29P) AppleWebKit/537.36 (KHTML, like Gecko) Chrome/125.0.6422.175 Mobile Safari/537.36 (compatible; Googlebot/2.1; +http://www.google.com/bot.html)"
66.249.70.108 - - [02/Jul/2024:15:58:22 +0200] "GET /adovx/c2925948.html HTTP/1.1" 200 41474 "-" "Mozilla/5.0 (Linux; Android 6.0.1; Nexus 5X Build/MMB29P) AppleWebKit/537.36 (KHTML, like Gecko) Chrome/125.0.6422.175 Mobile Safari/537.36 (compatible; Googlebot/2.1; +http://www.google.com/bot.html)"
66.249.70.108 - - [02/Jul/2024:15:58:24 +0200] "GET /muirb/q2605694.html HTTP/1.1" 200 42644 "-" "Mozilla/5.0 (Linux; Android 6.0.1; Nexus 5X Build/MMB29P) AppleWebKit/537.36 (KHTML, like Gecko) Chrome/125.0.6422.175 Mobile Safari/537.36 (compatible; Googlebot/2.1; +http://www.google.com/bot.html)"
66.249.70.110 - - [02/Jul/2024:15:58:24 +0200] "GET /xzjrx/s1399530.html HTTP/1.1" 200 41435 "-" "Mozilla/5.0 (Linux; Android 6.0.1; Nexus 5X Build/MMB29P) AppleWebKit/537.36 (KHTML, like Gecko) Chrome/125.0.6422.175 Mobile Safari/537.36 (compatible; Googlebot/2.1; +http://www.google.com/bot.html)"
66.249.70.110 - - [02/Jul/2024:15:58:26 +0200] "GET /qtpbi/s3062568.html HTTP/1.1" 200 41574 "-" "Mozilla/5.0 (Linux; Android 6.0.1; Nexus 5X Build/MMB29P) AppleWebKit/537.36 (KHTML, like Gecko) Chrome/125.0.6422.175 Mobile Safari/537.36 (compatible; Googlebot/2.1; +http://www.google.com/bot.html)"
66.249.70.109 - - [02/Jul/2024:15:58:31 +0200] "GET /ythpo/u1231936.html HTTP/1.1" 200 43120 "-" "Mozilla/5.0 (Linux; Android 6.0.1; Nexus 5X Build/MMB29P) AppleWebKit/537.36 (KHTML, like Gecko) Chrome/125.0.6422.175 Mobile Safari/537.36 (compatible; Googlebot/2.1; +http://www.google.com/bot.html)"
66.249.70.109 - - [02/Jul/2024:15:58:33 +0200] "GET /etzui/g2530830.html HTTP/1.1" 200 42137 "-" "Mozilla/5.0 (Linux; Android 6.0.1; Nexus 5X Build/MMB29P) AppleWebKit/537.36 (KHTML, like Gecko) Chrome/125.0.6422.175 Mobile Safari/537.36 (compatible; Googlebot/2.1; +http://www.google.com/bot.html)"
66.249.70.98 - - [02/Jul/2024:15:58:34 +0200] "GET /gtpcd/f241503.html HTTP/1.1" 200 41244 "-" "Mozilla/5.0 (Linux; Android 6.0.1; Nexus 5X Build/MMB29P) AppleWebKit/537.36 (KHTML, like Gecko) Chrome/125.0.6422.175 Mobile Safari/537.36 (compatible; Googlebot/2.1; +http://www.google.com/bot.html)"
66.249.70.109 - - [02/Jul/2024:15:58:37 +0200] "GET /yoiic/w1061846.html HTTP/1.1" 200 41576 "-" "Mozilla/5.0 (Linux; Android 6.0.1; Nexus 5X Build/MMB29P) AppleWebKit/537.36 (KHTML, like Gecko) Chrome/125.0.6422.175 Mobile Safari/537.36 (compatible; Googlebot/2.1; +http://www.google.com/bot.html)"
66.249.70.109 - - [02/Jul/2024:15:58:37 +0200] "GET /xdhiu/g1379992.html HTTP/1.1" 200 42509 "-" "Mozilla/5.0 (Linux; Android 6.0.1; Nexus 5X Build/MMB29P) AppleWebKit/537.36 (KHTML, like Gecko) Chrome/125.0.6422.175 Mobile Safari/537.36 (compatible; Googlebot/2.1; +http://www.google.com/bot.html)"
66.249.70.110 - - [02/Jul/2024:15:58:35 +0200] "GET /zdsbu/z941365.html HTTP/1.1" 200 42297 "-" "Mozilla/5.0 (Linux; Android 6.0.1; Nexus 5X Build/MMB29P) AppleWebKit/537.36 (KHTML, like Gecko) Chrome/125.0.6422.175 Mobile Safari/537.36 (compatible; Googlebot/2.1; +http://www.google.com/bot.html)"
66.249.70.96 - - [02/Jul/2024:15:58:35 +0200] "GET /lebtz/x2054215.html HTTP/1.1" 200 41370 "-" "Mozilla/5.0 (Linux; Android 6.0.1; Nexus 5X Build/MMB29P) AppleWebKit/537.36 (KHTML, like Gecko) Chrome/125.0.6422.175 Mobile Safari/537.36 (compatible; Googlebot/2.1; +http://www.google.com/bot.html)"
66.249.70.98 - - [02/Jul/2024:15:58:35 +0200] "GET /tuxgh/b2233671.html HTTP/1.1" 200 41671 "-" "Mozilla/5.0 (Linux; Android 6.0.1; Nexus 5X Build/MMB29P) AppleWebKit/537.36 (KHTML, like Gecko) Chrome/125.0.6422.175 Mobile Safari/537.36 (compatible; Googlebot/2.1; +http://www.google.com/bot.html)"
66.249.70.110 - - [02/Jul/2024:15:58:36 +0200] "GET /qqrwz/c416012.html HTTP/1.1" 200 41528 "-" "Mozilla/5.0 (Linux; Android 6.0.1; Nexus 5X Build/MMB29P) AppleWebKit/537.36 (KHTML, like Gecko) Chrome/125.0.6422.175 Mobile Safari/537.36 (compatible; Googlebot/2.1; +http://www.google.com/bot.html)"
66.249.70.108 - - [02/Jul/2024:15:58:36 +0200] "GET /yflmk/f3052831.html HTTP/1.1" 200 41764 "-" "Mozilla/5.0 (Linux; Android 6.0.1; Nexus 5X Build/MMB29P) AppleWebKit/537.36 (KHTML, like Gecko) Chrome/125.0.6422.175 Mobile Safari/537.36 (compatible; Googlebot/2.1; +http://www.google.com/bot.html)"
66.249.70.98 - - [02/Jul/2024:15:58:37 +0200] "GET /qahfc/v2287953.html HTTP/1.1" 200 42425 "-" "Mozilla/5.0 (Linux; Android 6.0.1; Nexus 5X Build/MMB29P) AppleWebKit/537.36 (KHTML, like Gecko) Chrome/125.0.6422.175 Mobile Safari/537.36 (compatible; Googlebot/2.1; +http://www.google.com/bot.html)"
66.249.70.108 - - [02/Jul/2024:15:58:38 +0200] "GET /lzfck/m1089734.html HTTP/1.1" 200 41590 "-" "Mozilla/5.0 (Linux; Android 6.0.1; Nexus 5X Build/MMB29P) AppleWebKit/537.36 (KHTML, like Gecko) Chrome/125.0.6422.175 Mobile Safari/537.36 (compatible; Googlebot/2.1; +http://www.google.com/bot.html)"
66.249.70.98 - - [02/Jul/2024:15:58:40 +0200] "GET /covol/d1848483.html HTTP/1.1" 200 42438 "-" "Mozilla/5.0 (Linux; Android 6.0.1; Nexus 5X Build/MMB29P) AppleWebKit/537.36 (KHTML, like Gecko) Chrome/125.0.6422.175 Mobile Safari/537.36 (compatible; Googlebot/2.1; +http://www.google.com/bot.html)"
66.249.70.98 - - [02/Jul/2024:15:58:42 +0200] "GET /ehwcx/z2984211.html HTTP/1.1" 200 42704 "-" "Mozilla/5.0 (Linux; Android 6.0.1; Nexus 5X Build/MMB29P) AppleWebKit/537.36 (KHTML, like Gecko) Chrome/125.0.6422.175 Mobile Safari/537.36 (compatible; Googlebot/2.1; +http://www.google.com/bot.html)"
185.191.171.14 - - [02/Jul/2024:15:58:43 +0200] "GET /%D9%85%D9%8A%D8%A7%D9%87-%D8%A7%D9%84%D8%AE%D8%B1%D8%B7%D9%88%D9%85-%D8%AA%D9%83%D8%B4%D9%81-%D9%85%D8%B9%D9%84%D9%88%D9%85%D8%A7%D8%AA-%D8%AC%D8%AF%D9%8A%D8%AF%D8%A9-%D8%A8%D8%B4%D8%A3%D9%86-%D8%B2/ HTTP/1.1" 403 0 "-" "Mozilla/5.0 (compatible; SemrushBot/7~bl; +http://www.semrush.com/bot.html)"
207.46.13.14 - - [02/Jul/2024:15:59:32 +0200] "GET /mdxqg/c449968.html HTTP/2" 200 42861 "-" "Mozilla/5.0 AppleWebKit/537.36 (KHTML, like Gecko; compatible; bingbot/2.0; +http://www.bing.com/bingbot.htm) Chrome/116.0.1938.76 Safari/537.36"
185.191.171.9 - - [02/Jul/2024:15:59:44 +0200] "GET /%D8%A7%D9%84%D8%B4%D8%B1%D8%B7%D8%A9-%D8%AA%D9%86%D8%A7%D8%B4%D8%AF-%D8%A7%D8%B5%D8%AD%D8%A7%D8%A8-%D8%A7%D9%84%D8%AC%D9%88%D8%A7%D8%B2%D8%A7%D8%AA-%D8%A7%D9%84%D9%85%D9%81%D9%82%D9%88%D8%AF%D8%A9/ HTTP/1.1" 403 0 "-" "Mozilla/5.0 (compatible; SemrushBot/7~bl; +http://www.semrush.com/bot.html)"
66.249.70.97 - - [02/Jul/2024:15:59:50 +0200] "GET /ndnzq/m604938.html HTTP/1.1" 200 41491 "-" "Mozilla/5.0 (Linux; Android 6.0.1; Nexus 5X Build/MMB29P) AppleWebKit/537.36 (KHTML, like Gecko) Chrome/125.0.6422.175 Mobile Safari/537.36 (compatible; Googlebot/2.1; +http://www.google.com/bot.html)"
66.249.70.96 - - [02/Jul/2024:15:58:24 +0200] "GET /nwgsy/u114378.html HTTP/1.1" 200 42427 "-" "Mozilla/5.0 (Linux; Android 6.0.1; Nexus 5X Build/MMB29P) AppleWebKit/537.36 (KHTML, like Gecko) Chrome/125.0.6422.175 Mobile Safari/537.36 (compatible; Googlebot/2.1; +http://www.google.com/bot.html)"
66.249.70.109 - - [02/Jul/2024:15:58:25 +0200] "GET /tzrga/j298187.html HTTP/1.1" 200 41877 "-" "Mozilla/5.0 (Linux; Android 6.0.1; Nexus 5X Build/MMB29P) AppleWebKit/537.36 (KHTML, like Gecko) Chrome/125.0.6422.175 Mobile Safari/537.36 (compatible; Googlebot/2.1; +http://www.google.com/bot.html)"
66.249.70.108 - - [02/Jul/2024:15:58:25 +0200] "GET /edwmd/j322185.html HTTP/1.1" 200 42085 "-" "Mozilla/5.0 (Linux; Android 6.0.1; Nexus 5X Build/MMB29P) AppleWebKit/537.36 (KHTML, like Gecko) Chrome/125.0.6422.175 Mobile Safari/537.36 (compatible; Googlebot/2.1; +http://www.google.com/bot.html)"
66.249.70.96 - - [02/Jul/2024:15:58:25 +0200] "GET /ibodr/d2399449.html HTTP/1.1" 200 42074 "-" "Mozilla/5.0 (Linux; Android 6.0.1; Nexus 5X Build/MMB29P) AppleWebKit/537.36 (KHTML, like Gecko) Chrome/125.0.6422.175 Mobile Safari/537.36 (compatible; Googlebot/2.1; +http://www.google.com/bot.html)"
66.249.70.109 - - [02/Jul/2024:15:58:25 +0200] "GET /zvnwm/r719941.html HTTP/1.1" 200 42102 "-" "Mozilla/5.0 (Linux; Android 6.0.1; Nexus 5X Build/MMB29P) AppleWebKit/537.36 (KHTML, like Gecko) Chrome/125.0.6422.175 Mobile Safari/537.36 (compatible; Googlebot/2.1; +http://www.google.com/bot.html)"
66.249.70.109 - - [02/Jul/2024:15:58:26 +0200] "GET /eediq/y679258.html HTTP/1.1" 200 41870 "-" "Mozilla/5.0 (Linux; Android 6.0.1; Nexus 5X Build/MMB29P) AppleWebKit/537.36 (KHTML, like Gecko) Chrome/125.0.6422.175 Mobile Safari/537.36 (compatible; Googlebot/2.1; +http://www.google.com/bot.html)"
66.249.70.96 - - [02/Jul/2024:15:58:28 +0200] "GET /ufrgz/v1059921.html HTTP/1.1" 200 42779 "-" "Mozilla/5.0 (Linux; Android 6.0.1; Nexus 5X Build/MMB29P) AppleWebKit/537.36 (KHTML, like Gecko) Chrome/125.0.6422.175 Mobile Safari/537.36 (compatible; Googlebot/2.1; +http://www.google.com/bot.html)"
66.249.70.99 - - [02/Jul/2024:15:58:32 +0200] "GET /fdmih/r658243.html HTTP/1.1" 200 42013 "-" "Mozilla/5.0 (Linux; Android 6.0.1; Nexus 5X Build/MMB29P) AppleWebKit/537.36 (KHTML, like Gecko) Chrome/125.0.6422.175 Mobile Safari/537.36 (compatible; Googlebot/2.1; +http://www.google.com/bot.html)"
66.249.70.99 - - [02/Jul/2024:15:58:35 +0200] "GET /puymw/n365427.html HTTP/1.1" 200 41524 "-" "Mozilla/5.0 (Linux; Android 6.0.1; Nexus 5X Build/MMB29P) AppleWebKit/537.36 (KHTML, like Gecko) Chrome/125.0.6422.175 Mobile Safari/537.36 (compatible; Googlebot/2.1; +http://www.google.com/bot.html)"
66.249.70.99 - - [02/Jul/2024:15:58:37 +0200] "GET /sfrdt/o2911868.html HTTP/1.1" 200 42726 "-" "Mozilla/5.0 (Linux; Android 6.0.1; Nexus 5X Build/MMB29P) AppleWebKit/537.36 (KHTML, like Gecko) Chrome/125.0.6422.175 Mobile Safari/537.36 (compatible; Googlebot/2.1; +http://www.google.com/bot.html)"
66.249.70.100 - - [02/Jul/2024:15:58:38 +0200] "GET /smhoq/f1268997.html HTTP/1.1" 200 42575 "-" "Mozilla/5.0 (Linux; Android 6.0.1; Nexus 5X Build/MMB29P) AppleWebKit/537.36 (KHTML, like Gecko) Chrome/125.0.6422.175 Mobile Safari/537.36 (compatible; Googlebot/2.1; +http://www.google.com/bot.html)"
66.249.70.97 - - [02/Jul/2024:15:58:44 +0200] "GET /xdazm/g2023544.html HTTP/1.1" 200 42335 "-" "Mozilla/5.0 (Linux; Android 6.0.1; Nexus 5X Build/MMB29P) AppleWebKit/537.36 (KHTML, like Gecko) Chrome/125.0.6422.175 Mobile Safari/537.36 (compatible; Googlebot/2.1; +http://www.google.com/bot.html)"
66.249.70.96 - - [02/Jul/2024:15:58:45 +0200] "GET /qnhbp/l1796335.html HTTP/1.1" 200 41488 "-" "Mozilla/5.0 (Linux; Android 6.0.1; Nexus 5X Build/MMB29P) AppleWebKit/537.36 (KHTML, like Gecko) Chrome/125.0.6422.175 Mobile Safari/537.36 (compatible; Googlebot/2.1; +http://www.google.com/bot.html)"
147.45.78.15 - - [02/Jul/2024:16:00:17 +0200] "POST /74a7c9952328.php HTTP/1.1" 500 9 "-" "curl/7.86.0"
66.249.70.109 - - [02/Jul/2024:15:58:39 +0200] "GET /jxnvg/m121000.html HTTP/1.1" 200 42594 "-" "Mozilla/5.0 (Linux; Android 6.0.1; Nexus 5X Build/MMB29P) AppleWebKit/537.36 (KHTML, like Gecko) Chrome/125.0.6422.175 Mobile Safari/537.36 (compatible; Googlebot/2.1; +http://www.google.com/bot.html)"
66.249.70.109 - - [02/Jul/2024:15:58:41 +0200] "GET /xwwlq/f3057745.html HTTP/1.1" 200 41196 "-" "Mozilla/5.0 (Linux; Android 6.0.1; Nexus 5X Build/MMB29P) AppleWebKit/537.36 (KHTML, like Gecko) Chrome/125.0.6422.175 Mobile Safari/537.36 (compatible; Googlebot/2.1; +http://www.google.com/bot.html)"
66.249.70.109 - - [02/Jul/2024:15:58:42 +0200] "GET /zfwio/l1744257.html HTTP/1.1" 200 42576 "-" "Mozilla/5.0 (Linux; Android 6.0.1; Nexus 5X Build/MMB29P) AppleWebKit/537.36 (KHTML, like Gecko) Chrome/125.0.6422.175 Mobile Safari/537.36 (compatible; Googlebot/2.1; +http://www.google.com/bot.html)"
66.249.70.110 - - [02/Jul/2024:15:58:43 +0200] "GET /mujas/c562028.html HTTP/1.1" 200 42880 "-" "Mozilla/5.0 (Linux; Android 6.0.1; Nexus 5X Build/MMB29P) AppleWebKit/537.36 (KHTML, like Gecko) Chrome/125.0.6422.175 Mobile Safari/537.36 (compatible; Googlebot/2.1; +http://www.google.com/bot.html)"
66.249.70.101 - - [02/Jul/2024:15:58:44 +0200] "GET /dzjye/x1494279.html HTTP/1.1" 200 41385 "-" "Mozilla/5.0 (Linux; Android 6.0.1; Nexus 5X Build/MMB29P) AppleWebKit/537.36 (KHTML, like Gecko) Chrome/125.0.6422.175 Mobile Safari/537.36 (compatible; Googlebot/2.1; +http://www.google.com/bot.html)"
216.244.66.232 - - [02/Jul/2024:15:58:44 +0200] "GET /robots.txt HTTP/1.1" 200 1741 "-" "Mozilla/5.0 (compatible; DotBot/1.2; +https://opensiteexplorer.org/dotbot; help@moz.com)"
66.249.70.97 - - [02/Jul/2024:15:58:44 +0200] "GET /opdrj/p356355.html HTTP/1.1" 200 41884 "-" "Mozilla/5.0 (Linux; Android 6.0.1; Nexus 5X Build/MMB29P) AppleWebKit/537.36 (KHTML, like Gecko) Chrome/125.0.6422.175 Mobile Safari/537.36 (compatible; Googlebot/2.1; +http://www.google.com/bot.html)"
66.249.70.109 - - [02/Jul/2024:15:59:47 +0200] "GET /plpma/w2290580.html HTTP/1.1" 200 42486 "-" "Mozilla/5.0 (compatible; Googlebot/2.1; +http://www.google.com/bot.html)"
66.249.70.110 - - [02/Jul/2024:16:00:31 +0200] "GET /fhtfs/z1244187.html HTTP/1.1" 200 41307 "-" "Mozilla/5.0 (Linux; Android 6.0.1; Nexus 5X Build/MMB29P) AppleWebKit/537.36 (KHTML, like Gecko) Chrome/125.0.6422.175 Mobile Safari/537.36 (compatible; GoogleOther)"
52.167.144.20 - - [02/Jul/2024:16:00:31 +0200] "GET /%D8%A7%D9%84%D8%AD%D8%B1%D9%8A%D8%A9-%D9%88%D8%A7%D9%84%D8%AA%D8%BA%D9%8A%D9%8A%D8%B1-%D9%84%D8%A7-%D9%84%D9%84%D8%AD%D8%B1%D8%A8-%D9%84%D8%A7-%D8%B9%D9%84%D8%A7%D9%82%D8%A9-%D9%84%D9%87%D8%A7-%D8%A8/ HTTP/2" 200 42871 "-" "Mozilla/5.0 AppleWebKit/537.36 (KHTML, like Gecko; compatible; bingbot/2.0; +http://www.bing.com/bingbot.htm) Chrome/116.0.1938.76 Safari/537.36"
85.208.96.197 - - [02/Jul/2024:16:00:44 +0200] "GET /%D8%A7%D9%84%D8%AC%D9%81%D8%A7%D9%81-%D9%8A%D8%AA%D9%8A%D8%AD-%D8%A7%D9%83%D8%AA%D8%B4%D8%A7%D9%81-%D8%A2%D8%AB%D8%A7%D8%B1-%D8%AF%D9%8A%D9%86%D8%A7%D8%B5%D9%88%D8%B1%D8%A7%D8%AA-%D9%81%D9%8A-%D9%82/ HTTP/1.1" 403 0 "-" "Mozilla/5.0 (compatible; SemrushBot/7~bl; +http://www.semrush.com/bot.html)"
147.45.78.15 - - [02/Jul/2024:16:02:16 +0200] "POST /74a7c9952328.php HTTP/1.1" 500 9 "-" "curl/7.86.0"
85.208.96.202 - - [02/Jul/2024:16:02:45 +0200] "GET /%D8%A7%D9%84%D8%B3%D9%88%D8%AF%D8%A7%D9%86-%D8%A8%D8%B9%D8%AF-%D8%A7%D8%B3%D8%AA%D9%82%D8%B1%D8%A7%D8%B1-%D9%84%D8%B4%D9%87%D9%88%D8%B1-%D8%A7%D9%84%D8%AF%D9%88%D9%84%D8%A7%D8%B1-%D9%8A%D8%B9%D8%A7/ HTTP/1.1" 403 0 "-" "Mozilla/5.0 (compatible; SemrushBot/7~bl; +http://www.semrush.com/bot.html)"
147.45.78.15 - - [02/Jul/2024:16:04:12 +0200] "POST /74a7c9952328.php HTTP/1.1" 500 9 "-" "curl/7.86.0"
185.191.171.4 - - [02/Jul/2024:16:04:47 +0200] "GET /%D8%B4%D8%B1%D9%83%D8%A7%D8%AA-%D8%A7%D9%84%D8%B8%D9%84-%D9%88%D8%A7%D9%84%D8%B4%D8%AE%D8%B5%D9%8A%D8%A7%D8%AA-%D8%A7%D9%84%D8%AE%D9%81%D9%8A%D8%A9-%D8%A7%D9%84%D8%AA%D9%8A-%D8%AA%D8%AF%D9%8A%D8%B1/ HTTP/1.1" 403 0 "-" "Mozilla/5.0 (compatible; SemrushBot/7~bl; +http://www.semrush.com/bot.html)"
185.191.171.17 - - [02/Jul/2024:16:01:45 +0200] "GET /tag/%D8%A8%D8%A7%D9%85%D8%AA%D9%8A%D8%A7%D8%B2/ HTTP/1.1" 403 0 "-" "Mozilla/5.0 (compatible; SemrushBot/7~bl; +http://www.semrush.com/bot.html)"
66.249.70.96 - - [02/Jul/2024:16:05:02 +0200] "GET /kgbfx/o2498520.html HTTP/1.1" 200 41409 "-" "Mozilla/5.0 (Linux; Android 6.0.1; Nexus 5X Build/MMB29P) AppleWebKit/537.36 (KHTML, like Gecko) Chrome/125.0.6422.175 Mobile Safari/537.36 (compatible; GoogleOther)"
185.191.171.4 - - [02/Jul/2024:16:05:47 +0200] "GET /tag/%D9%84%D9%84%D9%85%D9%86%D8%A7%D8%B2%D9%84/ HTTP/1.1" 403 0 "-" "Mozilla/5.0 (compatible; SemrushBot/7~bl; +http://www.semrush.com/bot.html)"
147.45.78.15 - - [02/Jul/2024:16:06:12 +0200] "POST /74a7c9952328.php HTTP/1.1" 500 9 "-" "curl/7.86.0"
135.181.9.38 - - [02/Jul/2024:16:07:39 +0200] "POST /wp-cron.php?doing_wp_cron=1719929259.3772239685058593750000 HTTP/1.1" 200 0 "-" "WordPress/6.5.3; https://www.sudancam.net"
66.249.83.65 - - [02/Jul/2024:16:07:40 +0200] "HEAD /%D8%A7%D8%B1%D8%AA%D9%81%D8%A7%D8%B9-%D8%A7%D9%84%D8%A7%D8%B5%D8%A7%D8%A8%D8%A7%D8%AA-%D8%A8%D8%AD%D9%85%D9%89-%D8%A7%D9%84%D8%B6%D9%86%D9%83-%D9%81%D9%8A-%D8%A7%D9%84%D8%AE%D8%B1%D8%B7%D9%88%D9%85/ HTTP/1.1" 200 0 "-" "FeedBurner/1.0 (http://www.FeedBurner.com)"
66.249.83.65 - - [02/Jul/2024:16:07:40 +0200] "HEAD /%D8%A7%D9%84%D8%A5%D8%B1%D9%8A%D8%AA%D8%B1%D9%8A-%D8%A8%D9%8A%D9%86%D9%8A%D8%A7%D9%85-%D8%AC%D9%8A%D8%B1%D9%85%D8%A7%D9%8A-%D8%A3%D9%88%D9%84-%D9%85%D8%AA%D8%B3%D8%A7%D8%A8%D9%82-%D8%A3%D9%81%D8%B1/ HTTP/1.1" 200 0 "-" "FeedBurner/1.0 (http://www.FeedBurner.com)"
66.249.83.89 - - [02/Jul/2024:16:07:40 +0200] "HEAD /%D8%A7%D9%84%D8%A3%D9%85%D9%85-%D8%A7%D9%84%D9%85%D8%AA%D8%AD%D8%AF%D8%A9-%D8%B9%D8%B1%D8%A7%D9%82%D9%8A%D9%84-%D8%A8%D9%8A%D8%B1%D9%88%D9%82%D8%B1%D8%A7%D8%B7%D9%8A%D8%A9-%D8%AA%D8%B6%D8%B9%D9%87/ HTTP/1.1" 200 0 "-" "FeedBurner/1.0 (http://www.FeedBurner.com)"
66.249.83.64 - - [02/Jul/2024:16:07:40 +0200] "HEAD /%D8%AA%D9%86%D8%B3%D9%8A%D9%82%D9%8A%D8%A9-%D8%AA%D9%82%D8%AF%D9%85-%D8%AA%D9%82%D8%B1%D8%B1-%D8%A7%D9%84%D9%85%D8%B4%D8%A7%D8%B1%D9%83%D8%A9-%D9%81%D9%8A-%D9%85%D8%A4%D8%AA%D9%85%D8%B1/ HTTP/1.1" 200 0 "-" "FeedBurner/1.0 (http://www.FeedBurner.com)"
66.249.83.64 - - [02/Jul/2024:16:07:40 +0200] "HEAD /%D8%A7%D9%84%D8%A8%D8%B1%D8%AA%D8%BA%D8%A7%D9%84-%D8%AA%D8%AA%D8%A3%D9%87%D9%84-%D8%A5%D9%84%D9%89-%D8%B1%D8%A8%D8%B9-%D8%A7%D9%84%D9%86%D9%87%D8%A7%D8%A6%D9%8A-%D8%A8%D8%B9%D8%AF-%D8%A7%D9%86%D8%AA/ HTTP/1.1" 200 0 "-" "FeedBurner/1.0 (http://www.FeedBurner.com)"
66.249.83.64 - - [02/Jul/2024:16:07:40 +0200] "HEAD /%D8%AD%D8%B1%D8%A8-%D8%A7%D9%84%D8%B3%D9%88%D8%AF%D8%A7%D9%86-%D8%AB%D9%85-%D9%85%D8%A7%D8%B0%D8%A7-%D8%A8%D8%B9%D8%AF-%D8%B3%D9%86%D8%AC%D8%A9/ HTTP/1.1" 200 0 "-" "FeedBurner/1.0 (http://www.FeedBurner.com)"
147.45.78.15 - - [02/Jul/2024:16:08:17 +0200] "POST /74a7c9952328.php HTTP/1.1" 500 9 "-" "curl/7.86.0"
85.208.96.201 - - [02/Jul/2024:16:08:49 +0200] "GET /%D8%B4%D8%A7%D9%87%D8%AF-%D8%A7%D9%84%D9%81%D9%86%D8%A7%D9%86%D8%A9-%D9%87%D8%AF%D9%89-%D8%B9%D8%B1%D8%A8%D9%8A-%D8%AA%D9%86%D8%B4%D8%B1-%D8%B5%D9%88%D8%B1%D8%A9-%D9%84%D9%87%D8%A7-%D8%A3%D9%8A/ HTTP/1.1" 403 0 "-" "Mozilla/5.0 (compatible; SemrushBot/7~bl; +http://www.semrush.com/bot.html)"
66.249.70.108 - - [02/Jul/2024:16:09:31 +0200] "GET /lzmgj/z1758337.html HTTP/1.1" 200 41449 "-" "Mozilla/5.0 (Linux; Android 6.0.1; Nexus 5X Build/MMB29P) AppleWebKit/537.36 (KHTML, like Gecko) Chrome/125.0.6422.175 Mobile Safari/537.36 (compatible; GoogleOther)"
207.46.13.14 - - [02/Jul/2024:16:01:12 +0200] "GET /%D8%B4%D8%A7%D9%87%D8%AF-%D8%A8%D8%A7%D9%84%D8%B5%D9%88%D8%B1%D8%A9-%D9%88%D8%A7%D9%84%D9%81%D9%8A%D8%AF%D9%8A%D9%88-%D9%86%D8%B3%D8%A7%D8%A1-%D8%B3%D9%88%D8%AF%D8%A7%D9%86%D9%8A%D8%A7%D8%AA-%D9%8A/ HTTP/2" 200 42455 "-" "Mozilla/5.0 AppleWebKit/537.36 (KHTML, like Gecko; compatible; bingbot/2.0; +http://www.bing.com/bingbot.htm) Chrome/116.0.1938.76 Safari/537.36"
185.191.171.9 - - [02/Jul/2024:16:03:46 +0200] "GET /%D8%B4%D8%A7%D9%87%D8%AF-%D8%A8%D8%A7%D9%84%D9%81%D9%8A%D8%AF%D9%8A%D9%88-%D8%A7%D9%84%D8%B4%D8%A7%D8%A8-%D8%A7%D9%84%D8%B3%D9%88%D8%AF%D8%A7%D9%86%D9%8A-%D9%88%D9%83%D9%81%D9%8A%D9%84%D8%AA%D9%87/ HTTP/1.1" 403 0 "-" "Mozilla/5.0 (compatible; SemrushBot/7~bl; +http://www.semrush.com/bot.html)"
185.191.171.13 - - [02/Jul/2024:16:06:48 +0200] "GET /%D8%AA%D8%B4%D9%8A%D9%8A%D8%AF-%D9%85%D8%A8%D8%A7%D9%86%D9%8A-%D8%A7%D9%84%D8%AA%D8%AD%D8%B5%D9%8A%D9%86-%D8%A7%D9%84%D9%85%D9%88%D8%B3%D8%B9-%D8%A8%D8%A7%D9%84%D8%AC%D8%B2%D9%8A%D8%B1%D8%A9-%D8%A8/ HTTP/1.1" 403 0 "-" "Mozilla/5.0 (compatible; SemrushBot/7~bl; +http://www.semrush.com/bot.html)"
66.249.93.11 - - [02/Jul/2024:16:07:38 +0200] "GET /feed/ HTTP/1.1" 200 16348 "-" "FeedBurner/1.0 (http://www.FeedBurner.com)"
135.181.9.38 - - [02/Jul/2024:16:07:39 +0200] "POST /wp-admin/admin-ajax.php?action=async_litespeed&nonce=fa75a626a4&litespeed_type=imgoptm HTTP/1.1" 200 21 "-" "WordPress/6.5.3; https://www.sudancam.net"
66.249.83.65 - - [02/Jul/2024:16:07:40 +0200] "HEAD /%D8%A7%D9%84%D8%AE%D8%A7%D8%B1%D8%AC%D9%8A%D8%A9-%D8%A7%D9%84%D8%AF%D8%B9%D9%85-%D8%A7%D9%84%D8%B3%D8%B1%D9%8A%D8%B9-%D8%A7%D8%B1%D8%AA%D9%83%D8%A8%D8%AA-%D9%85%D8%AC%D8%B2%D8%B1%D8%A9-%D8%A8%D8%AD/ HTTP/1.1" 200 0 "-" "FeedBurner/1.0 (http://www.FeedBurner.com)"
66.249.83.89 - - [02/Jul/2024:16:07:40 +0200] "HEAD /%D9%81%D8%B1%D9%86%D8%B3%D8%A7-%D8%AA%D9%86%D8%AA%D8%B2%D8%B9-%D8%A8%D8%B7%D8%A7%D9%82%D8%A9-%D8%A7%D9%84%D8%AA%D8%A3%D9%87%D9%84-%D8%A5%D9%84%D9%89-%D8%B1%D8%A8%D8%B9-%D8%A7%D9%84%D9%86%D9%87%D8%A7/ HTTP/1.1" 200 0 "-" "FeedBurner/1.0 (http://www.FeedBurner.com)"
66.249.70.109 - - [02/Jul/2024:16:09:22 +0200] "GET /gidfb/q107640.html HTTP/1.1" 200 41677 "-" "Mozilla/5.0 (Linux; Android 6.0.1; Nexus 5X Build/MMB29P) AppleWebKit/537.36 (KHTML, like Gecko) Chrome/125.0.6422.175 Mobile Safari/537.36 (compatible; Googlebot/2.1; +http://www.google.com/bot.html)"
85.208.96.209 - - [02/Jul/2024:16:09:50 +0200] "GET /quran/translate-zh-6.html HTTP/1.1" 403 0 "-" "Mozilla/5.0 (compatible; SemrushBot/7~bl; +http://www.semrush.com/bot.html)"
52.167.144.232 - - [02/Jul/2024:16:10:13 +0200] "GET /wpudm/j2731007.html HTTP/2" 200 42674 "-" "Mozilla/5.0 AppleWebKit/537.36 (KHTML, like Gecko; compatible; bingbot/2.0; +http://www.bing.com/bingbot.htm) Chrome/116.0.1938.76 Safari/537.36"
185.191.171.5 - - [02/Jul/2024:16:10:50 +0200] "GET /quran/translate-ta-4.html HTTP/1.1" 403 0 "-" "Mozilla/5.0 (compatible; SemrushBot/7~bl; +http://www.semrush.com/bot.html)"
66.249.83.65 - - [02/Jul/2024:16:07:40 +0200] "HEAD /%D8%A7%D9%84%D8%A3%D9%88%D8%B1%D9%88%D8%BA%D9%88%D8%A7%D9%8A-%D8%AA%D9%82%D8%B5%D9%8A-%D8%A7%D9%84%D9%88%D9%84%D8%A7%D9%8A%D8%A7%D8%AA-%D8%A7%D9%84%D9%85%D8%AA%D8%AD%D8%AF%D8%A9-%D9%88%D8%AA%D8%AA/ HTTP/1.1" 200 0 "-" "FeedBurner/1.0 (http://www.FeedBurner.com)"
66.249.83.89 - - [02/Jul/2024:16:07:40 +0200] "HEAD /%D8%A7%D9%84%D8%AC%D9%8A%D8%B4-%D9%8A%D9%82%D9%88%D9%84-%D8%A5%D9%86%D9%87-%D8%B3%D9%8A%D8%B7%D8%B1-%D8%B9%D9%84%D9%89-%D8%AD%D9%8A-%D8%A7%D9%84%D8%AF%D9%88%D8%AD%D8%A9-%D8%A8%D8%A3%D9%85-%D8%AF%D8%B1/ HTTP/1.1" 200 0 "-" "FeedBurner/1.0 (http://www.FeedBurner.com)"
85.208.96.212 - - [02/Jul/2024:16:07:48 +0200] "GET /tag/%D8%B3%D8%A7%D9%86%D9%8A/ HTTP/1.1" 403 0 "-" "Mozilla/5.0 (compatible; SemrushBot/7~bl; +http://www.semrush.com/bot.html)"
66.249.70.108 - - [02/Jul/2024:16:08:48 +0200] "GET /xpdfg/d1968525.html HTTP/1.1" 200 43239 "-" "Mozilla/5.0 (Linux; Android 6.0.1; Nexus 5X Build/MMB29P) AppleWebKit/537.36 (KHTML, like Gecko) Chrome/125.0.6422.175 Mobile Safari/537.36 (compatible; GoogleOther)"
147.45.78.15 - - [02/Jul/2024:16:10:13 +0200] "POST /74a7c9952328.php HTTP/1.1" 500 9 "-" "curl/7.86.0"
40.77.167.1 - - [02/Jul/2024:16:12:16 +0200] "GET /dfutx/r2874483.html HTTP/2" 200 41851 "-" "Mozilla/5.0 AppleWebKit/537.36 (KHTML, like Gecko; compatible; bingbot/2.0; +http://www.bing.com/bingbot.htm) Chrome/116.0.1938.76 Safari/537.36"
185.191.171.6 - - [02/Jul/2024:16:13:52 +0200] "GET /tag/%D8%A7%D9%84%D8%AA%D8%AD%D8%AF%D9%8A%D8%A7%D8%AA/page/2/ HTTP/1.1" 403 0 "-" "Mozilla/5.0 (compatible; SemrushBot/7~bl; +http://www.semrush.com/bot.html)"
147.45.78.15 - - [02/Jul/2024:16:14:16 +0200] "POST /74a7c9952328.php HTTP/1.1" 500 9 "-" "curl/7.86.0"
85.208.96.208 - - [02/Jul/2024:16:14:53 +0200] "GET /%D8%A7%D9%84%D8%AD%D8%B1%D9%8A%D8%A9-%D9%88%D8%A7%D9%84%D8%AA%D8%BA%D9%8A%D9%8A%D8%B1-%D9%85%D8%AD%D8%A7%D9%88%D9%84%D8%A7%D8%AA-%D8%A7%D9%84%D9%88%D9%82%D9%8A%D8%B9%D8%A9-%D8%A8%D9%8A%D9%86-%D8%A7/ HTTP/1.1" 403 0 "-" "Mozilla/5.0 (compatible; SemrushBot/7~bl; +http://www.semrush.com/bot.html)"
135.181.9.38 - - [02/Jul/2024:16:15:52 +0200] "POST /wp-cron.php?doing_wp_cron=1719929752.1325430870056152343750 HTTP/1.1" 200 0 "-" "WordPress/6.5.3; https://www.sudancam.net"
135.181.9.38 - - [02/Jul/2024:16:15:52 +0200] "POST /wp-admin/admin-ajax.php?action=async_litespeed&nonce=fa75a626a4&litespeed_type=imgoptm HTTP/1.1" 200 21 "-" "WordPress/6.5.3; https://www.sudancam.net"
66.249.70.109 - - [02/Jul/2024:16:18:19 +0200] "GET /oloju/k850142.html HTTP/1.1" 200 41968 "-" "Mozilla/5.0 (compatible; Googlebot/2.1; +http://www.google.com/bot.html)"
66.249.70.108 - - [02/Jul/2024:16:18:25 +0200] "GET /tag/%D8%A7%D9%84%D9%86%D9%81%D8%B7%D9%8A/ HTTP/1.1" 200 42884 "-" "Mozilla/5.0 (Linux; Android 6.0.1; Nexus 5X Build/MMB29P) AppleWebKit/537.36 (KHTML, like Gecko) Chrome/125.0.6422.175 Mobile Safari/537.36 (compatible; Googlebot/2.1; +http://www.google.com/bot.html)"
66.249.70.108 - - [02/Jul/2024:16:18:26 +0200] "GET /%D8%A7%D9%84%D8%B1%D8%AD%D8%A7%D9%84-%D8%A7%D9%84%D8%B3%D9%88%D8%AF%D8%A7%D9%86%D9%8A-%D8%B7%D9%87-%D8%AA%D8%B2%D9%88%D8%AC%D8%AA-%D8%B2%D9%88%D8%A7%D8%AC%D8%A7%D9%8B-%D8%A7%D8%B3%D8%B7%D9%88%D8%B1/ HTTP/1.1" 200 42272 "-" "Mozilla/5.0 (Linux; Android 6.0.1; Nexus 5X Build/MMB29P) AppleWebKit/537.36 (KHTML, like Gecko) Chrome/125.0.6422.175 Mobile Safari/537.36 (compatible; Googlebot/2.1; +http://www.google.com/bot.html)"
66.249.70.108 - - [02/Jul/2024:16:18:26 +0200] "GET /tag/%D9%84%D8%B3%D9%88%D8%A1/ HTTP/1.1" 200 42549 "-" "Mozilla/5.0 (Linux; Android 6.0.1; Nexus 5X Build/MMB29P) AppleWebKit/537.36 (KHTML, like Gecko) Chrome/125.0.6422.175 Mobile Safari/537.36 (compatible; Googlebot/2.1; +http://www.google.com/bot.html)"
66.249.70.108 - - [02/Jul/2024:16:18:26 +0200] "GET /%D8%AA%D8%A8%D9%8A%D8%A7%D9%86-%D8%AA%D9%88%D9%81%D9%8A%D9%82-%D9%84%D9%84%D8%A3%D8%AD%D8%B2%D8%A7%D8%A8-%D9%85%D8%A8%D8%A7%D8%AF%D8%A6/ HTTP/1.1" 200 42330 "-" "Mozilla/5.0 (Linux; Android 6.0.1; Nexus 5X Build/MMB29P) AppleWebKit/537.36 (KHTML, like Gecko) Chrome/125.0.6422.175 Mobile Safari/537.36 (compatible; Googlebot/2.1; +http://www.google.com/bot.html)"
66.249.70.108 - - [02/Jul/2024:16:18:27 +0200] "GET /tag/%D8%A7%D9%84%D9%85%D8%B1%D9%83%D8%A8%D8%A7%D8%AA/ HTTP/1.1" 200 41342 "-" "Mozilla/5.0 (Linux; Android 6.0.1; Nexus 5X Build/MMB29P) AppleWebKit/537.36 (KHTML, like Gecko) Chrome/125.0.6422.175 Mobile Safari/537.36 (compatible; Googlebot/2.1; +http://www.google.com/bot.html)"
66.249.70.108 - - [02/Jul/2024:16:18:28 +0200] "GET /un6xee/calendario-2024-madrid.html HTTP/1.1" 200 41368 "-" "Mozilla/5.0 (Linux; Android 6.0.1; Nexus 5X Build/MMB29P) AppleWebKit/537.36 (KHTML, like Gecko) Chrome/125.0.6422.175 Mobile Safari/537.36 (compatible; Googlebot/2.1; +http://www.google.com/bot.html)"
147.45.78.15 - - [02/Jul/2024:16:12:12 +0200] "POST /74a7c9952328.php HTTP/1.1" 500 9 "-" "curl/7.86.0"
207.46.13.151 - - [02/Jul/2024:16:12:23 +0200] "GET /mflvq/j698587.html HTTP/2" 200 42542 "-" "Mozilla/5.0 AppleWebKit/537.36 (KHTML, like Gecko; compatible; bingbot/2.0; +http://www.bing.com/bingbot.htm) Chrome/116.0.1938.76 Safari/537.36"
185.191.171.16 - - [02/Jul/2024:16:12:51 +0200] "GET /%D8%A7%D9%84%D9%86%D8%B8%D8%A7%D9%85-%D8%A7%D9%84%D9%85%D8%B9%D8%B2%D9%88%D9%84-%D9%8A%D8%AE%D8%AA%D8%A8%D8%B1-%D9%82%D8%AF%D8%B1%D8%A7%D8%AA%D9%87-%D8%B9%D9%84%D9%89-%D8%A7%D9%84%D8%AD/ HTTP/1.1" 403 0 "-" "Mozilla/5.0 (compatible; SemrushBot/7~bl; +http://www.semrush.com/bot.html)"
216.244.66.232 - - [02/Jul/2024:16:15:51 +0200] "GET /tag/%D9%88%D8%A7%D9%84%D8%AA%D9%85%D8%A7%D8%B1%D9%8A%D9%86/ HTTP/1.1" 200 108710 "-" "Mozilla/5.0 (compatible; DotBot/1.2; +https://opensiteexplorer.org/dotbot; help@moz.com)"
185.191.171.8 - - [02/Jul/2024:16:16:54 +0200] "GET /%D9%87%D8%A7%D8%B4%D8%AA%D8%A7%D9%82-%D8%B4%D9%8A%D8%B1%D9%8A%D9%86-%D8%A5%D9%84%D9%89-%D8%B1%D8%AD%D9%85%D8%A9-%D8%A7%D9%84%D9%84%D9%87-%D9%8A%D8%AA%D8%B5%D8%AF%D8%B1-%D9%85%D9%86%D8%B5%D8%A9/ HTTP/1.1" 403 0 "-" "Mozilla/5.0 (compatible; SemrushBot/7~bl; +http://www.semrush.com/bot.html)"
85.208.96.202 - - [02/Jul/2024:16:17:21 +0200] "GET /robots.txt HTTP/1.1" 200 182 "-" "Mozilla/5.0 (compatible; SemrushBot/7~bl; +http://www.semrush.com/bot.html)"
66.249.70.110 - - [02/Jul/2024:16:18:14 +0200] "GET /xfvqw/o2399642.html HTTP/1.1" 200 41558 "-" "Mozilla/5.0 (compatible; Googlebot/2.1; +http://www.google.com/bot.html)"
66.249.70.108 - - [02/Jul/2024:16:18:19 +0200] "GET /duacn/a1247386.html HTTP/1.1" 200 42506 "-" "Mozilla/5.0 (compatible; Googlebot/2.1; +http://www.google.com/bot.html)"
66.249.70.108 - - [02/Jul/2024:16:18:26 +0200] "GET /%D8%A7%D9%84%D8%AC%D9%86%D9%8A%D9%87-%D8%A7%D9%84%D8%B3%D9%88%D8%AF%D8%A7%D9%86%D9%8A-%D9%8A%D9%88%D8%A7%D8%B5%D9%84-%D8%AA%D8%AF%D9%86%D9%8A%D9%87-%D8%A3%D9%85%D8%A7%D9%85-%D8%B3%D9%84%D8%A9-%D8%A7/ HTTP/1.1" 200 42470 "-" "Mozilla/5.0 (Linux; Android 6.0.1; Nexus 5X Build/MMB29P) AppleWebKit/537.36 (KHTML, like Gecko) Chrome/125.0.6422.175 Mobile Safari/537.36 (compatible; Googlebot/2.1; +http://www.google.com/bot.html)"
66.249.70.108 - - [02/Jul/2024:16:18:27 +0200] "GET /tag/%D8%A8%D8%BA%D8%B1%D8%B6/ HTTP/1.1" 200 43191 "-" "Mozilla/5.0 (Linux; Android 6.0.1; Nexus 5X Build/MMB29P) AppleWebKit/537.36 (KHTML, like Gecko) Chrome/125.0.6422.175 Mobile Safari/537.36 (compatible; Googlebot/2.1; +http://www.google.com/bot.html)"
66.249.70.108 - - [02/Jul/2024:16:18:28 +0200] "GET /%D9%88%D8%A7%D9%84%D9%8A-%D8%A7%D9%84%D8%A8%D8%AD%D8%B1-%D8%A7%D9%84%D8%A3%D8%AD%D9%85%D8%B1-%D9%8A%D9%83%D8%B4%D9%81-%D8%AA%D9%81%D8%A7%D8%B5%D9%8A%D9%84-%D9%85%D8%AD%D8%A7%D8%AF%D8%AB%D8%A7%D8%AA/feed/ HTTP/1.1" 200 42431 "-" "Mozilla/5.0 (Linux; Android 6.0.1; Nexus 5X Build/MMB29P) AppleWebKit/537.36 (KHTML, like Gecko) Chrome/125.0.6422.175 Mobile Safari/537.36 (compatible; Googlebot/2.1; +http://www.google.com/bot.html)"
66.249.70.108 - - [02/Jul/2024:16:18:29 +0200] "GET /un6xee/acer-x-58-motherboard.html HTTP/1.1" 200 41550 "-" "Mozilla/5.0 (Linux; Android 6.0.1; Nexus 5X Build/MMB29P) AppleWebKit/537.36 (KHTML, like Gecko) Chrome/125.0.6422.175 Mobile Safari/537.36 (compatible; Googlebot/2.1; +http://www.google.com/bot.html)"
66.249.70.108 - - [02/Jul/2024:16:18:33 +0200] "GET /oaxfe/v1907391.html HTTP/1.1" 200 41293 "-" "Mozilla/5.0 (Linux; Android 6.0.1; Nexus 5X Build/MMB29P) AppleWebKit/537.36 (KHTML, like Gecko) Chrome/125.0.6422.175 Mobile Safari/537.36 (compatible; Googlebot/2.1; +http://www.google.com/bot.html)"
66.249.70.109 - - [02/Jul/2024:16:18:33 +0200] "GET /jqkyw/g2213162.html HTTP/1.1" 200 42699 "-" "Mozilla/5.0 (Linux; Android 6.0.1; Nexus 5X Build/MMB29P) AppleWebKit/537.36 (KHTML, like Gecko) Chrome/125.0.6422.175 Mobile Safari/537.36 (compatible; Googlebot/2.1; +http://www.google.com/bot.html)"
66.249.70.108 - - [02/Jul/2024:16:18:28 +0200] "GET /%D8%A7%D9%84%D8%AE%D8%B1%D8%B7%D9%88%D9%85-%D9%84%D9%84%D8%A3%D9%88%D8%B1%D8%A7%D9%82-%D8%A7%D9%84%D9%85%D8%A7%D9%84%D9%8A%D8%A9-%D9%8A%D8%BA%D9%84%D9%82-%D9%85%D8%B3%D8%AA%D9%82%D8%B1%D8%A7%D9%8B-2/feed/ HTTP/1.1" 200 42431 "-" "Mozilla/5.0 (Linux; Android 6.0.1; Nexus 5X Build/MMB29P) AppleWebKit/537.36 (KHTML, like Gecko) Chrome/125.0.6422.175 Mobile Safari/537.36 (compatible; Googlebot/2.1; +http://www.google.com/bot.html)"
66.249.70.108 - - [02/Jul/2024:16:18:29 +0200] "GET /%D8%A8%D8%AF%D8%A1-%D8%AA%D9%86%D8%B3%D9%8A%D8%A8-%D9%82%D9%88%D8%A7%D8%AA-%D8%A7%D9%84%D8%B4%D8%B9%D8%A8%D9%8A%D8%A9-%D8%A8%D9%82%D9%8A%D8%A7%D8%AF%D8%A9-%D8%B9%D9%82%D8%A7%D8%B1-%D8%A5%D9%84%D9%89/feed/ HTTP/1.1" 200 41273 "-" "Mozilla/5.0 (Linux; Android 6.0.1; Nexus 5X Build/MMB29P) AppleWebKit/537.36 (KHTML, like Gecko) Chrome/125.0.6422.175 Mobile Safari/537.36 (compatible; Googlebot/2.1; +http://www.google.com/bot.html)"
66.249.70.108 - - [02/Jul/2024:16:18:29 +0200] "GET /un6xee/kredit-motor-bekas-terdekat.html HTTP/1.1" 200 42773 "-" "Mozilla/5.0 (Linux; Android 6.0.1; Nexus 5X Build/MMB29P) AppleWebKit/537.36 (KHTML, like Gecko) Chrome/125.0.6422.175 Mobile Safari/537.36 (compatible; Googlebot/2.1; +http://www.google.com/bot.html)"
135.181.9.38 - - [02/Jul/2024:16:18:30 +0200] "POST /wp-cron.php?doing_wp_cron=1719929910.0907649993896484375000 HTTP/1.1" 200 0 "-" "WordPress/6.5.3; https://www.sudancam.net"
66.249.70.108 - - [02/Jul/2024:16:18:29 +0200] "GET /ocmhi/d1368185.html HTTP/1.1" 200 41487 "-" "Mozilla/5.0 (Linux; Android 6.0.1; Nexus 5X Build/MMB29P) AppleWebKit/537.36 (KHTML, like Gecko) Chrome/125.0.6422.175 Mobile Safari/537.36 (compatible; GoogleOther)"
135.181.9.38 - - [02/Jul/2024:16:18:30 +0200] "POST /wp-admin/admin-ajax.php?action=async_litespeed&nonce=fa75a626a4&litespeed_type=imgoptm HTTP/1.1" 200 21 "-" "WordPress/6.5.3; https://www.sudancam.net"
216.244.66.232 - - [02/Jul/2024:16:18:29 +0200] "GET /%D9%85%D9%82%D8%A7%D9%88%D9%85%D8%A9-%D8%A7%D9%84%D8%AE%D8%B1%D8%B7%D9%88%D9%85%D8%A7%D9%84%D8%A8%D9%84%D8%AF-%D8%AF%D9%8A%D9%91-%D8%AD%D9%82%D8%AA%D9%86%D8%A7-%D9%88%D8%A7/ HTTP/1.1" 200 167947 "-" "Mozilla/5.0 (compatible; DotBot/1.2; +https://opensiteexplorer.org/dotbot; help@moz.com)"
66.249.70.110 - - [02/Jul/2024:16:18:34 +0200] "GET /giesj/v533005.html HTTP/1.1" 200 41625 "-" "Mozilla/5.0 (Linux; Android 6.0.1; Nexus 5X Build/MMB29P) AppleWebKit/537.36 (KHTML, like Gecko) Chrome/125.0.6422.175 Mobile Safari/537.36 (compatible; Googlebot/2.1; +http://www.google.com/bot.html)"
66.249.70.110 - - [02/Jul/2024:16:18:36 +0200] "GET /zueuj/p2016507.html HTTP/1.1" 200 41835 "-" "Mozilla/5.0 (Linux; Android 6.0.1; Nexus 5X Build/MMB29P) AppleWebKit/537.36 (KHTML, like Gecko) Chrome/125.0.6422.175 Mobile Safari/537.36 (compatible; Googlebot/2.1; +http://www.google.com/bot.html)"
66.249.70.110 - - [02/Jul/2024:16:18:38 +0200] "GET /naywq/b1403829.html HTTP/1.1" 200 41022 "-" "Mozilla/5.0 (Linux; Android 6.0.1; Nexus 5X Build/MMB29P) AppleWebKit/537.36 (KHTML, like Gecko) Chrome/125.0.6422.175 Mobile Safari/537.36 (compatible; Googlebot/2.1; +http://www.google.com/bot.html)"
66.249.70.96 - - [02/Jul/2024:16:18:39 +0200] "GET /yvgtv/o2601844.html HTTP/1.1" 200 42188 "-" "Mozilla/5.0 (Linux; Android 6.0.1; Nexus 5X Build/MMB29P) AppleWebKit/537.36 (KHTML, like Gecko) Chrome/125.0.6422.175 Mobile Safari/537.36 (compatible; Googlebot/2.1; +http://www.google.com/bot.html)"
66.249.70.110 - - [02/Jul/2024:16:18:40 +0200] "GET /vgqxt/r2737775.html HTTP/1.1" 200 42144 "-" "Mozilla/5.0 (Linux; Android 6.0.1; Nexus 5X Build/MMB29P) AppleWebKit/537.36 (KHTML, like Gecko) Chrome/125.0.6422.175 Mobile Safari/537.36 (compatible; Googlebot/2.1; +http://www.google.com/bot.html)"
66.249.70.96 - - [02/Jul/2024:16:18:41 +0200] "GET /vfkct/i2628202.html HTTP/1.1" 200 41798 "-" "Mozilla/5.0 (Linux; Android 6.0.1; Nexus 5X Build/MMB29P) AppleWebKit/537.36 (KHTML, like Gecko) Chrome/125.0.6422.175 Mobile Safari/537.36 (compatible; Googlebot/2.1; +http://www.google.com/bot.html)"
85.208.96.204 - - [02/Jul/2024:16:11:51 +0200] "GET /%D9%82%D8%AD%D8%AA-%D9%88%D8%A7%D9%84%D8%B8%D8%B1%D9%88%D9%81-%D8%A7%D9%84%D9%86%D9%8A%D9%84%D9%8A%D9%86/ HTTP/1.1" 403 0 "-" "Mozilla/5.0 (compatible; SemrushBot/7~bl; +http://www.semrush.com/bot.html)"
66.249.70.109 - - [02/Jul/2024:16:13:58 +0200] "GET /dvztl/q2739672.html HTTP/1.1" 200 41594 "-" "Mozilla/5.0 (Linux; Android 6.0.1; Nexus 5X Build/MMB29P) AppleWebKit/537.36 (KHTML, like Gecko) Chrome/125.0.6422.175 Mobile Safari/537.36 (compatible; GoogleOther)"
85.208.96.203 - - [02/Jul/2024:16:15:53 +0200] "GET /tag/%D8%A8%D8%A7%D9%84%D8%B9%D9%86%D9%81/ HTTP/1.1" 403 0 "-" "Mozilla/5.0 (compatible; SemrushBot/7~bl; +http://www.semrush.com/bot.html)"
147.45.78.15 - - [02/Jul/2024:16:16:16 +0200] "POST /74a7c9952328.php HTTP/1.1" 500 9 "-" "curl/7.86.0"
185.191.171.14 - - [02/Jul/2024:16:17:54 +0200] "GET /tag/%D9%84%D9%84%D9%85%D9%88%D9%82%D9%81/ HTTP/1.1" 403 0 "-" "Mozilla/5.0 (compatible; SemrushBot/7~bl; +http://www.semrush.com/bot.html)"
147.45.78.15 - - [02/Jul/2024:16:18:15 +0200] "POST /74a7c9952328.php HTTP/1.1" 500 9 "-" "curl/7.86.0"
66.249.70.109 - - [02/Jul/2024:16:18:20 +0200] "GET /uxmgu/n3060405.html HTTP/1.1" 200 42139 "-" "Mozilla/5.0 (Linux; Android 6.0.1; Nexus 5X Build/MMB29P) AppleWebKit/537.36 (KHTML, like Gecko) Chrome/125.0.6422.175 Mobile Safari/537.36 (compatible; Googlebot/2.1; +http://www.google.com/bot.html)"
66.249.70.110 - - [02/Jul/2024:16:18:34 +0200] "GET /ypbwl/y615662.html HTTP/1.1" 200 41963 "-" "Mozilla/5.0 (Linux; Android 6.0.1; Nexus 5X Build/MMB29P) AppleWebKit/537.36 (KHTML, like Gecko) Chrome/125.0.6422.175 Mobile Safari/537.36 (compatible; Googlebot/2.1; +http://www.google.com/bot.html)"
66.249.70.110 - - [02/Jul/2024:16:18:35 +0200] "GET /kuwun/o780362.html HTTP/1.1" 200 41773 "-" "Mozilla/5.0 (Linux; Android 6.0.1; Nexus 5X Build/MMB29P) AppleWebKit/537.36 (KHTML, like Gecko) Chrome/125.0.6422.175 Mobile Safari/537.36 (compatible; Googlebot/2.1; +http://www.google.com/bot.html)"
66.249.70.109 - - [02/Jul/2024:16:18:36 +0200] "GET /umtbt/d798343.html HTTP/1.1" 200 43007 "-" "Mozilla/5.0 (Linux; Android 6.0.1; Nexus 5X Build/MMB29P) AppleWebKit/537.36 (KHTML, like Gecko) Chrome/125.0.6422.175 Mobile Safari/537.36 (compatible; Googlebot/2.1; +http://www.google.com/bot.html)"
66.249.70.110 - - [02/Jul/2024:16:18:38 +0200] "GET /fnjmi/g2377456.html HTTP/1.1" 200 42401 "-" "Mozilla/5.0 (Linux; Android 6.0.1; Nexus 5X Build/MMB29P) AppleWebKit/537.36 (KHTML, like Gecko) Chrome/125.0.6422.175 Mobile Safari/537.36 (compatible; Googlebot/2.1; +http://www.google.com/bot.html)"
66.249.70.96 - - [02/Jul/2024:16:18:39 +0200] "GET /pimts/k1898150.html HTTP/1.1" 200 41948 "-" "Mozilla/5.0 (Linux; Android 6.0.1; Nexus 5X Build/MMB29P) AppleWebKit/537.36 (KHTML, like Gecko) Chrome/125.0.6422.175 Mobile Safari/537.36 (compatible; Googlebot/2.1; +http://www.google.com/bot.html)"
66.249.70.110 - - [02/Jul/2024:16:18:40 +0200] "GET /sleal/k246760.html HTTP/1.1" 200 42166 "-" "Mozilla/5.0 (Linux; Android 6.0.1; Nexus 5X Build/MMB29P) AppleWebKit/537.36 (KHTML, like Gecko) Chrome/125.0.6422.175 Mobile Safari/537.36 (compatible; Googlebot/2.1; +http://www.google.com/bot.html)"
66.249.70.96 - - [02/Jul/2024:16:18:40 +0200] "GET /ixlrg/q1758692.html HTTP/1.1" 200 41972 "-" "Mozilla/5.0 (Linux; Android 6.0.1; Nexus 5X Build/MMB29P) AppleWebKit/537.36 (KHTML, like Gecko) Chrome/125.0.6422.175 Mobile Safari/537.36 (compatible; Googlebot/2.1; +http://www.google.com/bot.html)"
66.249.70.97 - - [02/Jul/2024:16:18:43 +0200] "GET /evseu/i2339316.html HTTP/1.1" 200 42326 "-" "Mozilla/5.0 (Linux; Android 6.0.1; Nexus 5X Build/MMB29P) AppleWebKit/537.36 (KHTML, like Gecko) Chrome/125.0.6422.175 Mobile Safari/537.36 (compatible; Googlebot/2.1; +http://www.google.com/bot.html)"
66.249.70.108 - - [02/Jul/2024:16:18:34 +0200] "GET /yqhek/j2157629.html HTTP/1.1" 200 42310 "-" "Mozilla/5.0 (Linux; Android 6.0.1; Nexus 5X Build/MMB29P) AppleWebKit/537.36 (KHTML, like Gecko) Chrome/125.0.6422.175 Mobile Safari/537.36 (compatible; Googlebot/2.1; +http://www.google.com/bot.html)"
66.249.70.108 - - [02/Jul/2024:16:18:35 +0200] "GET /aencp/b640911.html HTTP/1.1" 200 41408 "-" "Mozilla/5.0 (Linux; Android 6.0.1; Nexus 5X Build/MMB29P) AppleWebKit/537.36 (KHTML, like Gecko) Chrome/125.0.6422.175 Mobile Safari/537.36 (compatible; Googlebot/2.1; +http://www.google.com/bot.html)"
66.249.70.109 - - [02/Jul/2024:16:18:35 +0200] "GET /rzbjw/t1789739.html HTTP/1.1" 200 42755 "-" "Mozilla/5.0 (Linux; Android 6.0.1; Nexus 5X Build/MMB29P) AppleWebKit/537.36 (KHTML, like Gecko) Chrome/125.0.6422.175 Mobile Safari/537.36 (compatible; Googlebot/2.1; +http://www.google.com/bot.html)"
66.249.70.109 - - [02/Jul/2024:16:18:37 +0200] "GET /dvqnm/i165118.html HTTP/1.1" 200 41351 "-" "Mozilla/5.0 (Linux; Android 6.0.1; Nexus 5X Build/MMB29P) AppleWebKit/537.36 (KHTML, like Gecko) Chrome/125.0.6422.175 Mobile Safari/537.36 (compatible; Googlebot/2.1; +http://www.google.com/bot.html)"
66.249.70.108 - - [02/Jul/2024:16:18:37 +0200] "GET /ovwft/a529162.html HTTP/1.1" 200 41353 "-" "Mozilla/5.0 (Linux; Android 6.0.1; Nexus 5X Build/MMB29P) AppleWebKit/537.36 (KHTML, like Gecko) Chrome/125.0.6422.175 Mobile Safari/537.36 (compatible; Googlebot/2.1; +http://www.google.com/bot.html)"
66.249.70.108 - - [02/Jul/2024:16:18:37 +0200] "GET /ckgee/u2045606.html HTTP/1.1" 200 41486 "-" "Mozilla/5.0 (Linux; Android 6.0.1; Nexus 5X Build/MMB29P) AppleWebKit/537.36 (KHTML, like Gecko) Chrome/125.0.6422.175 Mobile Safari/537.36 (compatible; Googlebot/2.1; +http://www.google.com/bot.html)"
66.249.70.109 - - [02/Jul/2024:16:18:39 +0200] "GET /tgeqr/j3006165.html HTTP/1.1" 200 42427 "-" "Mozilla/5.0 (Linux; Android 6.0.1; Nexus 5X Build/MMB29P) AppleWebKit/537.36 (KHTML, like Gecko) Chrome/125.0.6422.175 Mobile Safari/537.36 (compatible; Googlebot/2.1; +http://www.google.com/bot.html)"
66.249.70.108 - - [02/Jul/2024:16:18:41 +0200] "GET /yufzq/m1345860.html HTTP/1.1" 200 42715 "-" "Mozilla/5.0 (Linux; Android 6.0.1; Nexus 5X Build/MMB29P) AppleWebKit/537.36 (KHTML, like Gecko) Chrome/125.0.6422.175 Mobile Safari/537.36 (compatible; Googlebot/2.1; +http://www.google.com/bot.html)"
66.249.70.108 - - [02/Jul/2024:16:18:41 +0200] "GET /komox/f1264837.html HTTP/1.1" 200 41338 "-" "Mozilla/5.0 (Linux; Android 6.0.1; Nexus 5X Build/MMB29P) AppleWebKit/537.36 (KHTML, like Gecko) Chrome/125.0.6422.175 Mobile Safari/537.36 (compatible; Googlebot/2.1; +http://www.google.com/bot.html)"
66.249.70.109 - - [02/Jul/2024:16:18:42 +0200] "GET /qvilv/j2289397.html HTTP/1.1" 200 42485 "-" "Mozilla/5.0 (Linux; Android 6.0.1; Nexus 5X Build/MMB29P) AppleWebKit/537.36 (KHTML, like Gecko) Chrome/125.0.6422.175 Mobile Safari/537.36 (compatible; Googlebot/2.1; +http://www.google.com/bot.html)"
66.249.70.109 - - [02/Jul/2024:16:18:44 +0200] "GET /ogomk/n1959669.html HTTP/1.1" 200 41364 "-" "Mozilla/5.0 (Linux; Android 6.0.1; Nexus 5X Build/MMB29P) AppleWebKit/537.36 (KHTML, like Gecko) Chrome/125.0.6422.175 Mobile Safari/537.36 (compatible; Googlebot/2.1; +http://www.google.com/bot.html)"
66.249.70.98 - - [02/Jul/2024:16:18:46 +0200] "GET /unbxa/w1792446.html HTTP/1.1" 200 43733 "-" "Mozilla/5.0 (Linux; Android 6.0.1; Nexus 5X Build/MMB29P) AppleWebKit/537.36 (KHTML, like Gecko) Chrome/125.0.6422.175 Mobile Safari/537.36 (compatible; Googlebot/2.1; +http://www.google.com/bot.html)"
66.249.70.108 - - [02/Jul/2024:16:18:47 +0200] "GET /ybxwu/x185569.html HTTP/1.1" 200 41767 "-" "Mozilla/5.0 (Linux; Android 6.0.1; Nexus 5X Build/MMB29P) AppleWebKit/537.36 (KHTML, like Gecko) Chrome/125.0.6422.175 Mobile Safari/537.36 (compatible; Googlebot/2.1; +http://www.google.com/bot.html)"
207.46.13.151 - - [02/Jul/2024:16:18:48 +0200] "GET /%D8%A8%D8%A7%D8%B1%D9%8A%D8%B3-%D8%AA%D8%B3%D8%AA%D8%B9%D8%AF-%D9%84%D8%A7%D8%AD%D8%AA%D8%B6%D8%A7%D9%86-%D9%86%D9%87%D8%A7%D8%A6%D9%8A-%D8%AF%D9%88%D8%B1%D9%8A-%D8%A3%D8%A8%D8%B7%D8%A7%D9%84-%D8%A3/ HTTP/2" 200 42306 "-" "Mozilla/5.0 AppleWebKit/537.36 (KHTML, like Gecko; compatible; bingbot/2.0; +http://www.bing.com/bingbot.htm) Chrome/116.0.1938.76 Safari/537.36"
66.249.70.109 - - [02/Jul/2024:16:18:49 +0200] "GET /jdwwe/m2539754.html HTTP/1.1" 200 41440 "-" "Mozilla/5.0 (Linux; Android 6.0.1; Nexus 5X Build/MMB29P) AppleWebKit/537.36 (KHTML, like Gecko) Chrome/125.0.6422.175 Mobile Safari/537.36 (compatible; Googlebot/2.1; +http://www.google.com/bot.html)"
66.249.70.98 - - [02/Jul/2024:16:18:50 +0200] "GET /axpaw/f2596271.html HTTP/1.1" 200 42266 "-" "Mozilla/5.0 (Linux; Android 6.0.1; Nexus 5X Build/MMB29P) AppleWebKit/537.36 (KHTML, like Gecko) Chrome/125.0.6422.175 Mobile Safari/537.36 (compatible; Googlebot/2.1; +http://www.google.com/bot.html)"
66.249.70.98 - - [02/Jul/2024:16:18:51 +0200] "GET /azlrc/i1753172.html HTTP/1.1" 200 41743 "-" "Mozilla/5.0 (Linux; Android 6.0.1; Nexus 5X Build/MMB29P) AppleWebKit/537.36 (KHTML, like Gecko) Chrome/125.0.6422.175 Mobile Safari/537.36 (compatible; Googlebot/2.1; +http://www.google.com/bot.html)"
66.249.70.96 - - [02/Jul/2024:16:18:52 +0200] "GET /lgxwa/t2586561.html HTTP/1.1" 200 41668 "-" "Mozilla/5.0 (Linux; Android 6.0.1; Nexus 5X Build/MMB29P) AppleWebKit/537.36 (KHTML, like Gecko) Chrome/125.0.6422.175 Mobile Safari/537.36 (compatible; Googlebot/2.1; +http://www.google.com/bot.html)"
