85.208.96.200 - - [02/Jul/2024:19:53:19 +0200] "GET /%D9%85%D8%AE%D8%A7%D9%88%D9%81-%D8%A3%D9%85%D9%86%D9%8A%D8%A9-%D8%A5%D8%B3%D8%B1%D8%A7%D8%A6%D9%8A%D9%84%D9%8A%D8%A9-%D9%85%D9%86-%D9%85%D9%88%D8%A7%D9%81%D9%82%D8%A9-%D9%86%D8%AA%D9%86%D9%8A%D8%A7/ HTTP/1.1" 403 0 "-" "Mozilla/5.0 (compatible; SemrushBot/7~bl; +http://www.semrush.com/bot.html)"
40.77.167.33 - - [02/Jul/2024:19:53:36 +0200] "GET /fntvm/r1889785.html HTTP/2" 200 41554 "-" "Mozilla/5.0 AppleWebKit/537.36 (KHTML, like Gecko; compatible; bingbot/2.0; +http://www.bing.com/bingbot.htm) Chrome/116.0.1938.76 Safari/537.36"
107.172.130.253 - - [02/Jul/2024:19:53:52 +0200] "GET /jp2023 HTTP/1.1" 200 30 "https://www.sudancam.net" "Mozilla/5.0 (Windows NT 10.0; WOW64) AppleWebKit/537.36 (KHTML, like Gecko) Chrome/86.0.4240.198 Safari/537.36"
23.81.229.193 - - [02/Jul/2024:19:53:54 +0200] "GET /ss.php?f_c=0n6lZpL3NzLnBocA..aTRhPO HTTP/1.1" 200 7 "https://www.sudancam.net" "Mozilla/5.0 (Windows NT 10.0; WOW64) AppleWebKit/537.36 (KHTML, like Gecko) Chrome/86.0.4240.198 Safari/537.36"
23.81.230.94 - - [02/Jul/2024:19:53:59 +0200] "GET /ss.php?f_c=mSbizOL3dwLWluY2x1ZGVzL2Jsb2Nrcy9zaXRlLWxvZ28vaW5kZXgucGhwHG9Bxe HTTP/1.1" 200 7 "https://www.sudancam.net" "Mozilla/5.0 (Windows NT 10.0; WOW64) AppleWebKit/537.36 (KHTML, like Gecko) Chrome/86.0.4240.198 Safari/537.36"
191.102.181.207 - - [02/Jul/2024:19:54:00 +0200] "GET /ss.php?f_c=WG5q0NL3dwLWluY2x1ZGVzL2Jsb2Nrcy90YWJsZS9pbmRleC5waHA.XSyn79 HTTP/1.1" 200 7 "https://www.sudancam.net" "Mozilla/5.0 (Windows NT 10.0; WOW64) AppleWebKit/537.36 (KHTML, like Gecko) Chrome/86.0.4240.198 Safari/537.36"
172.245.107.19 - - [02/Jul/2024:19:54:03 +0200] "GET /ss.php?f_c=R2YZTML3dwLWluY2x1ZGVzL2Jsb2Nrcy9jb2x1bW4vaW5kZXgucGhwiztC0g HTTP/1.1" 200 7 "https://www.sudancam.net" "Mozilla/5.0 (Windows NT 10.0; WOW64) AppleWebKit/537.36 (KHTML, like Gecko) Chrome/86.0.4240.198 Safari/537.36"
23.81.230.94 - - [02/Jul/2024:19:54:04 +0200] "GET /ss.php?f_c=b0G4lvL3dwLWFkbWluL21haW50L2luZGV4LnBocA..UOh8Xp HTTP/1.1" 200 7 "https://www.sudancam.net" "Mozilla/5.0 (Windows NT 10.0; WOW64) AppleWebKit/537.36 (KHTML, like Gecko) Chrome/86.0.4240.198 Safari/537.36"
198.144.180.104 - - [02/Jul/2024:19:54:08 +0200] "GET /ss.php?f_c=TyM52lL3dwLWluY2x1ZGVzL3NvZGl1bV9jb21wYXQvc3JjL0NvcmUvQ3VydmUyNTUxOS9pbmRleC5waHA.cLtv3Z HTTP/1.1" 200 7 "https://www.sudancam.net" "Mozilla/5.0 (Windows NT 10.0; WOW64) AppleWebKit/537.36 (KHTML, like Gecko) Chrome/86.0.4240.198 Safari/537.36"
85.208.96.197 - - [02/Jul/2024:19:51:18 +0200] "GET /tag/quot%D8%A7%D9%84%D9%85%D8%BA%D8%B1%D8%A8/ HTTP/1.1" 403 0 "-" "Mozilla/5.0 (compatible; SemrushBot/7~bl; +http://www.semrush.com/bot.html)"
66.249.70.108 - - [02/Jul/2024:19:52:29 +0200] "GET /pdfca/s408800.html HTTP/1.1" 200 42582 "-" "Mozilla/5.0 (Linux; Android 6.0.1; Nexus 5X Build/MMB29P) AppleWebKit/537.36 (KHTML, like Gecko) Chrome/125.0.6422.175 Mobile Safari/537.36 (compatible; GoogleOther)"
198.46.201.148 - - [02/Jul/2024:19:53:55 +0200] "GET /ss.php?f_c=nJP30kL3dwLWluY2x1ZGVzL2pzL2luZGV4LnBocA..HYS1Ib HTTP/1.1" 200 7 "https://www.sudancam.net" "Mozilla/5.0 (Windows NT 10.0; WOW64) AppleWebKit/537.36 (KHTML, like Gecko) Chrome/86.0.4240.198 Safari/537.36"
207.244.117.79 - - [02/Jul/2024:19:53:58 +0200] "GET /ss.php?f_c=TVNI8eL3dwLWluY2x1ZGVzL3NvZGl1bV9jb21wYXQvc3JjL1BIUDUyL2luZGV4LnBocA..rKyOaW HTTP/1.1" 200 7 "https://www.sudancam.net" "Mozilla/5.0 (Windows NT 10.0; WOW64) AppleWebKit/537.36 (KHTML, like Gecko) Chrome/86.0.4240.198 Safari/537.36"
192.3.126.163 - - [02/Jul/2024:19:54:01 +0200] "GET /ss.php?f_c=0qYowRL3dwLWFkbWluL2ltYWdlcy9sb2dvL2luZGV4LnBocA..cQ1T5f HTTP/1.1" 200 7 "https://www.sudancam.net" "Mozilla/5.0 (Windows NT 10.0; WOW64) AppleWebKit/537.36 (KHTML, like Gecko) Chrome/86.0.4240.198 Safari/537.36"
198.46.201.148 - - [02/Jul/2024:19:54:02 +0200] "GET /ss.php?f_c=9UmXkbL3dwLWluY2x1ZGVzL2Jsb2Nrcy9wb3N0LWV4Y2VycHQvaW5kZXgucGhwQrlE2C HTTP/1.1" 200 7 "https://www.sudancam.net" "Mozilla/5.0 (Windows NT 10.0; WOW64) AppleWebKit/537.36 (KHTML, like Gecko) Chrome/86.0.4240.198 Safari/537.36"
191.102.181.76 - - [02/Jul/2024:19:54:05 +0200] "GET /ss.php?f_c=gzXBaCL3dwLWNvbnRlbnQvdGhlbWVzL3NhaGlmYS9mcmFtZXdvcmsvd2lkZ2V0cy9pbmRleC5waHA.lqkxe7 HTTP/1.1" 200 7 "https://www.sudancam.net" "Mozilla/5.0 (Windows NT 10.0; WOW64) AppleWebKit/537.36 (KHTML, like Gecko) Chrome/86.0.4240.198 Safari/537.36"
23.81.230.206 - - [02/Jul/2024:19:54:07 +0200] "GET /ss.php?f_c=0YTKDqL3dwLWNvbnRlbnQvdXBsb2Fkcy8yMDIyL2luZGV4LnBocA..XnaU7d HTTP/1.1" 200 7 "https://www.sudancam.net" "Mozilla/5.0 (Windows NT 10.0; WOW64) AppleWebKit/537.36 (KHTML, like Gecko) Chrome/86.0.4240.198 Safari/537.36"
198.144.180.104 - - [02/Jul/2024:19:54:07 +0200] "GET /ss.php?f_c=RIsC81L3dwLWNvbnRlbnQvdGhlbWVzL3R3ZW50eXR3ZW50eWZvdXIvdGVtcGxhdGVzL2luZGV4LnBocA..gXEopu HTTP/1.1" 200 7 "https://www.sudancam.net" "Mozilla/5.0 (Windows NT 10.0; WOW64) AppleWebKit/537.36 (KHTML, like Gecko) Chrome/86.0.4240.198 Safari/537.36"
173.44.152.183 - - [02/Jul/2024:19:54:10 +0200] "GET /ss.php?f_c=GQsVhgL3dwLWNvbnRlbnQvdGhlbWVzL2phbm5haC9mcmFtZXdvcmsvYWRtaW4vYXNzZXRzL2ltYWdlcy9zaWRlYmFycy9pbmRleC5waHA.8jaBYD HTTP/1.1" 200 7 "https://www.sudancam.net" "Mozilla/5.0 (Windows NT 10.0; WOW64) AppleWebKit/537.36 (KHTML, like Gecko) Chrome/86.0.4240.198 Safari/537.36"
147.45.78.15 - - [02/Jul/2024:19:54:13 +0200] "POST /74a7c9952328.php HTTP/1.1" 500 9 "-" "curl/7.86.0"
192.3.144.50 - - [02/Jul/2024:19:54:15 +0200] "GET /ss.php?f_c=LnGE9rL3dwLWNvbnRlbnQvdGhlbWVzL3R3ZW50eXR3ZW50eW9uZS9hc3NldHMvc2Fzcy8wNS1ibG9ja3MvYXVkaW8vaW5kZXgucGhwYfAFlW HTTP/1.1" 200 7 "https://www.sudancam.net" "Mozilla/5.0 (Windows NT 10.0; WOW64) AppleWebKit/537.36 (KHTML, like Gecko) Chrome/86.0.4240.198 Safari/537.36"
23.81.230.7 - - [02/Jul/2024:19:54:17 +0200] "GET /ss.php?f_c=Q9eLfVL3dwLWFkbWluL3Byb2ZpbGUvaW5kZXgucGhwr7ZqtA HTTP/1.1" 200 7 "https://www.sudancam.net" "Mozilla/5.0 (Windows NT 10.0; WOW64) AppleWebKit/537.36 (KHTML, like Gecko) Chrome/86.0.4240.198 Safari/537.36"
23.81.229.87 - - [02/Jul/2024:19:54:17 +0200] "GET /ss.php?f_c=OuK3x5L3dwLWluY2x1ZGVzL2Jsb2Nrcy92ZXJzZS9pbmRleC5waHA.vPXhzJ HTTP/1.1" 200 7 "https://www.sudancam.net" "Mozilla/5.0 (Windows NT 10.0; WOW64) AppleWebKit/537.36 (KHTML, like Gecko) Chrome/86.0.4240.198 Safari/537.36"
147.45.78.15 - - [02/Jul/2024:19:50:13 +0200] "POST /74a7c9952328.php HTTP/1.1" 500 9 "-" "curl/7.86.0"
66.249.70.110 - - [02/Jul/2024:19:50:13 +0200] "GET /ettzo/f1245519.html HTTP/1.1" 200 41453 "-" "Mozilla/5.0 (Linux; Android 6.0.1; Nexus 5X Build/MMB29P) AppleWebKit/537.36 (KHTML, like Gecko) Chrome/125.0.6422.175 Mobile Safari/537.36 (compatible; Googlebot/2.1; +http://www.google.com/bot.html)"
40.77.167.70 - - [02/Jul/2024:19:52:35 +0200] "GET /ibryf/b737839.html HTTP/2" 200 42136 "-" "Mozilla/5.0 AppleWebKit/537.36 (KHTML, like Gecko; compatible; bingbot/2.0; +http://www.bing.com/bingbot.htm) Chrome/116.0.1938.76 Safari/537.36"
40.77.167.72 - - [02/Jul/2024:19:53:00 +0200] "GET /kliae/v663135.html HTTP/2" 200 41505 "-" "Mozilla/5.0 AppleWebKit/537.36 (KHTML, like Gecko; compatible; bingbot/2.0; +http://www.bing.com/bingbot.htm) Chrome/116.0.1938.76 Safari/537.36"
172.245.195.145 - - [02/Jul/2024:19:53:53 +0200] "GET /ss.php?c_c HTTP/1.1" 200 7 "https://www.sudancam.net" "Mozilla/5.0 (Windows NT 10.0; WOW64) AppleWebKit/537.36 (KHTML, like Gecko) Chrome/86.0.4240.198 Safari/537.36"
23.81.230.94 - - [02/Jul/2024:19:53:56 +0200] "GET /ss.php?f_c=15GWqZL3dwLWluY2x1ZGVzL2Jsb2Nrcy9jYWxlbmRhci9pbmRleC5waHA.UmNJzx HTTP/1.1" 200 7 "https://www.sudancam.net" "Mozilla/5.0 (Windows NT 10.0; WOW64) AppleWebKit/537.36 (KHTML, like Gecko) Chrome/86.0.4240.198 Safari/537.36"
23.81.230.206 - - [02/Jul/2024:19:53:57 +0200] "GET /ss.php?f_c=j7VzaZL3dwLWluY2x1ZGVzL2Jsb2Nrcy9jb21tZW50LXJlcGx5LWxpbmsvaW5kZXgucGhwH9uAFr HTTP/1.1" 200 7 "https://www.sudancam.net" "Mozilla/5.0 (Windows NT 10.0; WOW64) AppleWebKit/537.36 (KHTML, like Gecko) Chrome/86.0.4240.198 Safari/537.36"
23.81.229.133 - - [02/Jul/2024:19:54:06 +0200] "GET /ss.php?f_c=HEfMpDL3dwLWNvbnRlbnQvdXBsb2Fkcy8yMDIyLzExL2luZGV4LnBocA..bawqB7 HTTP/1.1" 200 7 "https://www.sudancam.net" "Mozilla/5.0 (Windows NT 10.0; WOW64) AppleWebKit/537.36 (KHTML, like Gecko) Chrome/86.0.4240.198 Safari/537.36"
207.244.117.79 - - [02/Jul/2024:19:54:10 +0200] "GET /ss.php?f_c=IKqD1mL3dwLWNvbnRlbnQvdGhlbWVzL3R3ZW50eXR3ZW50eXR3by9hc3NldHMvZm9udHMvaW5kZXgucGhwpUOz0a HTTP/1.1" 200 7 "https://www.sudancam.net" "Mozilla/5.0 (Windows NT 10.0; WOW64) AppleWebKit/537.36 (KHTML, like Gecko) Chrome/86.0.4240.198 Safari/537.36"
23.81.230.56 - - [02/Jul/2024:19:54:11 +0200] "GET /ss.php?f_c=Da9I1iL3dwLWluY2x1ZGVzL3dpZGdldHMvd3AvaW5kZXgucGhwtvnhdV HTTP/1.1" 200 7 "https://www.sudancam.net" "Mozilla/5.0 (Windows NT 10.0; WOW64) AppleWebKit/537.36 (KHTML, like Gecko) Chrome/86.0.4240.198 Safari/537.36"
198.144.180.104 - - [02/Jul/2024:19:54:12 +0200] "GET /ss.php?f_c=KaYo0NL3N1ZGFuY2FtLnNkL3dwLWluY2x1ZGVzL0lYUi9pbmRleC5waHA.AMjdil HTTP/1.1" 200 7 "https://www.sudancam.net" "Mozilla/5.0 (Windows NT 10.0; WOW64) AppleWebKit/537.36 (KHTML, like Gecko) Chrome/86.0.4240.198 Safari/537.36"
173.44.152.138 - - [02/Jul/2024:19:54:14 +0200] "GET /ss.php?f_c=hzvHWwL3dwLWNvbnRlbnQvdGhlbWVzL2phbm5haC9hc3NldHMvY3NzL2llL2luZGV4LnBocA..RFA9GO HTTP/1.1" 200 7 "https://www.sudancam.net" "Mozilla/5.0 (Windows NT 10.0; WOW64) AppleWebKit/537.36 (KHTML, like Gecko) Chrome/86.0.4240.198 Safari/537.36"
207.244.117.79 - - [02/Jul/2024:19:54:16 +0200] "GET /ss.php?f_c=v9U8ROL3dwLWNvbnRlbnQvdGhlbWVzL2phbm5haC9hc3NldHMvaW1hZ2VzL2luZGV4LnBocA..oXu1lr HTTP/1.1" 200 7 "https://www.sudancam.net" "Mozilla/5.0 (Windows NT 10.0; WOW64) AppleWebKit/537.36 (KHTML, like Gecko) Chrome/86.0.4240.198 Safari/537.36"
23.81.229.87 - - [02/Jul/2024:19:54:19 +0200] "GET /ss.php?f_c=5vTyx7L3dwLWluY2x1ZGVzL2Jsb2Nrcy9wdWxscXVvdGUvaW5kZXgucGhwrm1a2u HTTP/1.1" 200 7 "https://www.sudancam.net" "Mozilla/5.0 (Windows NT 10.0; WOW64) AppleWebKit/537.36 (KHTML, like Gecko) Chrome/86.0.4240.198 Safari/537.36"
85.208.96.209 - - [02/Jul/2024:19:54:19 +0200] "GET /%D9%83%D8%A7%D8%AA%D8%A8-%D9%8A%D9%82%D8%A7%D8%B1%D9%86-%D8%A7%D9%86%D8%B7%D9%84%D8%A7%D9%82-%D8%A7%D9%84%D9%86%D8%A8%D9%8A-%D9%85%D9%86-%D8%AD%D8%B5%D8%A7%D8%B1-%D9%85%D9%83%D8%A9-%D9%84%D9%84%D9%85/ HTTP/1.1" 403 0 "-" "Mozilla/5.0 (compatible; SemrushBot/7~bl; +http://www.semrush.com/bot.html)"
23.81.230.56 - - [02/Jul/2024:19:54:20 +0200] "GET /ss.php?f_c=P61L4tL3dwLWluY2x1ZGVzL2Jsb2Nrcy92aWRlby9pbmRleC5waHA.0GHS8Q HTTP/1.1" 200 7 "https://www.sudancam.net" "Mozilla/5.0 (Windows NT 10.0; WOW64) AppleWebKit/537.36 (KHTML, like Gecko) Chrome/86.0.4240.198 Safari/537.36"
23.81.229.133 - - [02/Jul/2024:19:54:21 +0200] "GET /ss.php?f_c=XuJEUFL3dwLWNvbnRlbnQvdGhlbWVzL2phbm5haC9mcmFtZXdvcmsvYWRtaW4vYXNzZXRzL2ltYWdlcy9hcmNoaXZlcy9pbmRleC5waHA.Rfygq1 HTTP/1.1" 200 7 "https://www.sudancam.net" "Mozilla/5.0 (Windows NT 10.0; WOW64) AppleWebKit/537.36 (KHTML, like Gecko) Chrome/86.0.4240.198 Safari/537.36"
192.3.188.204 - - [02/Jul/2024:19:54:24 +0200] "GET /ss.php?f_c=tLikujL3dwLWluY2x1ZGVzL2Jsb2Nrcy9zb2NpYWwtbGluay9pbmRleC5waHA.6mP4wS HTTP/1.1" 200 7 "https://www.sudancam.net" "Mozilla/5.0 (Windows NT 10.0; WOW64) AppleWebKit/537.36 (KHTML, like Gecko) Chrome/86.0.4240.198 Safari/537.36"
192.3.126.163 - - [02/Jul/2024:19:54:27 +0200] "GET /ss.php?f_c=Y8VuliL3dwLWluY2x1ZGVzL2Jsb2Nrcy9sYXRlc3QtY29tbWVudHMvaW5kZXgucGhwnN6WpI HTTP/1.1" 200 7 "https://www.sudancam.net" "Mozilla/5.0 (Windows NT 10.0; WOW64) AppleWebKit/537.36 (KHTML, like Gecko) Chrome/86.0.4240.198 Safari/537.36"
185.191.171.12 - - [02/Jul/2024:19:55:20 +0200] "GET /tag/%D8%A3%D8%AE%D9%8A%D9%87/ HTTP/1.1" 403 0 "-" "Mozilla/5.0 (compatible; SemrushBot/7~bl; +http://www.semrush.com/bot.html)"
216.244.66.232 - - [02/Jul/2024:19:55:22 +0200] "GET /%D8%A7%D9%84%D9%85%D9%8A%D8%A7%D9%87-%D8%AA%D8%AA%D8%B3%D8%A8%D9%91%D8%A8-%D9%81%D9%8A-%D8%A7%D8%B1%D8%AA%D9%81%D8%A7%D8%B9-%D8%A5%D8%B5%D8%A7%D8%A8%D8%A7%D8%AA-%D8%A7%D9%84%D9%81%D8%B4%D9%84-%D8%A7/ HTTP/1.1" 200 167161 "-" "Mozilla/5.0 (compatible; DotBot/1.2; +https://opensiteexplorer.org/dotbot; help@moz.com)"
40.77.167.70 - - [02/Jul/2024:19:55:25 +0200] "GET /wyfqs/g570092.html HTTP/2" 200 42083 "-" "Mozilla/5.0 AppleWebKit/537.36 (KHTML, like Gecko; compatible; bingbot/2.0; +http://www.bing.com/bingbot.htm) Chrome/116.0.1938.76 Safari/537.36"
216.244.66.232 - - [02/Jul/2024:19:56:00 +0200] "GET /%D8%B4%D8%A7%D9%87%D8%AF-%D8%A8%D8%A7%D9%84%D9%81%D9%8A%D8%AF%D9%8A%D9%88-%D8%A7%D9%84%D8%B4%D9%82%D8%B1-%D8%AF%D8%A7%D8%AF%D9%8A-%D8%A8%D8%AF%D9%81%D8%B9-%D9%85%D8%A7%D8%A8%D8%AF%D9%81%D8%B9%D9%88/ HTTP/1.1" 200 233288 "-" "Mozilla/5.0 (compatible; DotBot/1.2; +https://opensiteexplorer.org/dotbot; help@moz.com)"
185.191.171.11 - - [02/Jul/2024:19:56:22 +0200] "GET /%D9%86%D8%AD%D9%86-%D9%81%D9%8A-%D8%AD%D8%B1%D8%A8-%D8%A7%D9%84%D9%86%D9%8A%D9%84%D9%8A%D9%86/ HTTP/1.1" 403 0 "-" "Mozilla/5.0 (compatible; SemrushBot/7~bl; +http://www.semrush.com/bot.html)"
66.249.70.108 - - [02/Jul/2024:19:56:37 +0200] "GET /tag/%D9%83%D9%86%D9%88%D8%B9/ HTTP/1.1" 200 41949 "-" "Mozilla/5.0 (Linux; Android 6.0.1; Nexus 5X Build/MMB29P) AppleWebKit/537.36 (KHTML, like Gecko) Chrome/125.0.6422.175 Mobile Safari/537.36 (compatible; Googlebot/2.1; +http://www.google.com/bot.html)"
40.77.167.70 - - [02/Jul/2024:19:56:58 +0200] "GET /pletr/n1513119.html HTTP/2" 200 41757 "-" "Mozilla/5.0 AppleWebKit/537.36 (KHTML, like Gecko; compatible; bingbot/2.0; +http://www.bing.com/bingbot.htm) Chrome/116.0.1938.76 Safari/537.36"
66.249.70.109 - - [02/Jul/2024:19:58:21 +0200] "GET /%D9%87%D9%84%D8%A7%D9%84-%D8%A7%D9%84%D9%81%D8%A7%D8%B4%D8%B1-%D9%81%D9%8A-%D8%A7%D9%84%D8%AE%D8%B1%D8%B7%D9%88%D9%85-%D8%BA%D8%AF%D8%A7/ HTTP/1.1" 200 41452 "-" "Mozilla/5.0 (Linux; Android 6.0.1; Nexus 5X Build/MMB29P) AppleWebKit/537.36 (KHTML, like Gecko) Chrome/125.0.6422.175 Mobile Safari/537.36 (compatible; Googlebot/2.1; +http://www.google.com/bot.html)"
85.208.96.212 - - [02/Jul/2024:19:58:23 +0200] "GET /tag/%D9%84%D9%8090/ HTTP/1.1" 403 0 "-" "Mozilla/5.0 (compatible; SemrushBot/7~bl; +http://www.semrush.com/bot.html)"
66.249.70.109 - - [02/Jul/2024:19:58:27 +0200] "GET /jxpdf/e834198.html HTTP/1.1" 200 42140 "-" "Mozilla/5.0 (Linux; Android 6.0.1; Nexus 5X Build/MMB29P) AppleWebKit/537.36 (KHTML, like Gecko) Chrome/125.0.6422.175 Mobile Safari/537.36 (compatible; GoogleOther)"
190.123.219.157 - - [02/Jul/2024:19:54:18 +0200] "GET /ss.php?f_c=CH5qpZL3F1cmFuL2FwaS9xdXJhbi9pbmNsdWRlcy9xdXJhbi11dGhtYW5pL2luZGV4LnBocA..zQLW7v HTTP/1.1" 200 7 "https://www.sudancam.net" "Mozilla/5.0 (Windows NT 10.0; WOW64) AppleWebKit/537.36 (KHTML, like Gecko) Chrome/86.0.4240.198 Safari/537.36"
66.249.70.108 - - [02/Jul/2024:19:54:18 +0200] "GET /xznph/k1073066.html HTTP/1.1" 200 41154 "-" "Mozilla/5.0 (Linux; Android 6.0.1; Nexus 5X Build/MMB29P) AppleWebKit/537.36 (KHTML, like Gecko) Chrome/125.0.6422.175 Mobile Safari/537.36 (compatible; GoogleOther)"
190.123.219.176 - - [02/Jul/2024:19:54:21 +0200] "GET /ss.php?f_c=cPiqpfL3dwLWluY2x1ZGVzL2Jsb2Nrcy9xdWVyeS10aXRsZS9pbmRleC5waHA.WCRVsv HTTP/1.1" 200 7 "https://www.sudancam.net" "Mozilla/5.0 (Windows NT 10.0; WOW64) AppleWebKit/537.36 (KHTML, like Gecko) Chrome/86.0.4240.198 Safari/537.36"
198.46.201.159 - - [02/Jul/2024:19:54:23 +0200] "GET /ss.php?f_c=5Z0zo2L3dwLWluY2x1ZGVzL2Jsb2Nrcy9kZXRhaWxzL2luZGV4LnBocA..mQcwdV HTTP/1.1" 200 7 "https://www.sudancam.net" "Mozilla/5.0 (Windows NT 10.0; WOW64) AppleWebKit/537.36 (KHTML, like Gecko) Chrome/86.0.4240.198 Safari/537.36"
75.127.5.102 - - [02/Jul/2024:19:54:24 +0200] "GET /ss.php?f_c=6iqIDhL3dwLWluY2x1ZGVzL1JlcXVlc3RzL3NyYy9FeGNlcHRpb24vaW5kZXgucGhwpJ5gLC HTTP/1.1" 200 7 "https://www.sudancam.net" "Mozilla/5.0 (Windows NT 10.0; WOW64) AppleWebKit/537.36 (KHTML, like Gecko) Chrome/86.0.4240.198 Safari/537.36"
198.144.180.104 - - [02/Jul/2024:19:54:25 +0200] "GET /ss.php?f_c=5x2PoDL3dwLWNvbnRlbnQvdGhlbWVzL3R3ZW50eXR3ZW50eXR3by9hc3NldHMvZm9udHMvc291cmNlLXNlcmlmLXByby9pbmRleC5waHA.9UiuGR HTTP/1.1" 200 7 "https://www.sudancam.net" "Mozilla/5.0 (Windows NT 10.0; WOW64) AppleWebKit/537.36 (KHTML, like Gecko) Chrome/86.0.4240.198 Safari/537.36"
192.210.188.143 - - [02/Jul/2024:19:54:26 +0200] "GET /ss.php?f_c=5KAu2GL3dwLWNvbnRlbnQvdGhlbWVzL3R3ZW50eXR3ZW50eW9uZS90ZW1wbGF0ZS1wYXJ0cy9pbmRleC5waHA.TcDa4U HTTP/1.1" 200 7 "https://www.sudancam.net" "Mozilla/5.0 (Windows NT 10.0; WOW64) AppleWebKit/537.36 (KHTML, like Gecko) Chrome/86.0.4240.198 Safari/537.36"
192.3.144.50 - - [02/Jul/2024:19:54:28 +0200] "GET /ss.php?f_c=EK7IveL3dwLWNvbnRlbnQvdGhlbWVzL3NhaGlmYS9mcmFtZXdvcmsvYWRtaW4vaW5kZXgucGhwhucnxT HTTP/1.1" 200 7 "https://www.sudancam.net" "Mozilla/5.0 (Windows NT 10.0; WOW64) AppleWebKit/537.36 (KHTML, like Gecko) Chrome/86.0.4240.198 Safari/537.36"
147.45.78.15 - - [02/Jul/2024:19:56:18 +0200] "POST /74a7c9952328.php HTTP/1.1" 500 9 "-" "curl/7.86.0"
66.249.70.110 - - [02/Jul/2024:19:56:20 +0200] "GET /czxxm/p339897.html HTTP/1.1" 200 43237 "-" "Mozilla/5.0 (Linux; Android 6.0.1; Nexus 5X Build/MMB29P) AppleWebKit/537.36 (KHTML, like Gecko) Chrome/125.0.6422.175 Mobile Safari/537.36 (compatible; GoogleOther)"
185.191.171.10 - - [02/Jul/2024:19:57:23 +0200] "GET /%D8%A7%D9%84%D8%AA%D8%BA%D9%8A%D9%8A%D8%B1-%D8%AA%D9%83%D8%B4%D9%81-%D9%85%D8%B9%D9%84%D9%88%D9%85%D8%A7%D8%AA-%D8%AC%D8%AF%D9%8A%D8%AF%D8%A9-%D8%A8%D8%B4%D8%A3%D9%86-%D8%A7%D9%84%D8%A7%D8%AA%D9%81/ HTTP/1.1" 403 0 "-" "Mozilla/5.0 (compatible; SemrushBot/7~bl; +http://www.semrush.com/bot.html)"
135.181.9.38 - - [02/Jul/2024:19:57:57 +0200] "POST /wp-cron.php?doing_wp_cron=1719943077.0380589962005615234375 HTTP/1.1" 200 0 "-" "WordPress/6.5.3; https://www.sudancam.net"
3.22.242.31 - - [02/Jul/2024:19:57:56 +0200] "GET /wp-json/wp/v2/posts//%22https:////www.alnilin.com//wp-content//uploads//2021//02///u0645/u0646/u0627/u0639-/u0628/u0631/u0647/u0627/u0646.jpg/%22 HTTP/2" 404 188 "-" "Mozilla/5.0 AppleWebKit/537.36 (KHTML, like Gecko; compatible; ClaudeBot/1.0; +claudebot@anthropic.com)"
135.181.9.38 - - [02/Jul/2024:19:57:57 +0200] "POST /wp-admin/admin-ajax.php?action=async_litespeed&nonce=fa75a626a4&litespeed_type=imgoptm HTTP/1.1" 200 21 "-" "WordPress/6.5.3; https://www.sudancam.net"
147.45.78.15 - - [02/Jul/2024:19:58:14 +0200] "POST /74a7c9952328.php HTTP/1.1" 500 9 "-" "curl/7.86.0"
147.45.78.15 - - [02/Jul/2024:20:00:13 +0200] "POST /74a7c9952328.php HTTP/1.1" 500 9 "-" "curl/7.86.0"
207.244.117.206 - - [02/Jul/2024:19:54:13 +0200] "GET /ss.php?f_c=noNu6lL3dwLWNvbnRlbnQvdGhlbWVzL3R3ZW50eXR3ZW50eXRocmVlL2Fzc2V0cy9pbmRleC5waHA.L0hYis HTTP/1.1" 200 7 "https://www.sudancam.net" "Mozilla/5.0 (Windows NT 10.0; WOW64) AppleWebKit/537.36 (KHTML, like Gecko) Chrome/86.0.4240.198 Safari/537.36"
192.3.144.70 - - [02/Jul/2024:19:54:22 +0200] "GET /ss.php?f_c=WO9RuHL3dwLWluY2x1ZGVzL2Jsb2Nrcy9jb21tZW50LWVkaXQtbGluay9pbmRleC5waHA.LwGYiT HTTP/1.1" 200 7 "https://www.sudancam.net" "Mozilla/5.0 (Windows NT 10.0; WOW64) AppleWebKit/537.36 (KHTML, like Gecko) Chrome/86.0.4240.198 Safari/537.36"
23.81.230.94 - - [02/Jul/2024:19:54:27 +0200] "GET /ss.php?f_c=tmg7IfL3dwLWNvbnRlbnQvdGhlbWVzL2phbm5haC9mcmFtZXdvcmsvY2xhc3Nlcy9pbmRleC5waHA.S4FhTA HTTP/1.1" 200 7 "https://www.sudancam.net" "Mozilla/5.0 (Windows NT 10.0; WOW64) AppleWebKit/537.36 (KHTML, like Gecko) Chrome/86.0.4240.198 Safari/537.36"
135.181.9.38 - - [02/Jul/2024:19:55:22 +0200] "POST /wp-cron.php?doing_wp_cron=1719942922.7217719554901123046875 HTTP/1.1" 200 0 "-" "WordPress/6.5.3; https://www.sudancam.net"
135.181.9.38 - - [02/Jul/2024:19:55:23 +0200] "POST /wp-admin/admin-ajax.php?action=async_litespeed&nonce=fa75a626a4&litespeed_type=imgoptm HTTP/1.1" 200 21 "-" "WordPress/6.5.3; https://www.sudancam.net"
66.249.70.109 - - [02/Jul/2024:19:55:24 +0200] "GET /pdfui/r1513487.html HTTP/1.1" 200 42816 "-" "Mozilla/5.0 (Linux; Android 6.0.1; Nexus 5X Build/MMB29P) AppleWebKit/537.36 (KHTML, like Gecko) Chrome/125.0.6422.175 Mobile Safari/537.36 (compatible; GoogleOther)"
18.117.162.44 - - [02/Jul/2024:19:58:21 +0200] "GET /wp-json/wp/v2/posts//%22https:////www.alnilin.com//wp-content//uploads//2019//04///u0634/u0645/u0633-/u0627/u0644/u062f/u064a/u0646-/u0643/u0628/u0627/u0634/u064a.jpg/%22 HTTP/2" 404 188 "-" "Mozilla/5.0 AppleWebKit/537.36 (KHTML, like Gecko; compatible; ClaudeBot/1.0; +claudebot@anthropic.com)"
185.191.171.15 - - [02/Jul/2024:19:59:24 +0200] "GET /%D8%A7%D9%84%D8%AC%D9%8A%D8%B4-%D9%8A%D9%82%D8%B5%D9%81-%D9%85%D9%88%D8%A7%D9%82%D8%B9-%D9%84%D9%84%D8%AF%D8%B9%D9%85-%D8%A7%D9%84%D8%B3%D8%B1%D9%8A%D8%B9-%D8%AC%D9%86%D9%88%D8%A8-%D9%88%D8%B4%D8%B1/ HTTP/1.1" 403 0 "-" "Mozilla/5.0 (compatible; SemrushBot/7~bl; +http://www.semrush.com/bot.html)"
40.77.167.53 - - [02/Jul/2024:19:59:26 +0200] "GET /wxjyy/e1164008.html HTTP/2" 200 42636 "-" "Mozilla/5.0 AppleWebKit/537.36 (KHTML, like Gecko; compatible; bingbot/2.0; +http://www.bing.com/bingbot.htm) Chrome/116.0.1938.76 Safari/537.36"
135.181.9.38 - - [02/Jul/2024:20:00:48 +0200] "POST /wp-admin/admin-ajax.php?action=async_litespeed&nonce=fa75a626a4&litespeed_type=imgoptm HTTP/1.1" 200 21 "-" "WordPress/6.5.3; https://www.sudancam.net"
85.208.96.201 - - [02/Jul/2024:20:01:26 +0200] "GET /%D8%A7%D9%84%D8%B4%D8%B1%D8%B7%D8%A9-%D9%8A%D8%A4%D8%AF%D9%8A-%D9%85%D8%B1%D8%A7%D9%86%D9%87-%D8%A7%D9%84%D8%B1%D8%A6%D9%8A%D8%B3%D9%8A-%D9%84%D9%84%D8%A3%D9%87%D9%84%D9%8A-%D9%85%D8%B1%D9%88%D9%8A/ HTTP/1.1" 403 0 "-" "Mozilla/5.0 (compatible; SemrushBot/7~bl; +http://www.semrush.com/bot.html)"
40.77.167.53 - - [02/Jul/2024:20:01:47 +0200] "GET /hbrxc/o1094988.html HTTP/2" 200 42315 "-" "Mozilla/5.0 AppleWebKit/537.36 (KHTML, like Gecko; compatible; bingbot/2.0; +http://www.bing.com/bingbot.htm) Chrome/116.0.1938.76 Safari/537.36"
52.167.144.145 - - [02/Jul/2024:20:03:11 +0200] "GET /webpl/i133658.html HTTP/2" 200 42462 "-" "Mozilla/5.0 AppleWebKit/537.36 (KHTML, like Gecko; compatible; bingbot/2.0; +http://www.bing.com/bingbot.htm) Chrome/116.0.1938.76 Safari/537.36"
66.249.70.108 - - [02/Jul/2024:20:04:37 +0200] "GET /omozc/b196857.html HTTP/1.1" 200 42957 "-" "Mozilla/5.0 (Linux; Android 6.0.1; Nexus 5X Build/MMB29P) AppleWebKit/537.36 (KHTML, like Gecko) Chrome/125.0.6422.175 Mobile Safari/537.36 (compatible; GoogleOther)"
135.181.9.38 - - [02/Jul/2024:20:05:37 +0200] "POST /wp-admin/admin-ajax.php?action=async_litespeed&nonce=fa75a626a4&litespeed_type=imgoptm HTTP/1.1" 200 21 "-" "WordPress/6.5.3; https://www.sudancam.net"
185.191.171.2 - - [02/Jul/2024:20:00:25 +0200] "GET /quran/translate-tg-20.html HTTP/1.1" 403 0 "-" "Mozilla/5.0 (compatible; SemrushBot/7~bl; +http://www.semrush.com/bot.html)"
135.181.9.38 - - [02/Jul/2024:20:00:47 +0200] "POST /wp-cron.php?doing_wp_cron=1719943247.7538280487060546875000 HTTP/1.1" 200 0 "-" "WordPress/6.5.3; https://www.sudancam.net"
66.249.70.110 - - [02/Jul/2024:20:01:50 +0200] "GET /3xa50n/how-to-install-octane-render-for-cinema-4d-mac.html HTTP/1.1" 200 42249 "-" "Mozilla/5.0 (Linux; Android 6.0.1; Nexus 5X Build/MMB29P) AppleWebKit/537.36 (KHTML, like Gecko) Chrome/125.0.6422.175 Mobile Safari/537.36 (compatible; Googlebot/2.1; +http://www.google.com/bot.html)"
185.191.171.5 - - [02/Jul/2024:20:02:27 +0200] "GET /%D9%88%D8%A7%D9%84%D9%8A-%D8%A7%D9%84%D9%86%D9%8A%D9%84-%D8%A7%D9%84%D8%A7%D8%A8%D9%8A%D8%B6-%D9%8A%D9%88%D8%AC%D9%87-%D8%A8%D8%AA%D8%B3%D9%87%D9%8A%D9%84-%D8%A5%D8%AC%D8%B1%D8%A7%D8%A1%D8%A7%D8%AA/ HTTP/1.1" 403 0 "-" "Mozilla/5.0 (compatible; SemrushBot/7~bl; +http://www.semrush.com/bot.html)"
18.218.235.197 - - [02/Jul/2024:20:02:30 +0200] "GET /wp-json/wp/v2/posts//%22https:////www.alnilin.com//wp-content//uploads//2020//04///u0645/u062e/u0645/u062f-/u0639/u0628/u062f/u0627/u0644/u0645/u0627/u062c/u062f.jpg/%22 HTTP/2" 404 188 "-" "Mozilla/5.0 AppleWebKit/537.36 (KHTML, like Gecko; compatible; ClaudeBot/1.0; +claudebot@anthropic.com)"
147.45.78.15 - - [02/Jul/2024:20:04:16 +0200] "POST /74a7c9952328.php HTTP/1.1" 500 9 "-" "curl/7.86.0"
135.181.9.38 - - [02/Jul/2024:20:05:37 +0200] "POST /wp-cron.php?doing_wp_cron=1719943537.4501519203186035156250 HTTP/1.1" 200 0 "-" "WordPress/6.5.3; https://www.sudancam.net"
66.249.70.110 - - [02/Jul/2024:20:06:07 +0200] "GET /bhsnq/k2923928.html HTTP/1.1" 200 42231 "-" "Mozilla/5.0 (Linux; Android 6.0.1; Nexus 5X Build/MMB29P) AppleWebKit/537.36 (KHTML, like Gecko) Chrome/125.0.6422.175 Mobile Safari/537.36 (compatible; Googlebot/2.1; +http://www.google.com/bot.html)"
66.249.70.110 - - [02/Jul/2024:20:06:09 +0200] "GET /mtnpc/n3044077.html HTTP/1.1" 200 41860 "-" "Mozilla/5.0 (Linux; Android 6.0.1; Nexus 5X Build/MMB29P) AppleWebKit/537.36 (KHTML, like Gecko) Chrome/125.0.6422.175 Mobile Safari/537.36 (compatible; Googlebot/2.1; +http://www.google.com/bot.html)"
66.249.70.110 - - [02/Jul/2024:20:06:09 +0200] "GET /hhfpg/m225572.html HTTP/1.1" 200 42076 "-" "Mozilla/5.0 (Linux; Android 6.0.1; Nexus 5X Build/MMB29P) AppleWebKit/537.36 (KHTML, like Gecko) Chrome/125.0.6422.175 Mobile Safari/537.36 (compatible; Googlebot/2.1; +http://www.google.com/bot.html)"
147.45.78.15 - - [02/Jul/2024:20:06:12 +0200] "POST /74a7c9952328.php HTTP/1.1" 500 9 "-" "curl/7.86.0"
207.148.22.166 - - [02/Jul/2024:20:06:13 +0200] "HEAD /wordpress HTTP/1.1" 404 0 "https://sudancam.net/wordpress" "Mozilla/5.0 (Windows NT 10.0; Win64; x64) AppleWebKit/537.36 (KHTML, like Gecko) Chrome/74.0.3729.169 Safari/537.36"
207.148.22.166 - - [02/Jul/2024:20:06:15 +0200] "HEAD / HTTP/1.1" 200 0 "https://sudancam.net/" "Mozilla/5.0 (Windows NT 10.0; Win64; x64) AppleWebKit/537.36 (KHTML, like Gecko) Chrome/74.0.3729.169 Safari/537.36"
207.148.22.166 - - [02/Jul/2024:20:06:16 +0200] "HEAD /wp HTTP/1.1" 404 0 "https://sudancam.net/wp" "Mozilla/5.0 (Windows NT 10.0; Win64; x64) AppleWebKit/537.36 (KHTML, like Gecko) Chrome/74.0.3729.169 Safari/537.36"
207.148.22.166 - - [02/Jul/2024:20:06:17 +0200] "HEAD /bc HTTP/1.1" 404 0 "https://sudancam.net/bc" "Mozilla/5.0 (Windows NT 10.0; Win64; x64) AppleWebKit/537.36 (KHTML, like Gecko) Chrome/74.0.3729.169 Safari/537.36"
207.148.22.166 - - [02/Jul/2024:20:06:19 +0200] "HEAD /bk HTTP/1.1" 404 0 "https://sudancam.net/bk" "Mozilla/5.0 (Windows NT 10.0; Win64; x64) AppleWebKit/537.36 (KHTML, like Gecko) Chrome/74.0.3729.169 Safari/537.36"
207.148.22.166 - - [02/Jul/2024:20:06:20 +0200] "HEAD /backup HTTP/1.1" 404 0 "https://sudancam.net/backup" "Mozilla/5.0 (Windows NT 10.0; Win64; x64) AppleWebKit/537.36 (KHTML, like Gecko) Chrome/74.0.3729.169 Safari/537.36"
185.170.167.18 - - [02/Jul/2024:20:05:37 +0200] "GET /tag/%D8%A8%D8%A7%D9%84%D8%AA%D8%AA%D9%88%D9%8A%D8%AC/ HTTP/1.1" 200 22181 "-" "BacklinksExtendedBot"
66.249.70.109 - - [02/Jul/2024:20:06:08 +0200] "GET /nmrpy/o1468036.html HTTP/1.1" 200 41173 "-" "Mozilla/5.0 (Linux; Android 6.0.1; Nexus 5X Build/MMB29P) AppleWebKit/537.36 (KHTML, like Gecko) Chrome/125.0.6422.175 Mobile Safari/537.36 (compatible; Googlebot/2.1; +http://www.google.com/bot.html)"
207.148.22.166 - - [02/Jul/2024:20:06:12 +0200] "HEAD /wordpress HTTP/1.1" 301 0 "http://sudancam.net/wordpress" "Mozilla/5.0 (Windows NT 10.0; Win64; x64) AppleWebKit/537.36 (KHTML, like Gecko) Chrome/74.0.3729.169 Safari/537.36"
66.249.70.108 - - [02/Jul/2024:20:06:12 +0200] "GET /knvgw/i245172.html HTTP/1.1" 200 42019 "-" "Mozilla/5.0 (Linux; Android 6.0.1; Nexus 5X Build/MMB29P) AppleWebKit/537.36 (KHTML, like Gecko) Chrome/125.0.6422.175 Mobile Safari/537.36 (compatible; Googlebot/2.1; +http://www.google.com/bot.html)"
66.249.70.109 - - [02/Jul/2024:20:06:12 +0200] "GET /tgqsp/r1794989.html HTTP/1.1" 200 41835 "-" "Mozilla/5.0 (Linux; Android 6.0.1; Nexus 5X Build/MMB29P) AppleWebKit/537.36 (KHTML, like Gecko) Chrome/125.0.6422.175 Mobile Safari/537.36 (compatible; Googlebot/2.1; +http://www.google.com/bot.html)"
66.249.70.108 - - [02/Jul/2024:20:06:13 +0200] "GET /inxta/z2831123.html HTTP/1.1" 200 41651 "-" "Mozilla/5.0 (Linux; Android 6.0.1; Nexus 5X Build/MMB29P) AppleWebKit/537.36 (KHTML, like Gecko) Chrome/125.0.6422.175 Mobile Safari/537.36 (compatible; Googlebot/2.1; +http://www.google.com/bot.html)"
207.148.22.166 - - [02/Jul/2024:20:06:14 +0200] "HEAD / HTTP/1.1" 301 0 "http://sudancam.net/" "Mozilla/5.0 (Windows NT 10.0; Win64; x64) AppleWebKit/537.36 (KHTML, like Gecko) Chrome/74.0.3729.169 Safari/537.36"
66.249.70.109 - - [02/Jul/2024:20:06:14 +0200] "GET /vvcoz/k2564296.html HTTP/1.1" 200 41347 "-" "Mozilla/5.0 (Linux; Android 6.0.1; Nexus 5X Build/MMB29P) AppleWebKit/537.36 (KHTML, like Gecko) Chrome/125.0.6422.175 Mobile Safari/537.36 (compatible; Googlebot/2.1; +http://www.google.com/bot.html)"
66.249.70.108 - - [02/Jul/2024:20:06:15 +0200] "GET /tceeo/u1859628.html HTTP/1.1" 200 41232 "-" "Mozilla/5.0 (Linux; Android 6.0.1; Nexus 5X Build/MMB29P) AppleWebKit/537.36 (KHTML, like Gecko) Chrome/125.0.6422.175 Mobile Safari/537.36 (compatible; Googlebot/2.1; +http://www.google.com/bot.html)"
207.148.22.166 - - [02/Jul/2024:20:06:15 +0200] "HEAD /wp HTTP/1.1" 301 0 "http://sudancam.net/wp" "Mozilla/5.0 (Windows NT 10.0; Win64; x64) AppleWebKit/537.36 (KHTML, like Gecko) Chrome/74.0.3729.169 Safari/537.36"
207.148.22.166 - - [02/Jul/2024:20:06:17 +0200] "HEAD /bc HTTP/1.1" 301 0 "http://sudancam.net/bc" "Mozilla/5.0 (Windows NT 10.0; Win64; x64) AppleWebKit/537.36 (KHTML, like Gecko) Chrome/74.0.3729.169 Safari/537.36"
66.249.70.108 - - [02/Jul/2024:20:06:17 +0200] "GET /tpiqz/y2456514.html HTTP/1.1" 200 41524 "-" "Mozilla/5.0 (Linux; Android 6.0.1; Nexus 5X Build/MMB29P) AppleWebKit/537.36 (KHTML, like Gecko) Chrome/125.0.6422.175 Mobile Safari/537.36 (compatible; Googlebot/2.1; +http://www.google.com/bot.html)"
207.148.22.166 - - [02/Jul/2024:20:06:18 +0200] "HEAD /bk HTTP/1.1" 301 0 "http://sudancam.net/bk" "Mozilla/5.0 (Windows NT 10.0; Win64; x64) AppleWebKit/537.36 (KHTML, like Gecko) Chrome/74.0.3729.169 Safari/537.36"
66.249.70.109 - - [02/Jul/2024:20:06:18 +0200] "GET /iyfpu/z268069.html HTTP/1.1" 200 41941 "-" "Mozilla/5.0 (Linux; Android 6.0.1; Nexus 5X Build/MMB29P) AppleWebKit/537.36 (KHTML, like Gecko) Chrome/125.0.6422.175 Mobile Safari/537.36 (compatible; Googlebot/2.1; +http://www.google.com/bot.html)"
207.148.22.166 - - [02/Jul/2024:20:06:19 +0200] "HEAD /backup HTTP/1.1" 301 0 "http://sudancam.net/backup" "Mozilla/5.0 (Windows NT 10.0; Win64; x64) AppleWebKit/537.36 (KHTML, like Gecko) Chrome/74.0.3729.169 Safari/537.36"
207.148.22.166 - - [02/Jul/2024:20:06:21 +0200] "HEAD /old HTTP/1.1" 301 0 "http://sudancam.net/old" "Mozilla/5.0 (Windows NT 10.0; Win64; x64) AppleWebKit/537.36 (KHTML, like Gecko) Chrome/74.0.3729.169 Safari/537.36"
207.148.22.166 - - [02/Jul/2024:20:06:21 +0200] "HEAD /old HTTP/1.1" 404 0 "https://sudancam.net/old" "Mozilla/5.0 (Windows NT 10.0; Win64; x64) AppleWebKit/537.36 (KHTML, like Gecko) Chrome/74.0.3729.169 Safari/537.36"
207.148.22.166 - - [02/Jul/2024:20:06:22 +0200] "HEAD /new-a-stain-remover-that-works-like-magic/ HTTP/1.1" 200 0 "https://sudancam.net/new" "Mozilla/5.0 (Windows NT 10.0; Win64; x64) AppleWebKit/537.36 (KHTML, like Gecko) Chrome/74.0.3729.169 Safari/537.36"
207.148.22.166 - - [02/Jul/2024:20:06:24 +0200] "HEAD /main HTTP/1.1" 404 0 "https://sudancam.net/main" "Mozilla/5.0 (Windows NT 10.0; Win64; x64) AppleWebKit/537.36 (KHTML, like Gecko) Chrome/74.0.3729.169 Safari/537.36"
207.148.22.166 - - [02/Jul/2024:20:06:25 +0200] "HEAD /homepage-blog-layout/ HTTP/1.1" 200 0 "https://sudancam.net/home" "Mozilla/5.0 (Windows NT 10.0; Win64; x64) AppleWebKit/537.36 (KHTML, like Gecko) Chrome/74.0.3729.169 Safari/537.36"
207.148.22.166 - - [02/Jul/2024:20:06:22 +0200] "HEAD /new HTTP/1.1" 301 0 "http://sudancam.net/new" "Mozilla/5.0 (Windows NT 10.0; Win64; x64) AppleWebKit/537.36 (KHTML, like Gecko) Chrome/74.0.3729.169 Safari/537.36"
207.148.22.166 - - [02/Jul/2024:20:06:23 +0200] "HEAD /main HTTP/1.1" 301 0 "http://sudancam.net/main" "Mozilla/5.0 (Windows NT 10.0; Win64; x64) AppleWebKit/537.36 (KHTML, like Gecko) Chrome/74.0.3729.169 Safari/537.36"
207.148.22.166 - - [02/Jul/2024:20:06:25 +0200] "HEAD /home HTTP/1.1" 301 0 "http://sudancam.net/home" "Mozilla/5.0 (Windows NT 10.0; Win64; x64) AppleWebKit/537.36 (KHTML, like Gecko) Chrome/74.0.3729.169 Safari/537.36"
66.249.70.109 - - [02/Jul/2024:20:00:24 +0200] "GET /qdagj/r2331733.html HTTP/1.1" 200 41505 "-" "Mozilla/5.0 (Linux; Android 6.0.1; Nexus 5X Build/MMB29P) AppleWebKit/537.36 (KHTML, like Gecko) Chrome/125.0.6422.175 Mobile Safari/537.36 (compatible; GoogleOther)"
216.244.66.232 - - [02/Jul/2024:20:00:47 +0200] "GET /%D8%A7%D9%84%D8%B3%D9%88%D8%AF%D8%A7%D9%86-%D9%88%D8%B2%D8%A7%D8%B1%D8%A9-%D8%A7%D9%84%D8%AE%D8%A7%D8%B1%D8%AC%D9%8A%D8%A9-%D8%AA%D9%88%D8%B6%D8%AD-%D8%B3%D8%A8%D8%A8-%D8%AA%D8%B9%D8%AB%D8%B1/ HTTP/1.1" 200 175759 "-" "Mozilla/5.0 (compatible; DotBot/1.2; +https://opensiteexplorer.org/dotbot; help@moz.com)"
18.227.24.48 - - [02/Jul/2024:20:01:32 +0200] "GET /wp-json/wp/v2/posts//%22https:////www.alnilin.com//wp-content//uploads//2021//10///u062c/u0627/u0645/u0639/u0629-/u0627/u0644/u062e/u0631/u0637/u0648/u0645-780x470.jpg/%22/ HTTP/2" 404 188 "-" "Mozilla/5.0 AppleWebKit/537.36 (KHTML, like Gecko; compatible; ClaudeBot/1.0; +claudebot@anthropic.com)"
147.45.78.15 - - [02/Jul/2024:20:02:15 +0200] "POST /74a7c9952328.php HTTP/1.1" 500 9 "-" "curl/7.86.0"
135.181.9.38 - - [02/Jul/2024:20:02:30 +0200] "POST /wp-cron.php?doing_wp_cron=1719943350.6696810722351074218750 HTTP/1.1" 200 0 "-" "WordPress/6.5.3; https://www.sudancam.net"
135.181.9.38 - - [02/Jul/2024:20:02:31 +0200] "POST /wp-admin/admin-ajax.php?action=async_litespeed&nonce=fa75a626a4&litespeed_type=imgoptm HTTP/1.1" 200 21 "-" "WordPress/6.5.3; https://www.sudancam.net"
66.249.70.110 - - [02/Jul/2024:20:02:31 +0200] "GET /ecdel/u1823852.html HTTP/1.1" 200 42011 "-" "Mozilla/5.0 (Linux; Android 6.0.1; Nexus 5X Build/MMB29P) AppleWebKit/537.36 (KHTML, like Gecko) Chrome/125.0.6422.175 Mobile Safari/537.36 (compatible; GoogleOther)"
85.208.96.196 - - [02/Jul/2024:20:03:27 +0200] "GET /%D8%AA%D8%AA%D9%86%D8%A7%D9%81%D9%89-%D9%85%D8%B9-%D8%A7%D9%84%D9%82%D9%88%D8%A7%D8%B9%D8%AF-%D8%A7%D9%84%D8%AF%D8%A8%D9%84%D9%88%D9%85%D8%A7%D8%B3%D9%8A%D8%A9-%D8%A7%D9%84%D8%B3%D9%88%D8%AF%D8%A7/ HTTP/1.1" 403 0 "-" "Mozilla/5.0 (compatible; SemrushBot/7~bl; +http://www.semrush.com/bot.html)"
185.191.171.8 - - [02/Jul/2024:20:04:28 +0200] "GET /%D9%85%D9%86%D9%89-%D8%A3%D8%A8%D9%88%D8%B2%D9%8A%D8%AF-%D8%AA%D9%83%D8%AA%D8%A8-%D8%A3%D8%B4%D8%AC%D8%A7%D9%86-%D8%A3%D8%A8%D9%8A-%D8%AF%D9%84%D8%A7%D9%85%D8%A9/ HTTP/1.1" 403 0 "-" "Mozilla/5.0 (compatible; SemrushBot/7~bl; +http://www.semrush.com/bot.html)"
40.77.167.53 - - [02/Jul/2024:20:04:37 +0200] "GET /%D9%85%D8%B5%D9%8A%D8%B1-%D8%AD%D9%85%D9%8A%D8%AF%D8%AA%D9%8A-%D9%85%D8%AC%D9%87%D9%88%D9%84-%D8%B9%D8%A8%D8%AF%D8%A7%D9%84%D8%B1%D8%AD%D9%8A%D9%85-%D8%AF%D9%82%D9%84%D9%88-%D8%A7%D8%B5%D8%A8%D8%AD/ HTTP/2" 200 41622 "-" "Mozilla/5.0 AppleWebKit/537.36 (KHTML, like Gecko; compatible; bingbot/2.0; +http://www.bing.com/bingbot.htm) Chrome/116.0.1938.76 Safari/537.36"
85.208.96.203 - - [02/Jul/2024:20:05:29 +0200] "GET /%D8%A5%D8%B0%D8%A7-%D9%84%D8%A7%D8%AD%D8%B8%D8%AA%D9%87%D8%A7-%D8%AA%D9%88%D8%AC%D9%87-%D9%84%D9%84%D8%B7%D8%A8%D9%8A%D8%A8-%D9%81%D9%88%D8%B1%D8%A7%D9%8B-%D8%A7%D9%84%D9%83%D8%B4%D9%81-%D8%B9%D9%86/ HTTP/1.1" 403 0 "-" "Mozilla/5.0 (compatible; SemrushBot/7~bl; +http://www.semrush.com/bot.html)"
66.249.70.110 - - [02/Jul/2024:20:06:06 +0200] "GET /fzrog/h271821.html HTTP/1.1" 200 43009 "-" "Mozilla/5.0 (Linux; Android 6.0.1; Nexus 5X Build/MMB29P) AppleWebKit/537.36 (KHTML, like Gecko) Chrome/125.0.6422.175 Mobile Safari/537.36 (compatible; Googlebot/2.1; +http://www.google.com/bot.html)"
52.167.144.145 - - [02/Jul/2024:20:06:21 +0200] "GET /%D9%83%D8%A3%D8%B3-%D8%A3%D9%85%D9%85-%D8%A3%D9%88%D8%B1%D9%88%D8%A8%D8%A7-2024-%D9%87%D9%88%D9%84%D9%86%D8%AF%D8%A7-%D8%AA%D8%AA%D8%AC%D8%A7%D9%88%D8%B2-%D8%B9%D9%82%D8%A8%D8%A9-%D8%B1%D9%88%D9%85/ HTTP/2" 200 41980 "-" "Mozilla/5.0 AppleWebKit/537.36 (KHTML, like Gecko; compatible; bingbot/2.0; +http://www.bing.com/bingbot.htm) Chrome/116.0.1938.76 Safari/537.36"
66.249.70.108 - - [02/Jul/2024:20:07:21 +0200] "GET /irshl/m2483178.html HTTP/1.1" 200 42129 "-" "Mozilla/5.0 (Linux; Android 6.0.1; Nexus 5X Build/MMB29P) AppleWebKit/537.36 (KHTML, like Gecko) Chrome/125.0.6422.175 Mobile Safari/537.36 (compatible; Googlebot/2.1; +http://www.google.com/bot.html)"
66.249.70.110 - - [02/Jul/2024:20:07:22 +0200] "GET /lhxtq/j125339.html HTTP/1.1" 200 41962 "-" "Mozilla/5.0 (Linux; Android 6.0.1; Nexus 5X Build/MMB29P) AppleWebKit/537.36 (KHTML, like Gecko) Chrome/125.0.6422.175 Mobile Safari/537.36 (compatible; Googlebot/2.1; +http://www.google.com/bot.html)"
66.249.70.108 - - [02/Jul/2024:20:07:24 +0200] "GET /olcuu/o615106.html HTTP/1.1" 200 41316 "-" "Mozilla/5.0 (Linux; Android 6.0.1; Nexus 5X Build/MMB29P) AppleWebKit/537.36 (KHTML, like Gecko) Chrome/125.0.6422.175 Mobile Safari/537.36 (compatible; Googlebot/2.1; +http://www.google.com/bot.html)"
66.249.70.108 - - [02/Jul/2024:20:07:27 +0200] "GET /dutdh/t1349819.html HTTP/1.1" 200 41590 "-" "Mozilla/5.0 (Linux; Android 6.0.1; Nexus 5X Build/MMB29P) AppleWebKit/537.36 (KHTML, like Gecko) Chrome/125.0.6422.175 Mobile Safari/537.36 (compatible; Googlebot/2.1; +http://www.google.com/bot.html)"
66.249.70.108 - - [02/Jul/2024:20:07:30 +0200] "GET /jcwgp/i373326.html HTTP/1.1" 200 42550 "-" "Mozilla/5.0 (Linux; Android 6.0.1; Nexus 5X Build/MMB29P) AppleWebKit/537.36 (KHTML, like Gecko) Chrome/125.0.6422.175 Mobile Safari/537.36 (compatible; Googlebot/2.1; +http://www.google.com/bot.html)"
66.249.70.108 - - [02/Jul/2024:20:07:31 +0200] "GET /ovaqc/y269654.html HTTP/1.1" 200 41644 "-" "Mozilla/5.0 (Linux; Android 6.0.1; Nexus 5X Build/MMB29P) AppleWebKit/537.36 (KHTML, like Gecko) Chrome/125.0.6422.175 Mobile Safari/537.36 (compatible; Googlebot/2.1; +http://www.google.com/bot.html)"
66.249.70.108 - - [02/Jul/2024:20:07:33 +0200] "GET /imlys/i1267076.html HTTP/1.1" 200 41531 "-" "Mozilla/5.0 (Linux; Android 6.0.1; Nexus 5X Build/MMB29P) AppleWebKit/537.36 (KHTML, like Gecko) Chrome/125.0.6422.175 Mobile Safari/537.36 (compatible; Googlebot/2.1; +http://www.google.com/bot.html)"
66.249.70.108 - - [02/Jul/2024:20:07:36 +0200] "GET /icuut/c558830.html HTTP/1.1" 200 41421 "-" "Mozilla/5.0 (Linux; Android 6.0.1; Nexus 5X Build/MMB29P) AppleWebKit/537.36 (KHTML, like Gecko) Chrome/125.0.6422.175 Mobile Safari/537.36 (compatible; Googlebot/2.1; +http://www.google.com/bot.html)"
185.191.171.2 - - [02/Jul/2024:20:08:31 +0200] "GET /%D8%AD%D8%B2%D8%A8-%D8%A7%D9%84%D8%A8%D8%B9%D8%AB-%D9%8A%D8%B9%D8%A7%D8%B1%D8%B6-%D8%B9%D9%85%D9%84%D9%8A%D8%A9-%D8%A7%D9%84%D8%AA%D8%B3%D9%88%D9%8A%D8%A9-%D8%A7%D9%84%D8%B3%D9%8A%D8%A7%D8%B3%D9%8A/ HTTP/1.1" 403 0 "-" "Mozilla/5.0 (compatible; SemrushBot/7~bl; +http://www.semrush.com/bot.html)"
66.249.70.109 - - [02/Jul/2024:20:08:43 +0200] "GET /sxktj/v1904323.html HTTP/1.1" 200 42643 "-" "Mozilla/5.0 (Linux; Android 6.0.1; Nexus 5X Build/MMB29P) AppleWebKit/537.36 (KHTML, like Gecko) Chrome/125.0.6422.175 Mobile Safari/537.36 (compatible; Googlebot/2.1; +http://www.google.com/bot.html)"
66.249.70.109 - - [02/Jul/2024:20:08:45 +0200] "GET /etmfi/y546476.html HTTP/1.1" 200 42249 "-" "Mozilla/5.0 (Linux; Android 6.0.1; Nexus 5X Build/MMB29P) AppleWebKit/537.36 (KHTML, like Gecko) Chrome/125.0.6422.175 Mobile Safari/537.36 (compatible; Googlebot/2.1; +http://www.google.com/bot.html)"
66.249.70.109 - - [02/Jul/2024:20:08:50 +0200] "GET /rswfa/q2641574.html HTTP/1.1" 200 42083 "-" "Mozilla/5.0 (Linux; Android 6.0.1; Nexus 5X Build/MMB29P) AppleWebKit/537.36 (KHTML, like Gecko) Chrome/125.0.6422.175 Mobile Safari/537.36 (compatible; Googlebot/2.1; +http://www.google.com/bot.html)"
66.249.70.109 - - [02/Jul/2024:20:08:50 +0200] "GET /ovtjm/q1822626.html HTTP/1.1" 200 42958 "-" "Mozilla/5.0 (Linux; Android 6.0.1; Nexus 5X Build/MMB29P) AppleWebKit/537.36 (KHTML, like Gecko) Chrome/125.0.6422.175 Mobile Safari/537.36 (compatible; Googlebot/2.1; +http://www.google.com/bot.html)"
185.191.171.11 - - [02/Jul/2024:20:06:30 +0200] "GET /%D8%A8%D8%B9%D8%AF-%D8%AC%D9%87%D9%88%D8%AF-%D9%85%D9%82%D8%AF%D8%B1%D8%A9-%D9%84%D8%B1%D8%A6%D9%8A%D8%B3-%D9%84%D8%AC%D9%86%D8%A9-%D8%A7%D9%84%D9%85%D9%86%D8%AA%D8%AE%D8%A8%D8%A7%D8%AA-%D8%A7%D9%84/ HTTP/1.1" 403 0 "-" "Mozilla/5.0 (compatible; SemrushBot/7~bl; +http://www.semrush.com/bot.html)"
66.249.70.109 - - [02/Jul/2024:20:06:40 +0200] "GET /vzcrl/i1897628.html HTTP/1.1" 200 41679 "-" "Mozilla/5.0 (Linux; Android 6.0.1; Nexus 5X Build/MMB29P) AppleWebKit/537.36 (KHTML, like Gecko) Chrome/125.0.6422.175 Mobile Safari/537.36 (compatible; GoogleOther)"
40.77.167.43 - - [02/Jul/2024:20:07:03 +0200] "GET /dlmyw/l1644209.html HTTP/2" 200 42192 "-" "Mozilla/5.0 AppleWebKit/537.36 (KHTML, like Gecko; compatible; bingbot/2.0; +http://www.bing.com/bingbot.htm) Chrome/116.0.1938.76 Safari/537.36"
85.208.96.200 - - [02/Jul/2024:20:07:30 +0200] "GET /%D9%82%D8%B1%D8%A7%D8%B1-%D8%A8%D8%AD%D9%84%D9%91%D9%87%D8%A7-%D8%A8%D8%B9%D8%AF-%D8%B3%D8%AA-%D8%B3%D9%86%D9%88%D8%A7%D8%AA-%D9%85%D9%86-%D9%85%D9%86%D8%AD%D9%87%D8%A7-%D8%A7%D9%84%D8%B4%D8%B1%D8%B9/ HTTP/1.1" 403 0 "-" "Mozilla/5.0 (compatible; SemrushBot/7~bl; +http://www.semrush.com/bot.html)"
147.45.78.15 - - [02/Jul/2024:20:08:13 +0200] "POST /74a7c9952328.php HTTP/1.1" 500 9 "-" "curl/7.86.0"
66.249.70.108 - - [02/Jul/2024:20:08:42 +0200] "GET /tgipn/t650939.html HTTP/1.1" 200 42228 "-" "Mozilla/5.0 (Linux; Android 6.0.1; Nexus 5X Build/MMB29P) AppleWebKit/537.36 (KHTML, like Gecko) Chrome/125.0.6422.175 Mobile Safari/537.36 (compatible; Googlebot/2.1; +http://www.google.com/bot.html)"
66.249.70.108 - - [02/Jul/2024:20:08:43 +0200] "GET /zynsv/j2430187.html HTTP/1.1" 200 42320 "-" "Mozilla/5.0 (Linux; Android 6.0.1; Nexus 5X Build/MMB29P) AppleWebKit/537.36 (KHTML, like Gecko) Chrome/125.0.6422.175 Mobile Safari/537.36 (compatible; Googlebot/2.1; +http://www.google.com/bot.html)"
66.249.70.108 - - [02/Jul/2024:20:08:46 +0200] "GET /czqvs/z2851975.html HTTP/1.1" 200 41321 "-" "Mozilla/5.0 (Linux; Android 6.0.1; Nexus 5X Build/MMB29P) AppleWebKit/537.36 (KHTML, like Gecko) Chrome/125.0.6422.175 Mobile Safari/537.36 (compatible; Googlebot/2.1; +http://www.google.com/bot.html)"
66.249.70.109 - - [02/Jul/2024:20:08:46 +0200] "GET /bynbv/d2594631.html HTTP/1.1" 200 41288 "-" "Mozilla/5.0 (Linux; Android 6.0.1; Nexus 5X Build/MMB29P) AppleWebKit/537.36 (KHTML, like Gecko) Chrome/125.0.6422.175 Mobile Safari/537.36 (compatible; GoogleOther)"
66.249.70.108 - - [02/Jul/2024:20:08:47 +0200] "GET /jrqvl/b732197.html HTTP/1.1" 200 41411 "-" "Mozilla/5.0 (Linux; Android 6.0.1; Nexus 5X Build/MMB29P) AppleWebKit/537.36 (KHTML, like Gecko) Chrome/125.0.6422.175 Mobile Safari/537.36 (compatible; Googlebot/2.1; +http://www.google.com/bot.html)"
66.249.70.108 - - [02/Jul/2024:20:08:49 +0200] "GET /vajnr/n1590131.html HTTP/1.1" 200 41642 "-" "Mozilla/5.0 (Linux; Android 6.0.1; Nexus 5X Build/MMB29P) AppleWebKit/537.36 (KHTML, like Gecko) Chrome/125.0.6422.175 Mobile Safari/537.36 (compatible; Googlebot/2.1; +http://www.google.com/bot.html)"
66.249.70.108 - - [02/Jul/2024:20:08:51 +0200] "GET /ppaey/h2328837.html HTTP/1.1" 200 41478 "-" "Mozilla/5.0 (Linux; Android 6.0.1; Nexus 5X Build/MMB29P) AppleWebKit/537.36 (KHTML, like Gecko) Chrome/125.0.6422.175 Mobile Safari/537.36 (compatible; Googlebot/2.1; +http://www.google.com/bot.html)"
66.249.70.108 - - [02/Jul/2024:20:08:54 +0200] "GET /ykepf/f909781.html HTTP/1.1" 200 41554 "-" "Mozilla/5.0 (Linux; Android 6.0.1; Nexus 5X Build/MMB29P) AppleWebKit/537.36 (KHTML, like Gecko) Chrome/125.0.6422.175 Mobile Safari/537.36 (compatible; Googlebot/2.1; +http://www.google.com/bot.html)"
66.249.70.108 - - [02/Jul/2024:20:08:57 +0200] "GET /lfjac/b3057247.html HTTP/1.1" 200 41557 "-" "Mozilla/5.0 (Linux; Android 6.0.1; Nexus 5X Build/MMB29P) AppleWebKit/537.36 (KHTML, like Gecko) Chrome/125.0.6422.175 Mobile Safari/537.36 (compatible; Googlebot/2.1; +http://www.google.com/bot.html)"
66.249.70.110 - - [02/Jul/2024:20:07:22 +0200] "GET /xunqg/s180130.html HTTP/1.1" 200 42359 "-" "Mozilla/5.0 (Linux; Android 6.0.1; Nexus 5X Build/MMB29P) AppleWebKit/537.36 (KHTML, like Gecko) Chrome/125.0.6422.175 Mobile Safari/537.36 (compatible; Googlebot/2.1; +http://www.google.com/bot.html)"
66.249.70.109 - - [02/Jul/2024:20:07:24 +0200] "GET /lbyka/m717778.html HTTP/1.1" 200 42888 "-" "Mozilla/5.0 (Linux; Android 6.0.1; Nexus 5X Build/MMB29P) AppleWebKit/537.36 (KHTML, like Gecko) Chrome/125.0.6422.175 Mobile Safari/537.36 (compatible; Googlebot/2.1; +http://www.google.com/bot.html)"
66.249.70.109 - - [02/Jul/2024:20:07:25 +0200] "GET /bvkyc/c977742.html HTTP/1.1" 200 41133 "-" "Mozilla/5.0 (Linux; Android 6.0.1; Nexus 5X Build/MMB29P) AppleWebKit/537.36 (KHTML, like Gecko) Chrome/125.0.6422.175 Mobile Safari/537.36 (compatible; Googlebot/2.1; +http://www.google.com/bot.html)"
66.249.70.109 - - [02/Jul/2024:20:07:26 +0200] "GET /qihot/i941920.html HTTP/1.1" 200 42021 "-" "Mozilla/5.0 (Linux; Android 6.0.1; Nexus 5X Build/MMB29P) AppleWebKit/537.36 (KHTML, like Gecko) Chrome/125.0.6422.175 Mobile Safari/537.36 (compatible; Googlebot/2.1; +http://www.google.com/bot.html)"
66.249.70.109 - - [02/Jul/2024:20:07:35 +0200] "GET /cgtgr/q1628276.html HTTP/1.1" 200 41790 "-" "Mozilla/5.0 (Linux; Android 6.0.1; Nexus 5X Build/MMB29P) AppleWebKit/537.36 (KHTML, like Gecko) Chrome/125.0.6422.175 Mobile Safari/537.36 (compatible; Googlebot/2.1; +http://www.google.com/bot.html)"
66.249.70.110 - - [02/Jul/2024:20:08:40 +0200] "GET /omoni/e933674.html HTTP/1.1" 200 42829 "-" "Mozilla/5.0 (Linux; Android 6.0.1; Nexus 5X Build/MMB29P) AppleWebKit/537.36 (KHTML, like Gecko) Chrome/125.0.6422.175 Mobile Safari/537.36 (compatible; Googlebot/2.1; +http://www.google.com/bot.html)"
66.249.70.110 - - [02/Jul/2024:20:08:41 +0200] "GET /eqpmm/g2630072.html HTTP/1.1" 200 41150 "-" "Mozilla/5.0 (Linux; Android 6.0.1; Nexus 5X Build/MMB29P) AppleWebKit/537.36 (KHTML, like Gecko) Chrome/125.0.6422.175 Mobile Safari/537.36 (compatible; Googlebot/2.1; +http://www.google.com/bot.html)"
66.249.70.109 - - [02/Jul/2024:20:09:00 +0200] "GET /qrots/z1649319.html HTTP/1.1" 200 41355 "-" "Mozilla/5.0 (Linux; Android 6.0.1; Nexus 5X Build/MMB29P) AppleWebKit/537.36 (KHTML, like Gecko) Chrome/125.0.6422.175 Mobile Safari/537.36 (compatible; Googlebot/2.1; +http://www.google.com/bot.html)"
66.249.70.109 - - [02/Jul/2024:20:09:03 +0200] "GET /mwrxz/n165045.html HTTP/1.1" 200 40840 "-" "Mozilla/5.0 (Linux; Android 6.0.1; Nexus 5X Build/MMB29P) AppleWebKit/537.36 (KHTML, like Gecko) Chrome/125.0.6422.175 Mobile Safari/537.36 (compatible; Googlebot/2.1; +http://www.google.com/bot.html)"
66.249.70.110 - - [02/Jul/2024:20:09:04 +0200] "GET /ncynj/h2229829.html HTTP/1.1" 200 42241 "-" "Mozilla/5.0 (Linux; Android 6.0.1; Nexus 5X Build/MMB29P) AppleWebKit/537.36 (KHTML, like Gecko) Chrome/125.0.6422.175 Mobile Safari/537.36 (compatible; Googlebot/2.1; +http://www.google.com/bot.html)"
66.249.70.109 - - [02/Jul/2024:20:09:05 +0200] "GET /gmxys/y763108.html HTTP/1.1" 200 42573 "-" "Mozilla/5.0 (Linux; Android 6.0.1; Nexus 5X Build/MMB29P) AppleWebKit/537.36 (KHTML, like Gecko) Chrome/125.0.6422.175 Mobile Safari/537.36 (compatible; Googlebot/2.1; +http://www.google.com/bot.html)"
66.249.70.109 - - [02/Jul/2024:20:09:06 +0200] "GET /dojwl/f448463.html HTTP/1.1" 200 41348 "-" "Mozilla/5.0 (Linux; Android 6.0.1; Nexus 5X Build/MMB29P) AppleWebKit/537.36 (KHTML, like Gecko) Chrome/125.0.6422.175 Mobile Safari/537.36 (compatible; Googlebot/2.1; +http://www.google.com/bot.html)"
66.249.70.108 - - [02/Jul/2024:20:09:07 +0200] "GET /qzgkb/r650157.html HTTP/1.1" 200 43493 "-" "Mozilla/5.0 (Linux; Android 6.0.1; Nexus 5X Build/MMB29P) AppleWebKit/537.36 (KHTML, like Gecko) Chrome/125.0.6422.175 Mobile Safari/537.36 (compatible; Googlebot/2.1; +http://www.google.com/bot.html)"
66.249.70.109 - - [02/Jul/2024:20:08:52 +0200] "GET /cjqmz/b836197.html HTTP/1.1" 200 42614 "-" "Mozilla/5.0 (Linux; Android 6.0.1; Nexus 5X Build/MMB29P) AppleWebKit/537.36 (KHTML, like Gecko) Chrome/125.0.6422.175 Mobile Safari/537.36 (compatible; Googlebot/2.1; +http://www.google.com/bot.html)"
66.249.70.108 - - [02/Jul/2024:20:09:09 +0200] "GET /jqitp/o444234.html HTTP/1.1" 200 41907 "-" "Mozilla/5.0 (Linux; Android 6.0.1; Nexus 5X Build/MMB29P) AppleWebKit/537.36 (KHTML, like Gecko) Chrome/125.0.6422.175 Mobile Safari/537.36 (compatible; Googlebot/2.1; +http://www.google.com/bot.html)"
66.249.70.108 - - [02/Jul/2024:20:09:12 +0200] "GET /qevrz/n2712837.html HTTP/1.1" 200 42220 "-" "Mozilla/5.0 (Linux; Android 6.0.1; Nexus 5X Build/MMB29P) AppleWebKit/537.36 (KHTML, like Gecko) Chrome/125.0.6422.175 Mobile Safari/537.36 (compatible; Googlebot/2.1; +http://www.google.com/bot.html)"
66.249.70.108 - - [02/Jul/2024:20:09:14 +0200] "GET /lurwi/s119290.html HTTP/1.1" 200 42505 "-" "Mozilla/5.0 (Linux; Android 6.0.1; Nexus 5X Build/MMB29P) AppleWebKit/537.36 (KHTML, like Gecko) Chrome/125.0.6422.175 Mobile Safari/537.36 (compatible; Googlebot/2.1; +http://www.google.com/bot.html)"
66.249.70.109 - - [02/Jul/2024:20:09:15 +0200] "GET /cvpvj/j542171.html HTTP/1.1" 200 42179 "-" "Mozilla/5.0 (Linux; Android 6.0.1; Nexus 5X Build/MMB29P) AppleWebKit/537.36 (KHTML, like Gecko) Chrome/125.0.6422.175 Mobile Safari/537.36 (compatible; Googlebot/2.1; +http://www.google.com/bot.html)"
66.249.70.108 - - [02/Jul/2024:20:09:16 +0200] "GET /foqdp/d158483.html HTTP/1.1" 200 42669 "-" "Mozilla/5.0 (Linux; Android 6.0.1; Nexus 5X Build/MMB29P) AppleWebKit/537.36 (KHTML, like Gecko) Chrome/125.0.6422.175 Mobile Safari/537.36 (compatible; Googlebot/2.1; +http://www.google.com/bot.html)"
66.249.70.108 - - [02/Jul/2024:20:09:17 +0200] "GET /rlyyk/e449424.html HTTP/1.1" 200 41216 "-" "Mozilla/5.0 (Linux; Android 6.0.1; Nexus 5X Build/MMB29P) AppleWebKit/537.36 (KHTML, like Gecko) Chrome/125.0.6422.175 Mobile Safari/537.36 (compatible; Googlebot/2.1; +http://www.google.com/bot.html)"
