66.249.70.97 - - [02/Jul/2024:16:21:50 +0200] "GET /sxhli/d279487.html HTTP/1.1" 200 42110 "-" "Mozilla/5.0 (Linux; Android 6.0.1; Nexus 5X Build/MMB29P) AppleWebKit/537.36 (KHTML, like Gecko) Chrome/125.0.6422.175 Mobile Safari/537.36 (compatible; Googlebot/2.1; +http://www.google.com/bot.html)"
66.249.70.96 - - [02/Jul/2024:16:21:41 +0200] "GET /kikhy/l2133685.html HTTP/1.1" 200 41641 "-" "Mozilla/5.0 (Linux; Android 6.0.1; Nexus 5X Build/MMB29P) AppleWebKit/537.36 (KHTML, like Gecko) Chrome/125.0.6422.175 Mobile Safari/537.36 (compatible; Googlebot/2.1; +http://www.google.com/bot.html)"
66.249.70.109 - - [02/Jul/2024:16:21:42 +0200] "GET /tbjby/c909830.html HTTP/1.1" 200 41714 "-" "Mozilla/5.0 (Linux; Android 6.0.1; Nexus 5X Build/MMB29P) AppleWebKit/537.36 (KHTML, like Gecko) Chrome/125.0.6422.175 Mobile Safari/537.36 (compatible; Googlebot/2.1; +http://www.google.com/bot.html)"
66.249.70.108 - - [02/Jul/2024:16:21:44 +0200] "GET /uvmwy/d841763.html HTTP/1.1" 200 43104 "-" "Mozilla/5.0 (Linux; Android 6.0.1; Nexus 5X Build/MMB29P) AppleWebKit/537.36 (KHTML, like Gecko) Chrome/125.0.6422.175 Mobile Safari/537.36 (compatible; Googlebot/2.1; +http://www.google.com/bot.html)"
66.249.70.109 - - [02/Jul/2024:16:21:44 +0200] "GET /iqdnb/f3058369.html HTTP/1.1" 200 41237 "-" "Mozilla/5.0 (Linux; Android 6.0.1; Nexus 5X Build/MMB29P) AppleWebKit/537.36 (KHTML, like Gecko) Chrome/125.0.6422.175 Mobile Safari/537.36 (compatible; Googlebot/2.1; +http://www.google.com/bot.html)"
66.249.70.99 - - [02/Jul/2024:16:21:45 +0200] "GET /jfxkq/z199481.html HTTP/1.1" 200 42855 "-" "Mozilla/5.0 (Linux; Android 6.0.1; Nexus 5X Build/MMB29P) AppleWebKit/537.36 (KHTML, like Gecko) Chrome/125.0.6422.175 Mobile Safari/537.36 (compatible; Googlebot/2.1; +http://www.google.com/bot.html)"
66.249.70.102 - - [02/Jul/2024:16:21:46 +0200] "GET /qrmxm/f1948351.html HTTP/1.1" 200 42308 "-" "Mozilla/5.0 (Linux; Android 6.0.1; Nexus 5X Build/MMB29P) AppleWebKit/537.36 (KHTML, like Gecko) Chrome/125.0.6422.175 Mobile Safari/537.36 (compatible; Googlebot/2.1; +http://www.google.com/bot.html)"
66.249.70.110 - - [02/Jul/2024:16:21:47 +0200] "GET /ewuka/e82278.html HTTP/1.1" 200 42400 "-" "Mozilla/5.0 (Linux; Android 6.0.1; Nexus 5X Build/MMB29P) AppleWebKit/537.36 (KHTML, like Gecko) Chrome/125.0.6422.175 Mobile Safari/537.36 (compatible; Googlebot/2.1; +http://www.google.com/bot.html)"
66.249.70.102 - - [02/Jul/2024:16:21:48 +0200] "GET /ietjr/n2963113.html HTTP/1.1" 200 42734 "-" "Mozilla/5.0 (Linux; Android 6.0.1; Nexus 5X Build/MMB29P) AppleWebKit/537.36 (KHTML, like Gecko) Chrome/125.0.6422.175 Mobile Safari/537.36 (compatible; Googlebot/2.1; +http://www.google.com/bot.html)"
66.249.70.96 - - [02/Jul/2024:16:21:50 +0200] "GET /obpnj/l2814781.html HTTP/1.1" 200 41813 "-" "Mozilla/5.0 (Linux; Android 6.0.1; Nexus 5X Build/MMB29P) AppleWebKit/537.36 (KHTML, like Gecko) Chrome/125.0.6422.175 Mobile Safari/537.36 (compatible; Googlebot/2.1; +http://www.google.com/bot.html)"
66.249.70.96 - - [02/Jul/2024:16:21:51 +0200] "GET /onynh/x1087665.html HTTP/1.1" 200 42901 "-" "Mozilla/5.0 (Linux; Android 6.0.1; Nexus 5X Build/MMB29P) AppleWebKit/537.36 (KHTML, like Gecko) Chrome/125.0.6422.175 Mobile Safari/537.36 (compatible; Googlebot/2.1; +http://www.google.com/bot.html)"
66.249.70.98 - - [02/Jul/2024:16:21:52 +0200] "GET /hcjjl/y326334.html HTTP/1.1" 200 42393 "-" "Mozilla/5.0 (Linux; Android 6.0.1; Nexus 5X Build/MMB29P) AppleWebKit/537.36 (KHTML, like Gecko) Chrome/125.0.6422.175 Mobile Safari/537.36 (compatible; Googlebot/2.1; +http://www.google.com/bot.html)"
66.249.70.110 - - [02/Jul/2024:16:21:52 +0200] "GET /pbyng/k1084038.html HTTP/1.1" 200 41526 "-" "Mozilla/5.0 (Linux; Android 6.0.1; Nexus 5X Build/MMB29P) AppleWebKit/537.36 (KHTML, like Gecko) Chrome/125.0.6422.175 Mobile Safari/537.36 (compatible; Googlebot/2.1; +http://www.google.com/bot.html)"
66.249.70.96 - - [02/Jul/2024:16:21:53 +0200] "GET /dhoqz/v161205.html HTTP/1.1" 200 42616 "-" "Mozilla/5.0 (Linux; Android 6.0.1; Nexus 5X Build/MMB29P) AppleWebKit/537.36 (KHTML, like Gecko) Chrome/125.0.6422.175 Mobile Safari/537.36 (compatible; Googlebot/2.1; +http://www.google.com/bot.html)"
66.249.70.101 - - [02/Jul/2024:16:21:45 +0200] "GET /wdoio/e498564.html HTTP/1.1" 200 41918 "-" "Mozilla/5.0 (Linux; Android 6.0.1; Nexus 5X Build/MMB29P) AppleWebKit/537.36 (KHTML, like Gecko) Chrome/125.0.6422.175 Mobile Safari/537.36 (compatible; Googlebot/2.1; +http://www.google.com/bot.html)"
66.249.70.103 - - [02/Jul/2024:16:21:47 +0200] "GET /qstks/c299610.html HTTP/1.1" 200 43969 "-" "Mozilla/5.0 (Linux; Android 6.0.1; Nexus 5X Build/MMB29P) AppleWebKit/537.36 (KHTML, like Gecko) Chrome/125.0.6422.175 Mobile Safari/537.36 (compatible; Googlebot/2.1; +http://www.google.com/bot.html)"
66.249.70.104 - - [02/Jul/2024:16:21:52 +0200] "GET /bcqvt/u2006008.html HTTP/1.1" 200 41606 "-" "Mozilla/5.0 (Linux; Android 6.0.1; Nexus 5X Build/MMB29P) AppleWebKit/537.36 (KHTML, like Gecko) Chrome/125.0.6422.175 Mobile Safari/537.36 (compatible; Googlebot/2.1; +http://www.google.com/bot.html)"
66.249.70.104 - - [02/Jul/2024:16:21:53 +0200] "GET /djvzd/y2153822.html HTTP/1.1" 200 41999 "-" "Mozilla/5.0 (Linux; Android 6.0.1; Nexus 5X Build/MMB29P) AppleWebKit/537.36 (KHTML, like Gecko) Chrome/125.0.6422.175 Mobile Safari/537.36 (compatible; Googlebot/2.1; +http://www.google.com/bot.html)"
66.249.70.108 - - [02/Jul/2024:16:21:54 +0200] "GET /vsqyp/z1133219.html HTTP/1.1" 200 43256 "-" "Mozilla/5.0 (Linux; Android 6.0.1; Nexus 5X Build/MMB29P) AppleWebKit/537.36 (KHTML, like Gecko) Chrome/125.0.6422.175 Mobile Safari/537.36 (compatible; Googlebot/2.1; +http://www.google.com/bot.html)"
66.249.70.104 - - [02/Jul/2024:16:21:54 +0200] "GET /maxna/a453944.html HTTP/1.1" 200 41752 "-" "Mozilla/5.0 (Linux; Android 6.0.1; Nexus 5X Build/MMB29P) AppleWebKit/537.36 (KHTML, like Gecko) Chrome/125.0.6422.175 Mobile Safari/537.36 (compatible; Googlebot/2.1; +http://www.google.com/bot.html)"
85.208.96.205 - - [02/Jul/2024:16:21:57 +0200] "GET /%D8%A7%D9%84%D8%B3%D9%84%D8%B7%D8%A7%D8%AA-%D8%A7%D9%84%D8%B3%D9%88%D8%AF%D8%A7%D9%86%D9%8A%D8%A9-%D8%AA%D8%B7%D9%84%D9%82-%D8%B3%D8%B1%D8%A7%D8%AD-%D9%85%D8%AF%D8%A7%D9%86-%D8%A8%D9%82%D8%AA%D9%84/ HTTP/1.1" 403 0 "-" "Mozilla/5.0 (compatible; SemrushBot/7~bl; +http://www.semrush.com/bot.html)"
66.249.70.105 - - [02/Jul/2024:16:21:57 +0200] "GET /rlqmw/v515897.html HTTP/1.1" 200 41257 "-" "Mozilla/5.0 (Linux; Android 6.0.1; Nexus 5X Build/MMB29P) AppleWebKit/537.36 (KHTML, like Gecko) Chrome/125.0.6422.175 Mobile Safari/537.36 (compatible; Googlebot/2.1; +http://www.google.com/bot.html)"
66.249.70.105 - - [02/Jul/2024:16:22:00 +0200] "GET /himbm/e657606.html HTTP/1.1" 200 41733 "-" "Mozilla/5.0 (Linux; Android 6.0.1; Nexus 5X Build/MMB29P) AppleWebKit/537.36 (KHTML, like Gecko) Chrome/125.0.6422.175 Mobile Safari/537.36 (compatible; Googlebot/2.1; +http://www.google.com/bot.html)"
66.249.70.107 - - [02/Jul/2024:16:22:01 +0200] "GET /hjzfi/e553866.html HTTP/1.1" 200 41427 "-" "Mozilla/5.0 (Linux; Android 6.0.1; Nexus 5X Build/MMB29P) AppleWebKit/537.36 (KHTML, like Gecko) Chrome/125.0.6422.175 Mobile Safari/537.36 (compatible; Googlebot/2.1; +http://www.google.com/bot.html)"
66.249.70.109 - - [02/Jul/2024:16:22:01 +0200] "GET /kgvjh/g1774802.html HTTP/1.1" 200 41822 "-" "Mozilla/5.0 (Linux; Android 6.0.1; Nexus 5X Build/MMB29P) AppleWebKit/537.36 (KHTML, like Gecko) Chrome/125.0.6422.175 Mobile Safari/537.36 (compatible; Googlebot/2.1; +http://www.google.com/bot.html)"
66.249.70.103 - - [02/Jul/2024:16:22:02 +0200] "GET /tnqsm/g510240.html HTTP/1.1" 200 42004 "-" "Mozilla/5.0 (Linux; Android 6.0.1; Nexus 5X Build/MMB29P) AppleWebKit/537.36 (KHTML, like Gecko) Chrome/125.0.6422.175 Mobile Safari/537.36 (compatible; Googlebot/2.1; +http://www.google.com/bot.html)"
66.249.70.98 - - [02/Jul/2024:16:22:05 +0200] "GET /ctrou/j593105.html HTTP/1.1" 200 41823 "-" "Mozilla/5.0 (Linux; Android 6.0.1; Nexus 5X Build/MMB29P) AppleWebKit/537.36 (KHTML, like Gecko) Chrome/125.0.6422.175 Mobile Safari/537.36 (compatible; Googlebot/2.1; +http://www.google.com/bot.html)"
66.249.70.102 - - [02/Jul/2024:16:21:55 +0200] "GET /dkktm/t883067.html HTTP/1.1" 200 41496 "-" "Mozilla/5.0 (Linux; Android 6.0.1; Nexus 5X Build/MMB29P) AppleWebKit/537.36 (KHTML, like Gecko) Chrome/125.0.6422.175 Mobile Safari/537.36 (compatible; Googlebot/2.1; +http://www.google.com/bot.html)"
66.249.70.96 - - [02/Jul/2024:16:21:55 +0200] "GET /hamby/e1073216.html HTTP/1.1" 200 41633 "-" "Mozilla/5.0 (Linux; Android 6.0.1; Nexus 5X Build/MMB29P) AppleWebKit/537.36 (KHTML, like Gecko) Chrome/125.0.6422.175 Mobile Safari/537.36 (compatible; Googlebot/2.1; +http://www.google.com/bot.html)"
66.249.70.102 - - [02/Jul/2024:16:21:55 +0200] "GET /ofhry/f373219.html HTTP/1.1" 200 41342 "-" "Mozilla/5.0 (Linux; Android 6.0.1; Nexus 5X Build/MMB29P) AppleWebKit/537.36 (KHTML, like Gecko) Chrome/125.0.6422.175 Mobile Safari/537.36 (compatible; Googlebot/2.1; +http://www.google.com/bot.html)"
66.249.70.101 - - [02/Jul/2024:16:21:57 +0200] "GET /ukoip/j363473.html HTTP/1.1" 200 41957 "-" "Mozilla/5.0 (Linux; Android 6.0.1; Nexus 5X Build/MMB29P) AppleWebKit/537.36 (KHTML, like Gecko) Chrome/125.0.6422.175 Mobile Safari/537.36 (compatible; Googlebot/2.1; +http://www.google.com/bot.html)"
66.249.70.99 - - [02/Jul/2024:16:21:58 +0200] "GET /ndpwc/k2956168.html HTTP/1.1" 200 41534 "-" "Mozilla/5.0 (Linux; Android 6.0.1; Nexus 5X Build/MMB29P) AppleWebKit/537.36 (KHTML, like Gecko) Chrome/125.0.6422.175 Mobile Safari/537.36 (compatible; Googlebot/2.1; +http://www.google.com/bot.html)"
66.249.70.110 - - [02/Jul/2024:16:21:58 +0200] "GET /wfoam/s886992.html HTTP/1.1" 200 41657 "-" "Mozilla/5.0 (Linux; Android 6.0.1; Nexus 5X Build/MMB29P) AppleWebKit/537.36 (KHTML, like Gecko) Chrome/125.0.6422.175 Mobile Safari/537.36 (compatible; Googlebot/2.1; +http://www.google.com/bot.html)"
66.249.70.106 - - [02/Jul/2024:16:21:59 +0200] "GET /chorx/d491621.html HTTP/1.1" 200 41740 "-" "Mozilla/5.0 (Linux; Android 6.0.1; Nexus 5X Build/MMB29P) AppleWebKit/537.36 (KHTML, like Gecko) Chrome/125.0.6422.175 Mobile Safari/537.36 (compatible; Googlebot/2.1; +http://www.google.com/bot.html)"
66.249.70.110 - - [02/Jul/2024:16:21:59 +0200] "GET /ypcen/g461750.html HTTP/1.1" 200 42260 "-" "Mozilla/5.0 (Linux; Android 6.0.1; Nexus 5X Build/MMB29P) AppleWebKit/537.36 (KHTML, like Gecko) Chrome/125.0.6422.175 Mobile Safari/537.36 (compatible; Googlebot/2.1; +http://www.google.com/bot.html)"
66.249.70.108 - - [02/Jul/2024:16:22:01 +0200] "GET /jwxsp/g917218.html HTTP/1.1" 200 41796 "-" "Mozilla/5.0 (Linux; Android 6.0.1; Nexus 5X Build/MMB29P) AppleWebKit/537.36 (KHTML, like Gecko) Chrome/125.0.6422.175 Mobile Safari/537.36 (compatible; Googlebot/2.1; +http://www.google.com/bot.html)"
66.249.70.108 - - [02/Jul/2024:16:22:02 +0200] "GET /mosgi/l1032559.html HTTP/1.1" 200 42341 "-" "Mozilla/5.0 (Linux; Android 6.0.1; Nexus 5X Build/MMB29P) AppleWebKit/537.36 (KHTML, like Gecko) Chrome/125.0.6422.175 Mobile Safari/537.36 (compatible; Googlebot/2.1; +http://www.google.com/bot.html)"
66.249.70.102 - - [02/Jul/2024:16:22:04 +0200] "GET /hdppw/q454272.html HTTP/1.1" 200 41433 "-" "Mozilla/5.0 (Linux; Android 6.0.1; Nexus 5X Build/MMB29P) AppleWebKit/537.36 (KHTML, like Gecko) Chrome/125.0.6422.175 Mobile Safari/537.36 (compatible; Googlebot/2.1; +http://www.google.com/bot.html)"
66.249.70.99 - - [02/Jul/2024:16:22:05 +0200] "GET /lpxdl/o686086.html HTTP/1.1" 200 41135 "-" "Mozilla/5.0 (Linux; Android 6.0.1; Nexus 5X Build/MMB29P) AppleWebKit/537.36 (KHTML, like Gecko) Chrome/125.0.6422.175 Mobile Safari/537.36 (compatible; Googlebot/2.1; +http://www.google.com/bot.html)"
66.249.70.100 - - [02/Jul/2024:16:22:05 +0200] "GET /rxjrz/t1992019.html HTTP/1.1" 200 42369 "-" "Mozilla/5.0 (Linux; Android 6.0.1; Nexus 5X Build/MMB29P) AppleWebKit/537.36 (KHTML, like Gecko) Chrome/125.0.6422.175 Mobile Safari/537.36 (compatible; Googlebot/2.1; +http://www.google.com/bot.html)"
135.181.9.38 - - [02/Jul/2024:16:22:05 +0200] "POST /wp-admin/admin-ajax.php?action=async_litespeed&nonce=fa75a626a4&litespeed_type=imgoptm HTTP/1.1" 200 21 "-" "WordPress/6.5.3; https://www.sudancam.net"
66.249.70.104 - - [02/Jul/2024:16:22:06 +0200] "GET /pcrtz/z425005.html HTTP/1.1" 200 42649 "-" "Mozilla/5.0 (Linux; Android 6.0.1; Nexus 5X Build/MMB29P) AppleWebKit/537.36 (KHTML, like Gecko) Chrome/125.0.6422.175 Mobile Safari/537.36 (compatible; Googlebot/2.1; +http://www.google.com/bot.html)"
66.249.70.104 - - [02/Jul/2024:16:22:07 +0200] "GET /smvjy/g2575888.html HTTP/1.1" 200 41535 "-" "Mozilla/5.0 (Linux; Android 6.0.1; Nexus 5X Build/MMB29P) AppleWebKit/537.36 (KHTML, like Gecko) Chrome/125.0.6422.175 Mobile Safari/537.36 (compatible; Googlebot/2.1; +http://www.google.com/bot.html)"
66.249.70.110 - - [02/Jul/2024:16:22:09 +0200] "GET /hejtn/i825102.html HTTP/1.1" 200 41241 "-" "Mozilla/5.0 (Linux; Android 6.0.1; Nexus 5X Build/MMB29P) AppleWebKit/537.36 (KHTML, like Gecko) Chrome/125.0.6422.175 Mobile Safari/537.36 (compatible; Googlebot/2.1; +http://www.google.com/bot.html)"
66.249.70.110 - - [02/Jul/2024:16:22:09 +0200] "GET /awobs/y2245108.html HTTP/1.1" 200 42407 "-" "Mozilla/5.0 (Linux; Android 6.0.1; Nexus 5X Build/MMB29P) AppleWebKit/537.36 (KHTML, like Gecko) Chrome/125.0.6422.175 Mobile Safari/537.36 (compatible; Googlebot/2.1; +http://www.google.com/bot.html)"
66.249.70.98 - - [02/Jul/2024:16:22:10 +0200] "GET /ihymm/r2698645.html HTTP/1.1" 200 41797 "-" "Mozilla/5.0 (Linux; Android 6.0.1; Nexus 5X Build/MMB29P) AppleWebKit/537.36 (KHTML, like Gecko) Chrome/125.0.6422.175 Mobile Safari/537.36 (compatible; Googlebot/2.1; +http://www.google.com/bot.html)"
66.249.70.97 - - [02/Jul/2024:16:22:11 +0200] "GET /imwnc/f1293567.html HTTP/1.1" 200 41461 "-" "Mozilla/5.0 (Linux; Android 6.0.1; Nexus 5X Build/MMB29P) AppleWebKit/537.36 (KHTML, like Gecko) Chrome/125.0.6422.175 Mobile Safari/537.36 (compatible; Googlebot/2.1; +http://www.google.com/bot.html)"
66.249.70.110 - - [02/Jul/2024:16:22:11 +0200] "GET /jmjom/m239352.html HTTP/1.1" 200 41491 "-" "Mozilla/5.0 (Linux; Android 6.0.1; Nexus 5X Build/MMB29P) AppleWebKit/537.36 (KHTML, like Gecko) Chrome/125.0.6422.175 Mobile Safari/537.36 (compatible; Googlebot/2.1; +http://www.google.com/bot.html)"
66.249.70.98 - - [02/Jul/2024:16:22:11 +0200] "GET /mpigc/h921977.html HTTP/1.1" 200 43229 "-" "Mozilla/5.0 (Linux; Android 6.0.1; Nexus 5X Build/MMB29P) AppleWebKit/537.36 (KHTML, like Gecko) Chrome/125.0.6422.175 Mobile Safari/537.36 (compatible; Googlebot/2.1; +http://www.google.com/bot.html)"
66.249.70.110 - - [02/Jul/2024:16:23:45 +0200] "GET /dkqcv/k2812310.html HTTP/1.1" 200 41334 "-" "Mozilla/5.0 (Linux; Android 6.0.1; Nexus 5X Build/MMB29P) AppleWebKit/537.36 (KHTML, like Gecko) Chrome/125.0.6422.175 Mobile Safari/537.36 (compatible; Googlebot/2.1; +http://www.google.com/bot.html)"
52.167.144.24 - - [02/Jul/2024:16:23:50 +0200] "GET /knshc/e3034240.html HTTP/2" 200 42938 "-" "Mozilla/5.0 AppleWebKit/537.36 (KHTML, like Gecko; compatible; bingbot/2.0; +http://www.bing.com/bingbot.htm) Chrome/116.0.1938.76 Safari/537.36"
85.208.96.209 - - [02/Jul/2024:16:23:58 +0200] "GET /%D9%85%D8%B1%D9%8A%D9%85-%D9%88%D8%A8%D9%86%D8%A7%D8%AA%D9%87%D8%A7-%D9%85%D9%88%D8%A7%D8%AC%D9%87%D8%A9-%D8%A7%D9%84%D9%85%D9%88%D8%AA-%D9%81%D9%8A-%D8%B1%D8%AD%D9%84%D8%A9-%D9%82%D8%A7%D8%B3%D9%8A/ HTTP/1.1" 403 0 "-" "Mozilla/5.0 (compatible; SemrushBot/7~bl; +http://www.semrush.com/bot.html)"
66.249.70.99 - - [02/Jul/2024:16:22:07 +0200] "GET /jsxzu/p637545.html HTTP/1.1" 200 43763 "-" "Mozilla/5.0 (Linux; Android 6.0.1; Nexus 5X Build/MMB29P) AppleWebKit/537.36 (KHTML, like Gecko) Chrome/125.0.6422.175 Mobile Safari/537.36 (compatible; Googlebot/2.1; +http://www.google.com/bot.html)"
66.249.70.104 - - [02/Jul/2024:16:22:07 +0200] "GET /dekrg/e966538.html HTTP/1.1" 200 42127 "-" "Mozilla/5.0 (Linux; Android 6.0.1; Nexus 5X Build/MMB29P) AppleWebKit/537.36 (KHTML, like Gecko) Chrome/125.0.6422.175 Mobile Safari/537.36 (compatible; Googlebot/2.1; +http://www.google.com/bot.html)"
216.244.66.232 - - [02/Jul/2024:16:22:05 +0200] "GET /%D8%B2%D8%A7%D9%87%D8%B1-%D8%A8%D8%AE%D9%8A%D8%AA-%D8%A7%D9%84%D9%81%D9%83%D9%8A-%D9%8A%D9%83%D8%AA%D8%A8-%D8%A7%D9%84%D9%85%D8%B9%D8%B1%D8%B6-%D8%B9%D9%86%D8%AF%D9%83%D9%85-%D9%84%D9%8A%D9%87%D9%88/ HTTP/1.1" 200 236794 "-" "Mozilla/5.0 (compatible; DotBot/1.2; +https://opensiteexplorer.org/dotbot; help@moz.com)"
66.249.70.101 - - [02/Jul/2024:16:22:10 +0200] "GET /bqgrt/d2202993.html HTTP/1.1" 200 41372 "-" "Mozilla/5.0 (Linux; Android 6.0.1; Nexus 5X Build/MMB29P) AppleWebKit/537.36 (KHTML, like Gecko) Chrome/125.0.6422.175 Mobile Safari/537.36 (compatible; Googlebot/2.1; +http://www.google.com/bot.html)"
147.45.78.15 - - [02/Jul/2024:16:22:12 +0200] "POST /74a7c9952328.php HTTP/1.1" 500 9 "-" "curl/7.86.0"
185.191.171.17 - - [02/Jul/2024:16:22:57 +0200] "GET /tag/%D8%A8%D8%B9%D8%AF%D8%AE%D8%B1%D9%88%D8%AC%D8%A7%D9%84%D8%AE%D8%B6%D8%B1%D9%85%D9%86/ HTTP/1.1" 403 0 "-" "Mozilla/5.0 (compatible; SemrushBot/7~bl; +http://www.semrush.com/bot.html)"
147.45.78.15 - - [02/Jul/2024:16:24:13 +0200] "POST /74a7c9952328.php HTTP/1.1" 500 9 "-" "curl/7.86.0"
66.249.70.109 - - [02/Jul/2024:16:24:14 +0200] "GET /nzvfh/d2859987.html HTTP/1.1" 200 43237 "-" "Mozilla/5.0 (Linux; Android 6.0.1; Nexus 5X Build/MMB29P) AppleWebKit/537.36 (KHTML, like Gecko) Chrome/125.0.6422.175 Mobile Safari/537.36 (compatible; Googlebot/2.1; +http://www.google.com/bot.html)"
66.249.70.98 - - [02/Jul/2024:16:21:52 +0200] "GET /uorxe/a2663008.html HTTP/1.1" 200 41546 "-" "Mozilla/5.0 (Linux; Android 6.0.1; Nexus 5X Build/MMB29P) AppleWebKit/537.36 (KHTML, like Gecko) Chrome/125.0.6422.175 Mobile Safari/537.36 (compatible; Googlebot/2.1; +http://www.google.com/bot.html)"
66.249.70.97 - - [02/Jul/2024:16:21:53 +0200] "GET /yjcgp/f1536303.html HTTP/1.1" 200 41644 "-" "Mozilla/5.0 (Linux; Android 6.0.1; Nexus 5X Build/MMB29P) AppleWebKit/537.36 (KHTML, like Gecko) Chrome/125.0.6422.175 Mobile Safari/537.36 (compatible; Googlebot/2.1; +http://www.google.com/bot.html)"
66.249.70.109 - - [02/Jul/2024:16:21:55 +0200] "GET /eendn/j832669.html HTTP/1.1" 200 42707 "-" "Mozilla/5.0 (Linux; Android 6.0.1; Nexus 5X Build/MMB29P) AppleWebKit/537.36 (KHTML, like Gecko) Chrome/125.0.6422.175 Mobile Safari/537.36 (compatible; Googlebot/2.1; +http://www.google.com/bot.html)"
66.249.70.98 - - [02/Jul/2024:16:21:57 +0200] "GET /siika/x1218887.html HTTP/1.1" 200 41853 "-" "Mozilla/5.0 (Linux; Android 6.0.1; Nexus 5X Build/MMB29P) AppleWebKit/537.36 (KHTML, like Gecko) Chrome/125.0.6422.175 Mobile Safari/537.36 (compatible; Googlebot/2.1; +http://www.google.com/bot.html)"
66.249.70.101 - - [02/Jul/2024:16:21:58 +0200] "GET /gssns/a2983042.html HTTP/1.1" 200 42009 "-" "Mozilla/5.0 (Linux; Android 6.0.1; Nexus 5X Build/MMB29P) AppleWebKit/537.36 (KHTML, like Gecko) Chrome/125.0.6422.175 Mobile Safari/537.36 (compatible; Googlebot/2.1; +http://www.google.com/bot.html)"
66.249.70.104 - - [02/Jul/2024:16:21:59 +0200] "GET /fdyvm/e2378078.html HTTP/1.1" 200 41869 "-" "Mozilla/5.0 (Linux; Android 6.0.1; Nexus 5X Build/MMB29P) AppleWebKit/537.36 (KHTML, like Gecko) Chrome/125.0.6422.175 Mobile Safari/537.36 (compatible; Googlebot/2.1; +http://www.google.com/bot.html)"
135.181.9.38 - - [02/Jul/2024:16:22:05 +0200] "POST /wp-cron.php?doing_wp_cron=1719930125.4666008949279785156250 HTTP/1.1" 200 0 "-" "WordPress/6.5.3; https://www.sudancam.net"
66.249.70.99 - - [02/Jul/2024:16:22:30 +0200] "GET /dccyk/k2812206.html HTTP/1.1" 200 41859 "-" "Mozilla/5.0 (Linux; Android 6.0.1; Nexus 5X Build/MMB29P) AppleWebKit/537.36 (KHTML, like Gecko) Chrome/125.0.6422.175 Mobile Safari/537.36 (compatible; Googlebot/2.1; +http://www.google.com/bot.html)"
66.249.70.109 - - [02/Jul/2024:16:23:43 +0200] "GET /zehcr/d125749.html HTTP/1.1" 200 41419 "-" "Mozilla/5.0 (Linux; Android 6.0.1; Nexus 5X Build/MMB29P) AppleWebKit/537.36 (KHTML, like Gecko) Chrome/125.0.6422.175 Mobile Safari/537.36 (compatible; Googlebot/2.1; +http://www.google.com/bot.html)"
135.181.9.38 - - [02/Jul/2024:16:24:47 +0200] "POST /wp-cron.php?doing_wp_cron=1719930287.8275029659271240234375 HTTP/1.1" 200 0 "-" "WordPress/6.5.3; https://www.sudancam.net"
135.181.9.38 - - [02/Jul/2024:16:24:48 +0200] "POST /wp-admin/admin-ajax.php?action=async_litespeed&nonce=fa75a626a4&litespeed_type=imgoptm HTTP/1.1" 200 21 "-" "WordPress/6.5.3; https://www.sudancam.net"
66.249.64.96 - - [02/Jul/2024:16:24:54 +0200] "GET /ads.txt HTTP/1.1" 304 0 "-" "Google-adstxt"
185.191.171.5 - - [02/Jul/2024:16:24:59 +0200] "GET /tag/%D8%A8%D8%A7%D9%84%D9%88%D8%A7%D9%82%D8%B9%D8%A9/ HTTP/1.1" 403 0 "-" "Mozilla/5.0 (compatible; SemrushBot/7~bl; +http://www.semrush.com/bot.html)"
185.170.167.18 - - [02/Jul/2024:16:26:28 +0200] "GET /tag/%D8%AC%D9%8A%D9%88%D8%B4/ HTTP/1.1" 200 23652 "-" "BacklinksExtendedBot"
85.208.96.211 - - [02/Jul/2024:16:27:00 +0200] "GET /%D8%AA%D9%81%D8%A7%D8%B5%D9%8A%D9%84-%D8%AC%D8%AF%D9%8A%D8%AF%D8%A9-%D9%81%D9%8A-%D9%82%D8%B6%D9%8A%D8%A9-%D9%86%D8%AC%D9%84-%D9%88%D8%B2%D9%8A%D8%B1%D8%A9-%D8%A7%D9%84%D9%87%D8%AC%D8%B1%D8%A9-%D8%A7/ HTTP/1.1" 403 0 "-" "Mozilla/5.0 (compatible; SemrushBot/7~bl; +http://www.semrush.com/bot.html)"
66.249.70.96 - - [02/Jul/2024:16:27:17 +0200] "GET /sydny/g104458.html HTTP/1.1" 200 41688 "-" "Mozilla/5.0 (compatible; Googlebot/2.1; +http://www.google.com/bot.html)"
66.249.70.109 - - [02/Jul/2024:16:27:32 +0200] "GET /wdrai/w1752016.html HTTP/1.1" 200 43584 "-" "Mozilla/5.0 (Linux; Android 6.0.1; Nexus 5X Build/MMB29P) AppleWebKit/537.36 (KHTML, like Gecko) Chrome/125.0.6422.175 Mobile Safari/537.36 (compatible; GoogleOther)"
52.167.144.235 - - [02/Jul/2024:16:28:11 +0200] "GET /uggtg/m1631262.html HTTP/2" 200 41713 "-" "Mozilla/5.0 AppleWebKit/537.36 (KHTML, like Gecko; compatible; bingbot/2.0; +http://www.bing.com/bingbot.htm) Chrome/116.0.1938.76 Safari/537.36"
66.249.70.110 - - [02/Jul/2024:16:29:27 +0200] "GET /wvmht/s670646.html HTTP/1.1" 200 42310 "-" "Mozilla/5.0 (Linux; Android 6.0.1; Nexus 5X Build/MMB29P) AppleWebKit/537.36 (KHTML, like Gecko) Chrome/125.0.6422.175 Mobile Safari/537.36 (compatible; Googlebot/2.1; +http://www.google.com/bot.html)"
185.191.171.13 - - [02/Jul/2024:16:30:04 +0200] "GET /%D8%B3%D8%B9%D8%B1-%D8%A7%D9%84%D8%AF%D8%B1%D9%87%D9%85-%D8%A7%D9%84%D8%A7%D9%85%D8%A7%D8%B1%D8%A7%D8%AA%D9%8A-%D9%81%D9%8A-%D8%A7%D9%84%D8%A8%D9%86%D9%88%D9%83-%D9%84%D9%8A%D9%88%D9%85-%D8%A7-78/ HTTP/1.1" 403 0 "-" "Mozilla/5.0 (compatible; SemrushBot/7~bl; +http://www.semrush.com/bot.html)"
66.249.70.109 - - [02/Jul/2024:16:30:19 +0200] "GET /mqgox/k2155602.html HTTP/1.1" 200 41783 "-" "Mozilla/5.0 (Linux; Android 6.0.1; Nexus 5X Build/MMB29P) AppleWebKit/537.36 (KHTML, like Gecko) Chrome/125.0.6422.175 Mobile Safari/537.36 (compatible; Googlebot/2.1; +http://www.google.com/bot.html)"
66.249.70.108 - - [02/Jul/2024:16:30:20 +0200] "GET /tag/%D9%A2%D9%A8/ HTTP/1.1" 200 42542 "-" "Mozilla/5.0 (Linux; Android 6.0.1; Nexus 5X Build/MMB29P) AppleWebKit/537.36 (KHTML, like Gecko) Chrome/125.0.6422.175 Mobile Safari/537.36 (compatible; Googlebot/2.1; +http://www.google.com/bot.html)"
66.249.70.109 - - [02/Jul/2024:16:30:22 +0200] "GET /duacn/a1247386.html HTTP/1.1" 200 42506 "-" "Mozilla/5.0 (Linux; Android 6.0.1; Nexus 5X Build/MMB29P) AppleWebKit/537.36 (KHTML, like Gecko) Chrome/125.0.6422.175 Mobile Safari/537.36 (compatible; Googlebot/2.1; +http://www.google.com/bot.html)"
66.249.70.110 - - [02/Jul/2024:16:31:51 +0200] "GET /yuhpj/g3052546.html HTTP/1.1" 200 43328 "-" "Mozilla/5.0 (Linux; Android 6.0.1; Nexus 5X Build/MMB29P) AppleWebKit/537.36 (KHTML, like Gecko) Chrome/125.0.6422.175 Mobile Safari/537.36 (compatible; GoogleOther)"
185.191.171.18 - - [02/Jul/2024:16:32:06 +0200] "GET /%D9%85%D8%A7%D8%B0%D8%A7-%D8%AD%D8%AF%D8%AB%D8%9F-%D8%AA%D9%81%D8%A7%D8%B5%D9%8A%D9%84-%D9%84%D9%82%D8%A7%D8%A1-%D9%85%D9%86-3-%D8%B3%D8%A7%D8%B9%D8%A7%D8%AA-%D8%A8%D9%8A%D9%86-%D8%A8%D9%88%D8%AA/ HTTP/1.1" 403 0 "-" "Mozilla/5.0 (compatible; SemrushBot/7~bl; +http://www.semrush.com/bot.html)"
89.185.85.125 - - [02/Jul/2024:16:25:30 +0200] "GET / HTTP/1.1" 301 0 "-" "Mozilla/5.0 (Macintosh; Intel Mac OS X 10.10; rv:47.0) Gecko/20100101 Firefox/47.0"
89.185.85.125 - - [02/Jul/2024:16:25:33 +0200] "GET / HTTP/1.1" 200 61454 "-" "Mozilla/5.0 (Macintosh; Intel Mac OS X 10.10; rv:47.0) Gecko/20100101 Firefox/47.0"
89.185.85.125 - - [02/Jul/2024:16:25:36 +0200] "POST /wp-content/plugins/wp-automatic/inc/csv.php HTTP/1.1" 403 6610 "https://www.sudancam.net/" "Mozilla/5.0 (Macintosh; Intel Mac OS X 10.10; rv:47.0) Gecko/20100101 Firefox/47.0"
89.185.85.125 - - [02/Jul/2024:16:25:36 +0200] "POST /wp-content/plugins/wp-automatic/inc/csv.php74a7c9952328.php HTTP/1.1" 403 6610 "https://www.sudancam.net/wp-content/plugins/wp-automatic/inc/csv.php" "Mozilla/5.0 (Macintosh; Intel Mac OS X 10.10; rv:47.0) Gecko/20100101 Firefox/47.0"
89.185.85.125 - - [02/Jul/2024:16:25:37 +0200] "POST /wp-content/plugins/wp-automatic/inc/csv.php74a7c9952328.php HTTP/1.1" 403 6610 "https://www.sudancam.net/wp-content/plugins/wp-automatic/inc/csv.php74a7c9952328.php" "Mozilla/5.0 (Macintosh; Intel Mac OS X 10.10; rv:47.0) Gecko/20100101 Firefox/47.0"
89.185.85.125 - xtw18387881e [02/Jul/2024:16:25:37 +0200] "GET /wp-json/wp/v2/settings HTTP/1.1" 401 138 "https://www.sudancam.net/wp-content/plugins/wp-automatic/inc/csv.php74a7c9952328.php" "Mozilla/5.0 (Macintosh; Intel Mac OS X 10.10; rv:47.0) Gecko/20100101 Firefox/47.0"
135.181.9.38 - - [02/Jul/2024:16:26:28 +0200] "POST /wp-cron.php?doing_wp_cron=1719930388.8347530364990234375000 HTTP/1.1" 200 0 "-" "WordPress/6.5.3; https://www.sudancam.net"
135.181.9.38 - - [02/Jul/2024:16:26:29 +0200] "POST /wp-admin/admin-ajax.php?action=async_litespeed&nonce=fa75a626a4&litespeed_type=imgoptm HTTP/1.1" 200 21 "-" "WordPress/6.5.3; https://www.sudancam.net"
185.191.171.12 - - [02/Jul/2024:16:28:02 +0200] "GET /%D8%BA%D9%88%D8%BA%D9%84-%D8%AA%D8%AD%D8%B0%D9%81-%D9%84%D8%B9%D8%A8%D8%A9-%D9%85%D8%AD%D8%A7%D9%83%D9%8A-%D8%A7%D9%84%D8%B9%D8%A8%D9%88%D8%AF%D9%8A%D8%A9-%D8%A8%D8%B9%D8%AF%D9%85%D8%A7-%D8%A3/ HTTP/1.1" 403 0 "-" "Mozilla/5.0 (compatible; SemrushBot/7~bl; +http://www.semrush.com/bot.html)"
147.45.78.15 - - [02/Jul/2024:16:28:15 +0200] "POST /74a7c9952328.php HTTP/1.1" 500 9 "-" "curl/7.86.0"
185.191.171.13 - - [02/Jul/2024:16:29:03 +0200] "GET /%D8%A7%D9%84%D8%B9%D9%85%D9%8A%D8%AF-%D8%B5%D9%84%D8%A7%D8%AD-%D8%AD%D9%85%D8%AF%D8%A7%D9%86-%D8%B4%D9%81%D8%AA-%D9%88%D9%88%D8%AF-%D9%82%D8%B4%D9%84%D8%A7%D9%82-%D9%84%D9%85%D8%A7%D8%B0%D8%A7/ HTTP/1.1" 403 0 "-" "Mozilla/5.0 (compatible; SemrushBot/7~bl; +http://www.semrush.com/bot.html)"
66.249.70.108 - - [02/Jul/2024:16:29:28 +0200] "GET /tag/%D8%A8%D9%80%D9%83%D9%88%D8%B1%D9%8A%D9%86%D8%AB%D9%8A%D8%A7/ HTTP/1.1" 200 42548 "-" "Mozilla/5.0 (Linux; Android 6.0.1; Nexus 5X Build/MMB29P) AppleWebKit/537.36 (KHTML, like Gecko) Chrome/125.0.6422.175 Mobile Safari/537.36 (compatible; Googlebot/2.1; +http://www.google.com/bot.html)"
66.249.70.109 - - [02/Jul/2024:16:29:31 +0200] "GET /un6xee/mlc-kew-ib-results.html HTTP/1.1" 200 41345 "-" "Mozilla/5.0 (Linux; Android 6.0.1; Nexus 5X Build/MMB29P) AppleWebKit/537.36 (KHTML, like Gecko) Chrome/125.0.6422.175 Mobile Safari/537.36 (compatible; Googlebot/2.1; +http://www.google.com/bot.html)"
147.45.78.15 - - [02/Jul/2024:16:30:13 +0200] "POST /74a7c9952328.php HTTP/1.1" 500 9 "-" "curl/7.86.0"
157.55.39.55 - - [02/Jul/2024:16:32:12 +0200] "GET /%D9%87%D9%84-%D9%8A%D8%B3%D8%AA%D9%81%D9%8A%D9%82-%D8%A7%D9%84%D9%83%D8%A8%D8%A7%D8%B1-%D8%A8%D8%B9%D8%AF-%D8%A3%D8%AF%D8%A7%D8%A1-%D8%A8%D8%A7%D9%87%D8%AA-%D8%A8%D8%A7%D9%84%D8%AF%D9%88%D8%B1-%D8%A7/ HTTP/2" 200 41914 "-" "Mozilla/5.0 AppleWebKit/537.36 (KHTML, like Gecko; compatible; bingbot/2.0; +http://www.bing.com/bingbot.htm) Chrome/116.0.1938.76 Safari/537.36"
147.45.78.15 - - [02/Jul/2024:16:34:14 +0200] "POST /74a7c9952328.php HTTP/1.1" 500 9 "-" "curl/7.86.0"
216.244.66.232 - - [02/Jul/2024:16:24:47 +0200] "GET /%D8%B5%D9%81%D9%82%D8%A9-%D9%83%D8%A8%D8%B1%D9%89-%D9%82%D8%AF%E2%81%A9-%D8%AA%D8%BA%D9%8A%D8%B1-%D9%88%D8%AC%D9%87-%D8%A7%D9%84%D8%B4%D8%B1%D9%82-%D8%A7%D9%84%D8%A3%D9%88%D8%B3/ HTTP/1.1" 200 236764 "-" "Mozilla/5.0 (compatible; DotBot/1.2; +https://opensiteexplorer.org/dotbot; help@moz.com)"
66.249.64.96 - - [02/Jul/2024:16:25:19 +0200] "GET /ads.txt HTTP/1.1" 304 0 "-" "Google-adstxt"
135.181.9.38 - - [02/Jul/2024:16:25:37 +0200] "POST /?wordfence_syncAttackData=1719930337.8801 HTTP/1.1" 200 0 "-" "WordPress/6.5.3; https://www.sudancam.net"
85.208.96.206 - - [02/Jul/2024:16:26:00 +0200] "GET /tag/%D9%84%D9%84%D8%A7%D8%AA%D9%81%D8%A7%D9%82/ HTTP/1.1" 403 0 "-" "Mozilla/5.0 (compatible; SemrushBot/7~bl; +http://www.semrush.com/bot.html)"
147.45.78.15 - - [02/Jul/2024:16:26:12 +0200] "POST /74a7c9952328.php HTTP/1.1" 500 9 "-" "curl/7.86.0"
66.249.70.108 - - [02/Jul/2024:16:27:18 +0200] "GET /rqjhv/j464067.html HTTP/1.1" 200 41541 "-" "Mozilla/5.0 (Linux; Android 6.0.1; Nexus 5X Build/MMB29P) AppleWebKit/537.36 (KHTML, like Gecko) Chrome/125.0.6422.175 Mobile Safari/537.36 (compatible; Googlebot/2.1; +http://www.google.com/bot.html)"
66.249.70.109 - - [02/Jul/2024:16:30:22 +0200] "GET /oloju/k850142.html HTTP/1.1" 200 41968 "-" "Mozilla/5.0 (Linux; Android 6.0.1; Nexus 5X Build/MMB29P) AppleWebKit/537.36 (KHTML, like Gecko) Chrome/125.0.6422.175 Mobile Safari/537.36 (compatible; Googlebot/2.1; +http://www.google.com/bot.html)"
66.249.70.109 - - [02/Jul/2024:16:30:47 +0200] "GET /geqqk/j2572251.html HTTP/1.1" 200 41963 "-" "Mozilla/5.0 (Linux; Android 6.0.1; Nexus 5X Build/MMB29P) AppleWebKit/537.36 (KHTML, like Gecko) Chrome/125.0.6422.175 Mobile Safari/537.36 (compatible; Googlebot/2.1; +http://www.google.com/bot.html)"
66.249.70.108 - - [02/Jul/2024:16:30:49 +0200] "GET /ngbes/z1448729.html HTTP/1.1" 200 41173 "-" "Mozilla/5.0 (Linux; Android 6.0.1; Nexus 5X Build/MMB29P) AppleWebKit/537.36 (KHTML, like Gecko) Chrome/125.0.6422.175 Mobile Safari/537.36 (compatible; Googlebot/2.1; +http://www.google.com/bot.html)"
66.249.70.109 - - [02/Jul/2024:16:30:49 +0200] "GET /sydny/g104458.html HTTP/1.1" 200 41688 "-" "Mozilla/5.0 (Linux; Android 6.0.1; Nexus 5X Build/MMB29P) AppleWebKit/537.36 (KHTML, like Gecko) Chrome/125.0.6422.175 Mobile Safari/537.36 (compatible; Googlebot/2.1; +http://www.google.com/bot.html)"
85.208.96.202 - - [02/Jul/2024:16:31:06 +0200] "GET /%D8%A7%D9%84%D8%B3%D9%81%D9%8A%D8%B1-%D8%A7%D9%84%D8%B5%D8%A7%D8%AF%D9%82-%D8%A7%D9%84%D9%85%D9%82%D9%84%D9%8A-%D9%8A%D9%83%D8%AA%D8%A8-%D9%87%D9%84-%D9%83%D8%A7%D9%86%D8%AA-%D9%82%D8%AD%D8%AA-%D8%A7/ HTTP/1.1" 403 0 "-" "Mozilla/5.0 (compatible; SemrushBot/7~bl; +http://www.semrush.com/bot.html)"
40.77.167.15 - - [02/Jul/2024:16:32:16 +0200] "GET /%D8%A5%D9%86%D9%83%D9%84%D8%AA%D8%B1%D8%A7-%D8%AA%D8%AA%D8%AE%D8%B7%D9%89-%D8%B3%D9%84%D9%88%D9%81%D8%A7%D9%83%D9%8A%D8%A7-2-1-%D9%84%D9%85%D9%88%D8%A7%D8%AC%D9%87%D8%A9-%D8%B3%D9%88%D9%8A%D8%B3%D8%B1/ HTTP/2" 200 41768 "-" "Mozilla/5.0 AppleWebKit/537.36 (KHTML, like Gecko; compatible; bingbot/2.0; +http://www.bing.com/bingbot.htm) Chrome/116.0.1938.76 Safari/537.36"
18.222.168.12 - - [02/Jul/2024:16:32:49 +0200] "GET /robots.txt HTTP/2" 200 128 "-" "Mozilla/5.0 AppleWebKit/537.36 (KHTML, like Gecko; compatible; ClaudeBot/1.0; +claudebot@anthropic.com)"
18.222.168.12 - - [02/Jul/2024:16:32:49 +0200] "GET /wp-json/wp/v2/posts//%22https:////www.alnilin.com//wp-content//uploads//newspic//164.jpg/%22 HTTP/2" 404 188 "-" "Mozilla/5.0 AppleWebKit/537.36 (KHTML, like Gecko; compatible; ClaudeBot/1.0; +claudebot@anthropic.com)"
85.208.96.205 - - [02/Jul/2024:16:34:07 +0200] "GET /tag/%D9%88%D8%AD%D8%A7%D9%84%D8%A9/ HTTP/1.1" 403 0 "-" "Mozilla/5.0 (compatible; SemrushBot/7~bl; +http://www.semrush.com/bot.html)"
52.167.144.235 - - [02/Jul/2024:16:34:41 +0200] "GET /tfmow/k1102212.html HTTP/2" 200 42019 "-" "Mozilla/5.0 AppleWebKit/537.36 (KHTML, like Gecko; compatible; bingbot/2.0; +http://www.bing.com/bingbot.htm) Chrome/116.0.1938.76 Safari/537.36"
157.55.39.55 - - [02/Jul/2024:16:35:55 +0200] "GET /zgkmu/t2121681.html HTTP/2" 200 42358 "-" "Mozilla/5.0 AppleWebKit/537.36 (KHTML, like Gecko; compatible; bingbot/2.0; +http://www.bing.com/bingbot.htm) Chrome/116.0.1938.76 Safari/537.36"
185.191.171.16 - - [02/Jul/2024:16:36:08 +0200] "GET /%D8%AC%D9%88%D8%A7%D8%B2-%D8%B3%D9%81%D8%B1-%D8%AF%D9%88%D9%84%D8%A9-%D8%B9%D8%B1%D8%A8%D9%8A%D8%A9-%D8%A7%D9%84%D8%A3%D9%82%D9%88%D9%89-%D8%B9%D8%A7%D9%84%D9%85%D9%8A%D8%A7%D9%8B-%D9%83%D8%B3%D8%B1/ HTTP/1.1" 403 0 "-" "Mozilla/5.0 (compatible; SemrushBot/7~bl; +http://www.semrush.com/bot.html)"
85.208.96.206 - - [02/Jul/2024:16:37:09 +0200] "GET /tag/%D8%AF%D9%8A%D8%B1%D8%A8%D9%8A/ HTTP/1.1" 403 0 "-" "Mozilla/5.0 (compatible; SemrushBot/7~bl; +http://www.semrush.com/bot.html)"
147.45.78.15 - - [02/Jul/2024:16:38:12 +0200] "POST /74a7c9952328.php HTTP/1.1" 500 9 "-" "curl/7.86.0"
147.45.78.15 - - [02/Jul/2024:16:40:15 +0200] "POST /74a7c9952328.php HTTP/1.1" 500 9 "-" "curl/7.86.0"
85.208.96.208 - - [02/Jul/2024:16:41:11 +0200] "GET /quran/translate-en-27.html HTTP/1.1" 403 0 "-" "Mozilla/5.0 (compatible; SemrushBot/7~bl; +http://www.semrush.com/bot.html)"
147.45.78.15 - - [02/Jul/2024:16:32:18 +0200] "POST /74a7c9952328.php HTTP/1.1" 500 9 "-" "curl/7.86.0"
135.181.9.38 - - [02/Jul/2024:16:32:50 +0200] "POST /wp-cron.php?doing_wp_cron=1719930770.1447451114654541015625 HTTP/1.1" 200 0 "-" "WordPress/6.5.3; https://www.sudancam.net"
135.181.9.38 - - [02/Jul/2024:16:32:50 +0200] "POST /wp-admin/admin-ajax.php?action=async_litespeed&nonce=fa75a626a4&litespeed_type=imgoptm HTTP/1.1" 200 21 "-" "WordPress/6.5.3; https://www.sudancam.net"
85.208.96.203 - - [02/Jul/2024:16:33:07 +0200] "GET /quran/translate-tg-70.html HTTP/1.1" 403 0 "-" "Mozilla/5.0 (compatible; SemrushBot/7~bl; +http://www.semrush.com/bot.html)"
85.208.96.210 - - [02/Jul/2024:16:35:08 +0200] "GET /%D8%B9%D8%A8%D8%AF-%D8%A7%D9%84%D9%84%D9%87-%D8%AC%D8%B9%D9%81%D8%B1-%D8%A7%D9%84%D8%AF%D8%B9%D9%88%D8%A9-%D9%84%D9%85%D9%84%D9%8A%D9%88%D9%86%D9%8A%D9%91%D8%A9-30-%D9%8A%D9%88%D9%86%D9%8A%D9%88/ HTTP/1.1" 403 0 "-" "Mozilla/5.0 (compatible; SemrushBot/7~bl; +http://www.semrush.com/bot.html)"
147.45.78.15 - - [02/Jul/2024:16:36:14 +0200] "POST /74a7c9952328.php HTTP/1.1" 500 9 "-" "curl/7.86.0"
66.249.70.108 - - [02/Jul/2024:16:36:21 +0200] "GET /feerj/j825259.html HTTP/1.1" 200 41710 "-" "Mozilla/5.0 (Linux; Android 6.0.1; Nexus 5X Build/MMB29P) AppleWebKit/537.36 (KHTML, like Gecko) Chrome/125.0.6422.175 Mobile Safari/537.36 (compatible; GoogleOther)"
85.208.96.195 - - [02/Jul/2024:16:39:10 +0200] "GET /%D9%85%D9%81%D8%A7%D8%AC%D8%A3%D8%A9-%D8%AF%D9%8A%D8%B4%D8%A7%D9%86-%D8%AA%D8%AE%D9%84%D8%B5-%D9%85%D9%86-%D8%A8%D9%86%D8%B2%D9%8A%D9%85%D8%A9-%D9%81%D9%8A-%D8%A7%D9%84%D9%85%D9%88%D9%86%D8%AF%D9%8A/ HTTP/1.1" 403 0 "-" "Mozilla/5.0 (compatible; SemrushBot/7~bl; +http://www.semrush.com/bot.html)"
52.167.144.212 - - [02/Jul/2024:16:39:51 +0200] "GET /ufbdg/u2470056.html HTTP/2" 200 42335 "-" "Mozilla/5.0 AppleWebKit/537.36 (KHTML, like Gecko; compatible; bingbot/2.0; +http://www.bing.com/bingbot.htm) Chrome/116.0.1938.76 Safari/537.36"
52.167.144.212 - - [02/Jul/2024:16:39:53 +0200] "GET /lkslk/z3010393.html HTTP/2" 200 41378 "-" "Mozilla/5.0 AppleWebKit/537.36 (KHTML, like Gecko; compatible; bingbot/2.0; +http://www.bing.com/bingbot.htm) Chrome/116.0.1938.76 Safari/537.36"
157.55.39.55 - - [02/Jul/2024:16:36:56 +0200] "GET /%D8%AD%D8%B3%D8%A7%D8%A8%D8%A7%D8%AA-%D8%A8%D9%86%D9%83%D9%83-%D9%85%D8%A8%D8%A7%D8%AF%D8%B1%D8%A9-%D8%AF%D8%B9%D9%85-%D8%A3%D8%A8%D8%B7%D8%A7%D9%84-%D8%A7%D9%84%D9%82%D9%88%D8%A7%D8%AA-%D8%A7%D9%84/ HTTP/2" 200 42315 "-" "Mozilla/5.0 AppleWebKit/537.36 (KHTML, like Gecko; compatible; bingbot/2.0; +http://www.bing.com/bingbot.htm) Chrome/116.0.1938.76 Safari/537.36"
185.191.171.18 - - [02/Jul/2024:16:38:10 +0200] "GET /%D8%A7%D9%84%D9%85%D8%B1%D9%8A%D8%AE-%D9%81%D9%8A-%D8%AE%D8%A8%D8%B1-%D9%83%D8%A7%D8%B3-%D8%B5%D8%AD%D9%8A%D9%81%D8%A9-%D9%83%D9%88%D8%B1%D8%A9-%D8%B3%D9%88%D8%AF%D8%A7%D9%86%D9%8A%D8%A9-%D8%A7/ HTTP/1.1" 403 0 "-" "Mozilla/5.0 (compatible; SemrushBot/7~bl; +http://www.semrush.com/bot.html)"
40.77.167.15 - - [02/Jul/2024:16:38:43 +0200] "GET /mepmn/r728885.html HTTP/2" 200 41572 "-" "Mozilla/5.0 AppleWebKit/537.36 (KHTML, like Gecko; compatible; bingbot/2.0; +http://www.bing.com/bingbot.htm) Chrome/116.0.1938.76 Safari/537.36"
52.167.144.212 - - [02/Jul/2024:16:39:21 +0200] "GET /dfzdn/p539707.html HTTP/2" 200 43149 "-" "Mozilla/5.0 AppleWebKit/537.36 (KHTML, like Gecko; compatible; bingbot/2.0; +http://www.bing.com/bingbot.htm) Chrome/116.0.1938.76 Safari/537.36"
185.191.171.3 - - [02/Jul/2024:16:40:11 +0200] "GET /tag/%D8%B4%D9%83%D8%A7%D8%AA/ HTTP/1.1" 403 0 "-" "Mozilla/5.0 (compatible; SemrushBot/7~bl; +http://www.semrush.com/bot.html)"
157.55.39.55 - - [02/Jul/2024:16:40:42 +0200] "GET /chmen/s139102.html HTTP/2" 200 41674 "-" "Mozilla/5.0 AppleWebKit/537.36 (KHTML, like Gecko; compatible; bingbot/2.0; +http://www.bing.com/bingbot.htm) Chrome/116.0.1938.76 Safari/537.36"
66.249.70.110 - - [02/Jul/2024:16:40:49 +0200] "GET /lcybu/t183173.html HTTP/1.1" 200 41758 "-" "Mozilla/5.0 (Linux; Android 6.0.1; Nexus 5X Build/MMB29P) AppleWebKit/537.36 (KHTML, like Gecko) Chrome/125.0.6422.175 Mobile Safari/537.36 (compatible; GoogleOther)"
135.181.9.38 - - [02/Jul/2024:16:41:44 +0200] "POST /wp-cron.php?doing_wp_cron=1719931304.9268848896026611328125 HTTP/1.1" 200 0 "-" "WordPress/6.5.3; https://www.sudancam.net"
185.170.167.18 - - [02/Jul/2024:16:41:44 +0200] "GET /%D8%A7%D9%84%D9%85%D8%AE%D8%A7%D8%A8%D8%B1%D8%A7%D8%AA-%D8%A7%D9%84%D8%B9%D8%A7%D9%85%D8%A9%D8%AA%D9%83%D8%B4%D9%81-%D9%82%D9%8A%D8%A7%D9%85-%D9%82%D8%A7%D8%AF%D8%A9-%D8%A7%D9%84%D8%AA%D9%85%D8%B1/ HTTP/1.1" 200 29768 "-" "BacklinksExtendedBot"
85.208.96.206 - - [02/Jul/2024:16:42:12 +0200] "GET /%D9%81%D9%8A-%D9%85%D8%AD%D8%A8%D8%A9-%D9%85%D8%AD%D9%85%D8%AF-%D8%AC%D9%84%D8%A7%D9%84-%D8%A3%D8%AD%D9%85%D8%AF-%D9%87%D8%A7%D8%B4%D9%85/ HTTP/1.1" 403 0 "-" "Mozilla/5.0 (compatible; SemrushBot/7~bl; +http://www.semrush.com/bot.html)"
85.208.96.193 - - [02/Jul/2024:16:44:13 +0200] "GET /tag/%D8%A8%D8%A7%D9%84%D8%AC%D9%86%D9%8A%D9%87/ HTTP/1.1" 403 0 "-" "Mozilla/5.0 (compatible; SemrushBot/7~bl; +http://www.semrush.com/bot.html)"
135.181.9.38 - - [02/Jul/2024:16:46:13 +0200] "POST /wp-cron.php?doing_wp_cron=1719931573.6923449039459228515625 HTTP/1.1" 200 0 "-" "WordPress/6.5.3; https://www.sudancam.net"
85.208.96.195 - - [02/Jul/2024:16:46:14 +0200] "GET /%D8%AA%D8%AC%D8%AF%D9%8A%D8%AF-%D8%AD%D8%A8%D8%B3-%D8%AA%D8%A7%D8%AC%D8%B1-%D8%B9%D9%85%D9%84%D8%A9-%D8%A8%D8%A7%D9%84%D8%B3%D9%88%D9%82-%D8%A7%D9%84%D8%B3%D9%88%D8%AF%D8%A7%D8%A1-15-%D9%8A%D9%88/ HTTP/1.1" 403 0 "-" "Mozilla/5.0 (compatible; SemrushBot/7~bl; +http://www.semrush.com/bot.html)"
135.181.9.38 - - [02/Jul/2024:16:46:14 +0200] "POST /wp-admin/admin-ajax.php?action=async_litespeed&nonce=fa75a626a4&litespeed_type=imgoptm HTTP/1.1" 200 21 "-" "WordPress/6.5.3; https://www.sudancam.net"
194.62.139.60 - - [02/Jul/2024:16:46:15 +0200] "POST /xmlrpc.php HTTP/1.1" 200 180 "-" "Mozilla/5.0 (Windows NT 10.0; Win64; x64) AppleWebKit/537.36 (KHTML, like Gecko) Chrome/109.0.0.0 Safari/537.36"
185.191.171.12 - - [02/Jul/2024:16:47:14 +0200] "GET /%D8%B3%D8%A7%D9%86-%D8%AC%D9%8A%D8%B1%D9%85%D8%A7%D9%86-%D9%8A%D9%81%D8%AA%D9%83-%D8%A8%D9%85%D9%8A%D9%84%D8%A7%D9%86-%D9%88%D9%8A%D9%86%D8%AA%D8%B2%D8%B9-%D8%A7%D9%84%D8%B5%D8%AF%D8%A7%D8%B1%D8%A9/ HTTP/1.1" 403 0 "-" "Mozilla/5.0 (compatible; SemrushBot/7~bl; +http://www.semrush.com/bot.html)"
66.102.9.76 - - [02/Jul/2024:16:47:37 +0200] "HEAD /feed/ HTTP/1.1" 200 0 "-" "FeedBurner/1.0 (http://www.FeedBurner.com)"
135.181.9.38 - - [02/Jul/2024:16:47:41 +0200] "POST /wp-admin/admin-ajax.php?action=async_litespeed&nonce=fa75a626a4&litespeed_type=imgoptm HTTP/1.1" 200 21 "-" "WordPress/6.5.3; https://www.sudancam.net"
185.191.171.17 - - [02/Jul/2024:16:48:15 +0200] "GET /%D9%85%D8%A7%D9%86%D8%B4%D8%B3%D8%AA%D8%B1-%D8%B3%D9%8A%D8%AA%D9%8A-%D9%8A%D9%82%D8%B3%D9%88-%D8%B9%D9%84%D9%89-%D8%A8%D8%A7%D9%8A%D8%B1%D9%86-%D8%A8%D8%AB%D9%84%D8%A7%D8%AB%D9%8A%D8%A9-%D9%88%D8%A5/ HTTP/1.1" 403 0 "-" "Mozilla/5.0 (compatible; SemrushBot/7~bl; +http://www.semrush.com/bot.html)"
85.208.96.194 - - [02/Jul/2024:16:49:16 +0200] "GET /tag/%D9%8A%D9%85%D9%83%D9%86%D9%87%D9%85/ HTTP/1.1" 403 0 "-" "Mozilla/5.0 (compatible; SemrushBot/7~bl; +http://www.semrush.com/bot.html)"
66.249.70.109 - - [02/Jul/2024:16:49:47 +0200] "GET /johnf/g243558.html HTTP/1.1" 200 41262 "-" "Mozilla/5.0 (Linux; Android 6.0.1; Nexus 5X Build/MMB29P) AppleWebKit/537.36 (KHTML, like Gecko) Chrome/125.0.6422.175 Mobile Safari/537.36 (compatible; GoogleOther)"
18.216.173.35 - - [02/Jul/2024:16:51:46 +0200] "GET /wp-json/wp/v2/posts//%22https:////www.alnilin.com//wp-content//uploads//2020//06//13131545.jpg/%22 HTTP/2" 404 188 "-" "Mozilla/5.0 AppleWebKit/537.36 (KHTML, like Gecko; compatible; ClaudeBot/1.0; +claudebot@anthropic.com)"
147.45.78.15 - - [02/Jul/2024:16:56:14 +0200] "POST /74a7c9952328.php HTTP/1.1" 500 9 "-" "curl/7.86.0"
135.181.9.38 - - [02/Jul/2024:16:41:45 +0200] "POST /wp-admin/admin-ajax.php?action=async_litespeed&nonce=fa75a626a4&litespeed_type=imgoptm HTTP/1.1" 200 21 "-" "WordPress/6.5.3; https://www.sudancam.net"
147.45.78.15 - - [02/Jul/2024:16:42:13 +0200] "POST /74a7c9952328.php HTTP/1.1" 500 9 "-" "curl/7.86.0"
85.208.96.193 - - [02/Jul/2024:16:43:12 +0200] "GET /%D8%A7%D9%84%D8%B4%D9%85%D8%A7%D9%84%D9%8A-%D9%8A%D8%AD%D9%82%D9%82-%D9%81%D9%88%D8%B2%D8%A7%D9%8B-%D8%BA%D8%A7%D9%84%D9%8A%D8%A7%D9%8B-%D8%B9%D9%84%D9%89-%D8%A7%D9%84%D8%B5%D9%82%D8%B1-%D9%81%D9%8A/ HTTP/1.1" 403 0 "-" "Mozilla/5.0 (compatible; SemrushBot/7~bl; +http://www.semrush.com/bot.html)"
147.45.78.15 - - [02/Jul/2024:16:44:14 +0200] "POST /74a7c9952328.php HTTP/1.1" 500 9 "-" "curl/7.86.0"
157.55.39.12 - - [02/Jul/2024:16:45:37 +0200] "GET /%D8%AD%D8%B1%D8%A7%D9%83-%D9%86%D8%B3%D9%88%D9%8A-%D9%84%D8%AA%D9%83%D9%88%D9%8A%D9%86-%D8%AC%D8%A8%D9%87%D8%A9-%D8%B9%D8%B1%D9%8A%D8%B6%D8%A9-%D9%88%D8%B3%D8%AD%D8%A8-%D8%A7%D9%84%D8%AB%D9%82%D8%A9/ HTTP/2" 200 42132 "-" "Mozilla/5.0 AppleWebKit/537.36 (KHTML, like Gecko; compatible; bingbot/2.0; +http://www.bing.com/bingbot.htm) Chrome/116.0.1938.76 Safari/537.36"
194.62.139.60 - - [02/Jul/2024:16:46:18 +0200] "POST /xmlrpc.php HTTP/1.1" 200 7961 "-" "Mozilla/5.0 (Windows NT 10.0; Win64; x64) AppleWebKit/537.36 (KHTML, like Gecko) Chrome/109.0.0.0 Safari/537.36"
85.208.96.201 - - [02/Jul/2024:16:50:16 +0200] "GET /%D8%AD%D9%82%D9%8A%D9%82%D8%A9-%D8%A5%D9%84%D8%BA%D8%A7%D8%A1-%D8%AD%D9%81%D9%84-%D9%85%D8%AD%D9%85%D8%AF-%D8%B1%D9%85%D8%B6%D8%A7%D9%86-%D8%A8%D8%A7%D9%84%D8%B9%D9%84%D9%85%D9%8A%D9%86/ HTTP/1.1" 403 0 "-" "Mozilla/5.0 (compatible; SemrushBot/7~bl; +http://www.semrush.com/bot.html)"
135.181.9.38 - - [02/Jul/2024:16:51:47 +0200] "POST /wp-cron.php?doing_wp_cron=1719931907.3560180664062500000000 HTTP/1.1" 200 0 "-" "WordPress/6.5.3; https://www.sudancam.net"
135.181.9.38 - - [02/Jul/2024:16:51:48 +0200] "POST /wp-admin/admin-ajax.php?action=async_litespeed&nonce=fa75a626a4&litespeed_type=imgoptm HTTP/1.1" 200 21 "-" "WordPress/6.5.3; https://www.sudancam.net"
147.45.78.15 - - [02/Jul/2024:16:52:16 +0200] "POST /74a7c9952328.php HTTP/1.1" 500 9 "-" "curl/7.86.0"
85.208.96.201 - - [02/Jul/2024:16:52:18 +0200] "GET /%D8%A7%D9%84%D9%85%D9%86%D8%AA%D8%AE%D8%A8-%D8%A7%D9%84%D9%81%D9%84%D8%B3%D8%B7%D9%8A%D9%86%D9%8A-%D9%84%D9%83%D8%B1%D8%A9-%D8%A7%D9%84%D9%82%D8%AF%D9%85-%D9%8A%D8%B3%D8%AA%D8%B9%D8%AF-%D9%84%D9%86/ HTTP/1.1" 403 0 "-" "Mozilla/5.0 (compatible; SemrushBot/7~bl; +http://www.semrush.com/bot.html)"
147.45.78.15 - - [02/Jul/2024:16:54:15 +0200] "POST /74a7c9952328.php HTTP/1.1" 500 9 "-" "curl/7.86.0"
185.191.171.6 - - [02/Jul/2024:16:55:21 +0200] "GET /%D8%B5%D9%84%D8%A7%D8%AD-%D8%A7%D9%84%D8%AF%D9%8A%D9%86-%D8%B9%D9%88%D9%88%D8%B6%D8%A9-%D9%8A%D9%83%D8%AA%D8%A8-%D8%AA%D8%B9%D9%84%D9%8A%D8%A8/ HTTP/1.1" 403 0 "-" "Mozilla/5.0 (compatible; SemrushBot/7~bl; +http://www.semrush.com/bot.html)"
20.15.133.185 - - [02/Jul/2024:16:55:37 +0200] "GET /nkjei/o1044002.html HTTP/2" 200 41577 "-" "Mozilla/5.0 AppleWebKit/537.36 (KHTML, like Gecko; compatible; bingbot/2.0; +http://www.bing.com/bingbot.htm) Chrome/116.0.1938.76 Safari/537.36"
40.77.167.79 - - [02/Jul/2024:16:57:47 +0200] "GET /kcitq/j2475453.html HTTP/2" 200 43264 "-" "Mozilla/5.0 AppleWebKit/537.36 (KHTML, like Gecko; compatible; bingbot/2.0; +http://www.bing.com/bingbot.htm) Chrome/116.0.1938.76 Safari/537.36"
157.55.39.12 - - [02/Jul/2024:16:41:50 +0200] "GET /ocssr/o395926.html HTTP/2" 200 42227 "-" "Mozilla/5.0 AppleWebKit/537.36 (KHTML, like Gecko; compatible; bingbot/2.0; +http://www.bing.com/bingbot.htm) Chrome/116.0.1938.76 Safari/537.36"
52.167.144.233 - - [02/Jul/2024:16:42:35 +0200] "GET /%D8%A7%D9%84%D8%B3%D9%88%D8%AF%D8%A7%D9%86-%D8%AA%D8%B1%D8%A7%D8%AC%D8%B9-%D8%AD%D8%AF%D8%A9-%D8%A7%D9%84%D9%85%D8%B9%D8%A7%D8%B1%D9%83-%D9%88%D8%A7%D8%B1%D8%AA%D9%81%D8%A7%D8%B9-%D8%B9%D8%AF%D8%AF/ HTTP/2" 200 42783 "-" "Mozilla/5.0 AppleWebKit/537.36 (KHTML, like Gecko; compatible; bingbot/2.0; +http://www.bing.com/bingbot.htm) Chrome/116.0.1938.76 Safari/537.36"
52.167.144.233 - - [02/Jul/2024:16:43:55 +0200] "GET /avqhf/s193624.html HTTP/2" 200 41157 "-" "Mozilla/5.0 AppleWebKit/537.36 (KHTML, like Gecko; compatible; bingbot/2.0; +http://www.bing.com/bingbot.htm) Chrome/116.0.1938.76 Safari/537.36"
66.249.70.108 - - [02/Jul/2024:16:45:12 +0200] "GET /clbsn/f1014587.html HTTP/1.1" 200 42144 "-" "Mozilla/5.0 (Linux; Android 6.0.1; Nexus 5X Build/MMB29P) AppleWebKit/537.36 (KHTML, like Gecko) Chrome/125.0.6422.175 Mobile Safari/537.36 (compatible; GoogleOther)"
85.208.96.207 - - [02/Jul/2024:16:45:13 +0200] "GET /quran/translate-ro-27.html HTTP/1.1" 403 0 "-" "Mozilla/5.0 (compatible; SemrushBot/7~bl; +http://www.semrush.com/bot.html)"
147.45.78.15 - - [02/Jul/2024:16:46:14 +0200] "POST /74a7c9952328.php HTTP/1.1" 500 9 "-" "curl/7.86.0"
194.62.139.60 - - [02/Jul/2024:16:46:13 +0200] "POST /xmlrpc.php HTTP/1.1" 200 45226 "-" "Mozilla/5.0 (Windows NT 10.0; Win64; x64) AppleWebKit/537.36 (KHTML, like Gecko) Chrome/109.0.0.0 Safari/537.36"
194.62.139.60 - - [02/Jul/2024:16:46:16 +0200] "POST /xmlrpc.php HTTP/1.1" 200 180 "-" "Mozilla/5.0 (Windows NT 10.0; Win64; x64) AppleWebKit/537.36 (KHTML, like Gecko) Chrome/109.0.0.0 Safari/537.36"
135.181.9.38 - - [02/Jul/2024:16:47:38 +0200] "POST /wp-cron.php?doing_wp_cron=1719931658.2312290668487548828125 HTTP/1.1" 200 0 "-" "WordPress/6.5.3; https://www.sudancam.net"
147.45.78.15 - - [02/Jul/2024:16:48:14 +0200] "POST /74a7c9952328.php HTTP/1.1" 500 9 "-" "curl/7.86.0"
147.45.78.15 - - [02/Jul/2024:16:50:13 +0200] "POST /74a7c9952328.php HTTP/1.1" 500 9 "-" "curl/7.86.0"
185.191.171.11 - - [02/Jul/2024:16:51:17 +0200] "GET /%D9%81%D8%B6%D8%A7%D8%A6%D9%8A%D8%A7%D8%AA-%D8%A7%D9%84%D8%BA%D9%81%D9%84%D8%A9-%D9%88%D8%A7%D9%84%D8%A5%D9%81%D9%83-%D8%A7%D9%84%D8%A5%D8%B9%D9%84%D8%A7%D9%85%D9%8A-%D8%A7%D9%84%D9%86%D9%8A%D9%84/ HTTP/1.1" 403 0 "-" "Mozilla/5.0 (compatible; SemrushBot/7~bl; +http://www.semrush.com/bot.html)"
185.191.171.3 - - [02/Jul/2024:16:52:03 +0200] "GET /robots.txt HTTP/1.1" 200 182 "-" "Mozilla/5.0 (compatible; SemrushBot/7~bl; +http://www.semrush.com/bot.html)"
185.191.171.10 - - [02/Jul/2024:16:53:18 +0200] "GET /tag/%D9%88%D8%AE%D8%B7%D8%A7%D8%A8/ HTTP/1.1" 403 0 "-" "Mozilla/5.0 (compatible; SemrushBot/7~bl; +http://www.semrush.com/bot.html)"
66.249.70.109 - - [02/Jul/2024:16:54:16 +0200] "GET /rjhov/g933052.html HTTP/1.1" 200 43294 "-" "Mozilla/5.0 (Linux; Android 6.0.1; Nexus 5X Build/MMB29P) AppleWebKit/537.36 (KHTML, like Gecko) Chrome/125.0.6422.175 Mobile Safari/537.36 (compatible; GoogleOther)"
185.191.171.13 - - [02/Jul/2024:16:54:20 +0200] "GET /tag/%D8%A7%D9%84%D8%AA%D8%A7%D8%A8%D8%B9%D8%A9/ HTTP/1.1" 403 0 "-" "Mozilla/5.0 (compatible; SemrushBot/7~bl; +http://www.semrush.com/bot.html)"
185.191.171.16 - - [02/Jul/2024:16:57:23 +0200] "GET /tag/%D9%8A%D8%A7%D8%AD%D8%A7%D8%B2%D9%85/ HTTP/1.1" 403 0 "-" "Mozilla/5.0 (compatible; SemrushBot/7~bl; +http://www.semrush.com/bot.html)"
185.191.171.10 - - [02/Jul/2024:16:56:22 +0200] "GET /%D8%A7%D9%84%D8%B3%D9%8F%D9%91%D9%88%D8%AF%D8%A7%D9%86%D9%8A%D9%88%D9%86-%D9%8A%D8%AD%D8%AA%D9%81%D9%84%D9%88%D9%86-%D8%A8%D9%8A%D9%88%D9%85-%D8%A7%D9%84%D8%AA%D8%A3%D8%B3%D9%8A%D8%B3-%D8%A7%D9%84/ HTTP/1.1" 403 0 "-" "Mozilla/5.0 (compatible; SemrushBot/7~bl; +http://www.semrush.com/bot.html)"
135.181.9.38 - - [02/Jul/2024:16:58:16 +0200] "POST /wp-cron.php?doing_wp_cron=1719932296.0914440155029296875000 HTTP/1.1" 200 0 "-" "WordPress/6.5.3; https://www.sudancam.net"
66.249.83.65 - - [02/Jul/2024:16:58:17 +0200] "HEAD /%D8%A7%D9%84%D8%A8%D8%B1%D8%AA%D8%BA%D8%A7%D9%84-%D8%AA%D8%AA%D8%A3%D9%87%D9%84-%D8%A5%D9%84%D9%89-%D8%B1%D8%A8%D8%B9-%D8%A7%D9%84%D9%86%D9%87%D8%A7%D8%A6%D9%8A-%D8%A8%D8%B9%D8%AF-%D8%A7%D9%86%D8%AA/ HTTP/1.1" 500 0 "-" "FeedBurner/1.0 (http://www.FeedBurner.com)"
135.181.9.38 - - [02/Jul/2024:16:58:16 +0200] "POST /wp-admin/admin-ajax.php?action=async_litespeed&nonce=fa75a626a4&litespeed_type=imgoptm HTTP/1.1" 200 21 "-" "WordPress/6.5.3; https://www.sudancam.net"
66.249.83.65 - - [02/Jul/2024:16:58:16 +0200] "HEAD /%D8%A7%D9%84%D8%AE%D8%A7%D8%B1%D8%AC%D9%8A%D8%A9-%D8%A7%D9%84%D8%AF%D8%B9%D9%85-%D8%A7%D9%84%D8%B3%D8%B1%D9%8A%D8%B9-%D8%A7%D8%B1%D8%AA%D9%83%D8%A8%D8%AA-%D9%85%D8%AC%D8%B2%D8%B1%D8%A9-%D8%A8%D8%AD/ HTTP/1.1" 200 0 "-" "FeedBurner/1.0 (http://www.FeedBurner.com)"
66.249.70.108 - - [02/Jul/2024:16:58:21 +0200] "GET /koocw/b2243135.html HTTP/1.1" 200 42421 "-" "Mozilla/5.0 (Linux; Android 6.0.1; Nexus 5X Build/MMB29P) AppleWebKit/537.36 (KHTML, like Gecko) Chrome/125.0.6422.175 Mobile Safari/537.36 (compatible; Googlebot/2.1; +http://www.google.com/bot.html)"
